[INFO] fetching crate tetsy-scale-codec-derive 1.2.0...
[INFO] testing tetsy-scale-codec-derive-1.2.0 against beta-2021-08-01 for beta-1.55-1
[INFO] extracting crate tetsy-scale-codec-derive 1.2.0 into /workspace/builds/worker-11/source
[INFO] validating manifest of crates.io crate tetsy-scale-codec-derive 1.2.0 on toolchain beta-2021-08-01
[INFO] running `Command { std: "/workspace/cargo-home/bin/cargo" "+beta-2021-08-01" "metadata" "--manifest-path" "Cargo.toml" "--no-deps", kill_on_drop: false }`
[INFO] started tweaking crates.io crate tetsy-scale-codec-derive 1.2.0
[INFO] finished tweaking crates.io crate tetsy-scale-codec-derive 1.2.0
[INFO] tweaked toml for crates.io crate tetsy-scale-codec-derive 1.2.0 written to /workspace/builds/worker-11/source/Cargo.toml
[INFO] running `Command { std: "/workspace/cargo-home/bin/cargo" "+beta-2021-08-01" "generate-lockfile" "--manifest-path" "Cargo.toml" "-Zno-index-update", kill_on_drop: false }`
[INFO] running `Command { std: "/workspace/cargo-home/bin/cargo" "+beta-2021-08-01" "fetch" "--manifest-path" "Cargo.toml", kill_on_drop: false }`
[INFO] [stderr]     Blocking waiting for file lock on package cache
[INFO] running `Command { std: "docker" "create" "-v" "/var/lib/crater-agent-workspace/builds/worker-11/target:/opt/rustwide/target:rw,Z" "-v" "/var/lib/crater-agent-workspace/builds/worker-11/source:/opt/rustwide/workdir:ro,Z" "-v" "/var/lib/crater-agent-workspace/cargo-home:/opt/rustwide/cargo-home:ro,Z" "-v" "/var/lib/crater-agent-workspace/rustup-home:/opt/rustwide/rustup-home:ro,Z" "-e" "SOURCE_DIR=/opt/rustwide/workdir" "-e" "CARGO_TARGET_DIR=/opt/rustwide/target" "-e" "CARGO_HOME=/opt/rustwide/cargo-home" "-e" "RUSTUP_HOME=/opt/rustwide/rustup-home" "-w" "/opt/rustwide/workdir" "-m" "1610612736" "--user" "0:0" "--network" "none" "ghcr.io/rust-lang/crates-build-env/linux@sha256:34b6a614d2c27851fe6cbf88fbd1137609cefab8b10d0615aaeb6fd47975d74e" "/opt/rustwide/cargo-home/bin/cargo" "+beta-2021-08-01" "metadata" "--no-deps" "--format-version=1", kill_on_drop: false }`
[INFO] [stdout] e284a6652fec2143bd451a16d8b19c0b04986d803d108216fa23e8ee07f3d803
[INFO] [stderr] WARNING: Your kernel does not support swap limit capabilities or the cgroup is not mounted. Memory limited without swap.
[INFO] running `Command { std: "docker" "start" "-a" "e284a6652fec2143bd451a16d8b19c0b04986d803d108216fa23e8ee07f3d803", kill_on_drop: false }`
[INFO] running `Command { std: "docker" "inspect" "e284a6652fec2143bd451a16d8b19c0b04986d803d108216fa23e8ee07f3d803", kill_on_drop: false }`
[INFO] running `Command { std: "docker" "rm" "-f" "e284a6652fec2143bd451a16d8b19c0b04986d803d108216fa23e8ee07f3d803", kill_on_drop: false }`
[INFO] [stdout] e284a6652fec2143bd451a16d8b19c0b04986d803d108216fa23e8ee07f3d803
[INFO] running `Command { std: "docker" "create" "-v" "/var/lib/crater-agent-workspace/builds/worker-11/target:/opt/rustwide/target:rw,Z" "-v" "/var/lib/crater-agent-workspace/builds/worker-11/source:/opt/rustwide/workdir:ro,Z" "-v" "/var/lib/crater-agent-workspace/cargo-home:/opt/rustwide/cargo-home:ro,Z" "-v" "/var/lib/crater-agent-workspace/rustup-home:/opt/rustwide/rustup-home:ro,Z" "-e" "SOURCE_DIR=/opt/rustwide/workdir" "-e" "CARGO_TARGET_DIR=/opt/rustwide/target" "-e" "CARGO_INCREMENTAL=0" "-e" "RUST_BACKTRACE=full" "-e" "RUSTFLAGS=--cap-lints=warn" "-e" "CARGO_HOME=/opt/rustwide/cargo-home" "-e" "RUSTUP_HOME=/opt/rustwide/rustup-home" "-w" "/opt/rustwide/workdir" "-m" "1610612736" "--user" "0:0" "--network" "none" "ghcr.io/rust-lang/crates-build-env/linux@sha256:34b6a614d2c27851fe6cbf88fbd1137609cefab8b10d0615aaeb6fd47975d74e" "/opt/rustwide/cargo-home/bin/cargo" "+beta-2021-08-01" "build" "--frozen" "--message-format=json", kill_on_drop: false }`
[INFO] [stdout] 44ea956e18d26b93f2aa7c4a694a3c9d92804d90291f6d3e8c82d20d29024f11
[INFO] [stderr] WARNING: Your kernel does not support swap limit capabilities or the cgroup is not mounted. Memory limited without swap.
[INFO] running `Command { std: "docker" "start" "-a" "44ea956e18d26b93f2aa7c4a694a3c9d92804d90291f6d3e8c82d20d29024f11", kill_on_drop: false }`
[INFO] [stderr]    Compiling proc-macro-crate v0.1.5
[INFO] [stderr]    Compiling tetsy-scale-codec-derive v1.2.0 (/opt/rustwide/workdir)
[INFO] [stderr]     Finished dev [unoptimized + debuginfo] target(s) in 5.86s
[INFO] running `Command { std: "docker" "inspect" "44ea956e18d26b93f2aa7c4a694a3c9d92804d90291f6d3e8c82d20d29024f11", kill_on_drop: false }`
[INFO] running `Command { std: "docker" "rm" "-f" "44ea956e18d26b93f2aa7c4a694a3c9d92804d90291f6d3e8c82d20d29024f11", kill_on_drop: false }`
[INFO] [stdout] 44ea956e18d26b93f2aa7c4a694a3c9d92804d90291f6d3e8c82d20d29024f11
[INFO] running `Command { std: "docker" "create" "-v" "/var/lib/crater-agent-workspace/builds/worker-11/target:/opt/rustwide/target:rw,Z" "-v" "/var/lib/crater-agent-workspace/builds/worker-11/source:/opt/rustwide/workdir:ro,Z" "-v" "/var/lib/crater-agent-workspace/cargo-home:/opt/rustwide/cargo-home:ro,Z" "-v" "/var/lib/crater-agent-workspace/rustup-home:/opt/rustwide/rustup-home:ro,Z" "-e" "SOURCE_DIR=/opt/rustwide/workdir" "-e" "CARGO_TARGET_DIR=/opt/rustwide/target" "-e" "CARGO_INCREMENTAL=0" "-e" "RUST_BACKTRACE=full" "-e" "RUSTFLAGS=--cap-lints=warn" "-e" "CARGO_HOME=/opt/rustwide/cargo-home" "-e" "RUSTUP_HOME=/opt/rustwide/rustup-home" "-w" "/opt/rustwide/workdir" "-m" "1610612736" "--user" "0:0" "--network" "none" "ghcr.io/rust-lang/crates-build-env/linux@sha256:34b6a614d2c27851fe6cbf88fbd1137609cefab8b10d0615aaeb6fd47975d74e" "/opt/rustwide/cargo-home/bin/cargo" "+beta-2021-08-01" "test" "--frozen" "--no-run" "--message-format=json", kill_on_drop: false }`
[INFO] [stdout] 5864b56e7772c8bd653c85e9ae5ebc24545ce54f39de34f9b48e026dfd8b4b9c
[INFO] [stderr] WARNING: Your kernel does not support swap limit capabilities or the cgroup is not mounted. Memory limited without swap.
[INFO] running `Command { std: "docker" "start" "-a" "5864b56e7772c8bd653c85e9ae5ebc24545ce54f39de34f9b48e026dfd8b4b9c", kill_on_drop: false }`
[INFO] [stderr]     Blocking waiting for file lock on package cache
[INFO] [stderr]    Compiling tetsy-scale-codec-derive v1.2.0 (/opt/rustwide/workdir)
[INFO] [stderr]     Finished test [unoptimized + debuginfo] target(s) in 1.82s
[INFO] running `Command { std: "docker" "inspect" "5864b56e7772c8bd653c85e9ae5ebc24545ce54f39de34f9b48e026dfd8b4b9c", kill_on_drop: false }`
[INFO] running `Command { std: "docker" "rm" "-f" "5864b56e7772c8bd653c85e9ae5ebc24545ce54f39de34f9b48e026dfd8b4b9c", kill_on_drop: false }`
[INFO] [stdout] 5864b56e7772c8bd653c85e9ae5ebc24545ce54f39de34f9b48e026dfd8b4b9c
[INFO] running `Command { std: "docker" "create" "-v" "/var/lib/crater-agent-workspace/builds/worker-11/target:/opt/rustwide/target:rw,Z" "-v" "/var/lib/crater-agent-workspace/builds/worker-11/source:/opt/rustwide/workdir:ro,Z" "-v" "/var/lib/crater-agent-workspace/cargo-home:/opt/rustwide/cargo-home:ro,Z" "-v" "/var/lib/crater-agent-workspace/rustup-home:/opt/rustwide/rustup-home:ro,Z" "-e" "SOURCE_DIR=/opt/rustwide/workdir" "-e" "CARGO_TARGET_DIR=/opt/rustwide/target" "-e" "CARGO_INCREMENTAL=0" "-e" "RUST_BACKTRACE=full" "-e" "RUSTFLAGS=--cap-lints=warn" "-e" "CARGO_HOME=/opt/rustwide/cargo-home" "-e" "RUSTUP_HOME=/opt/rustwide/rustup-home" "-w" "/opt/rustwide/workdir" "-m" "1610612736" "--user" "0:0" "--network" "none" "ghcr.io/rust-lang/crates-build-env/linux@sha256:34b6a614d2c27851fe6cbf88fbd1137609cefab8b10d0615aaeb6fd47975d74e" "/opt/rustwide/cargo-home/bin/cargo" "+beta-2021-08-01" "test" "--frozen", kill_on_drop: false }`
[INFO] [stderr] WARNING: Your kernel does not support swap limit capabilities or the cgroup is not mounted. Memory limited without swap.
[INFO] [stdout] 3adfc7d5dd26eb7d657f6f684879d7b899e0683388a0f147418a33dfd93bf622
[INFO] running `Command { std: "docker" "start" "-a" "3adfc7d5dd26eb7d657f6f684879d7b899e0683388a0f147418a33dfd93bf622", kill_on_drop: false }`
[INFO] [stdout] 
[INFO] [stderr]     Finished test [unoptimized + debuginfo] target(s) in 0.02s
[INFO] [stdout] running 0 tests
[INFO] [stderr]      Running unittests (/opt/rustwide/target/debug/deps/tetsy_scale_codec_derive-0a8ce35e93bbd20d)
[INFO] [stdout] 
[INFO] [stderr]    Doc-tests tetsy-scale-codec-derive
[INFO] [stdout] test result: ok. 0 passed; 0 failed; 0 ignored; 0 measured; 0 filtered out; finished in 0.00s
[INFO] [stdout] 
[INFO] [stdout] 
[INFO] [stdout] running 3 tests
[INFO] [stdout] test src/lib.rs - compact_as_derive (line 221) ... FAILED
[INFO] [stdout] test src/lib.rs - encode_derive (line 114) ... FAILED
[INFO] [stdout] test src/lib.rs - encode_derive (line 84) ... FAILED
[INFO] [stdout] 
[INFO] [stdout] failures:
[INFO] [stdout] 
[INFO] [stdout] ---- src/lib.rs - compact_as_derive (line 221) stdout ----
[INFO] [stdout] error: Could not find `tetsy-scale-codec` in `dependencies` or `dev-dependencies` in `/opt/rustwide/workdir/Cargo.toml`!
[INFO] [stdout]  --> src/lib.rs:225:10
[INFO] [stdout]   |
[INFO] [stdout] 7 | #[derive(CompactAs)]
[INFO] [stdout]   |          ^^^^^^^^^
[INFO] [stdout]   |
[INFO] [stdout]   = note: this error originates in the derive macro `CompactAs` (in Nightly builds, run with -Z macro-backtrace for more info)
[INFO] [stdout] 
[INFO] [stdout] error[E0432]: unresolved import `tetsy_scale_codec`
[INFO] [stdout]  --> src/lib.rs:223:5
[INFO] [stdout]   |
[INFO] [stdout] 5 | use tetsy_scale_codec::{Encode, HasCompact};
[INFO] [stdout]   |     ^^^^^^^^^^^^^^^^^ use of undeclared crate or module `tetsy_scale_codec`
[INFO] [stdout] 
[INFO] [stdout] error[E0433]: failed to resolve: use of undeclared crate or module `_tetsy_scale_codec`
[INFO] [stdout]  --> src/lib.rs:225:10
[INFO] [stdout]   |
[INFO] [stdout] 7 | #[derive(CompactAs)]
[INFO] [stdout]   |          ^^^^^^^^^ use of undeclared crate or module `_tetsy_scale_codec`
[INFO] [stdout]   |
[INFO] [stdout]   = note: this error originates in the derive macro `CompactAs` (in Nightly builds, run with -Z macro-backtrace for more info)
[INFO] [stdout] 
[INFO] [stdout] error: aborting due to 3 previous errors
[INFO] [stdout] 
[INFO] [stdout] Some errors have detailed explanations: E0432, E0433.
[INFO] [stdout] For more information about an error, try `rustc --explain E0432`.
[INFO] [stdout] Couldn't compile the test.
[INFO] [stdout] ---- src/lib.rs - encode_derive (line 114) stdout ----
[INFO] [stdout] error: Could not find `tetsy-scale-codec` in `dependencies` or `dev-dependencies` in `/opt/rustwide/workdir/Cargo.toml`!
[INFO] [stdout]  --> src/lib.rs:117:10
[INFO] [stdout]   |
[INFO] [stdout] 6 | #[derive(Encode)]
[INFO] [stdout]   |          ^^^^^^
[INFO] [stdout]   |
[INFO] [stdout]   = note: this error originates in the derive macro `Encode` (in Nightly builds, run with -Z macro-backtrace for more info)
[INFO] [stdout] 
[INFO] [stdout] error[E0432]: unresolved import `tetsy_scale_codec`
[INFO] [stdout]  --> src/lib.rs:116:5
[INFO] [stdout]   |
[INFO] [stdout] 5 | use tetsy_scale_codec::Encode as _;
[INFO] [stdout]   |     ^^^^^^^^^^^^^^^^^ use of undeclared crate or module `tetsy_scale_codec`
[INFO] [stdout] 
[INFO] [stdout] error[E0433]: failed to resolve: use of undeclared crate or module `_tetsy_scale_codec`
[INFO] [stdout]  --> src/lib.rs:117:10
[INFO] [stdout]   |
[INFO] [stdout] 6 | #[derive(Encode)]
[INFO] [stdout]   |          ^^^^^^ use of undeclared crate or module `_tetsy_scale_codec`
[INFO] [stdout]   |
[INFO] [stdout]   = note: this error originates in the derive macro `Encode` (in Nightly builds, run with -Z macro-backtrace for more info)
[INFO] [stdout] 
[INFO] [stdout] error: aborting due to 3 previous errors
[INFO] [stdout] 
[INFO] [stdout] Some errors have detailed explanations: E0432, E0433.
[INFO] [stdout] For more information about an error, try `rustc --explain E0432`.
[INFO] [stdout] Couldn't compile the test.
[INFO] [stdout] ---- src/lib.rs - encode_derive (line 84) stdout ----
[INFO] [stdout] error: Could not find `tetsy-scale-codec` in `dependencies` or `dev-dependencies` in `/opt/rustwide/workdir/Cargo.toml`!
[INFO] [stdout]  --> src/lib.rs:87:10
[INFO] [stdout]   |
[INFO] [stdout] 6 | #[derive(Encode)]
[INFO] [stdout]   |          ^^^^^^
[INFO] [stdout]   |
[INFO] [stdout]   = note: this error originates in the derive macro `Encode` (in Nightly builds, run with -Z macro-backtrace for more info)
[INFO] [stdout] 
[INFO] [stdout] error[E0432]: unresolved import `tetsy_scale_codec`
[INFO] [stdout]  --> src/lib.rs:86:5
[INFO] [stdout]   |
[INFO] [stdout] 5 | use tetsy_scale_codec::{Encode as _, HasCompact};
[INFO] [stdout]   |     ^^^^^^^^^^^^^^^^^ use of undeclared crate or module `tetsy_scale_codec`
[INFO] [stdout] 
[INFO] [stdout] error[E0433]: failed to resolve: use of undeclared crate or module `_tetsy_scale_codec`
[INFO] [stdout]  --> src/lib.rs:87:10
[INFO] [stdout]   |
[INFO] [stdout] 6 | #[derive(Encode)]
[INFO] [stdout]   |          ^^^^^^ use of undeclared crate or module `_tetsy_scale_codec`
[INFO] [stdout]   |
[INFO] [stdout]   = note: this error originates in the derive macro `Encode` (in Nightly builds, run with -Z macro-backtrace for more info)
[INFO] [stdout] 
[INFO] [stdout] error[E0433]: failed to resolve: use of undeclared crate or module `_tetsy_scale_codec`
[INFO] [stdout]   --> src/lib.rs:91:2
[INFO] [stdout]    |
[INFO] [stdout] 10 |     #[codec(compact)]
[INFO] [stdout]    |     ^ use of undeclared crate or module `_tetsy_scale_codec`
[INFO] [stdout] 
[INFO] [stdout] error[E0433]: failed to resolve: use of undeclared crate or module `_tetsy_scale_codec`
[INFO] [stdout]   --> src/lib.rs:93:2
[INFO] [stdout]    |
[INFO] [stdout] 12 |     #[codec(encoded_as = "<u32 as HasCompact>::Type")]
[INFO] [stdout]    |     ^ use of undeclared crate or module `_tetsy_scale_codec`
[INFO] [stdout] 
[INFO] [stdout] error: aborting due to 5 previous errors
[INFO] [stdout] 
[INFO] [stdout] Some errors have detailed explanations: E0432, E0433.
[INFO] [stdout] For more information about an error, try `rustc --explain E0432`.
[INFO] [stdout] Couldn't compile the test.
[INFO] [stdout] 
[INFO] [stdout] failures:
[INFO] [stdout]     src/lib.rs - compact_as_derive (line 221)
[INFO] [stdout]     src/lib.rs - encode_derive (line 114)
[INFO] [stdout]     src/lib.rs - encode_derive (line 84)
[INFO] [stdout] 
[INFO] [stdout] test result: FAILED. 0 passed; 3 failed; 0 ignored; 0 measured; 0 filtered out; finished in 0.33s
[INFO] [stdout] 
[INFO] [stderr] error: test failed, to rerun pass '--doc'
[INFO] running `Command { std: "docker" "inspect" "3adfc7d5dd26eb7d657f6f684879d7b899e0683388a0f147418a33dfd93bf622", kill_on_drop: false }`
[INFO] running `Command { std: "docker" "rm" "-f" "3adfc7d5dd26eb7d657f6f684879d7b899e0683388a0f147418a33dfd93bf622", kill_on_drop: false }`
[INFO] [stdout] 3adfc7d5dd26eb7d657f6f684879d7b899e0683388a0f147418a33dfd93bf622
