[INFO] fetching crate tetsy-jsonrpc-server-utils 15.1.0...
[INFO] testing tetsy-jsonrpc-server-utils-15.1.0 against 1.54.0 for beta-1.55-1
[INFO] extracting crate tetsy-jsonrpc-server-utils 15.1.0 into /workspace/builds/worker-13/source
[INFO] validating manifest of crates.io crate tetsy-jsonrpc-server-utils 15.1.0 on toolchain 1.54.0
[INFO] running `Command { std: "/workspace/cargo-home/bin/cargo" "+1.54.0" "metadata" "--manifest-path" "Cargo.toml" "--no-deps", kill_on_drop: false }`
[INFO] started tweaking crates.io crate tetsy-jsonrpc-server-utils 15.1.0
[INFO] finished tweaking crates.io crate tetsy-jsonrpc-server-utils 15.1.0
[INFO] tweaked toml for crates.io crate tetsy-jsonrpc-server-utils 15.1.0 written to /workspace/builds/worker-13/source/Cargo.toml
[INFO] running `Command { std: "/workspace/cargo-home/bin/cargo" "+1.54.0" "generate-lockfile" "--manifest-path" "Cargo.toml" "-Zno-index-update", kill_on_drop: false }`
[INFO] running `Command { std: "/workspace/cargo-home/bin/cargo" "+1.54.0" "fetch" "--manifest-path" "Cargo.toml", kill_on_drop: false }`
[INFO] running `Command { std: "docker" "create" "-v" "/var/lib/crater-agent-workspace/builds/worker-13/target:/opt/rustwide/target:rw,Z" "-v" "/var/lib/crater-agent-workspace/builds/worker-13/source:/opt/rustwide/workdir:ro,Z" "-v" "/var/lib/crater-agent-workspace/cargo-home:/opt/rustwide/cargo-home:ro,Z" "-v" "/var/lib/crater-agent-workspace/rustup-home:/opt/rustwide/rustup-home:ro,Z" "-e" "SOURCE_DIR=/opt/rustwide/workdir" "-e" "CARGO_TARGET_DIR=/opt/rustwide/target" "-e" "CARGO_HOME=/opt/rustwide/cargo-home" "-e" "RUSTUP_HOME=/opt/rustwide/rustup-home" "-w" "/opt/rustwide/workdir" "-m" "1610612736" "--user" "0:0" "--network" "none" "ghcr.io/rust-lang/crates-build-env/linux@sha256:34b6a614d2c27851fe6cbf88fbd1137609cefab8b10d0615aaeb6fd47975d74e" "/opt/rustwide/cargo-home/bin/cargo" "+1.54.0" "metadata" "--no-deps" "--format-version=1", kill_on_drop: false }`
[INFO] [stderr] WARNING: Your kernel does not support swap limit capabilities or the cgroup is not mounted. Memory limited without swap.
[INFO] [stdout] a0c52bb662c7366191afcf89190898cb9ca73581e99d8ab529b252230f6d6547
[INFO] running `Command { std: "docker" "start" "-a" "a0c52bb662c7366191afcf89190898cb9ca73581e99d8ab529b252230f6d6547", kill_on_drop: false }`
[INFO] running `Command { std: "docker" "inspect" "a0c52bb662c7366191afcf89190898cb9ca73581e99d8ab529b252230f6d6547", kill_on_drop: false }`
[INFO] running `Command { std: "docker" "rm" "-f" "a0c52bb662c7366191afcf89190898cb9ca73581e99d8ab529b252230f6d6547", kill_on_drop: false }`
[INFO] [stdout] a0c52bb662c7366191afcf89190898cb9ca73581e99d8ab529b252230f6d6547
[INFO] running `Command { std: "docker" "create" "-v" "/var/lib/crater-agent-workspace/builds/worker-13/target:/opt/rustwide/target:rw,Z" "-v" "/var/lib/crater-agent-workspace/builds/worker-13/source:/opt/rustwide/workdir:ro,Z" "-v" "/var/lib/crater-agent-workspace/cargo-home:/opt/rustwide/cargo-home:ro,Z" "-v" "/var/lib/crater-agent-workspace/rustup-home:/opt/rustwide/rustup-home:ro,Z" "-e" "SOURCE_DIR=/opt/rustwide/workdir" "-e" "CARGO_TARGET_DIR=/opt/rustwide/target" "-e" "CARGO_INCREMENTAL=0" "-e" "RUST_BACKTRACE=full" "-e" "RUSTFLAGS=--cap-lints=warn" "-e" "CARGO_HOME=/opt/rustwide/cargo-home" "-e" "RUSTUP_HOME=/opt/rustwide/rustup-home" "-w" "/opt/rustwide/workdir" "-m" "1610612736" "--user" "0:0" "--network" "none" "ghcr.io/rust-lang/crates-build-env/linux@sha256:34b6a614d2c27851fe6cbf88fbd1137609cefab8b10d0615aaeb6fd47975d74e" "/opt/rustwide/cargo-home/bin/cargo" "+1.54.0" "build" "--frozen" "--message-format=json", kill_on_drop: false }`
[INFO] [stdout] dc7aff0f250a3a9b79772e820922d19362e549af948a99c24fd4d274d31dd5d7
[INFO] [stderr] WARNING: Your kernel does not support swap limit capabilities or the cgroup is not mounted. Memory limited without swap.
[INFO] running `Command { std: "docker" "start" "-a" "dc7aff0f250a3a9b79772e820922d19362e549af948a99c24fd4d274d31dd5d7", kill_on_drop: false }`
[INFO] [stderr]    Compiling tokio-sync v0.1.8
[INFO] [stderr]    Compiling net2 v0.2.37
[INFO] [stderr]    Compiling tokio-executor v0.1.10
[INFO] [stderr]    Compiling crossbeam-queue v0.2.3
[INFO] [stderr]    Compiling bstr v0.2.16
[INFO] [stderr]    Compiling tokio-io v0.1.13
[INFO] [stderr]    Compiling parking_lot_core v0.6.2
[INFO] [stderr]    Compiling crossbeam-deque v0.7.4
[INFO] [stderr]    Compiling tetsy-jsonrpc-core v15.1.0
[INFO] [stderr]    Compiling tokio-current-thread v0.1.7
[INFO] [stderr]    Compiling tokio-timer v0.2.13
[INFO] [stderr]    Compiling tokio-threadpool v0.1.18
[INFO] [stderr]    Compiling mio v0.6.23
[INFO] [stderr]    Compiling parking_lot v0.9.0
[INFO] [stderr]    Compiling globset v0.4.8
[INFO] [stderr]    Compiling tokio-codec v0.1.2
[INFO] [stderr]    Compiling tokio-fs v0.1.7
[INFO] [stderr]    Compiling tokio-reactor v0.1.12
[INFO] [stderr]    Compiling mio-uds v0.6.8
[INFO] [stderr]    Compiling tokio-tcp v0.1.4
[INFO] [stderr]    Compiling tokio-uds v0.2.7
[INFO] [stderr]    Compiling tokio-udp v0.1.6
[INFO] [stderr]    Compiling tokio v0.1.22
[INFO] [stderr]    Compiling tetsy-jsonrpc-server-utils v15.1.0 (/opt/rustwide/workdir)
[INFO] [stderr]     Finished dev [unoptimized + debuginfo] target(s) in 21.63s
[INFO] running `Command { std: "docker" "inspect" "dc7aff0f250a3a9b79772e820922d19362e549af948a99c24fd4d274d31dd5d7", kill_on_drop: false }`
[INFO] running `Command { std: "docker" "rm" "-f" "dc7aff0f250a3a9b79772e820922d19362e549af948a99c24fd4d274d31dd5d7", kill_on_drop: false }`
[INFO] [stdout] dc7aff0f250a3a9b79772e820922d19362e549af948a99c24fd4d274d31dd5d7
[INFO] running `Command { std: "docker" "create" "-v" "/var/lib/crater-agent-workspace/builds/worker-13/target:/opt/rustwide/target:rw,Z" "-v" "/var/lib/crater-agent-workspace/builds/worker-13/source:/opt/rustwide/workdir:ro,Z" "-v" "/var/lib/crater-agent-workspace/cargo-home:/opt/rustwide/cargo-home:ro,Z" "-v" "/var/lib/crater-agent-workspace/rustup-home:/opt/rustwide/rustup-home:ro,Z" "-e" "SOURCE_DIR=/opt/rustwide/workdir" "-e" "CARGO_TARGET_DIR=/opt/rustwide/target" "-e" "CARGO_INCREMENTAL=0" "-e" "RUST_BACKTRACE=full" "-e" "RUSTFLAGS=--cap-lints=warn" "-e" "CARGO_HOME=/opt/rustwide/cargo-home" "-e" "RUSTUP_HOME=/opt/rustwide/rustup-home" "-w" "/opt/rustwide/workdir" "-m" "1610612736" "--user" "0:0" "--network" "none" "ghcr.io/rust-lang/crates-build-env/linux@sha256:34b6a614d2c27851fe6cbf88fbd1137609cefab8b10d0615aaeb6fd47975d74e" "/opt/rustwide/cargo-home/bin/cargo" "+1.54.0" "test" "--frozen" "--no-run" "--message-format=json", kill_on_drop: false }`
[INFO] [stdout] 89d44724669954d097c9be9abe9370f1b4c20e355cc60d3302b9872e4d6095da
[INFO] [stderr] WARNING: Your kernel does not support swap limit capabilities or the cgroup is not mounted. Memory limited without swap.
[INFO] running `Command { std: "docker" "start" "-a" "89d44724669954d097c9be9abe9370f1b4c20e355cc60d3302b9872e4d6095da", kill_on_drop: false }`
[INFO] [stderr]    Compiling tetsy-jsonrpc-server-utils v15.1.0 (/opt/rustwide/workdir)
[INFO] [stderr]     Finished test [unoptimized + debuginfo] target(s) in 4.93s
[INFO] running `Command { std: "docker" "inspect" "89d44724669954d097c9be9abe9370f1b4c20e355cc60d3302b9872e4d6095da", kill_on_drop: false }`
[INFO] running `Command { std: "docker" "rm" "-f" "89d44724669954d097c9be9abe9370f1b4c20e355cc60d3302b9872e4d6095da", kill_on_drop: false }`
[INFO] [stdout] 89d44724669954d097c9be9abe9370f1b4c20e355cc60d3302b9872e4d6095da
[INFO] running `Command { std: "docker" "create" "-v" "/var/lib/crater-agent-workspace/builds/worker-13/target:/opt/rustwide/target:rw,Z" "-v" "/var/lib/crater-agent-workspace/builds/worker-13/source:/opt/rustwide/workdir:ro,Z" "-v" "/var/lib/crater-agent-workspace/cargo-home:/opt/rustwide/cargo-home:ro,Z" "-v" "/var/lib/crater-agent-workspace/rustup-home:/opt/rustwide/rustup-home:ro,Z" "-e" "SOURCE_DIR=/opt/rustwide/workdir" "-e" "CARGO_TARGET_DIR=/opt/rustwide/target" "-e" "CARGO_INCREMENTAL=0" "-e" "RUST_BACKTRACE=full" "-e" "RUSTFLAGS=--cap-lints=warn" "-e" "CARGO_HOME=/opt/rustwide/cargo-home" "-e" "RUSTUP_HOME=/opt/rustwide/rustup-home" "-w" "/opt/rustwide/workdir" "-m" "1610612736" "--user" "0:0" "--network" "none" "ghcr.io/rust-lang/crates-build-env/linux@sha256:34b6a614d2c27851fe6cbf88fbd1137609cefab8b10d0615aaeb6fd47975d74e" "/opt/rustwide/cargo-home/bin/cargo" "+1.54.0" "test" "--frozen", kill_on_drop: false }`
[INFO] [stdout] c7c043e237c7d8b8e94a74295e37b8b1f3d434c87268346ea11fa89c5a9a8f2d
[INFO] [stderr] WARNING: Your kernel does not support swap limit capabilities or the cgroup is not mounted. Memory limited without swap.
[INFO] running `Command { std: "docker" "start" "-a" "c7c043e237c7d8b8e94a74295e37b8b1f3d434c87268346ea11fa89c5a9a8f2d", kill_on_drop: false }`
[INFO] [stderr]     Finished test [unoptimized + debuginfo] target(s) in 0.07s
[INFO] [stderr]      Running unittests (/opt/rustwide/target/debug/deps/tetsy_jsonrpc_server_utils-c84a269778b21259)
[INFO] [stdout] 
[INFO] [stdout] running 31 tests
[INFO] [stdout] test cors::tests::should_return_not_required_if_any_header_allowed ... ok
[INFO] [stdout] test cors::tests::should_return_no_allowed_headers_if_none_in_request ... ok
[INFO] [stdout] test cors::tests::should_return_invalid_if_header_not_allowed ... ok
[INFO] [stdout] test cors::tests::should_return_null_if_origin_is_null ... ok
[INFO] [stdout] test cors::tests::should_return_none_for_empty_list ... ok
[INFO] [stdout] test cors::tests::should_return_none_when_there_are_no_cors_domains_and_no_origin ... ok
[INFO] [stdout] test cors::tests::should_return_none_if_origin_is_not_defined ... ok
[INFO] [stdout] test cors::tests::should_return_valid_if_header_allowed ... ok
[INFO] [stdout] test hosts::tests::should_reject_when_validation_is_disabled ... ok
[INFO] [stdout] test hosts::tests::should_accept_if_on_the_list ... ok
[INFO] [stdout] test hosts::tests::should_reject_if_header_not_on_the_list ... ok
[INFO] [stdout] test hosts::tests::should_reject_when_there_is_no_header ... ok
[INFO] [stdout] test cors::tests::should_return_none_for_empty_origin ... ok
[INFO] [stdout] test hosts::tests::should_accept_if_on_the_list_with_port ... ok
[INFO] [stdout] test stream_codec::tests::simple_encode ... ok
[INFO] [stdout] test stream_codec::tests::fragmented_encode ... ok
[INFO] [stdout] test reactor::tests::make_sure_rpc_event_loop_is_send_and_sync ... ok
[INFO] [stdout] test stream_codec::tests::escape ... ok
[INFO] [stdout] test stream_codec::tests::huge ... ok
[INFO] [stdout] test cors::tests::should_allow_origins_that_matches_hosts ... ok
[INFO] [stdout] test stream_codec::tests::simple_line_codec ... ok
[INFO] [stdout] test stream_codec::tests::whitespace ... ok
[INFO] [stdout] test hosts::tests::should_parse_host ... ok
[INFO] [stdout] test cors::tests::should_parse_origin ... ok
[INFO] [stdout] test cors::tests::should_return_none_for_not_matching_origin ... ok
[INFO] [stdout] test cors::tests::should_return_domain_when_all_are_allowed ... ok
[INFO] [stdout] test cors::tests::should_not_allow_partially_matching_origin ... ok
[INFO] [stdout] test hosts::tests::should_support_wildcards ... ok
[INFO] [stdout] test cors::tests::should_return_specific_origin_if_we_allow_any ... ok
[INFO] [stdout] test cors::tests::should_return_specific_origin_if_there_is_a_match ... ok
[INFO] [stdout] test cors::tests::should_support_wildcards ... FAILED
[INFO] [stdout] 
[INFO] [stdout] failures:
[INFO] [stdout] 
[INFO] [stdout] ---- cors::tests::should_support_wildcards stdout ----
[INFO] [stdout] thread 'cors::tests::should_support_wildcards' panicked at 'assertion failed: `(left == right)`
[INFO] [stdout]   left: `Ok(Value(Origin { protocol: Http, host: Host { hostname: "tetcoin.org", port: None, as_string: "tetcoin.org", matcher: "tetcoin.org" (true) }, as_string: "http://tetcoin.org", matcher: "http://tetcoin.org" (true) }))`,
[INFO] [stdout]  right: `Invalid`', src/cors.rs:528:9
[INFO] [stdout] stack backtrace:
[INFO] [stdout]    0:     0x55d4f6f15310 - std::backtrace_rs::backtrace::libunwind::trace::h34055254b57d8e79
[INFO] [stdout]                                at /rustc/a178d0322ce20e33eac124758e837cbd80a6f633/library/std/src/../../backtrace/src/backtrace/libunwind.rs:90:5
[INFO] [stdout]    1:     0x55d4f6f15310 - std::backtrace_rs::backtrace::trace_unsynchronized::h8f1e3fbd9afff6ec
[INFO] [stdout]                                at /rustc/a178d0322ce20e33eac124758e837cbd80a6f633/library/std/src/../../backtrace/src/backtrace/mod.rs:66:5
[INFO] [stdout]    2:     0x55d4f6f15310 - std::sys_common::backtrace::_print_fmt::h3a99a796b770c360
[INFO] [stdout]                                at /rustc/a178d0322ce20e33eac124758e837cbd80a6f633/library/std/src/sys_common/backtrace.rs:67:5
[INFO] [stdout]    3:     0x55d4f6f15310 - <std::sys_common::backtrace::_print::DisplayBacktrace as core::fmt::Display>::fmt::h32d1f94a80615d18
[INFO] [stdout]                                at /rustc/a178d0322ce20e33eac124758e837cbd80a6f633/library/std/src/sys_common/backtrace.rs:46:22
[INFO] [stdout]    4:     0x55d4f6f381dc - core::fmt::write::h306731c068f7162c
[INFO] [stdout]                                at /rustc/a178d0322ce20e33eac124758e837cbd80a6f633/library/core/src/fmt/mod.rs:1110:17
[INFO] [stdout]    5:     0x55d4f6f12215 - std::io::Write::write_fmt::h87f19b0a2cd190bc
[INFO] [stdout]                                at /rustc/a178d0322ce20e33eac124758e837cbd80a6f633/library/std/src/io/mod.rs:1588:15
[INFO] [stdout]    6:     0x55d4f6f1747b - std::sys_common::backtrace::_print::h5abaa2601a852287
[INFO] [stdout]                                at /rustc/a178d0322ce20e33eac124758e837cbd80a6f633/library/std/src/sys_common/backtrace.rs:49:5
[INFO] [stdout]    7:     0x55d4f6f1747b - std::sys_common::backtrace::print::h8d81445442bb638f
[INFO] [stdout]                                at /rustc/a178d0322ce20e33eac124758e837cbd80a6f633/library/std/src/sys_common/backtrace.rs:36:9
[INFO] [stdout]    8:     0x55d4f6f1747b - std::panicking::default_hook::{{closure}}::hcfe804496a9fa747
[INFO] [stdout]                                at /rustc/a178d0322ce20e33eac124758e837cbd80a6f633/library/std/src/panicking.rs:208:50
[INFO] [stdout]    9:     0x55d4f6f16f8c - std::panicking::default_hook::hbea8e3ccf2ba8901
[INFO] [stdout]                                at /rustc/a178d0322ce20e33eac124758e837cbd80a6f633/library/std/src/panicking.rs:222:9
[INFO] [stdout]   10:     0x55d4f6f17b44 - std::panicking::rust_panic_with_hook::h7ee9e1a2d0f8975a
[INFO] [stdout]                                at /rustc/a178d0322ce20e33eac124758e837cbd80a6f633/library/std/src/panicking.rs:622:17
[INFO] [stdout]   11:     0x55d4f6f17627 - std::panicking::begin_panic_handler::{{closure}}::h8ab3b4491718b2c7
[INFO] [stdout]                                at /rustc/a178d0322ce20e33eac124758e837cbd80a6f633/library/std/src/panicking.rs:519:13
[INFO] [stdout]   12:     0x55d4f6f1580c - std::sys_common::backtrace::__rust_end_short_backtrace::hd489062ffa586a9f
[INFO] [stdout]                                at /rustc/a178d0322ce20e33eac124758e837cbd80a6f633/library/std/src/sys_common/backtrace.rs:141:18
[INFO] [stdout]   13:     0x55d4f6f17589 - rust_begin_unwind
[INFO] [stdout]                                at /rustc/a178d0322ce20e33eac124758e837cbd80a6f633/library/std/src/panicking.rs:515:5
[INFO] [stdout]   14:     0x55d4f6ce0b31 - core::panicking::panic_fmt::hca6330e3e14086b4
[INFO] [stdout]                                at /rustc/a178d0322ce20e33eac124758e837cbd80a6f633/library/core/src/panicking.rs:92:14
[INFO] [stdout]   15:     0x55d4f6f36af8 - core::panicking::assert_failed_inner::h33b45280069a80ed
[INFO] [stdout]   16:     0x55d4f6cef6fa - core::panicking::assert_failed::h753708028cf6800c
[INFO] [stdout]                                at /rustc/a178d0322ce20e33eac124758e837cbd80a6f633/library/core/src/panicking.rs:117:5
[INFO] [stdout]   17:     0x55d4f6d05200 - tetsy_jsonrpc_server_utils::cors::tests::should_support_wildcards::h8b10467c1b541dec
[INFO] [stdout]                                at /opt/rustwide/workdir/src/cors.rs:528:3
[INFO] [stdout]   18:     0x55d4f6d04c8a - tetsy_jsonrpc_server_utils::cors::tests::should_support_wildcards::{{closure}}::h50eed8b7c97e274a
[INFO] [stdout]                                at /opt/rustwide/workdir/src/cors.rs:507:2
[INFO] [stdout]   19:     0x55d4f6cff79e - core::ops::function::FnOnce::call_once::he05724d69159a92e
[INFO] [stdout]                                at /rustc/a178d0322ce20e33eac124758e837cbd80a6f633/library/core/src/ops/function.rs:227:5
[INFO] [stdout]   20:     0x55d4f6d2e4c3 - core::ops::function::FnOnce::call_once::h152e7e439ff59e19
[INFO] [stdout]                                at /rustc/a178d0322ce20e33eac124758e837cbd80a6f633/library/core/src/ops/function.rs:227:5
[INFO] [stdout]   21:     0x55d4f6d2e4c3 - test::__rust_begin_short_backtrace::h0908f3b1fdbb72ab
[INFO] [stdout]                                at /rustc/a178d0322ce20e33eac124758e837cbd80a6f633/library/test/src/lib.rs:577:5
[INFO] [stdout]   22:     0x55d4f6d2cf80 - <alloc::boxed::Box<F,A> as core::ops::function::FnOnce<Args>>::call_once::hf6d2a51e5587546c
[INFO] [stdout]                                at /rustc/a178d0322ce20e33eac124758e837cbd80a6f633/library/alloc/src/boxed.rs:1575:9
[INFO] [stdout]   23:     0x55d4f6d2cf80 - <std::panic::AssertUnwindSafe<F> as core::ops::function::FnOnce<()>>::call_once::h8af660f3a89ef593
[INFO] [stdout]                                at /rustc/a178d0322ce20e33eac124758e837cbd80a6f633/library/std/src/panic.rs:347:9
[INFO] [stdout]   24:     0x55d4f6d2cf80 - std::panicking::try::do_call::hd36aef60f84b6d36
[INFO] [stdout]                                at /rustc/a178d0322ce20e33eac124758e837cbd80a6f633/library/std/src/panicking.rs:401:40
[INFO] [stdout]   25:     0x55d4f6d2cf80 - std::panicking::try::h9932b4480e69817c
[INFO] [stdout]                                at /rustc/a178d0322ce20e33eac124758e837cbd80a6f633/library/std/src/panicking.rs:365:19
[INFO] [stdout]   26:     0x55d4f6d2cf80 - std::panic::catch_unwind::h6aa177099cfff5f8
[INFO] [stdout]                                at /rustc/a178d0322ce20e33eac124758e837cbd80a6f633/library/std/src/panic.rs:434:14
[INFO] [stdout]   27:     0x55d4f6d2cf80 - test::run_test_in_process::h5884d6f2d99e20c3
[INFO] [stdout]                                at /rustc/a178d0322ce20e33eac124758e837cbd80a6f633/library/test/src/lib.rs:600:18
[INFO] [stdout]   28:     0x55d4f6d2cf80 - test::run_test::run_test_inner::{{closure}}::h6fdc58c6d5f5b6e3
[INFO] [stdout]                                at /rustc/a178d0322ce20e33eac124758e837cbd80a6f633/library/test/src/lib.rs:492:39
[INFO] [stdout]   29:     0x55d4f6d06632 - test::run_test::run_test_inner::{{closure}}::h408365d67a78ade8
[INFO] [stdout]                                at /rustc/a178d0322ce20e33eac124758e837cbd80a6f633/library/test/src/lib.rs:519:37
[INFO] [stdout]   30:     0x55d4f6d06632 - std::sys_common::backtrace::__rust_begin_short_backtrace::hb560b77c4f701523
[INFO] [stdout]                                at /rustc/a178d0322ce20e33eac124758e837cbd80a6f633/library/std/src/sys_common/backtrace.rs:125:18
[INFO] [stdout]   31:     0x55d4f6d0a1e8 - std::thread::Builder::spawn_unchecked::{{closure}}::{{closure}}::hf2e7831dad93c597
[INFO] [stdout]                                at /rustc/a178d0322ce20e33eac124758e837cbd80a6f633/library/std/src/thread/mod.rs:481:17
[INFO] [stdout]   32:     0x55d4f6d0a1e8 - <std::panic::AssertUnwindSafe<F> as core::ops::function::FnOnce<()>>::call_once::hd2e08783d8be4d02
[INFO] [stdout]                                at /rustc/a178d0322ce20e33eac124758e837cbd80a6f633/library/std/src/panic.rs:347:9
[INFO] [stdout]   33:     0x55d4f6d0a1e8 - std::panicking::try::do_call::h062597b7acfd6b82
[INFO] [stdout]                                at /rustc/a178d0322ce20e33eac124758e837cbd80a6f633/library/std/src/panicking.rs:401:40
[INFO] [stdout]   34:     0x55d4f6d0a1e8 - std::panicking::try::h0d7b79db04c14552
[INFO] [stdout]                                at /rustc/a178d0322ce20e33eac124758e837cbd80a6f633/library/std/src/panicking.rs:365:19
[INFO] [stdout]   35:     0x55d4f6d0a1e8 - std::panic::catch_unwind::hb01a0b5e7c8cd43b
[INFO] [stdout]                                at /rustc/a178d0322ce20e33eac124758e837cbd80a6f633/library/std/src/panic.rs:434:14
[INFO] [stdout]   36:     0x55d4f6d0a1e8 - std::thread::Builder::spawn_unchecked::{{closure}}::h5bde48cc887e0d1e
[INFO] [stdout]                                at /rustc/a178d0322ce20e33eac124758e837cbd80a6f633/library/std/src/thread/mod.rs:480:30
[INFO] [stdout]   37:     0x55d4f6d0a1e8 - core::ops::function::FnOnce::call_once{{vtable.shim}}::h745ea30807a29e55
[INFO] [stdout]                                at /rustc/a178d0322ce20e33eac124758e837cbd80a6f633/library/core/src/ops/function.rs:227:5
[INFO] [stdout]   38:     0x55d4f6f1c607 - <alloc::boxed::Box<F,A> as core::ops::function::FnOnce<Args>>::call_once::h7ece6cfefaff1005
[INFO] [stdout]                                at /rustc/a178d0322ce20e33eac124758e837cbd80a6f633/library/alloc/src/boxed.rs:1575:9
[INFO] [stdout]   39:     0x55d4f6f1c607 - <alloc::boxed::Box<F,A> as core::ops::function::FnOnce<Args>>::call_once::hb8b48e55c21f193e
[INFO] [stdout]                                at /rustc/a178d0322ce20e33eac124758e837cbd80a6f633/library/alloc/src/boxed.rs:1575:9
[INFO] [stdout]   40:     0x55d4f6f1c607 - std::sys::unix::thread::Thread::new::thread_start::h8c7c4450dba62914
[INFO] [stdout]                                at /rustc/a178d0322ce20e33eac124758e837cbd80a6f633/library/std/src/sys/unix/thread.rs:71:17
[INFO] [stdout]   41:     0x7fe7c26c0609 - start_thread
[INFO] [stdout]   42:     0x7fe7c2492293 - clone
[INFO] [stdout]   43:                0x0 - <unknown>
[INFO] [stdout] 
[INFO] [stdout] 
[INFO] [stdout] failures:
[INFO] [stdout]     cors::tests::should_support_wildcards
[INFO] [stdout] 
[INFO] [stdout] test result: FAILED. 30 passed; 1 failed; 0 ignored; 0 measured; 0 filtered out; finished in 0.29s
[INFO] [stdout] 
[INFO] [stderr] error: test failed, to rerun pass '--lib'
[INFO] running `Command { std: "docker" "inspect" "c7c043e237c7d8b8e94a74295e37b8b1f3d434c87268346ea11fa89c5a9a8f2d", kill_on_drop: false }`
[INFO] running `Command { std: "docker" "rm" "-f" "c7c043e237c7d8b8e94a74295e37b8b1f3d434c87268346ea11fa89c5a9a8f2d", kill_on_drop: false }`
[INFO] [stdout] c7c043e237c7d8b8e94a74295e37b8b1f3d434c87268346ea11fa89c5a9a8f2d
