[INFO] fetching crate tetsy-jsonrpc-derive 15.1.0...
[INFO] testing tetsy-jsonrpc-derive-15.1.0 against beta-2021-08-01 for beta-1.55-1
[INFO] extracting crate tetsy-jsonrpc-derive 15.1.0 into /workspace/builds/worker-6/source
[INFO] validating manifest of crates.io crate tetsy-jsonrpc-derive 15.1.0 on toolchain beta-2021-08-01
[INFO] running `Command { std: "/workspace/cargo-home/bin/cargo" "+beta-2021-08-01" "metadata" "--manifest-path" "Cargo.toml" "--no-deps", kill_on_drop: false }`
[INFO] started tweaking crates.io crate tetsy-jsonrpc-derive 15.1.0
[INFO] finished tweaking crates.io crate tetsy-jsonrpc-derive 15.1.0
[INFO] tweaked toml for crates.io crate tetsy-jsonrpc-derive 15.1.0 written to /workspace/builds/worker-6/source/Cargo.toml
[INFO] crate crates.io crate tetsy-jsonrpc-derive 15.1.0 already has a lockfile, it will not be regenerated
[INFO] running `Command { std: "/workspace/cargo-home/bin/cargo" "+beta-2021-08-01" "fetch" "--manifest-path" "Cargo.toml", kill_on_drop: false }`
[INFO] [stderr]  Downloading crates ...
[INFO] [stderr]   Downloaded trybuild v1.0.41
[INFO] running `Command { std: "docker" "create" "-v" "/var/lib/crater-agent-workspace/builds/worker-6/target:/opt/rustwide/target:rw,Z" "-v" "/var/lib/crater-agent-workspace/builds/worker-6/source:/opt/rustwide/workdir:ro,Z" "-v" "/var/lib/crater-agent-workspace/cargo-home:/opt/rustwide/cargo-home:ro,Z" "-v" "/var/lib/crater-agent-workspace/rustup-home:/opt/rustwide/rustup-home:ro,Z" "-e" "SOURCE_DIR=/opt/rustwide/workdir" "-e" "CARGO_TARGET_DIR=/opt/rustwide/target" "-e" "CARGO_HOME=/opt/rustwide/cargo-home" "-e" "RUSTUP_HOME=/opt/rustwide/rustup-home" "-w" "/opt/rustwide/workdir" "-m" "1610612736" "--user" "0:0" "--network" "none" "ghcr.io/rust-lang/crates-build-env/linux@sha256:34b6a614d2c27851fe6cbf88fbd1137609cefab8b10d0615aaeb6fd47975d74e" "/opt/rustwide/cargo-home/bin/cargo" "+beta-2021-08-01" "metadata" "--no-deps" "--format-version=1", kill_on_drop: false }`
[INFO] [stdout] 6ddbcea15db6d9b71778fb89c97ea5b99843fcfdeae6831482ddf6491760a2d6
[INFO] [stderr] WARNING: Your kernel does not support swap limit capabilities or the cgroup is not mounted. Memory limited without swap.
[INFO] running `Command { std: "docker" "start" "-a" "6ddbcea15db6d9b71778fb89c97ea5b99843fcfdeae6831482ddf6491760a2d6", kill_on_drop: false }`
[INFO] running `Command { std: "docker" "inspect" "6ddbcea15db6d9b71778fb89c97ea5b99843fcfdeae6831482ddf6491760a2d6", kill_on_drop: false }`
[INFO] running `Command { std: "docker" "rm" "-f" "6ddbcea15db6d9b71778fb89c97ea5b99843fcfdeae6831482ddf6491760a2d6", kill_on_drop: false }`
[INFO] [stdout] 6ddbcea15db6d9b71778fb89c97ea5b99843fcfdeae6831482ddf6491760a2d6
[INFO] running `Command { std: "docker" "create" "-v" "/var/lib/crater-agent-workspace/builds/worker-6/target:/opt/rustwide/target:rw,Z" "-v" "/var/lib/crater-agent-workspace/builds/worker-6/source:/opt/rustwide/workdir:ro,Z" "-v" "/var/lib/crater-agent-workspace/cargo-home:/opt/rustwide/cargo-home:ro,Z" "-v" "/var/lib/crater-agent-workspace/rustup-home:/opt/rustwide/rustup-home:ro,Z" "-e" "SOURCE_DIR=/opt/rustwide/workdir" "-e" "CARGO_TARGET_DIR=/opt/rustwide/target" "-e" "CARGO_INCREMENTAL=0" "-e" "RUST_BACKTRACE=full" "-e" "RUSTFLAGS=--cap-lints=warn" "-e" "CARGO_HOME=/opt/rustwide/cargo-home" "-e" "RUSTUP_HOME=/opt/rustwide/rustup-home" "-w" "/opt/rustwide/workdir" "-m" "1610612736" "--user" "0:0" "--network" "none" "ghcr.io/rust-lang/crates-build-env/linux@sha256:34b6a614d2c27851fe6cbf88fbd1137609cefab8b10d0615aaeb6fd47975d74e" "/opt/rustwide/cargo-home/bin/cargo" "+beta-2021-08-01" "build" "--frozen" "--message-format=json", kill_on_drop: false }`
[INFO] [stderr] WARNING: Your kernel does not support swap limit capabilities or the cgroup is not mounted. Memory limited without swap.
[INFO] [stdout] c84bdb1ee42a7eb95fdc7907f2d8e5264da3f778259417d11395171bdd1cbbf1
[INFO] running `Command { std: "docker" "start" "-a" "c84bdb1ee42a7eb95fdc7907f2d8e5264da3f778259417d11395171bdd1cbbf1", kill_on_drop: false }`
[INFO] [stderr]    Compiling syn v1.0.63
[INFO] [stderr]    Compiling serde_derive v1.0.124
[INFO] [stderr]    Compiling serde v1.0.124
[INFO] [stderr]    Compiling toml v0.5.8
[INFO] [stderr]    Compiling proc-macro-crate v0.1.5
[INFO] [stderr]    Compiling tetsy-jsonrpc-derive v15.1.0 (/opt/rustwide/workdir)
[INFO] [stderr]     Finished dev [unoptimized + debuginfo] target(s) in 48.63s
[INFO] running `Command { std: "docker" "inspect" "c84bdb1ee42a7eb95fdc7907f2d8e5264da3f778259417d11395171bdd1cbbf1", kill_on_drop: false }`
[INFO] running `Command { std: "docker" "rm" "-f" "c84bdb1ee42a7eb95fdc7907f2d8e5264da3f778259417d11395171bdd1cbbf1", kill_on_drop: false }`
[INFO] [stdout] c84bdb1ee42a7eb95fdc7907f2d8e5264da3f778259417d11395171bdd1cbbf1
[INFO] running `Command { std: "docker" "create" "-v" "/var/lib/crater-agent-workspace/builds/worker-6/target:/opt/rustwide/target:rw,Z" "-v" "/var/lib/crater-agent-workspace/builds/worker-6/source:/opt/rustwide/workdir:ro,Z" "-v" "/var/lib/crater-agent-workspace/cargo-home:/opt/rustwide/cargo-home:ro,Z" "-v" "/var/lib/crater-agent-workspace/rustup-home:/opt/rustwide/rustup-home:ro,Z" "-e" "SOURCE_DIR=/opt/rustwide/workdir" "-e" "CARGO_TARGET_DIR=/opt/rustwide/target" "-e" "CARGO_INCREMENTAL=0" "-e" "RUST_BACKTRACE=full" "-e" "RUSTFLAGS=--cap-lints=warn" "-e" "CARGO_HOME=/opt/rustwide/cargo-home" "-e" "RUSTUP_HOME=/opt/rustwide/rustup-home" "-w" "/opt/rustwide/workdir" "-m" "1610612736" "--user" "0:0" "--network" "none" "ghcr.io/rust-lang/crates-build-env/linux@sha256:34b6a614d2c27851fe6cbf88fbd1137609cefab8b10d0615aaeb6fd47975d74e" "/opt/rustwide/cargo-home/bin/cargo" "+beta-2021-08-01" "test" "--frozen" "--no-run" "--message-format=json", kill_on_drop: false }`
[INFO] [stderr] WARNING: Your kernel does not support swap limit capabilities or the cgroup is not mounted. Memory limited without swap.
[INFO] [stdout] 7099f3190688e09afb76ac1eceb01101811a6140a8abc00d00d0a0a05f37493a
[INFO] running `Command { std: "docker" "start" "-a" "7099f3190688e09afb76ac1eceb01101811a6140a8abc00d00d0a0a05f37493a", kill_on_drop: false }`
[INFO] [stderr]    Compiling trybuild v1.0.41
[INFO] [stderr]    Compiling tokio-service v0.1.0
[INFO] [stderr]    Compiling getrandom v0.1.16
[INFO] [stderr]    Compiling parking_lot_core v0.7.2
[INFO] [stderr]    Compiling mio v0.6.23
[INFO] [stderr]    Compiling bstr v0.2.15
[INFO] [stderr]    Compiling tokio-io v0.1.13
[INFO] [stderr]    Compiling synstructure v0.12.4
[INFO] [stderr]    Compiling idna v0.1.5
[INFO] [stderr]    Compiling regex v1.4.4
[INFO] [stderr]    Compiling backtrace v0.3.56
[INFO] [stderr]    Compiling serde_json v1.0.64
[INFO] [stderr]    Compiling tokio-threadpool v0.1.18
[INFO] [stderr]    Compiling rand_core v0.5.1
[INFO] [stderr]    Compiling parking_lot v0.10.2
[INFO] [stderr]    Compiling tokio-codec v0.1.2
[INFO] [stderr]    Compiling rand_chacha v0.2.2
[INFO] [stderr]    Compiling tokio-fs v0.1.7
[INFO] [stderr]    Compiling url v1.7.2
[INFO] [stderr]    Compiling rand v0.7.3
[INFO] [stderr]    Compiling tokio-reactor v0.1.12
[INFO] [stderr]    Compiling mio-uds v0.6.8
[INFO] [stderr]    Compiling failure_derive v0.1.8
[INFO] [stderr]    Compiling globset v0.4.6
[INFO] [stderr]    Compiling tetsy-jsonrpc-core v15.1.0
[INFO] [stderr]    Compiling tokio-udp v0.1.6
[INFO] [stderr]    Compiling tokio-tcp v0.1.4
[INFO] [stderr]    Compiling tokio-uds v0.2.7
[INFO] [stderr]    Compiling tokio v0.1.22
[INFO] [stderr]    Compiling tetsy-jsonrpc-pubsub v15.1.0
[INFO] [stderr]    Compiling failure v0.1.8
[INFO] [stderr]    Compiling tetsy-jsonrpc-server-utils v15.1.0
[INFO] [stderr]    Compiling tetsy-jsonrpc-client-transports v15.1.0
[INFO] [stderr]    Compiling tetsy-jsonrpc-tcp-server v15.1.0
[INFO] [stderr]    Compiling tetsy-jsonrpc-core-client v15.1.0
[INFO] [stderr]    Compiling tetsy-jsonrpc-derive v15.1.0 (/opt/rustwide/workdir)
[INFO] [stderr]     Finished test [unoptimized + debuginfo] target(s) in 41.54s
[INFO] running `Command { std: "docker" "inspect" "7099f3190688e09afb76ac1eceb01101811a6140a8abc00d00d0a0a05f37493a", kill_on_drop: false }`
[INFO] running `Command { std: "docker" "rm" "-f" "7099f3190688e09afb76ac1eceb01101811a6140a8abc00d00d0a0a05f37493a", kill_on_drop: false }`
[INFO] [stdout] 7099f3190688e09afb76ac1eceb01101811a6140a8abc00d00d0a0a05f37493a
[INFO] running `Command { std: "docker" "create" "-v" "/var/lib/crater-agent-workspace/builds/worker-6/target:/opt/rustwide/target:rw,Z" "-v" "/var/lib/crater-agent-workspace/builds/worker-6/source:/opt/rustwide/workdir:ro,Z" "-v" "/var/lib/crater-agent-workspace/cargo-home:/opt/rustwide/cargo-home:ro,Z" "-v" "/var/lib/crater-agent-workspace/rustup-home:/opt/rustwide/rustup-home:ro,Z" "-e" "SOURCE_DIR=/opt/rustwide/workdir" "-e" "CARGO_TARGET_DIR=/opt/rustwide/target" "-e" "CARGO_INCREMENTAL=0" "-e" "RUST_BACKTRACE=full" "-e" "RUSTFLAGS=--cap-lints=warn" "-e" "CARGO_HOME=/opt/rustwide/cargo-home" "-e" "RUSTUP_HOME=/opt/rustwide/rustup-home" "-w" "/opt/rustwide/workdir" "-m" "1610612736" "--user" "0:0" "--network" "none" "ghcr.io/rust-lang/crates-build-env/linux@sha256:34b6a614d2c27851fe6cbf88fbd1137609cefab8b10d0615aaeb6fd47975d74e" "/opt/rustwide/cargo-home/bin/cargo" "+beta-2021-08-01" "test" "--frozen", kill_on_drop: false }`
[INFO] [stderr] WARNING: Your kernel does not support swap limit capabilities or the cgroup is not mounted. Memory limited without swap.
[INFO] [stdout] 18254ce0fdc01d0b9bcc93c118ca5c02b72dce6aeac7733adf91e64d153d8141
[INFO] running `Command { std: "docker" "start" "-a" "18254ce0fdc01d0b9bcc93c118ca5c02b72dce6aeac7733adf91e64d153d8141", kill_on_drop: false }`
[INFO] [stderr]     Finished test [unoptimized + debuginfo] target(s) in 0.09s
[INFO] [stderr]      Running unittests (/opt/rustwide/target/debug/deps/tetsy_jsonrpc_derive-0789c0e814b68e56)
[INFO] [stdout] 
[INFO] [stderr]      Running tests/client.rs (/opt/rustwide/target/debug/deps/client-29ec4b48328f3a43)
[INFO] [stdout] running 0 tests
[INFO] [stdout] 
[INFO] [stdout] test result: ok. 0 passed; 0 failed; 0 ignored; 0 measured; 0 filtered out; finished in 0.00s
[INFO] [stdout] 
[INFO] [stdout] 
[INFO] [stdout] running 3 tests
[INFO] [stdout] test raw_params::client_generates_correct_raw_params_payload ... ok
[INFO] [stdout] test client_server::client_server_roundtrip ... ok
[INFO] [stdout] test named_params::client_generates_correct_named_params_payload ... ok
[INFO] [stdout] 
[INFO] [stdout] test result: ok. 3 passed; 0 failed; 0 ignored; 0 measured; 0 filtered out; finished in 0.11s
[INFO] [stdout] 
[INFO] [stderr]      Running tests/macros.rs (/opt/rustwide/target/debug/deps/macros-556550b765d77ccd)
[INFO] [stdout] 
[INFO] [stdout] running 6 tests
[INFO] [stdout] test should_accept_multiple_params ... ok
[INFO] [stdout] test should_accept_only_notifications ... ok
[INFO] [stdout] test should_accept_single_param ... ok
[INFO] [stdout] test should_use_method_name_aliases ... ok
[INFO] [stdout] test should_accept_empty_array_as_no_params ... ok
[INFO] [stdout] test should_accept_any_raw_params ... ok
[INFO] [stdout] 
[INFO] [stdout] test result: ok. 6 passed; 0 failed; 0 ignored; 0 measured; 0 filtered out; finished in 0.00s
[INFO] [stdout] 
[INFO] [stderr]      Running tests/pubsub-macros.rs (/opt/rustwide/target/debug/deps/pubsub_macros-63c027b839e8ddd1)
[INFO] [stdout] 
[INFO] [stdout] running 3 tests
[INFO] [stdout] test test_subscribe_with_alias ... ok
[INFO] [stdout] test test_invalid_trailing_pubsub_params ... ok
[INFO] [stdout] test test_subscribe_alternate_method ... ok
[INFO] [stdout] 
[INFO] [stdout] test result: ok. 3 passed; 0 failed; 0 ignored; 0 measured; 0 filtered out; finished in 0.00s
[INFO] [stdout] 
[INFO] [stderr]      Running tests/trailing.rs (/opt/rustwide/target/debug/deps/trailing-8754248e3df60c39)
[INFO] [stdout] 
[INFO] [stdout] running 4 tests
[INFO] [stdout] test should_accept_single_trailing_param ... ok
[INFO] [stdout] test should_accept_missing_trailing_param ... ok
[INFO] [stdout] test should_accept_multiple_trailing_params ... ok
[INFO] [stdout] test should_accept_trailing_param ... ok
[INFO] [stdout] 
[INFO] [stdout] test result: ok. 4 passed; 0 failed; 0 ignored; 0 measured; 0 filtered out; finished in 0.00s
[INFO] [stdout] 
[INFO] [stderr]      Running tests/trybuild.rs (/opt/rustwide/target/debug/deps/trybuild-9a4e272ab643e6d3)
[INFO] [stdout] 
[INFO] [stdout] running 1 test
[INFO] [stderr]    Compiling libc v0.2.88
[INFO] [stderr]    Compiling cfg-if v0.1.10
[INFO] [stderr]    Compiling proc-macro2 v1.0.24
[INFO] [stderr]    Compiling syn v1.0.63
[INFO] [stderr]    Compiling unicode-xid v0.2.1
[INFO] [stderr]    Compiling log v0.4.14
[INFO] [stderr]    Compiling futures v0.1.31
[INFO] [stderr]    Compiling maybe-uninit v2.0.0
[INFO] [stderr]    Compiling scopeguard v1.1.0
[INFO] [stderr]    Compiling lazy_static v1.4.0
[INFO] [stderr]    Compiling serde v1.0.124
[INFO] [stderr]    Compiling serde_derive v1.0.124
[INFO] [stderr]    Compiling semver-parser v0.7.0
[INFO] [stderr]    Compiling slab v0.4.2
[INFO] [stderr]    Compiling byteorder v1.4.3
[INFO] [stderr]    Compiling fnv v1.0.7
[INFO] [stderr]    Compiling getrandom v0.1.16
[INFO] [stderr]    Compiling memchr v2.3.4
[INFO] [stderr]    Compiling serde_json v1.0.64
[INFO] [stderr]    Compiling itoa v0.4.7
[INFO] [stderr]    Compiling smallvec v1.6.1
[INFO] [stderr]    Compiling tinyvec_macros v0.1.0
[INFO] [stderr]    Compiling failure_derive v0.1.8
[INFO] [stderr]    Compiling adler v1.0.2
[INFO] [stderr]    Compiling gimli v0.23.0
[INFO] [stderr]    Compiling matches v0.1.8
[INFO] [stderr]    Compiling ppv-lite86 v0.2.10
[INFO] [stderr]    Compiling version_check v0.9.2
[INFO] [stderr]    Compiling regex-syntax v0.6.23
[INFO] [stderr]    Compiling rustc-demangle v0.1.18
[INFO] [stderr]    Compiling object v0.23.0
[INFO] [stderr]    Compiling percent-encoding v1.0.1
[INFO] [stderr]    Compiling crossbeam-utils v0.7.2
[INFO] [stderr]    Compiling memoffset v0.5.6
[INFO] [stderr]    Compiling crossbeam-epoch v0.8.2
[INFO] [stderr]    Compiling miniz_oxide v0.4.4
[INFO] [stderr]    Compiling ryu v1.0.5
[INFO] [stderr]    Compiling lock_api v0.3.4
[INFO] [stderr]    Compiling semver v0.9.0
[INFO] [stderr]    Compiling tinyvec v1.1.1
[INFO] [stderr]    Compiling unicode-bidi v0.3.4
[INFO] [stderr]    Compiling tokio-sync v0.1.8
[INFO] [stderr]    Compiling tokio-service v0.1.0
[INFO] [stderr]    Compiling rustc_version v0.2.3
[INFO] [stderr]    Compiling unicase v2.6.0
[INFO] [stderr]    Compiling smallvec v0.6.14
[INFO] [stderr]    Compiling aho-corasick v0.7.15
[INFO] [stderr]    Compiling bstr v0.2.15
[INFO] [stderr]    Compiling quote v1.0.9
[INFO] [stderr]    Compiling unicode-normalization v0.1.17
[INFO] [stderr]    Compiling iovec v0.1.4
[INFO] [stderr]    Compiling num_cpus v1.13.0
[INFO] [stderr]    Compiling net2 v0.2.37
[INFO] [stderr]    Compiling parking_lot_core v0.7.2
[INFO] [stderr]    Compiling bytes v0.4.12
[INFO] [stderr]    Compiling parking_lot_core v0.6.2
[INFO] [stderr]    Compiling parking_lot v0.9.0
[INFO] [stderr]    Compiling rand_core v0.5.1
[INFO] [stderr]    Compiling mio v0.6.23
[INFO] [stderr]    Compiling parking_lot v0.10.2
[INFO] [stderr]    Compiling addr2line v0.14.1
[INFO] [stderr]    Compiling regex v1.4.4
[INFO] [stderr]    Compiling tokio-executor v0.1.10
[INFO] [stderr]    Compiling crossbeam-queue v0.2.3
[INFO] [stderr]    Compiling rand_chacha v0.2.2
[INFO] [stderr]    Compiling tokio-io v0.1.13
[INFO] [stderr]    Compiling idna v0.1.5
[INFO] [stderr]    Compiling backtrace v0.3.56
[INFO] [stderr]    Compiling tokio-current-thread v0.1.7
[INFO] [stderr]    Compiling tokio-timer v0.2.13
[INFO] [stderr]    Compiling rand v0.7.3
[INFO] [stderr]    Compiling mio-uds v0.6.8
[INFO] [stderr]    Compiling crossbeam-deque v0.7.3
[INFO] [stderr]    Compiling tokio-codec v0.1.2
[INFO] [stderr]    Compiling globset v0.4.6
[INFO] [stderr]    Compiling url v1.7.2
[INFO] [stderr]    Compiling tokio-threadpool v0.1.18
[INFO] [stderr]    Compiling tokio-reactor v0.1.12
[INFO] [stderr]    Compiling tokio-fs v0.1.7
[INFO] [stderr]    Compiling tokio-tcp v0.1.4
[INFO] [stderr]    Compiling tokio-uds v0.2.7
[INFO] [stderr]    Compiling tokio-udp v0.1.6
[INFO] [stderr]    Compiling tokio v0.1.22
[INFO] [stderr]    Compiling synstructure v0.12.4
[INFO] [stderr]    Compiling failure v0.1.8
[INFO] [stderr]    Compiling toml v0.5.8
[INFO] [stderr]    Compiling tetsy-jsonrpc-core v15.1.0
[INFO] [stderr]    Compiling proc-macro-crate v0.1.5
[INFO] [stderr]    Compiling tetsy-jsonrpc-derive v15.1.0 (/opt/rustwide/workdir)
[INFO] [stderr]    Compiling tetsy-jsonrpc-pubsub v15.1.0
[INFO] [stderr]    Compiling tetsy-jsonrpc-server-utils v15.1.0
[INFO] [stderr]    Compiling tetsy-jsonrpc-client-transports v15.1.0
[INFO] [stderr]    Compiling tetsy-jsonrpc-tcp-server v15.1.0
[INFO] [stderr]    Compiling tetsy-jsonrpc-core-client v15.1.0
[INFO] [stdout] test compile_test has been running for over 60 seconds
[INFO] [stderr]    Compiling tetsy-jsonrpc-derive-tests v0.0.0 (/opt/rustwide/target/tests/tetsy-jsonrpc-derive)
[INFO] [stderr]     Finished dev [unoptimized + debuginfo] target(s) in 1m 00s
[INFO] [stderr] 
[INFO] [stderr] 
[INFO] [stderr] test attr-invalid-meta-list-names.rs [should fail to compile] ... mismatch
[INFO] [stderr] 
[INFO] [stderr] EXPECTED:
[INFO] [stderr] ┈┈┈┈┈┈┈┈┈┈┈┈┈┈┈┈┈┈┈┈┈┈┈┈┈┈┈┈┈┈┈┈┈┈┈┈┈┈┈┈┈┈┈┈┈┈┈┈┈┈┈┈┈┈┈┈┈┈┈┈
[INFO] [stderr] error: Invalid attribute parameter(s): 'Xalias'. Expected 'alias'
[INFO] [stderr]  --> $DIR/attr-invalid-meta-list-names.rs:5:2
[INFO] [stderr]   |
[INFO] [stderr] 5 |       /// Returns a protocol version
[INFO] [stderr]   |  _____^
[INFO] [stderr] 6 | |     #[rpc(name = "protocolVersion", Xalias("alias"))]
[INFO] [stderr] 7 | |     fn protocol_version(&self) -> Result<String>;
[INFO] [stderr]   | |_________________________________________________^
[INFO] [stderr] ┈┈┈┈┈┈┈┈┈┈┈┈┈┈┈┈┈┈┈┈┈┈┈┈┈┈┈┈┈┈┈┈┈┈┈┈┈┈┈┈┈┈┈┈┈┈┈┈┈┈┈┈┈┈┈┈┈┈┈┈
[INFO] [stderr] 
[INFO] [stderr] ACTUAL OUTPUT:
[INFO] [stderr] ┈┈┈┈┈┈┈┈┈┈┈┈┈┈┈┈┈┈┈┈┈┈┈┈┈┈┈┈┈┈┈┈┈┈┈┈┈┈┈┈┈┈┈┈┈┈┈┈┈┈┈┈┈┈┈┈┈┈┈┈
[INFO] [stderr] error: Invalid attribute parameter(s): 'Xalias'. Expected 'alias'
[INFO] [stderr]  --> $DIR/attr-invalid-meta-list-names.rs:5:2
[INFO] [stderr]   |
[INFO] [stderr] 5 | /     /// Returns a protocol version
[INFO] [stderr] 6 | |     #[rpc(name = "protocolVersion", Xalias("alias"))]
[INFO] [stderr] 7 | |     fn protocol_version(&self) -> Result<String>;
[INFO] [stderr]   | |_________________________________________________^
[INFO] [stderr] ┈┈┈┈┈┈┈┈┈┈┈┈┈┈┈┈┈┈┈┈┈┈┈┈┈┈┈┈┈┈┈┈┈┈┈┈┈┈┈┈┈┈┈┈┈┈┈┈┈┈┈┈┈┈┈┈┈┈┈┈
[INFO] [stderr] note: If the actual output is the correct output you can bless it by rerunning
[INFO] [stderr]       your test with the environment variable TRYBUILD=overwrite
[INFO] [stderr] 
[INFO] [stderr] test attr-invalid-meta-words.rs [should fail to compile] ... mismatch
[INFO] [stderr] 
[INFO] [stderr] EXPECTED:
[INFO] [stderr] ┈┈┈┈┈┈┈┈┈┈┈┈┈┈┈┈┈┈┈┈┈┈┈┈┈┈┈┈┈┈┈┈┈┈┈┈┈┈┈┈┈┈┈┈┈┈┈┈┈┈┈┈┈┈┈┈┈┈┈┈
[INFO] [stderr] error: Invalid attribute parameter(s): 'Xmeta'. Expected 'meta, raw_params'
[INFO] [stderr]  --> $DIR/attr-invalid-meta-words.rs:5:2
[INFO] [stderr]   |
[INFO] [stderr] 5 |       /// Returns a protocol version
[INFO] [stderr]   |  _____^
[INFO] [stderr] 6 | |     #[rpc(name = "protocolVersion", Xmeta)]
[INFO] [stderr] 7 | |     fn protocol_version(&self) -> Result<String>;
[INFO] [stderr]   | |_________________________________________________^
[INFO] [stderr] ┈┈┈┈┈┈┈┈┈┈┈┈┈┈┈┈┈┈┈┈┈┈┈┈┈┈┈┈┈┈┈┈┈┈┈┈┈┈┈┈┈┈┈┈┈┈┈┈┈┈┈┈┈┈┈┈┈┈┈┈
[INFO] [stderr] 
[INFO] [stderr] ACTUAL OUTPUT:
[INFO] [stderr] ┈┈┈┈┈┈┈┈┈┈┈┈┈┈┈┈┈┈┈┈┈┈┈┈┈┈┈┈┈┈┈┈┈┈┈┈┈┈┈┈┈┈┈┈┈┈┈┈┈┈┈┈┈┈┈┈┈┈┈┈
[INFO] [stderr] error: Invalid attribute parameter(s): 'Xmeta'. Expected 'meta, raw_params'
[INFO] [stderr]  --> $DIR/attr-invalid-meta-words.rs:5:2
[INFO] [stderr]   |
[INFO] [stderr] 5 | /     /// Returns a protocol version
[INFO] [stderr] 6 | |     #[rpc(name = "protocolVersion", Xmeta)]
[INFO] [stderr] 7 | |     fn protocol_version(&self) -> Result<String>;
[INFO] [stderr]   | |_________________________________________________^
[INFO] [stderr] ┈┈┈┈┈┈┈┈┈┈┈┈┈┈┈┈┈┈┈┈┈┈┈┈┈┈┈┈┈┈┈┈┈┈┈┈┈┈┈┈┈┈┈┈┈┈┈┈┈┈┈┈┈┈┈┈┈┈┈┈
[INFO] [stderr] note: If the actual output is the correct output you can bless it by rerunning
[INFO] [stderr]       your test with the environment variable TRYBUILD=overwrite
[INFO] [stderr] 
[INFO] [stderr] test attr-invalid-name-values.rs [should fail to compile] ... mismatch
[INFO] [stderr] 
[INFO] [stderr] EXPECTED:
[INFO] [stderr] ┈┈┈┈┈┈┈┈┈┈┈┈┈┈┈┈┈┈┈┈┈┈┈┈┈┈┈┈┈┈┈┈┈┈┈┈┈┈┈┈┈┈┈┈┈┈┈┈┈┈┈┈┈┈┈┈┈┈┈┈
[INFO] [stderr] error: Invalid attribute parameter(s): 'Xname'. Expected 'name, returns, params'
[INFO] [stderr]  --> $DIR/attr-invalid-name-values.rs:5:2
[INFO] [stderr]   |
[INFO] [stderr] 5 |       /// Returns a protocol version
[INFO] [stderr]   |  _____^
[INFO] [stderr] 6 | |     #[rpc(Xname = "protocolVersion")]
[INFO] [stderr] 7 | |     fn protocol_version(&self) -> Result<String>;
[INFO] [stderr]   | |_________________________________________________^
[INFO] [stderr] ┈┈┈┈┈┈┈┈┈┈┈┈┈┈┈┈┈┈┈┈┈┈┈┈┈┈┈┈┈┈┈┈┈┈┈┈┈┈┈┈┈┈┈┈┈┈┈┈┈┈┈┈┈┈┈┈┈┈┈┈
[INFO] [stderr] 
[INFO] [stderr] ACTUAL OUTPUT:
[INFO] [stderr] ┈┈┈┈┈┈┈┈┈┈┈┈┈┈┈┈┈┈┈┈┈┈┈┈┈┈┈┈┈┈┈┈┈┈┈┈┈┈┈┈┈┈┈┈┈┈┈┈┈┈┈┈┈┈┈┈┈┈┈┈
[INFO] [stderr] error: Invalid attribute parameter(s): 'Xname'. Expected 'name, returns, params'
[INFO] [stderr]  --> $DIR/attr-invalid-name-values.rs:5:2
[INFO] [stderr]   |
[INFO] [stderr] 5 | /     /// Returns a protocol version
[INFO] [stderr] 6 | |     #[rpc(Xname = "protocolVersion")]
[INFO] [stderr] 7 | |     fn protocol_version(&self) -> Result<String>;
[INFO] [stderr]   | |_________________________________________________^
[INFO] [stderr] ┈┈┈┈┈┈┈┈┈┈┈┈┈┈┈┈┈┈┈┈┈┈┈┈┈┈┈┈┈┈┈┈┈┈┈┈┈┈┈┈┈┈┈┈┈┈┈┈┈┈┈┈┈┈┈┈┈┈┈┈
[INFO] [stderr] note: If the actual output is the correct output you can bless it by rerunning
[INFO] [stderr]       your test with the environment variable TRYBUILD=overwrite
[INFO] [stderr] 
[INFO] [stderr] test attr-missing-rpc-name.rs [should fail to compile] ... mismatch
[INFO] [stderr] 
[INFO] [stderr] EXPECTED:
[INFO] [stderr] ┈┈┈┈┈┈┈┈┈┈┈┈┈┈┈┈┈┈┈┈┈┈┈┈┈┈┈┈┈┈┈┈┈┈┈┈┈┈┈┈┈┈┈┈┈┈┈┈┈┈┈┈┈┈┈┈┈┈┈┈
[INFO] [stderr] error: rpc attribute should have a name e.g. `name = "method_name"`
[INFO] [stderr]  --> $DIR/attr-missing-rpc-name.rs:5:2
[INFO] [stderr]   |
[INFO] [stderr] 5 |       /// Returns a protocol version
[INFO] [stderr]   |  _____^
[INFO] [stderr] 6 | |     #[rpc]
[INFO] [stderr] 7 | |     fn protocol_version(&self) -> Result<String>;
[INFO] [stderr]   | |_________________________________________________^
[INFO] [stderr] ┈┈┈┈┈┈┈┈┈┈┈┈┈┈┈┈┈┈┈┈┈┈┈┈┈┈┈┈┈┈┈┈┈┈┈┈┈┈┈┈┈┈┈┈┈┈┈┈┈┈┈┈┈┈┈┈┈┈┈┈
[INFO] [stderr] 
[INFO] [stderr] ACTUAL OUTPUT:
[INFO] [stderr] ┈┈┈┈┈┈┈┈┈┈┈┈┈┈┈┈┈┈┈┈┈┈┈┈┈┈┈┈┈┈┈┈┈┈┈┈┈┈┈┈┈┈┈┈┈┈┈┈┈┈┈┈┈┈┈┈┈┈┈┈
[INFO] [stderr] error: rpc attribute should have a name e.g. `name = "method_name"`
[INFO] [stderr]  --> $DIR/attr-missing-rpc-name.rs:5:2
[INFO] [stderr]   |
[INFO] [stderr] 5 | /     /// Returns a protocol version
[INFO] [stderr] 6 | |     #[rpc]
[INFO] [stderr] 7 | |     fn protocol_version(&self) -> Result<String>;
[INFO] [stderr]   | |_________________________________________________^
[INFO] [stderr] ┈┈┈┈┈┈┈┈┈┈┈┈┈┈┈┈┈┈┈┈┈┈┈┈┈┈┈┈┈┈┈┈┈┈┈┈┈┈┈┈┈┈┈┈┈┈┈┈┈┈┈┈┈┈┈┈┈┈┈┈
[INFO] [stderr] note: If the actual output is the correct output you can bless it by rerunning
[INFO] [stderr]       your test with the environment variable TRYBUILD=overwrite
[INFO] [stderr] 
[INFO] [stderr] test attr-named-params-on-server.rs [should fail to compile] ... ok
[INFO] [stderr] test multiple-rpc-attributes.rs [should fail to compile] ... mismatch
[INFO] [stderr] 
[INFO] [stderr] EXPECTED:
[INFO] [stderr] ┈┈┈┈┈┈┈┈┈┈┈┈┈┈┈┈┈┈┈┈┈┈┈┈┈┈┈┈┈┈┈┈┈┈┈┈┈┈┈┈┈┈┈┈┈┈┈┈┈┈┈┈┈┈┈┈┈┈┈┈
[INFO] [stderr] error: Expected only a single rpc attribute per method
[INFO] [stderr]  --> $DIR/multiple-rpc-attributes.rs:5:2
[INFO] [stderr]   |
[INFO] [stderr] 5 |       /// Returns a protocol version
[INFO] [stderr]   |  _____^
[INFO] [stderr] 6 | |     #[rpc(name = "protocolVersion")]
[INFO] [stderr] 7 | |     #[rpc(name = "protocolVersionAgain")]
[INFO] [stderr] 8 | |     fn protocol_version(&self) -> Result<String>;
[INFO] [stderr]   | |_________________________________________________^
[INFO] [stderr] ┈┈┈┈┈┈┈┈┈┈┈┈┈┈┈┈┈┈┈┈┈┈┈┈┈┈┈┈┈┈┈┈┈┈┈┈┈┈┈┈┈┈┈┈┈┈┈┈┈┈┈┈┈┈┈┈┈┈┈┈
[INFO] [stderr] 
[INFO] [stderr] ACTUAL OUTPUT:
[INFO] [stderr] ┈┈┈┈┈┈┈┈┈┈┈┈┈┈┈┈┈┈┈┈┈┈┈┈┈┈┈┈┈┈┈┈┈┈┈┈┈┈┈┈┈┈┈┈┈┈┈┈┈┈┈┈┈┈┈┈┈┈┈┈
[INFO] [stderr] error: Expected only a single rpc attribute per method
[INFO] [stderr]  --> $DIR/multiple-rpc-attributes.rs:5:2
[INFO] [stderr]   |
[INFO] [stderr] 5 | /     /// Returns a protocol version
[INFO] [stderr] 6 | |     #[rpc(name = "protocolVersion")]
[INFO] [stderr] 7 | |     #[rpc(name = "protocolVersionAgain")]
[INFO] [stderr] 8 | |     fn protocol_version(&self) -> Result<String>;
[INFO] [stderr]   | |_________________________________________________^
[INFO] [stderr] ┈┈┈┈┈┈┈┈┈┈┈┈┈┈┈┈┈┈┈┈┈┈┈┈┈┈┈┈┈┈┈┈┈┈┈┈┈┈┈┈┈┈┈┈┈┈┈┈┈┈┈┈┈┈┈┈┈┈┈┈
[INFO] [stderr] note: If the actual output is the correct output you can bless it by rerunning
[INFO] [stderr]       your test with the environment variable TRYBUILD=overwrite
[INFO] [stderr] 
[INFO] [stderr] test too-many-params.rs [should fail to compile] ... mismatch
[INFO] [stderr] 
[INFO] [stderr] EXPECTED:
[INFO] [stderr] ┈┈┈┈┈┈┈┈┈┈┈┈┈┈┈┈┈┈┈┈┈┈┈┈┈┈┈┈┈┈┈┈┈┈┈┈┈┈┈┈┈┈┈┈┈┈┈┈┈┈┈┈┈┈┈┈┈┈┈┈
[INFO] [stderr] error: Maximum supported number of params is 16
[INFO] [stderr]   --> $DIR/too-many-params.rs:5:2
[INFO] [stderr]    |
[INFO] [stderr] 5  |       /// Has too many params
[INFO] [stderr]    |  _____^
[INFO] [stderr] 6  | |     #[rpc(name = "tooManyParams")]
[INFO] [stderr] 7  | |     fn to_many_params(
[INFO] [stderr] 8  | |         &self,
[INFO] [stderr] 9  | |         a: u64, b: u64, c: u64, d: u64, e: u64, f: u64, g: u64, h: u64, i: u64, j: u64,
[INFO] [stderr] 10 | |         k: u64, l: u64, m: u64, n: u64, o: u64, p: u64, q: u64,
[INFO] [stderr] 11 | |     ) -> Result<String>;
[INFO] [stderr]    | |________________________^
[INFO] [stderr] ┈┈┈┈┈┈┈┈┈┈┈┈┈┈┈┈┈┈┈┈┈┈┈┈┈┈┈┈┈┈┈┈┈┈┈┈┈┈┈┈┈┈┈┈┈┈┈┈┈┈┈┈┈┈┈┈┈┈┈┈
[INFO] [stderr] 
[INFO] [stderr] ACTUAL OUTPUT:
[INFO] [stderr] ┈┈┈┈┈┈┈┈┈┈┈┈┈┈┈┈┈┈┈┈┈┈┈┈┈┈┈┈┈┈┈┈┈┈┈┈┈┈┈┈┈┈┈┈┈┈┈┈┈┈┈┈┈┈┈┈┈┈┈┈
[INFO] [stderr] error: Maximum supported number of params is 16
[INFO] [stderr]   --> $DIR/too-many-params.rs:5:2
[INFO] [stderr]    |
[INFO] [stderr] 5  | /     /// Has too many params
[INFO] [stderr] 6  | |     #[rpc(name = "tooManyParams")]
[INFO] [stderr] 7  | |     fn to_many_params(
[INFO] [stderr] 8  | |         &self,
[INFO] [stderr] 9  | |         a: u64, b: u64, c: u64, d: u64, e: u64, f: u64, g: u64, h: u64, i: u64, j: u64,
[INFO] [stderr] 10 | |         k: u64, l: u64, m: u64, n: u64, o: u64, p: u64, q: u64,
[INFO] [stderr] 11 | |     ) -> Result<String>;
[INFO] [stderr]    | |________________________^
[INFO] [stderr] ┈┈┈┈┈┈┈┈┈┈┈┈┈┈┈┈┈┈┈┈┈┈┈┈┈┈┈┈┈┈┈┈┈┈┈┈┈┈┈┈┈┈┈┈┈┈┈┈┈┈┈┈┈┈┈┈┈┈┈┈
[INFO] [stderr] note: If the actual output is the correct output you can bless it by rerunning
[INFO] [stderr]       your test with the environment variable TRYBUILD=overwrite
[INFO] [stderr] 
[INFO] [stderr] test trait-attr-named-params-on-server.rs [should fail to compile] ... ok
[INFO] [stderr] test client_only.rs [should pass] ... ok
[INFO] [stderr] test client_with_generic_trait_bounds.rs [should pass] ... ok
[INFO] [stderr] test pubsub-dependency-not-required-for-vanilla-rpc.rs [should pass] ... ok
[INFO] [stderr] test pubsub-subscription-generic-type-with-deserialize.rs [should pass] ... ok
[INFO] [stderr] test pubsub-subscription-type-with-deserialize.rs [should pass] ... ok
[INFO] [stderr] test pubsub-subscription-type-without-deserialize.rs [should pass] ... ok
[INFO] [stderr] test server_only.rs [should pass] ... ok
[INFO] [stderr] 
[INFO] [stderr] 
[INFO] [stderr] error: test failed, to rerun pass '--test trybuild'
[INFO] [stdout] test compile_test ... FAILED
[INFO] [stdout] 
[INFO] [stdout] failures:
[INFO] [stdout] 
[INFO] [stdout] ---- compile_test stdout ----
[INFO] [stdout] thread 'compile_test' panicked at '6 of 15 tests failed', /opt/rustwide/cargo-home/registry/src/github.com-1ecc6299db9ec823/trybuild-1.0.41/src/run.rs:65:13
[INFO] [stdout] stack backtrace:
[INFO] [stdout]    0:     0x557270e89810 - std::backtrace_rs::backtrace::libunwind::trace::hff4d1766e93f64f1
[INFO] [stdout]                                at /rustc/53fd98ca776cb875bc9e5514f56b52eb74f9e7a9/library/std/src/../../backtrace/src/backtrace/libunwind.rs:90:5
[INFO] [stdout]    1:     0x557270e89810 - std::backtrace_rs::backtrace::trace_unsynchronized::h56bbc8eb78770bcb
[INFO] [stdout]                                at /rustc/53fd98ca776cb875bc9e5514f56b52eb74f9e7a9/library/std/src/../../backtrace/src/backtrace/mod.rs:66:5
[INFO] [stdout]    2:     0x557270e89810 - std::sys_common::backtrace::_print_fmt::h5c8e75464faca780
[INFO] [stdout]                                at /rustc/53fd98ca776cb875bc9e5514f56b52eb74f9e7a9/library/std/src/sys_common/backtrace.rs:67:5
[INFO] [stdout]    3:     0x557270e89810 - <std::sys_common::backtrace::_print::DisplayBacktrace as core::fmt::Display>::fmt::h48b88277def8b362
[INFO] [stdout]                                at /rustc/53fd98ca776cb875bc9e5514f56b52eb74f9e7a9/library/std/src/sys_common/backtrace.rs:46:22
[INFO] [stdout]    4:     0x557270eae7bc - core::fmt::write::h3381b3176fe2b3d3
[INFO] [stdout]                                at /rustc/53fd98ca776cb875bc9e5514f56b52eb74f9e7a9/library/core/src/fmt/mod.rs:1115:17
[INFO] [stdout]    5:     0x557270e85da5 - std::io::Write::write_fmt::h5f34a676f60246b5
[INFO] [stdout]                                at /rustc/53fd98ca776cb875bc9e5514f56b52eb74f9e7a9/library/std/src/io/mod.rs:1665:15
[INFO] [stdout]    6:     0x557270e8bb3b - std::sys_common::backtrace::_print::ha537687d6c17dd0d
[INFO] [stdout]                                at /rustc/53fd98ca776cb875bc9e5514f56b52eb74f9e7a9/library/std/src/sys_common/backtrace.rs:49:5
[INFO] [stdout]    7:     0x557270e8bb3b - std::sys_common::backtrace::print::h61376ae57d131d72
[INFO] [stdout]                                at /rustc/53fd98ca776cb875bc9e5514f56b52eb74f9e7a9/library/std/src/sys_common/backtrace.rs:36:9
[INFO] [stdout]    8:     0x557270e8bb3b - std::panicking::default_hook::{{closure}}::h0f7208c0b9644a54
[INFO] [stdout]                                at /rustc/53fd98ca776cb875bc9e5514f56b52eb74f9e7a9/library/std/src/panicking.rs:208:50
[INFO] [stdout]    9:     0x557270e8b64c - std::panicking::default_hook::hdac7fc06578c14ce
[INFO] [stdout]                                at /rustc/53fd98ca776cb875bc9e5514f56b52eb74f9e7a9/library/std/src/panicking.rs:222:9
[INFO] [stdout]   10:     0x557270e8c204 - std::panicking::rust_panic_with_hook::h72b21c283da3d1ef
[INFO] [stdout]                                at /rustc/53fd98ca776cb875bc9e5514f56b52eb74f9e7a9/library/std/src/panicking.rs:622:17
[INFO] [stdout]   11:     0x557270e8bce7 - std::panicking::begin_panic_handler::{{closure}}::he5778f1729cff84a
[INFO] [stdout]                                at /rustc/53fd98ca776cb875bc9e5514f56b52eb74f9e7a9/library/std/src/panicking.rs:519:13
[INFO] [stdout]   12:     0x557270e89cec - std::sys_common::backtrace::__rust_end_short_backtrace::h2d11ca8b453b4b1d
[INFO] [stdout]                                at /rustc/53fd98ca776cb875bc9e5514f56b52eb74f9e7a9/library/std/src/sys_common/backtrace.rs:141:18
[INFO] [stdout]   13:     0x557270e8bc49 - rust_begin_unwind
[INFO] [stdout]                                at /rustc/53fd98ca776cb875bc9e5514f56b52eb74f9e7a9/library/std/src/panicking.rs:515:5
[INFO] [stdout]   14:     0x557270c35cfb - std::panicking::begin_panic_fmt::h746518bde832d259
[INFO] [stdout]                                at /rustc/53fd98ca776cb875bc9e5514f56b52eb74f9e7a9/library/std/src/panicking.rs:457:5
[INFO] [stdout]   15:     0x557270c74bd5 - trybuild::run::<impl trybuild::Runner>::run::hc431e207843908bd
[INFO] [stdout]                                at /opt/rustwide/cargo-home/registry/src/github.com-1ecc6299db9ec823/trybuild-1.0.41/src/run.rs:65:13
[INFO] [stdout]   16:     0x557270c79484 - <trybuild::TestCases as core::ops::drop::Drop>::drop::h797401601e37ad97
[INFO] [stdout]                                at /opt/rustwide/cargo-home/registry/src/github.com-1ecc6299db9ec823/trybuild-1.0.41/src/lib.rs:303:13
[INFO] [stdout]   17:     0x557270c37bc7 - core::ptr::drop_in_place<trybuild::TestCases>::h6ca20fec4c9195da
[INFO] [stdout]                                at /rustc/53fd98ca776cb875bc9e5514f56b52eb74f9e7a9/library/core/src/ptr/mod.rs:192:1
[INFO] [stdout]   18:     0x557270c38585 - trybuild::compile_test::h7ca3cb0a391e197d
[INFO] [stdout]                                at /opt/rustwide/workdir/tests/trybuild.rs:6:1
[INFO] [stdout]   19:     0x557270c3850a - trybuild::compile_test::{{closure}}::ha0ba624bc742c942
[INFO] [stdout]                                at /opt/rustwide/workdir/tests/trybuild.rs:2:1
[INFO] [stdout]   20:     0x557270c37b5e - core::ops::function::FnOnce::call_once::hc302d7b59fce373c
[INFO] [stdout]                                at /rustc/53fd98ca776cb875bc9e5514f56b52eb74f9e7a9/library/core/src/ops/function.rs:227:5
[INFO] [stdout]   21:     0x557270e6c4e3 - core::ops::function::FnOnce::call_once::hbb52c4519d3137b0
[INFO] [stdout]                                at /rustc/53fd98ca776cb875bc9e5514f56b52eb74f9e7a9/library/core/src/ops/function.rs:227:5
[INFO] [stdout]   22:     0x557270e6c4e3 - test::__rust_begin_short_backtrace::h86fe3a2a5a5121af
[INFO] [stdout]                                at /rustc/53fd98ca776cb875bc9e5514f56b52eb74f9e7a9/library/test/src/lib.rs:578:5
[INFO] [stdout]   23:     0x557270e6af98 - <alloc::boxed::Box<F,A> as core::ops::function::FnOnce<Args>>::call_once::hfd956bc3d57399be
[INFO] [stdout]                                at /rustc/53fd98ca776cb875bc9e5514f56b52eb74f9e7a9/library/alloc/src/boxed.rs:1572:9
[INFO] [stdout]   24:     0x557270e6af98 - <std::panic::AssertUnwindSafe<F> as core::ops::function::FnOnce<()>>::call_once::h40dc93e0ddb5938a
[INFO] [stdout]                                at /rustc/53fd98ca776cb875bc9e5514f56b52eb74f9e7a9/library/std/src/panic.rs:347:9
[INFO] [stdout]   25:     0x557270e6af98 - std::panicking::try::do_call::h90d07750cb47c562
[INFO] [stdout]                                at /rustc/53fd98ca776cb875bc9e5514f56b52eb74f9e7a9/library/std/src/panicking.rs:401:40
[INFO] [stdout]   26:     0x557270e6af98 - std::panicking::try::h063c84733ad2a629
[INFO] [stdout]                                at /rustc/53fd98ca776cb875bc9e5514f56b52eb74f9e7a9/library/std/src/panicking.rs:365:19
[INFO] [stdout]   27:     0x557270e6af98 - std::panic::catch_unwind::h0c464836a84e7c08
[INFO] [stdout]                                at /rustc/53fd98ca776cb875bc9e5514f56b52eb74f9e7a9/library/std/src/panic.rs:434:14
[INFO] [stdout]   28:     0x557270e6af98 - test::run_test_in_process::h5cb06ef620b157fc
[INFO] [stdout]                                at /rustc/53fd98ca776cb875bc9e5514f56b52eb74f9e7a9/library/test/src/lib.rs:601:18
[INFO] [stdout]   29:     0x557270e6af98 - test::run_test::run_test_inner::{{closure}}::h76f677f4b93f9828
[INFO] [stdout]                                at /rustc/53fd98ca776cb875bc9e5514f56b52eb74f9e7a9/library/test/src/lib.rs:493:39
[INFO] [stdout]   30:     0x557270e3972d - test::run_test::run_test_inner::{{closure}}::h366d01fe04f4d67a
[INFO] [stdout]                                at /rustc/53fd98ca776cb875bc9e5514f56b52eb74f9e7a9/library/test/src/lib.rs:520:37
[INFO] [stdout]   31:     0x557270e3972d - std::sys_common::backtrace::__rust_begin_short_backtrace::h7dfa0de4eb395af2
[INFO] [stdout]                                at /rustc/53fd98ca776cb875bc9e5514f56b52eb74f9e7a9/library/std/src/sys_common/backtrace.rs:125:18
[INFO] [stdout]   32:     0x557270e3def8 - std::thread::Builder::spawn_unchecked::{{closure}}::{{closure}}::hf0a74bb58798037f
[INFO] [stdout]                                at /rustc/53fd98ca776cb875bc9e5514f56b52eb74f9e7a9/library/std/src/thread/mod.rs:476:17
[INFO] [stdout]   33:     0x557270e3def8 - <std::panic::AssertUnwindSafe<F> as core::ops::function::FnOnce<()>>::call_once::hb024e854818586ac
[INFO] [stdout]                                at /rustc/53fd98ca776cb875bc9e5514f56b52eb74f9e7a9/library/std/src/panic.rs:347:9
[INFO] [stdout]   34:     0x557270e3def8 - std::panicking::try::do_call::hb2dd9f1d0d48e41d
[INFO] [stdout]                                at /rustc/53fd98ca776cb875bc9e5514f56b52eb74f9e7a9/library/std/src/panicking.rs:401:40
[INFO] [stdout]   35:     0x557270e3def8 - std::panicking::try::h4717ae7bac8b2bf3
[INFO] [stdout]                                at /rustc/53fd98ca776cb875bc9e5514f56b52eb74f9e7a9/library/std/src/panicking.rs:365:19
[INFO] [stdout]   36:     0x557270e3def8 - std::panic::catch_unwind::h0dc8a061326ce8d8
[INFO] [stdout]                                at /rustc/53fd98ca776cb875bc9e5514f56b52eb74f9e7a9/library/std/src/panic.rs:434:14
[INFO] [stdout]   37:     0x557270e3def8 - std::thread::Builder::spawn_unchecked::{{closure}}::haa369e2d6fd00aa1
[INFO] [stdout]                                at /rustc/53fd98ca776cb875bc9e5514f56b52eb74f9e7a9/library/std/src/thread/mod.rs:475:30
[INFO] [stdout]   38:     0x557270e3def8 - core::ops::function::FnOnce::call_once{{vtable.shim}}::h36dcf3de8b056f17
[INFO] [stdout]                                at /rustc/53fd98ca776cb875bc9e5514f56b52eb74f9e7a9/library/core/src/ops/function.rs:227:5
[INFO] [stdout]   39:     0x557270e920c7 - <alloc::boxed::Box<F,A> as core::ops::function::FnOnce<Args>>::call_once::h65c29e4642be2358
[INFO] [stdout]                                at /rustc/53fd98ca776cb875bc9e5514f56b52eb74f9e7a9/library/alloc/src/boxed.rs:1572:9
[INFO] [stdout]   40:     0x557270e920c7 - <alloc::boxed::Box<F,A> as core::ops::function::FnOnce<Args>>::call_once::hd0f8f7fbbd9fffbf
[INFO] [stdout]                                at /rustc/53fd98ca776cb875bc9e5514f56b52eb74f9e7a9/library/alloc/src/boxed.rs:1572:9
[INFO] [stdout]   41:     0x557270e920c7 - std::sys::unix::thread::Thread::new::thread_start::h2fd22fee3ca77b65
[INFO] [stdout]                                at /rustc/53fd98ca776cb875bc9e5514f56b52eb74f9e7a9/library/std/src/sys/unix/thread.rs:74:17
[INFO] [stdout]   42:     0x7f5880fa5609 - start_thread
[INFO] [stdout]   43:     0x7f5880d77293 - clone
[INFO] [stdout]   44:                0x0 - <unknown>
[INFO] [stdout] 
[INFO] [stdout] 
[INFO] [stdout] failures:
[INFO] [stdout]     compile_test
[INFO] [stdout] 
[INFO] [stdout] test result: FAILED. 0 passed; 1 failed; 0 ignored; 0 measured; 0 filtered out; finished in 76.05s
[INFO] [stdout] 
[INFO] running `Command { std: "docker" "inspect" "18254ce0fdc01d0b9bcc93c118ca5c02b72dce6aeac7733adf91e64d153d8141", kill_on_drop: false }`
[INFO] running `Command { std: "docker" "rm" "-f" "18254ce0fdc01d0b9bcc93c118ca5c02b72dce6aeac7733adf91e64d153d8141", kill_on_drop: false }`
[INFO] [stdout] 18254ce0fdc01d0b9bcc93c118ca5c02b72dce6aeac7733adf91e64d153d8141
