[INFO] fetching crate termprogress 0.3.4...
[INFO] testing termprogress-0.3.4 against beta-2021-08-01 for beta-1.55-1
[INFO] extracting crate termprogress 0.3.4 into /workspace/builds/worker-11/source
[INFO] validating manifest of crates.io crate termprogress 0.3.4 on toolchain beta-2021-08-01
[INFO] running `Command { std: "/workspace/cargo-home/bin/cargo" "+beta-2021-08-01" "metadata" "--manifest-path" "Cargo.toml" "--no-deps", kill_on_drop: false }`
[INFO] started tweaking crates.io crate termprogress 0.3.4
[INFO] finished tweaking crates.io crate termprogress 0.3.4
[INFO] tweaked toml for crates.io crate termprogress 0.3.4 written to /workspace/builds/worker-11/source/Cargo.toml
[INFO] running `Command { std: "/workspace/cargo-home/bin/cargo" "+beta-2021-08-01" "generate-lockfile" "--manifest-path" "Cargo.toml" "-Zno-index-update", kill_on_drop: false }`
[INFO] running `Command { std: "/workspace/cargo-home/bin/cargo" "+beta-2021-08-01" "fetch" "--manifest-path" "Cargo.toml", kill_on_drop: false }`
[INFO] running `Command { std: "docker" "create" "-v" "/var/lib/crater-agent-workspace/builds/worker-11/target:/opt/rustwide/target:rw,Z" "-v" "/var/lib/crater-agent-workspace/builds/worker-11/source:/opt/rustwide/workdir:ro,Z" "-v" "/var/lib/crater-agent-workspace/cargo-home:/opt/rustwide/cargo-home:ro,Z" "-v" "/var/lib/crater-agent-workspace/rustup-home:/opt/rustwide/rustup-home:ro,Z" "-e" "SOURCE_DIR=/opt/rustwide/workdir" "-e" "CARGO_TARGET_DIR=/opt/rustwide/target" "-e" "CARGO_HOME=/opt/rustwide/cargo-home" "-e" "RUSTUP_HOME=/opt/rustwide/rustup-home" "-w" "/opt/rustwide/workdir" "-m" "1610612736" "--user" "0:0" "--network" "none" "ghcr.io/rust-lang/crates-build-env/linux@sha256:34b6a614d2c27851fe6cbf88fbd1137609cefab8b10d0615aaeb6fd47975d74e" "/opt/rustwide/cargo-home/bin/cargo" "+beta-2021-08-01" "metadata" "--no-deps" "--format-version=1", kill_on_drop: false }`
[INFO] [stdout] 03d5998ba1f3000abe9e31d5e32b41e8cc8652fc0c9ad56a7628b6fe844d625b
[INFO] [stderr] WARNING: Your kernel does not support swap limit capabilities or the cgroup is not mounted. Memory limited without swap.
[INFO] running `Command { std: "docker" "start" "-a" "03d5998ba1f3000abe9e31d5e32b41e8cc8652fc0c9ad56a7628b6fe844d625b", kill_on_drop: false }`
[INFO] running `Command { std: "docker" "inspect" "03d5998ba1f3000abe9e31d5e32b41e8cc8652fc0c9ad56a7628b6fe844d625b", kill_on_drop: false }`
[INFO] running `Command { std: "docker" "rm" "-f" "03d5998ba1f3000abe9e31d5e32b41e8cc8652fc0c9ad56a7628b6fe844d625b", kill_on_drop: false }`
[INFO] [stdout] 03d5998ba1f3000abe9e31d5e32b41e8cc8652fc0c9ad56a7628b6fe844d625b
[INFO] running `Command { std: "docker" "create" "-v" "/var/lib/crater-agent-workspace/builds/worker-11/target:/opt/rustwide/target:rw,Z" "-v" "/var/lib/crater-agent-workspace/builds/worker-11/source:/opt/rustwide/workdir:ro,Z" "-v" "/var/lib/crater-agent-workspace/cargo-home:/opt/rustwide/cargo-home:ro,Z" "-v" "/var/lib/crater-agent-workspace/rustup-home:/opt/rustwide/rustup-home:ro,Z" "-e" "SOURCE_DIR=/opt/rustwide/workdir" "-e" "CARGO_TARGET_DIR=/opt/rustwide/target" "-e" "CARGO_INCREMENTAL=0" "-e" "RUST_BACKTRACE=full" "-e" "RUSTFLAGS=--cap-lints=warn" "-e" "CARGO_HOME=/opt/rustwide/cargo-home" "-e" "RUSTUP_HOME=/opt/rustwide/rustup-home" "-w" "/opt/rustwide/workdir" "-m" "1610612736" "--user" "0:0" "--network" "none" "ghcr.io/rust-lang/crates-build-env/linux@sha256:34b6a614d2c27851fe6cbf88fbd1137609cefab8b10d0615aaeb6fd47975d74e" "/opt/rustwide/cargo-home/bin/cargo" "+beta-2021-08-01" "build" "--frozen" "--message-format=json", kill_on_drop: false }`
[INFO] [stdout] f80b1c46858b04f6c44f1a62938ee6dda9eed73fe2f97ad8e90f2c72398ad77f
[INFO] [stderr] WARNING: Your kernel does not support swap limit capabilities or the cgroup is not mounted. Memory limited without swap.
[INFO] running `Command { std: "docker" "start" "-a" "f80b1c46858b04f6c44f1a62938ee6dda9eed73fe2f97ad8e90f2c72398ad77f", kill_on_drop: false }`
[INFO] [stderr]    Compiling termprogress v0.3.4 (/opt/rustwide/workdir)
[INFO] [stderr]    Compiling terminal_size v0.1.17
[INFO] [stderr]     Finished dev [unoptimized + debuginfo] target(s) in 3.47s
[INFO] running `Command { std: "docker" "inspect" "f80b1c46858b04f6c44f1a62938ee6dda9eed73fe2f97ad8e90f2c72398ad77f", kill_on_drop: false }`
[INFO] running `Command { std: "docker" "rm" "-f" "f80b1c46858b04f6c44f1a62938ee6dda9eed73fe2f97ad8e90f2c72398ad77f", kill_on_drop: false }`
[INFO] [stdout] f80b1c46858b04f6c44f1a62938ee6dda9eed73fe2f97ad8e90f2c72398ad77f
[INFO] running `Command { std: "docker" "create" "-v" "/var/lib/crater-agent-workspace/builds/worker-11/target:/opt/rustwide/target:rw,Z" "-v" "/var/lib/crater-agent-workspace/builds/worker-11/source:/opt/rustwide/workdir:ro,Z" "-v" "/var/lib/crater-agent-workspace/cargo-home:/opt/rustwide/cargo-home:ro,Z" "-v" "/var/lib/crater-agent-workspace/rustup-home:/opt/rustwide/rustup-home:ro,Z" "-e" "SOURCE_DIR=/opt/rustwide/workdir" "-e" "CARGO_TARGET_DIR=/opt/rustwide/target" "-e" "CARGO_INCREMENTAL=0" "-e" "RUST_BACKTRACE=full" "-e" "RUSTFLAGS=--cap-lints=warn" "-e" "CARGO_HOME=/opt/rustwide/cargo-home" "-e" "RUSTUP_HOME=/opt/rustwide/rustup-home" "-w" "/opt/rustwide/workdir" "-m" "1610612736" "--user" "0:0" "--network" "none" "ghcr.io/rust-lang/crates-build-env/linux@sha256:34b6a614d2c27851fe6cbf88fbd1137609cefab8b10d0615aaeb6fd47975d74e" "/opt/rustwide/cargo-home/bin/cargo" "+beta-2021-08-01" "test" "--frozen" "--no-run" "--message-format=json", kill_on_drop: false }`
[INFO] [stdout] 535cdf9a222556d2762c1d66cc3c744b9967ed9dd653633cea03a072efed8e1a
[INFO] [stderr] WARNING: Your kernel does not support swap limit capabilities or the cgroup is not mounted. Memory limited without swap.
[INFO] running `Command { std: "docker" "start" "-a" "535cdf9a222556d2762c1d66cc3c744b9967ed9dd653633cea03a072efed8e1a", kill_on_drop: false }`
[INFO] [stderr]    Compiling termprogress v0.3.4 (/opt/rustwide/workdir)
[INFO] [stderr]     Finished test [unoptimized + debuginfo] target(s) in 1.18s
[INFO] running `Command { std: "docker" "inspect" "535cdf9a222556d2762c1d66cc3c744b9967ed9dd653633cea03a072efed8e1a", kill_on_drop: false }`
[INFO] running `Command { std: "docker" "rm" "-f" "535cdf9a222556d2762c1d66cc3c744b9967ed9dd653633cea03a072efed8e1a", kill_on_drop: false }`
[INFO] [stdout] 535cdf9a222556d2762c1d66cc3c744b9967ed9dd653633cea03a072efed8e1a
[INFO] running `Command { std: "docker" "create" "-v" "/var/lib/crater-agent-workspace/builds/worker-11/target:/opt/rustwide/target:rw,Z" "-v" "/var/lib/crater-agent-workspace/builds/worker-11/source:/opt/rustwide/workdir:ro,Z" "-v" "/var/lib/crater-agent-workspace/cargo-home:/opt/rustwide/cargo-home:ro,Z" "-v" "/var/lib/crater-agent-workspace/rustup-home:/opt/rustwide/rustup-home:ro,Z" "-e" "SOURCE_DIR=/opt/rustwide/workdir" "-e" "CARGO_TARGET_DIR=/opt/rustwide/target" "-e" "CARGO_INCREMENTAL=0" "-e" "RUST_BACKTRACE=full" "-e" "RUSTFLAGS=--cap-lints=warn" "-e" "CARGO_HOME=/opt/rustwide/cargo-home" "-e" "RUSTUP_HOME=/opt/rustwide/rustup-home" "-w" "/opt/rustwide/workdir" "-m" "1610612736" "--user" "0:0" "--network" "none" "ghcr.io/rust-lang/crates-build-env/linux@sha256:34b6a614d2c27851fe6cbf88fbd1137609cefab8b10d0615aaeb6fd47975d74e" "/opt/rustwide/cargo-home/bin/cargo" "+beta-2021-08-01" "test" "--frozen", kill_on_drop: false }`
[INFO] [stdout] b4d82b53873cda18acbf88887ef189ddf358c476d04f83fa3722475c9b4bc259
[INFO] [stderr] WARNING: Your kernel does not support swap limit capabilities or the cgroup is not mounted. Memory limited without swap.
[INFO] running `Command { std: "docker" "start" "-a" "b4d82b53873cda18acbf88887ef189ddf358c476d04f83fa3722475c9b4bc259", kill_on_drop: false }`
[INFO] [stderr]     Finished test [unoptimized + debuginfo] target(s) in 0.03s
[INFO] [stdout] 
[INFO] [stderr]      Running unittests (/opt/rustwide/target/debug/deps/termprogress-e827902822212899)
[INFO] [stdout] running 0 tests
[INFO] [stderr]    Doc-tests termprogress
[INFO] [stdout] 
[INFO] [stdout] test result: ok. 0 passed; 0 failed; 0 ignored; 0 measured; 0 filtered out; finished in 0.00s
[INFO] [stdout] 
[INFO] [stdout] 
[INFO] [stdout] running 3 tests
[INFO] [stdout] test src/spinner.rs - spinner::Spin::new (line 44) ... FAILED
[INFO] [stdout] test src/spinner.rs - spinner::Spin (line 12) ... FAILED
[INFO] [stdout] test src/progress.rs - progress::Bar (line 16) ... FAILED
[INFO] [stdout] 
[INFO] [stdout] failures:
[INFO] [stdout] 
[INFO] [stdout] ---- src/spinner.rs - spinner::Spin::new (line 44) stdout ----
[INFO] [stdout] error[E0433]: failed to resolve: use of undeclared type `Spin`
[INFO] [stdout]  --> src/spinner.rs:45:1
[INFO] [stdout]   |
[INFO] [stdout] 3 | Spin::new(Default::default()); // Create a spinner with the default wheel ('|/-\')
[INFO] [stdout]   | ^^^^ not found in this scope
[INFO] [stdout]   |
[INFO] [stdout] help: consider importing this struct
[INFO] [stdout]   |
[INFO] [stdout] 2 | use termprogress::prelude::Spin;
[INFO] [stdout]   |
[INFO] [stdout] 
[INFO] [stdout] error: aborting due to previous error
[INFO] [stdout] 
[INFO] [stdout] For more information about this error, try `rustc --explain E0433`.
[INFO] [stdout] Couldn't compile the test.
[INFO] [stdout] ---- src/spinner.rs - spinner::Spin (line 12) stdout ----
[INFO] [stdout] error[E0433]: failed to resolve: use of undeclared type `Spin`
[INFO] [stdout]  --> src/spinner.rs:13:16
[INFO] [stdout]   |
[INFO] [stdout] 3 | let mut spin = Spin::default(); //Default new spinner without a title.
[INFO] [stdout]   |                ^^^^ not found in this scope
[INFO] [stdout]   |
[INFO] [stdout] help: consider importing this struct
[INFO] [stdout]   |
[INFO] [stdout] 2 | use termprogress::prelude::Spin;
[INFO] [stdout]   |
[INFO] [stdout] 
[INFO] [stdout] error: aborting due to previous error
[INFO] [stdout] 
[INFO] [stdout] For more information about this error, try `rustc --explain E0433`.
[INFO] [stdout] Couldn't compile the test.
[INFO] [stdout] ---- src/progress.rs - progress::Bar (line 16) stdout ----
[INFO] [stdout] error[E0433]: failed to resolve: use of undeclared type `Bar`
[INFO] [stdout]  --> src/progress.rs:17:15
[INFO] [stdout]   |
[INFO] [stdout] 3 | let mut bar = Bar::default(); //Creates a bar of width 50 by default.
[INFO] [stdout]   |               ^^^ not found in this scope
[INFO] [stdout]   |
[INFO] [stdout] help: consider importing this struct
[INFO] [stdout]   |
[INFO] [stdout] 2 | use termprogress::prelude::Bar;
[INFO] [stdout]   |
[INFO] [stdout] 
[INFO] [stdout] error: aborting due to previous error
[INFO] [stdout] 
[INFO] [stdout] For more information about this error, try `rustc --explain E0433`.
[INFO] [stdout] Couldn't compile the test.
[INFO] [stdout] 
[INFO] [stdout] failures:
[INFO] [stdout]     src/progress.rs - progress::Bar (line 16)
[INFO] [stdout]     src/spinner.rs - spinner::Spin (line 12)
[INFO] [stdout]     src/spinner.rs - spinner::Spin::new (line 44)
[INFO] [stdout] 
[INFO] [stdout] test result: FAILED. 0 passed; 3 failed; 0 ignored; 0 measured; 0 filtered out; finished in 0.45s
[INFO] [stdout] 
[INFO] [stderr] error: test failed, to rerun pass '--doc'
[INFO] running `Command { std: "docker" "inspect" "b4d82b53873cda18acbf88887ef189ddf358c476d04f83fa3722475c9b4bc259", kill_on_drop: false }`
[INFO] running `Command { std: "docker" "rm" "-f" "b4d82b53873cda18acbf88887ef189ddf358c476d04f83fa3722475c9b4bc259", kill_on_drop: false }`
[INFO] [stdout] b4d82b53873cda18acbf88887ef189ddf358c476d04f83fa3722475c9b4bc259
