[INFO] fetching crate termit-ion 1.6.0...
[INFO] testing termit-ion-1.6.0 against 1.54.0 for beta-1.55-1
[INFO] extracting crate termit-ion 1.6.0 into /workspace/builds/worker-5/source
[INFO] validating manifest of crates.io crate termit-ion 1.6.0 on toolchain 1.54.0
[INFO] running `Command { std: "/workspace/cargo-home/bin/cargo" "+1.54.0" "metadata" "--manifest-path" "Cargo.toml" "--no-deps", kill_on_drop: false }`
[INFO] started tweaking crates.io crate termit-ion 1.6.0
[INFO] finished tweaking crates.io crate termit-ion 1.6.0
[INFO] tweaked toml for crates.io crate termit-ion 1.6.0 written to /workspace/builds/worker-5/source/Cargo.toml
[INFO] running `Command { std: "/workspace/cargo-home/bin/cargo" "+1.54.0" "generate-lockfile" "--manifest-path" "Cargo.toml" "-Zno-index-update", kill_on_drop: false }`
[INFO] running `Command { std: "/workspace/cargo-home/bin/cargo" "+1.54.0" "fetch" "--manifest-path" "Cargo.toml", kill_on_drop: false }`
[INFO] running `Command { std: "docker" "create" "-v" "/var/lib/crater-agent-workspace/builds/worker-5/target:/opt/rustwide/target:rw,Z" "-v" "/var/lib/crater-agent-workspace/builds/worker-5/source:/opt/rustwide/workdir:ro,Z" "-v" "/var/lib/crater-agent-workspace/cargo-home:/opt/rustwide/cargo-home:ro,Z" "-v" "/var/lib/crater-agent-workspace/rustup-home:/opt/rustwide/rustup-home:ro,Z" "-e" "SOURCE_DIR=/opt/rustwide/workdir" "-e" "CARGO_TARGET_DIR=/opt/rustwide/target" "-e" "CARGO_HOME=/opt/rustwide/cargo-home" "-e" "RUSTUP_HOME=/opt/rustwide/rustup-home" "-w" "/opt/rustwide/workdir" "-m" "1610612736" "--user" "0:0" "--network" "none" "ghcr.io/rust-lang/crates-build-env/linux@sha256:34b6a614d2c27851fe6cbf88fbd1137609cefab8b10d0615aaeb6fd47975d74e" "/opt/rustwide/cargo-home/bin/cargo" "+1.54.0" "metadata" "--no-deps" "--format-version=1", kill_on_drop: false }`
[INFO] [stdout] 30ad9423b076e6bf2fb181276614c465fe3ece809802ddac009305395c90fd3c
[INFO] [stderr] WARNING: Your kernel does not support swap limit capabilities or the cgroup is not mounted. Memory limited without swap.
[INFO] running `Command { std: "docker" "start" "-a" "30ad9423b076e6bf2fb181276614c465fe3ece809802ddac009305395c90fd3c", kill_on_drop: false }`
[INFO] running `Command { std: "docker" "inspect" "30ad9423b076e6bf2fb181276614c465fe3ece809802ddac009305395c90fd3c", kill_on_drop: false }`
[INFO] running `Command { std: "docker" "rm" "-f" "30ad9423b076e6bf2fb181276614c465fe3ece809802ddac009305395c90fd3c", kill_on_drop: false }`
[INFO] [stdout] 30ad9423b076e6bf2fb181276614c465fe3ece809802ddac009305395c90fd3c
[INFO] running `Command { std: "docker" "create" "-v" "/var/lib/crater-agent-workspace/builds/worker-5/target:/opt/rustwide/target:rw,Z" "-v" "/var/lib/crater-agent-workspace/builds/worker-5/source:/opt/rustwide/workdir:ro,Z" "-v" "/var/lib/crater-agent-workspace/cargo-home:/opt/rustwide/cargo-home:ro,Z" "-v" "/var/lib/crater-agent-workspace/rustup-home:/opt/rustwide/rustup-home:ro,Z" "-e" "SOURCE_DIR=/opt/rustwide/workdir" "-e" "CARGO_TARGET_DIR=/opt/rustwide/target" "-e" "CARGO_INCREMENTAL=0" "-e" "RUST_BACKTRACE=full" "-e" "RUSTFLAGS=--cap-lints=warn" "-e" "CARGO_HOME=/opt/rustwide/cargo-home" "-e" "RUSTUP_HOME=/opt/rustwide/rustup-home" "-w" "/opt/rustwide/workdir" "-m" "1610612736" "--user" "0:0" "--network" "none" "ghcr.io/rust-lang/crates-build-env/linux@sha256:34b6a614d2c27851fe6cbf88fbd1137609cefab8b10d0615aaeb6fd47975d74e" "/opt/rustwide/cargo-home/bin/cargo" "+1.54.0" "build" "--frozen" "--message-format=json", kill_on_drop: false }`
[INFO] [stdout] 9bf83f9b9c1a8a44e912ca52877a00dc5df8311dcce74b05c5fc9558d67d248a
[INFO] [stderr] WARNING: Your kernel does not support swap limit capabilities or the cgroup is not mounted. Memory limited without swap.
[INFO] running `Command { std: "docker" "start" "-a" "9bf83f9b9c1a8a44e912ca52877a00dc5df8311dcce74b05c5fc9558d67d248a", kill_on_drop: false }`
[INFO] [stderr]    Compiling termit-ion v1.6.0 (/opt/rustwide/workdir)
[INFO] [stdout] warning: trait objects without an explicit `dyn` are deprecated
[INFO] [stdout]   --> src/color.rs:82:24
[INFO] [stdout]    |
[INFO] [stdout] 82 | impl<'a> Color for &'a Color {
[INFO] [stdout]    |                        ^^^^^ help: use `dyn`: `dyn Color`
[INFO] [stdout]    |
[INFO] [stdout]    = note: `#[warn(bare_trait_objects)]` on by default
[INFO] [stdout]    = warning: this was previously accepted by the compiler but is being phased out; it will become a hard error in the 2021 edition!
[INFO] [stdout]    = note: for more information, see issue #80165 <https://github.com/rust-lang/rust/issues/80165>
[INFO] [stdout] 
[INFO] [stdout] 
[INFO] [stdout] warning: trait objects without an explicit `dyn` are deprecated
[INFO] [stdout]    --> src/color.rs:301:30
[INFO] [stdout]     |
[INFO] [stdout] 301 | fn detect_color(stdout: &mut Write, stdin: &mut Read, color: u16) -> io::Result<bool> {
[INFO] [stdout]     |                              ^^^^^ help: use `dyn`: `dyn Write`
[INFO] [stdout]     |
[INFO] [stdout]     = warning: this was previously accepted by the compiler but is being phased out; it will become a hard error in the 2021 edition!
[INFO] [stdout]     = note: for more information, see issue #80165 <https://github.com/rust-lang/rust/issues/80165>
[INFO] [stdout] 
[INFO] [stdout] 
[INFO] [stdout] warning: trait objects without an explicit `dyn` are deprecated
[INFO] [stdout]    --> src/color.rs:301:49
[INFO] [stdout]     |
[INFO] [stdout] 301 | fn detect_color(stdout: &mut Write, stdin: &mut Read, color: u16) -> io::Result<bool> {
[INFO] [stdout]     |                                                 ^^^^ help: use `dyn`: `dyn Read`
[INFO] [stdout]     |
[INFO] [stdout]     = warning: this was previously accepted by the compiler but is being phased out; it will become a hard error in the 2021 edition!
[INFO] [stdout]     = note: for more information, see issue #80165 <https://github.com/rust-lang/rust/issues/80165>
[INFO] [stdout] 
[INFO] [stdout] 
[INFO] [stdout] warning: use of deprecated macro `try`: use the `?` operator instead
[INFO] [stdout]    --> src/event.rs:147:41
[INFO] [stdout]     |
[INFO] [stdout] 147 |                     Event::Key(Key::Alt(try!(ch)))
[INFO] [stdout]     |                                         ^^^
[INFO] [stdout]     |
[INFO] [stdout]     = note: `#[warn(deprecated)]` on by default
[INFO] [stdout] 
[INFO] [stdout] 
[INFO] [stdout] warning: use of deprecated macro `try`: use the `?` operator instead
[INFO] [stdout]    --> src/event.rs:161:34
[INFO] [stdout]     |
[INFO] [stdout] 161 |             Event::Key(Key::Char(try!(ch)))
[INFO] [stdout]     |                                  ^^^
[INFO] [stdout] 
[INFO] [stdout] 
[INFO] [stdout] warning: `...` range patterns are deprecated
[INFO] [stdout]    --> src/event.rs:135:43
[INFO] [stdout]     |
[INFO] [stdout] 135 |                         Some(Ok(val @ b'P'...b'S')) => Event::Key(Key::F(1 + val - b'P')),
[INFO] [stdout]     |                                           ^^^ help: use `..=` for an inclusive range
[INFO] [stdout]     |
[INFO] [stdout]     = note: `#[warn(ellipsis_inclusive_range_patterns)]` on by default
[INFO] [stdout]     = warning: this was previously accepted by the compiler but is being phased out; it will become a hard error in the 2021 edition!
[INFO] [stdout]     = note: for more information, see issue #80165 <https://github.com/rust-lang/rust/issues/80165>
[INFO] [stdout] 
[INFO] [stdout] 
[INFO] [stdout] warning: `...` range patterns are deprecated
[INFO] [stdout]    --> src/event.rs:156:20
[INFO] [stdout]     |
[INFO] [stdout] 156 |         c @ b'\x01'...b'\x1A' => Ok(Event::Key(Key::Ctrl((c as u8 - 0x1 + b'a') as char))),
[INFO] [stdout]     |                    ^^^ help: use `..=` for an inclusive range
[INFO] [stdout]     |
[INFO] [stdout]     = warning: this was previously accepted by the compiler but is being phased out; it will become a hard error in the 2021 edition!
[INFO] [stdout]     = note: for more information, see issue #80165 <https://github.com/rust-lang/rust/issues/80165>
[INFO] [stdout] 
[INFO] [stdout] 
[INFO] [stdout] warning: `...` range patterns are deprecated
[INFO] [stdout]    --> src/event.rs:157:20
[INFO] [stdout]     |
[INFO] [stdout] 157 |         c @ b'\x1C'...b'\x1F' => Ok(Event::Key(Key::Ctrl((c as u8 - 0x1C + b'4') as char))),
[INFO] [stdout]     |                    ^^^ help: use `..=` for an inclusive range
[INFO] [stdout]     |
[INFO] [stdout]     = warning: this was previously accepted by the compiler but is being phased out; it will become a hard error in the 2021 edition!
[INFO] [stdout]     = note: for more information, see issue #80165 <https://github.com/rust-lang/rust/issues/80165>
[INFO] [stdout] 
[INFO] [stdout] 
[INFO] [stdout] warning: `...` range patterns are deprecated
[INFO] [stdout]    --> src/event.rs:190:31
[INFO] [stdout]     |
[INFO] [stdout] 190 |             Some(Ok(val @ b'A'...b'E')) => Event::Key(Key::F(1 + val - b'A')),
[INFO] [stdout]     |                               ^^^ help: use `..=` for an inclusive range
[INFO] [stdout]     |
[INFO] [stdout]     = warning: this was previously accepted by the compiler but is being phased out; it will become a hard error in the 2021 edition!
[INFO] [stdout]     = note: for more information, see issue #80165 <https://github.com/rust-lang/rust/issues/80165>
[INFO] [stdout] 
[INFO] [stdout] 
[INFO] [stdout] warning: `...` range patterns are deprecated
[INFO] [stdout]    --> src/event.rs:253:18
[INFO] [stdout]     |
[INFO] [stdout] 253 |                 0...2 | 64...65 => {
[INFO] [stdout]     |                  ^^^ help: use `..=` for an inclusive range
[INFO] [stdout]     |
[INFO] [stdout]     = warning: this was previously accepted by the compiler but is being phased out; it will become a hard error in the 2021 edition!
[INFO] [stdout]     = note: for more information, see issue #80165 <https://github.com/rust-lang/rust/issues/80165>
[INFO] [stdout] 
[INFO] [stdout] 
[INFO] [stdout] warning: `...` range patterns are deprecated
[INFO] [stdout]    --> src/event.rs:253:27
[INFO] [stdout]     |
[INFO] [stdout] 253 |                 0...2 | 64...65 => {
[INFO] [stdout]     |                           ^^^ help: use `..=` for an inclusive range
[INFO] [stdout]     |
[INFO] [stdout]     = warning: this was previously accepted by the compiler but is being phased out; it will become a hard error in the 2021 edition!
[INFO] [stdout]     = note: for more information, see issue #80165 <https://github.com/rust-lang/rust/issues/80165>
[INFO] [stdout] 
[INFO] [stdout] 
[INFO] [stdout] warning: `...` range patterns are deprecated
[INFO] [stdout]    --> src/event.rs:275:21
[INFO] [stdout]     |
[INFO] [stdout] 275 |         mut c @ b'0'...b'9' => {
[INFO] [stdout]     |                     ^^^ help: use `..=` for an inclusive range
[INFO] [stdout]     |
[INFO] [stdout]     = warning: this was previously accepted by the compiler but is being phased out; it will become a hard error in the 2021 edition!
[INFO] [stdout]     = note: for more information, see issue #80165 <https://github.com/rust-lang/rust/issues/80165>
[INFO] [stdout] 
[INFO] [stdout] 
[INFO] [stdout] warning: `...` range patterns are deprecated
[INFO] [stdout]    --> src/event.rs:343:31
[INFO] [stdout]     |
[INFO] [stdout] 343 |                         v @ 11...15 => Event::Key(Key::F(v - 10)),
[INFO] [stdout]     |                               ^^^ help: use `..=` for an inclusive range
[INFO] [stdout]     |
[INFO] [stdout]     = warning: this was previously accepted by the compiler but is being phased out; it will become a hard error in the 2021 edition!
[INFO] [stdout]     = note: for more information, see issue #80165 <https://github.com/rust-lang/rust/issues/80165>
[INFO] [stdout] 
[INFO] [stdout] 
[INFO] [stdout] warning: `...` range patterns are deprecated
[INFO] [stdout]    --> src/event.rs:344:31
[INFO] [stdout]     |
[INFO] [stdout] 344 |                         v @ 17...21 => Event::Key(Key::F(v - 11)),
[INFO] [stdout]     |                               ^^^ help: use `..=` for an inclusive range
[INFO] [stdout]     |
[INFO] [stdout]     = warning: this was previously accepted by the compiler but is being phased out; it will become a hard error in the 2021 edition!
[INFO] [stdout]     = note: for more information, see issue #80165 <https://github.com/rust-lang/rust/issues/80165>
[INFO] [stdout] 
[INFO] [stdout] 
[INFO] [stdout] warning: `...` range patterns are deprecated
[INFO] [stdout]    --> src/event.rs:345:31
[INFO] [stdout]     |
[INFO] [stdout] 345 |                         v @ 23...24 => Event::Key(Key::F(v - 12)),
[INFO] [stdout]     |                               ^^^ help: use `..=` for an inclusive range
[INFO] [stdout]     |
[INFO] [stdout]     = warning: this was previously accepted by the compiler but is being phased out; it will become a hard error in the 2021 edition!
[INFO] [stdout]     = note: for more information, see issue #80165 <https://github.com/rust-lang/rust/issues/80165>
[INFO] [stdout] 
[INFO] [stdout] 
[INFO] [stdout] warning: use of deprecated macro `try`: use the `?` operator instead
[INFO] [stdout]    --> src/input.rs:118:20
[INFO] [stdout]     |
[INFO] [stdout] 118 |         let _raw = try!(writer.into_raw_mode());
[INFO] [stdout]     |                    ^^^
[INFO] [stdout] 
[INFO] [stdout] 
[INFO] [stdout] warning: use of deprecated macro `try`: use the `?` operator instead
[INFO] [stdout]    --> src/input.rs:151:13
[INFO] [stdout]     |
[INFO] [stdout] 151 |             try!(String::from_utf8(buf).map_err(|e| io::Error::new(io::ErrorKind::InvalidData, e)));
[INFO] [stdout]     |             ^^^
[INFO] [stdout] 
[INFO] [stdout] 
[INFO] [stdout] warning: variable does not need to be mutable
[INFO] [stdout]   --> src/input.rs:78:21
[INFO] [stdout]    |
[INFO] [stdout] 78 |                 let mut option_iter = &mut Some(buf[1]).into_iter();
[INFO] [stdout]    |                     ----^^^^^^^^^^^
[INFO] [stdout]    |                     |
[INFO] [stdout]    |                     help: remove this `mut`
[INFO] [stdout]    |
[INFO] [stdout]    = note: `#[warn(unused_mut)]` on by default
[INFO] [stdout] 
[INFO] [stdout] 
[INFO] [stdout] warning: field is never read: `handle`
[INFO] [stdout]   --> src/async.rs:36:5
[INFO] [stdout]    |
[INFO] [stdout] 36 |     handle: JoinHandle<()>,
[INFO] [stdout]    |     ^^^^^^^^^^^^^^^^^^^^^^
[INFO] [stdout]    |
[INFO] [stdout]    = note: `#[warn(dead_code)]` on by default
[INFO] [stdout] 
[INFO] [stdout] 
[INFO] [stdout] warning: missing documentation for a function
[INFO] [stdout]    --> src/event.rs:99:1
[INFO] [stdout]     |
[INFO] [stdout] 99  | / pub fn parse_event<I>(item: u8, iter: &mut I) -> Result<(Event, Vec<u8>), Error>
[INFO] [stdout] 100 | | where
[INFO] [stdout] 101 | |     I: Iterator<Item = Result<u8, Error>>,
[INFO] [stdout] 102 | | {
[INFO] [stdout] ...   |
[INFO] [stdout] 120 | |         })
[INFO] [stdout] 121 | | }
[INFO] [stdout]     | |_^
[INFO] [stdout]     |
[INFO] [stdout] note: the lint level is defined here
[INFO] [stdout]    --> src/lib.rs:12:9
[INFO] [stdout]     |
[INFO] [stdout] 12  | #![warn(missing_docs)]
[INFO] [stdout]     |         ^^^^^^^^^^^^
[INFO] [stdout] 
[INFO] [stdout] 
[INFO] [stdout] warning: missing documentation for an associated function
[INFO] [stdout]    --> src/raw.rs:105:5
[INFO] [stdout]     |
[INFO] [stdout] 105 |     pub fn suspend_raw_mode(&self) -> io::Result<()> {
[INFO] [stdout]     |     ^^^^^^^^^^^^^^^^^^^^^^^^^^^^^^^^^^^^^^^^^^^^^^^^
[INFO] [stdout] 
[INFO] [stdout] 
[INFO] [stdout] warning: missing documentation for an associated function
[INFO] [stdout]    --> src/raw.rs:110:5
[INFO] [stdout]     |
[INFO] [stdout] 110 |     pub fn activate_raw_mode(&self) -> io::Result<()> {
[INFO] [stdout]     |     ^^^^^^^^^^^^^^^^^^^^^^^^^^^^^^^^^^^^^^^^^^^^^^^^^
[INFO] [stdout] 
[INFO] [stdout] 
[INFO] [stdout] warning: 22 warnings emitted
[INFO] [stdout] 
[INFO] [stdout] 
[INFO] [stderr]     Finished dev [unoptimized + debuginfo] target(s) in 1.79s
[INFO] running `Command { std: "docker" "inspect" "9bf83f9b9c1a8a44e912ca52877a00dc5df8311dcce74b05c5fc9558d67d248a", kill_on_drop: false }`
[INFO] running `Command { std: "docker" "rm" "-f" "9bf83f9b9c1a8a44e912ca52877a00dc5df8311dcce74b05c5fc9558d67d248a", kill_on_drop: false }`
[INFO] [stdout] 9bf83f9b9c1a8a44e912ca52877a00dc5df8311dcce74b05c5fc9558d67d248a
[INFO] running `Command { std: "docker" "create" "-v" "/var/lib/crater-agent-workspace/builds/worker-5/target:/opt/rustwide/target:rw,Z" "-v" "/var/lib/crater-agent-workspace/builds/worker-5/source:/opt/rustwide/workdir:ro,Z" "-v" "/var/lib/crater-agent-workspace/cargo-home:/opt/rustwide/cargo-home:ro,Z" "-v" "/var/lib/crater-agent-workspace/rustup-home:/opt/rustwide/rustup-home:ro,Z" "-e" "SOURCE_DIR=/opt/rustwide/workdir" "-e" "CARGO_TARGET_DIR=/opt/rustwide/target" "-e" "CARGO_INCREMENTAL=0" "-e" "RUST_BACKTRACE=full" "-e" "RUSTFLAGS=--cap-lints=warn" "-e" "CARGO_HOME=/opt/rustwide/cargo-home" "-e" "RUSTUP_HOME=/opt/rustwide/rustup-home" "-w" "/opt/rustwide/workdir" "-m" "1610612736" "--user" "0:0" "--network" "none" "ghcr.io/rust-lang/crates-build-env/linux@sha256:34b6a614d2c27851fe6cbf88fbd1137609cefab8b10d0615aaeb6fd47975d74e" "/opt/rustwide/cargo-home/bin/cargo" "+1.54.0" "test" "--frozen" "--no-run" "--message-format=json", kill_on_drop: false }`
[INFO] [stderr] WARNING: Your kernel does not support swap limit capabilities or the cgroup is not mounted. Memory limited without swap.
[INFO] [stdout] d6fd50ae20241764926529c28db0464a91f5d72957a1cc18f540e6ba9fa57862
[INFO] running `Command { std: "docker" "start" "-a" "d6fd50ae20241764926529c28db0464a91f5d72957a1cc18f540e6ba9fa57862", kill_on_drop: false }`
[INFO] [stderr]    Compiling termit-ion v1.6.0 (/opt/rustwide/workdir)
[INFO] [stdout] warning: trait objects without an explicit `dyn` are deprecated
[INFO] [stdout]   --> src/color.rs:82:24
[INFO] [stdout]    |
[INFO] [stdout] 82 | impl<'a> Color for &'a Color {
[INFO] [stdout]    |                        ^^^^^ help: use `dyn`: `dyn Color`
[INFO] [stdout]    |
[INFO] [stdout]    = note: `#[warn(bare_trait_objects)]` on by default
[INFO] [stdout]    = warning: this was previously accepted by the compiler but is being phased out; it will become a hard error in the 2021 edition!
[INFO] [stdout]    = note: for more information, see issue #80165 <https://github.com/rust-lang/rust/issues/80165>
[INFO] [stdout] 
[INFO] [stdout] 
[INFO] [stdout] warning: trait objects without an explicit `dyn` are deprecated
[INFO] [stdout]    --> src/color.rs:301:30
[INFO] [stdout]     |
[INFO] [stdout] 301 | fn detect_color(stdout: &mut Write, stdin: &mut Read, color: u16) -> io::Result<bool> {
[INFO] [stdout]     |                              ^^^^^ help: use `dyn`: `dyn Write`
[INFO] [stdout]     |
[INFO] [stdout]     = warning: this was previously accepted by the compiler but is being phased out; it will become a hard error in the 2021 edition!
[INFO] [stdout]     = note: for more information, see issue #80165 <https://github.com/rust-lang/rust/issues/80165>
[INFO] [stdout] 
[INFO] [stdout] 
[INFO] [stdout] warning: trait objects without an explicit `dyn` are deprecated
[INFO] [stdout]    --> src/color.rs:301:49
[INFO] [stdout]     |
[INFO] [stdout] 301 | fn detect_color(stdout: &mut Write, stdin: &mut Read, color: u16) -> io::Result<bool> {
[INFO] [stdout]     |                                                 ^^^^ help: use `dyn`: `dyn Read`
[INFO] [stdout]     |
[INFO] [stdout]     = warning: this was previously accepted by the compiler but is being phased out; it will become a hard error in the 2021 edition!
[INFO] [stdout]     = note: for more information, see issue #80165 <https://github.com/rust-lang/rust/issues/80165>
[INFO] [stdout] 
[INFO] [stdout] 
[INFO] [stdout] warning: use of deprecated macro `try`: use the `?` operator instead
[INFO] [stdout]    --> src/event.rs:147:41
[INFO] [stdout]     |
[INFO] [stdout] 147 |                     Event::Key(Key::Alt(try!(ch)))
[INFO] [stdout]     |                                         ^^^
[INFO] [stdout]     |
[INFO] [stdout]     = note: `#[warn(deprecated)]` on by default
[INFO] [stdout] 
[INFO] [stdout] 
[INFO] [stdout] warning: use of deprecated macro `try`: use the `?` operator instead
[INFO] [stdout]    --> src/event.rs:161:34
[INFO] [stdout]     |
[INFO] [stdout] 161 |             Event::Key(Key::Char(try!(ch)))
[INFO] [stdout]     |                                  ^^^
[INFO] [stdout] 
[INFO] [stdout] 
[INFO] [stdout] warning: `...` range patterns are deprecated
[INFO] [stdout]    --> src/event.rs:135:43
[INFO] [stdout]     |
[INFO] [stdout] 135 |                         Some(Ok(val @ b'P'...b'S')) => Event::Key(Key::F(1 + val - b'P')),
[INFO] [stdout]     |                                           ^^^ help: use `..=` for an inclusive range
[INFO] [stdout]     |
[INFO] [stdout]     = note: `#[warn(ellipsis_inclusive_range_patterns)]` on by default
[INFO] [stdout]     = warning: this was previously accepted by the compiler but is being phased out; it will become a hard error in the 2021 edition!
[INFO] [stdout]     = note: for more information, see issue #80165 <https://github.com/rust-lang/rust/issues/80165>
[INFO] [stdout] 
[INFO] [stdout] 
[INFO] [stdout] warning: `...` range patterns are deprecated
[INFO] [stdout]    --> src/event.rs:156:20
[INFO] [stdout]     |
[INFO] [stdout] 156 |         c @ b'\x01'...b'\x1A' => Ok(Event::Key(Key::Ctrl((c as u8 - 0x1 + b'a') as char))),
[INFO] [stdout]     |                    ^^^ help: use `..=` for an inclusive range
[INFO] [stdout]     |
[INFO] [stdout]     = warning: this was previously accepted by the compiler but is being phased out; it will become a hard error in the 2021 edition!
[INFO] [stdout]     = note: for more information, see issue #80165 <https://github.com/rust-lang/rust/issues/80165>
[INFO] [stdout] 
[INFO] [stdout] 
[INFO] [stdout] warning: `...` range patterns are deprecated
[INFO] [stdout]    --> src/event.rs:157:20
[INFO] [stdout]     |
[INFO] [stdout] 157 |         c @ b'\x1C'...b'\x1F' => Ok(Event::Key(Key::Ctrl((c as u8 - 0x1C + b'4') as char))),
[INFO] [stdout]     |                    ^^^ help: use `..=` for an inclusive range
[INFO] [stdout]     |
[INFO] [stdout]     = warning: this was previously accepted by the compiler but is being phased out; it will become a hard error in the 2021 edition!
[INFO] [stdout]     = note: for more information, see issue #80165 <https://github.com/rust-lang/rust/issues/80165>
[INFO] [stdout] 
[INFO] [stdout] 
[INFO] [stdout] warning: `...` range patterns are deprecated
[INFO] [stdout]    --> src/event.rs:190:31
[INFO] [stdout]     |
[INFO] [stdout] 190 |             Some(Ok(val @ b'A'...b'E')) => Event::Key(Key::F(1 + val - b'A')),
[INFO] [stdout]     |                               ^^^ help: use `..=` for an inclusive range
[INFO] [stdout]     |
[INFO] [stdout]     = warning: this was previously accepted by the compiler but is being phased out; it will become a hard error in the 2021 edition!
[INFO] [stdout]     = note: for more information, see issue #80165 <https://github.com/rust-lang/rust/issues/80165>
[INFO] [stdout] 
[INFO] [stdout] 
[INFO] [stdout] warning: `...` range patterns are deprecated
[INFO] [stdout]    --> src/event.rs:253:18
[INFO] [stdout]     |
[INFO] [stdout] 253 |                 0...2 | 64...65 => {
[INFO] [stdout]     |                  ^^^ help: use `..=` for an inclusive range
[INFO] [stdout]     |
[INFO] [stdout]     = warning: this was previously accepted by the compiler but is being phased out; it will become a hard error in the 2021 edition!
[INFO] [stdout]     = note: for more information, see issue #80165 <https://github.com/rust-lang/rust/issues/80165>
[INFO] [stdout] 
[INFO] [stdout] 
[INFO] [stdout] warning: `...` range patterns are deprecated
[INFO] [stdout]    --> src/event.rs:253:27
[INFO] [stdout]     |
[INFO] [stdout] 253 |                 0...2 | 64...65 => {
[INFO] [stdout]     |                           ^^^ help: use `..=` for an inclusive range
[INFO] [stdout]     |
[INFO] [stdout]     = warning: this was previously accepted by the compiler but is being phased out; it will become a hard error in the 2021 edition!
[INFO] [stdout]     = note: for more information, see issue #80165 <https://github.com/rust-lang/rust/issues/80165>
[INFO] [stdout] 
[INFO] [stdout] 
[INFO] [stdout] warning: `...` range patterns are deprecated
[INFO] [stdout]    --> src/event.rs:275:21
[INFO] [stdout]     |
[INFO] [stdout] 275 |         mut c @ b'0'...b'9' => {
[INFO] [stdout]     |                     ^^^ help: use `..=` for an inclusive range
[INFO] [stdout]     |
[INFO] [stdout]     = warning: this was previously accepted by the compiler but is being phased out; it will become a hard error in the 2021 edition!
[INFO] [stdout]     = note: for more information, see issue #80165 <https://github.com/rust-lang/rust/issues/80165>
[INFO] [stdout] 
[INFO] [stdout] 
[INFO] [stdout] warning: `...` range patterns are deprecated
[INFO] [stdout]    --> src/event.rs:343:31
[INFO] [stdout]     |
[INFO] [stdout] 343 |                         v @ 11...15 => Event::Key(Key::F(v - 10)),
[INFO] [stdout]     |                               ^^^ help: use `..=` for an inclusive range
[INFO] [stdout]     |
[INFO] [stdout]     = warning: this was previously accepted by the compiler but is being phased out; it will become a hard error in the 2021 edition!
[INFO] [stdout]     = note: for more information, see issue #80165 <https://github.com/rust-lang/rust/issues/80165>
[INFO] [stdout] 
[INFO] [stdout] 
[INFO] [stdout] warning: `...` range patterns are deprecated
[INFO] [stdout]    --> src/event.rs:344:31
[INFO] [stdout]     |
[INFO] [stdout] 344 |                         v @ 17...21 => Event::Key(Key::F(v - 11)),
[INFO] [stdout]     |                               ^^^ help: use `..=` for an inclusive range
[INFO] [stdout]     |
[INFO] [stdout]     = warning: this was previously accepted by the compiler but is being phased out; it will become a hard error in the 2021 edition!
[INFO] [stdout]     = note: for more information, see issue #80165 <https://github.com/rust-lang/rust/issues/80165>
[INFO] [stdout] 
[INFO] [stdout] 
[INFO] [stdout] warning: `...` range patterns are deprecated
[INFO] [stdout]    --> src/event.rs:345:31
[INFO] [stdout]     |
[INFO] [stdout] 345 |                         v @ 23...24 => Event::Key(Key::F(v - 12)),
[INFO] [stdout]     |                               ^^^ help: use `..=` for an inclusive range
[INFO] [stdout]     |
[INFO] [stdout]     = warning: this was previously accepted by the compiler but is being phased out; it will become a hard error in the 2021 edition!
[INFO] [stdout]     = note: for more information, see issue #80165 <https://github.com/rust-lang/rust/issues/80165>
[INFO] [stdout] 
[INFO] [stdout] 
[INFO] [stdout] warning: use of deprecated macro `try`: use the `?` operator instead
[INFO] [stdout]    --> src/input.rs:118:20
[INFO] [stdout]     |
[INFO] [stdout] 118 |         let _raw = try!(writer.into_raw_mode());
[INFO] [stdout]     |                    ^^^
[INFO] [stdout] 
[INFO] [stdout] 
[INFO] [stdout] warning: use of deprecated macro `try`: use the `?` operator instead
[INFO] [stdout]    --> src/input.rs:151:13
[INFO] [stdout]     |
[INFO] [stdout] 151 |             try!(String::from_utf8(buf).map_err(|e| io::Error::new(io::ErrorKind::InvalidData, e)));
[INFO] [stdout]     |             ^^^
[INFO] [stdout] 
[INFO] [stdout] 
[INFO] [stdout] warning: variable does not need to be mutable
[INFO] [stdout]   --> src/input.rs:78:21
[INFO] [stdout]    |
[INFO] [stdout] 78 |                 let mut option_iter = &mut Some(buf[1]).into_iter();
[INFO] [stdout]    |                     ----^^^^^^^^^^^
[INFO] [stdout]    |                     |
[INFO] [stdout]    |                     help: remove this `mut`
[INFO] [stdout]    |
[INFO] [stdout]    = note: `#[warn(unused_mut)]` on by default
[INFO] [stdout] 
[INFO] [stdout] 
[INFO] [stdout] warning: field is never read: `handle`
[INFO] [stdout]   --> src/async.rs:36:5
[INFO] [stdout]    |
[INFO] [stdout] 36 |     handle: JoinHandle<()>,
[INFO] [stdout]    |     ^^^^^^^^^^^^^^^^^^^^^^
[INFO] [stdout]    |
[INFO] [stdout]    = note: `#[warn(dead_code)]` on by default
[INFO] [stdout] 
[INFO] [stdout] 
[INFO] [stdout] warning: missing documentation for a function
[INFO] [stdout]    --> src/event.rs:99:1
[INFO] [stdout]     |
[INFO] [stdout] 99  | / pub fn parse_event<I>(item: u8, iter: &mut I) -> Result<(Event, Vec<u8>), Error>
[INFO] [stdout] 100 | | where
[INFO] [stdout] 101 | |     I: Iterator<Item = Result<u8, Error>>,
[INFO] [stdout] 102 | | {
[INFO] [stdout] ...   |
[INFO] [stdout] 120 | |         })
[INFO] [stdout] 121 | | }
[INFO] [stdout]     | |_^
[INFO] [stdout]     |
[INFO] [stdout] note: the lint level is defined here
[INFO] [stdout]    --> src/lib.rs:12:9
[INFO] [stdout]     |
[INFO] [stdout] 12  | #![warn(missing_docs)]
[INFO] [stdout]     |         ^^^^^^^^^^^^
[INFO] [stdout] 
[INFO] [stdout] 
[INFO] [stdout] warning: missing documentation for an associated function
[INFO] [stdout]    --> src/raw.rs:105:5
[INFO] [stdout]     |
[INFO] [stdout] 105 |     pub fn suspend_raw_mode(&self) -> io::Result<()> {
[INFO] [stdout]     |     ^^^^^^^^^^^^^^^^^^^^^^^^^^^^^^^^^^^^^^^^^^^^^^^^
[INFO] [stdout] 
[INFO] [stdout] 
[INFO] [stdout] warning: missing documentation for an associated function
[INFO] [stdout]    --> src/raw.rs:110:5
[INFO] [stdout]     |
[INFO] [stdout] 110 |     pub fn activate_raw_mode(&self) -> io::Result<()> {
[INFO] [stdout]     |     ^^^^^^^^^^^^^^^^^^^^^^^^^^^^^^^^^^^^^^^^^^^^^^^^^
[INFO] [stdout] 
[INFO] [stdout] 
[INFO] [stdout] warning: 22 warnings emitted
[INFO] [stdout] 
[INFO] [stdout] 
[INFO] [stdout] warning: trait objects without an explicit `dyn` are deprecated
[INFO] [stdout]   --> src/color.rs:82:24
[INFO] [stdout]    |
[INFO] [stdout] 82 | impl<'a> Color for &'a Color {
[INFO] [stdout]    |                        ^^^^^ help: use `dyn`: `dyn Color`
[INFO] [stdout]    |
[INFO] [stdout]    = note: `#[warn(bare_trait_objects)]` on by default
[INFO] [stdout]    = warning: this was previously accepted by the compiler but is being phased out; it will become a hard error in the 2021 edition!
[INFO] [stdout]    = note: for more information, see issue #80165 <https://github.com/rust-lang/rust/issues/80165>
[INFO] [stdout] 
[INFO] [stdout] 
[INFO] [stdout] warning: trait objects without an explicit `dyn` are deprecated
[INFO] [stdout]    --> src/color.rs:301:30
[INFO] [stdout]     |
[INFO] [stdout] 301 | fn detect_color(stdout: &mut Write, stdin: &mut Read, color: u16) -> io::Result<bool> {
[INFO] [stdout]     |                              ^^^^^ help: use `dyn`: `dyn Write`
[INFO] [stdout]     |
[INFO] [stdout]     = warning: this was previously accepted by the compiler but is being phased out; it will become a hard error in the 2021 edition!
[INFO] [stdout]     = note: for more information, see issue #80165 <https://github.com/rust-lang/rust/issues/80165>
[INFO] [stdout] 
[INFO] [stdout] 
[INFO] [stdout] warning: trait objects without an explicit `dyn` are deprecated
[INFO] [stdout]    --> src/color.rs:301:49
[INFO] [stdout]     |
[INFO] [stdout] 301 | fn detect_color(stdout: &mut Write, stdin: &mut Read, color: u16) -> io::Result<bool> {
[INFO] [stdout]     |                                                 ^^^^ help: use `dyn`: `dyn Read`
[INFO] [stdout]     |
[INFO] [stdout]     = warning: this was previously accepted by the compiler but is being phased out; it will become a hard error in the 2021 edition!
[INFO] [stdout]     = note: for more information, see issue #80165 <https://github.com/rust-lang/rust/issues/80165>
[INFO] [stdout] 
[INFO] [stdout] 
[INFO] [stdout] warning: use of deprecated macro `try`: use the `?` operator instead
[INFO] [stdout]    --> src/event.rs:147:41
[INFO] [stdout]     |
[INFO] [stdout] 147 |                     Event::Key(Key::Alt(try!(ch)))
[INFO] [stdout]     |                                         ^^^
[INFO] [stdout]     |
[INFO] [stdout]     = note: `#[warn(deprecated)]` on by default
[INFO] [stdout] 
[INFO] [stdout] 
[INFO] [stdout] warning: use of deprecated macro `try`: use the `?` operator instead
[INFO] [stdout]    --> src/event.rs:161:34
[INFO] [stdout]     |
[INFO] [stdout] 161 |             Event::Key(Key::Char(try!(ch)))
[INFO] [stdout]     |                                  ^^^
[INFO] [stdout] 
[INFO] [stdout] 
[INFO] [stdout] warning: `...` range patterns are deprecated
[INFO] [stdout]    --> src/event.rs:135:43
[INFO] [stdout]     |
[INFO] [stdout] 135 |                         Some(Ok(val @ b'P'...b'S')) => Event::Key(Key::F(1 + val - b'P')),
[INFO] [stdout]     |                                           ^^^ help: use `..=` for an inclusive range
[INFO] [stdout]     |
[INFO] [stdout]     = note: `#[warn(ellipsis_inclusive_range_patterns)]` on by default
[INFO] [stdout]     = warning: this was previously accepted by the compiler but is being phased out; it will become a hard error in the 2021 edition!
[INFO] [stdout]     = note: for more information, see issue #80165 <https://github.com/rust-lang/rust/issues/80165>
[INFO] [stdout] 
[INFO] [stdout] 
[INFO] [stdout] warning: `...` range patterns are deprecated
[INFO] [stdout]    --> src/event.rs:156:20
[INFO] [stdout]     |
[INFO] [stdout] 156 |         c @ b'\x01'...b'\x1A' => Ok(Event::Key(Key::Ctrl((c as u8 - 0x1 + b'a') as char))),
[INFO] [stdout]     |                    ^^^ help: use `..=` for an inclusive range
[INFO] [stdout]     |
[INFO] [stdout]     = warning: this was previously accepted by the compiler but is being phased out; it will become a hard error in the 2021 edition!
[INFO] [stdout]     = note: for more information, see issue #80165 <https://github.com/rust-lang/rust/issues/80165>
[INFO] [stdout] 
[INFO] [stdout] 
[INFO] [stdout] warning: `...` range patterns are deprecated
[INFO] [stdout]    --> src/event.rs:157:20
[INFO] [stdout]     |
[INFO] [stdout] 157 |         c @ b'\x1C'...b'\x1F' => Ok(Event::Key(Key::Ctrl((c as u8 - 0x1C + b'4') as char))),
[INFO] [stdout]     |                    ^^^ help: use `..=` for an inclusive range
[INFO] [stdout]     |
[INFO] [stdout]     = warning: this was previously accepted by the compiler but is being phased out; it will become a hard error in the 2021 edition!
[INFO] [stdout]     = note: for more information, see issue #80165 <https://github.com/rust-lang/rust/issues/80165>
[INFO] [stdout] 
[INFO] [stdout] 
[INFO] [stdout] warning: `...` range patterns are deprecated
[INFO] [stdout]    --> src/event.rs:190:31
[INFO] [stdout]     |
[INFO] [stdout] 190 |             Some(Ok(val @ b'A'...b'E')) => Event::Key(Key::F(1 + val - b'A')),
[INFO] [stdout]     |                               ^^^ help: use `..=` for an inclusive range
[INFO] [stdout]     |
[INFO] [stdout]     = warning: this was previously accepted by the compiler but is being phased out; it will become a hard error in the 2021 edition!
[INFO] [stdout]     = note: for more information, see issue #80165 <https://github.com/rust-lang/rust/issues/80165>
[INFO] [stdout] 
[INFO] [stdout] 
[INFO] [stdout] warning: `...` range patterns are deprecated
[INFO] [stdout]    --> src/event.rs:253:18
[INFO] [stdout]     |
[INFO] [stdout] 253 |                 0...2 | 64...65 => {
[INFO] [stdout]     |                  ^^^ help: use `..=` for an inclusive range
[INFO] [stdout]     |
[INFO] [stdout]     = warning: this was previously accepted by the compiler but is being phased out; it will become a hard error in the 2021 edition!
[INFO] [stdout]     = note: for more information, see issue #80165 <https://github.com/rust-lang/rust/issues/80165>
[INFO] [stdout] 
[INFO] [stdout] 
[INFO] [stdout] warning: `...` range patterns are deprecated
[INFO] [stdout]    --> src/event.rs:253:27
[INFO] [stdout]     |
[INFO] [stdout] 253 |                 0...2 | 64...65 => {
[INFO] [stdout]     |                           ^^^ help: use `..=` for an inclusive range
[INFO] [stdout]     |
[INFO] [stdout]     = warning: this was previously accepted by the compiler but is being phased out; it will become a hard error in the 2021 edition!
[INFO] [stdout]     = note: for more information, see issue #80165 <https://github.com/rust-lang/rust/issues/80165>
[INFO] [stdout] 
[INFO] [stdout] 
[INFO] [stdout] warning: `...` range patterns are deprecated
[INFO] [stdout]    --> src/event.rs:275:21
[INFO] [stdout]     |
[INFO] [stdout] 275 |         mut c @ b'0'...b'9' => {
[INFO] [stdout]     |                     ^^^ help: use `..=` for an inclusive range
[INFO] [stdout]     |
[INFO] [stdout]     = warning: this was previously accepted by the compiler but is being phased out; it will become a hard error in the 2021 edition!
[INFO] [stdout]     = note: for more information, see issue #80165 <https://github.com/rust-lang/rust/issues/80165>
[INFO] [stdout] 
[INFO] [stdout] 
[INFO] [stdout] warning: `...` range patterns are deprecated
[INFO] [stdout]    --> src/event.rs:343:31
[INFO] [stdout]     |
[INFO] [stdout] 343 |                         v @ 11...15 => Event::Key(Key::F(v - 10)),
[INFO] [stdout]     |                               ^^^ help: use `..=` for an inclusive range
[INFO] [stdout]     |
[INFO] [stdout]     = warning: this was previously accepted by the compiler but is being phased out; it will become a hard error in the 2021 edition!
[INFO] [stdout]     = note: for more information, see issue #80165 <https://github.com/rust-lang/rust/issues/80165>
[INFO] [stdout] 
[INFO] [stdout] 
[INFO] [stdout] warning: `...` range patterns are deprecated
[INFO] [stdout]    --> src/event.rs:344:31
[INFO] [stdout]     |
[INFO] [stdout] 344 |                         v @ 17...21 => Event::Key(Key::F(v - 11)),
[INFO] [stdout]     |                               ^^^ help: use `..=` for an inclusive range
[INFO] [stdout]     |
[INFO] [stdout]     = warning: this was previously accepted by the compiler but is being phased out; it will become a hard error in the 2021 edition!
[INFO] [stdout]     = note: for more information, see issue #80165 <https://github.com/rust-lang/rust/issues/80165>
[INFO] [stdout] 
[INFO] [stdout] 
[INFO] [stdout] warning: `...` range patterns are deprecated
[INFO] [stdout]    --> src/event.rs:345:31
[INFO] [stdout]     |
[INFO] [stdout] 345 |                         v @ 23...24 => Event::Key(Key::F(v - 12)),
[INFO] [stdout]     |                               ^^^ help: use `..=` for an inclusive range
[INFO] [stdout]     |
[INFO] [stdout]     = warning: this was previously accepted by the compiler but is being phased out; it will become a hard error in the 2021 edition!
[INFO] [stdout]     = note: for more information, see issue #80165 <https://github.com/rust-lang/rust/issues/80165>
[INFO] [stdout] 
[INFO] [stdout] 
[INFO] [stdout] warning: use of deprecated macro `try`: use the `?` operator instead
[INFO] [stdout]    --> src/input.rs:118:20
[INFO] [stdout]     |
[INFO] [stdout] 118 |         let _raw = try!(writer.into_raw_mode());
[INFO] [stdout]     |                    ^^^
[INFO] [stdout] 
[INFO] [stdout] 
[INFO] [stdout] warning: use of deprecated macro `try`: use the `?` operator instead
[INFO] [stdout]    --> src/input.rs:151:13
[INFO] [stdout]     |
[INFO] [stdout] 151 |             try!(String::from_utf8(buf).map_err(|e| io::Error::new(io::ErrorKind::InvalidData, e)));
[INFO] [stdout]     |             ^^^
[INFO] [stdout] 
[INFO] [stdout] 
[INFO] [stdout] warning: variable does not need to be mutable
[INFO] [stdout]   --> src/input.rs:78:21
[INFO] [stdout]    |
[INFO] [stdout] 78 |                 let mut option_iter = &mut Some(buf[1]).into_iter();
[INFO] [stdout]    |                     ----^^^^^^^^^^^
[INFO] [stdout]    |                     |
[INFO] [stdout]    |                     help: remove this `mut`
[INFO] [stdout]    |
[INFO] [stdout]    = note: `#[warn(unused_mut)]` on by default
[INFO] [stdout] 
[INFO] [stdout] 
[INFO] [stdout] warning: field is never read: `handle`
[INFO] [stdout]   --> src/async.rs:36:5
[INFO] [stdout]    |
[INFO] [stdout] 36 |     handle: JoinHandle<()>,
[INFO] [stdout]    |     ^^^^^^^^^^^^^^^^^^^^^^
[INFO] [stdout]    |
[INFO] [stdout]    = note: `#[warn(dead_code)]` on by default
[INFO] [stdout] 
[INFO] [stdout] 
[INFO] [stdout] warning: 19 warnings emitted
[INFO] [stdout] 
[INFO] [stdout] 
[INFO] [stderr]     Finished test [unoptimized + debuginfo] target(s) in 4.21s
[INFO] running `Command { std: "docker" "inspect" "d6fd50ae20241764926529c28db0464a91f5d72957a1cc18f540e6ba9fa57862", kill_on_drop: false }`
[INFO] running `Command { std: "docker" "rm" "-f" "d6fd50ae20241764926529c28db0464a91f5d72957a1cc18f540e6ba9fa57862", kill_on_drop: false }`
[INFO] [stdout] d6fd50ae20241764926529c28db0464a91f5d72957a1cc18f540e6ba9fa57862
[INFO] running `Command { std: "docker" "create" "-v" "/var/lib/crater-agent-workspace/builds/worker-5/target:/opt/rustwide/target:rw,Z" "-v" "/var/lib/crater-agent-workspace/builds/worker-5/source:/opt/rustwide/workdir:ro,Z" "-v" "/var/lib/crater-agent-workspace/cargo-home:/opt/rustwide/cargo-home:ro,Z" "-v" "/var/lib/crater-agent-workspace/rustup-home:/opt/rustwide/rustup-home:ro,Z" "-e" "SOURCE_DIR=/opt/rustwide/workdir" "-e" "CARGO_TARGET_DIR=/opt/rustwide/target" "-e" "CARGO_INCREMENTAL=0" "-e" "RUST_BACKTRACE=full" "-e" "RUSTFLAGS=--cap-lints=warn" "-e" "CARGO_HOME=/opt/rustwide/cargo-home" "-e" "RUSTUP_HOME=/opt/rustwide/rustup-home" "-w" "/opt/rustwide/workdir" "-m" "1610612736" "--user" "0:0" "--network" "none" "ghcr.io/rust-lang/crates-build-env/linux@sha256:34b6a614d2c27851fe6cbf88fbd1137609cefab8b10d0615aaeb6fd47975d74e" "/opt/rustwide/cargo-home/bin/cargo" "+1.54.0" "test" "--frozen", kill_on_drop: false }`
[INFO] [stdout] d3b93703d68252516e2c6a8ef9a2312ed2f75752f502ad3e061400291dfbd26b
[INFO] [stderr] WARNING: Your kernel does not support swap limit capabilities or the cgroup is not mounted. Memory limited without swap.
[INFO] running `Command { std: "docker" "start" "-a" "d3b93703d68252516e2c6a8ef9a2312ed2f75752f502ad3e061400291dfbd26b", kill_on_drop: false }`
[INFO] [stderr] warning: trait objects without an explicit `dyn` are deprecated
[INFO] [stderr]   --> src/color.rs:82:24
[INFO] [stderr]    |
[INFO] [stderr] 82 | impl<'a> Color for &'a Color {
[INFO] [stderr]    |                        ^^^^^ help: use `dyn`: `dyn Color`
[INFO] [stderr]    |
[INFO] [stderr]    = note: `#[warn(bare_trait_objects)]` on by default
[INFO] [stderr]    = warning: this was previously accepted by the compiler but is being phased out; it will become a hard error in the 2021 edition!
[INFO] [stderr]    = note: for more information, see issue #80165 <https://github.com/rust-lang/rust/issues/80165>
[INFO] [stderr] 
[INFO] [stderr] warning: trait objects without an explicit `dyn` are deprecated
[INFO] [stderr]    --> src/color.rs:301:30
[INFO] [stderr]     |
[INFO] [stderr] 301 | fn detect_color(stdout: &mut Write, stdin: &mut Read, color: u16) -> io::Result<bool> {
[INFO] [stderr]     |                              ^^^^^ help: use `dyn`: `dyn Write`
[INFO] [stderr]     |
[INFO] [stderr]     = warning: this was previously accepted by the compiler but is being phased out; it will become a hard error in the 2021 edition!
[INFO] [stderr]     = note: for more information, see issue #80165 <https://github.com/rust-lang/rust/issues/80165>
[INFO] [stderr] 
[INFO] [stderr] warning: trait objects without an explicit `dyn` are deprecated
[INFO] [stderr]    --> src/color.rs:301:49
[INFO] [stderr]     |
[INFO] [stderr] 301 | fn detect_color(stdout: &mut Write, stdin: &mut Read, color: u16) -> io::Result<bool> {
[INFO] [stderr]     |                                                 ^^^^ help: use `dyn`: `dyn Read`
[INFO] [stderr]     |
[INFO] [stderr]     = warning: this was previously accepted by the compiler but is being phased out; it will become a hard error in the 2021 edition!
[INFO] [stderr]     = note: for more information, see issue #80165 <https://github.com/rust-lang/rust/issues/80165>
[INFO] [stderr] 
[INFO] [stderr] warning: use of deprecated macro `try`: use the `?` operator instead
[INFO] [stderr]    --> src/event.rs:147:41
[INFO] [stderr]     |
[INFO] [stderr] 147 |                     Event::Key(Key::Alt(try!(ch)))
[INFO] [stderr]     |                                         ^^^
[INFO] [stderr]     |
[INFO] [stderr]     = note: `#[warn(deprecated)]` on by default
[INFO] [stderr] 
[INFO] [stderr] warning: use of deprecated macro `try`: use the `?` operator instead
[INFO] [stderr]    --> src/event.rs:161:34
[INFO] [stderr]     |
[INFO] [stderr] 161 |             Event::Key(Key::Char(try!(ch)))
[INFO] [stderr]     |                                  ^^^
[INFO] [stderr] 
[INFO] [stderr] warning: `...` range patterns are deprecated
[INFO] [stderr]    --> src/event.rs:135:43
[INFO] [stderr]     |
[INFO] [stderr] 135 |                         Some(Ok(val @ b'P'...b'S')) => Event::Key(Key::F(1 + val - b'P')),
[INFO] [stderr]     |                                           ^^^ help: use `..=` for an inclusive range
[INFO] [stderr]     |
[INFO] [stderr]     = note: `#[warn(ellipsis_inclusive_range_patterns)]` on by default
[INFO] [stderr]     = warning: this was previously accepted by the compiler but is being phased out; it will become a hard error in the 2021 edition!
[INFO] [stderr]     = note: for more information, see issue #80165 <https://github.com/rust-lang/rust/issues/80165>
[INFO] [stderr] 
[INFO] [stderr] warning: `...` range patterns are deprecated
[INFO] [stderr]    --> src/event.rs:156:20
[INFO] [stderr]     |
[INFO] [stderr] 156 |         c @ b'\x01'...b'\x1A' => Ok(Event::Key(Key::Ctrl((c as u8 - 0x1 + b'a') as char))),
[INFO] [stderr]     |                    ^^^ help: use `..=` for an inclusive range
[INFO] [stderr]     |
[INFO] [stderr]     = warning: this was previously accepted by the compiler but is being phased out; it will become a hard error in the 2021 edition!
[INFO] [stderr]     = note: for more information, see issue #80165 <https://github.com/rust-lang/rust/issues/80165>
[INFO] [stderr] 
[INFO] [stderr] warning: `...` range patterns are deprecated
[INFO] [stderr]    --> src/event.rs:157:20
[INFO] [stderr]     |
[INFO] [stderr] 157 |         c @ b'\x1C'...b'\x1F' => Ok(Event::Key(Key::Ctrl((c as u8 - 0x1C + b'4') as char))),
[INFO] [stderr]     |                    ^^^ help: use `..=` for an inclusive range
[INFO] [stderr]     |
[INFO] [stderr]     = warning: this was previously accepted by the compiler but is being phased out; it will become a hard error in the 2021 edition!
[INFO] [stderr]     = note: for more information, see issue #80165 <https://github.com/rust-lang/rust/issues/80165>
[INFO] [stderr] 
[INFO] [stderr] warning: `...` range patterns are deprecated
[INFO] [stderr]    --> src/event.rs:190:31
[INFO] [stderr]     |
[INFO] [stderr] 190 |             Some(Ok(val @ b'A'...b'E')) => Event::Key(Key::F(1 + val - b'A')),
[INFO] [stderr]     |                               ^^^ help: use `..=` for an inclusive range
[INFO] [stderr]     |
[INFO] [stderr]     = warning: this was previously accepted by the compiler but is being phased out; it will become a hard error in the 2021 edition!
[INFO] [stderr]     = note: for more information, see issue #80165 <https://github.com/rust-lang/rust/issues/80165>
[INFO] [stderr] 
[INFO] [stderr] warning: `...` range patterns are deprecated
[INFO] [stderr]    --> src/event.rs:253:18
[INFO] [stderr]     |
[INFO] [stderr] 253 |                 0...2 | 64...65 => {
[INFO] [stderr]     |                  ^^^ help: use `..=` for an inclusive range
[INFO] [stderr]     |
[INFO] [stderr]     = warning: this was previously accepted by the compiler but is being phased out; it will become a hard error in the 2021 edition!
[INFO] [stderr]     = note: for more information, see issue #80165 <https://github.com/rust-lang/rust/issues/80165>
[INFO] [stderr] 
[INFO] [stderr] warning: `...` range patterns are deprecated
[INFO] [stderr]    --> src/event.rs:253:27
[INFO] [stderr]     |
[INFO] [stderr] 253 |                 0...2 | 64...65 => {
[INFO] [stderr]     |                           ^^^ help: use `..=` for an inclusive range
[INFO] [stderr]     |
[INFO] [stderr]     = warning: this was previously accepted by the compiler but is being phased out; it will become a hard error in the 2021 edition!
[INFO] [stderr]     = note: for more information, see issue #80165 <https://github.com/rust-lang/rust/issues/80165>
[INFO] [stderr] 
[INFO] [stderr] warning: `...` range patterns are deprecated
[INFO] [stderr]    --> src/event.rs:275:21
[INFO] [stderr]     |
[INFO] [stderr] 275 |         mut c @ b'0'...b'9' => {
[INFO] [stderr]     |                     ^^^ help: use `..=` for an inclusive range
[INFO] [stderr]     |
[INFO] [stderr]     = warning: this was previously accepted by the compiler but is being phased out; it will become a hard error in the 2021 edition!
[INFO] [stderr]     = note: for more information, see issue #80165 <https://github.com/rust-lang/rust/issues/80165>
[INFO] [stderr] 
[INFO] [stderr] warning: `...` range patterns are deprecated
[INFO] [stderr]    --> src/event.rs:343:31
[INFO] [stderr]     |
[INFO] [stderr] 343 |                         v @ 11...15 => Event::Key(Key::F(v - 10)),
[INFO] [stderr]     |                               ^^^ help: use `..=` for an inclusive range
[INFO] [stderr]     |
[INFO] [stderr]     = warning: this was previously accepted by the compiler but is being phased out; it will become a hard error in the 2021 edition!
[INFO] [stderr]     = note: for more information, see issue #80165 <https://github.com/rust-lang/rust/issues/80165>
[INFO] [stderr] 
[INFO] [stderr] warning: `...` range patterns are deprecated
[INFO] [stderr]    --> src/event.rs:344:31
[INFO] [stderr]     |
[INFO] [stderr] 344 |                         v @ 17...21 => Event::Key(Key::F(v - 11)),
[INFO] [stderr]     |                               ^^^ help: use `..=` for an inclusive range
[INFO] [stderr]     |
[INFO] [stderr]     = warning: this was previously accepted by the compiler but is being phased out; it will become a hard error in the 2021 edition!
[INFO] [stderr]     = note: for more information, see issue #80165 <https://github.com/rust-lang/rust/issues/80165>
[INFO] [stderr] 
[INFO] [stderr] warning: `...` range patterns are deprecated
[INFO] [stderr]    --> src/event.rs:345:31
[INFO] [stderr]     |
[INFO] [stderr] 345 |                         v @ 23...24 => Event::Key(Key::F(v - 12)),
[INFO] [stderr]     |                               ^^^ help: use `..=` for an inclusive range
[INFO] [stderr]     |
[INFO] [stderr]     = warning: this was previously accepted by the compiler but is being phased out; it will become a hard error in the 2021 edition!
[INFO] [stderr]     = note: for more information, see issue #80165 <https://github.com/rust-lang/rust/issues/80165>
[INFO] [stderr] 
[INFO] [stderr] warning: use of deprecated macro `try`: use the `?` operator instead
[INFO] [stderr]    --> src/input.rs:118:20
[INFO] [stderr]     |
[INFO] [stderr] 118 |         let _raw = try!(writer.into_raw_mode());
[INFO] [stderr]     |                    ^^^
[INFO] [stderr] 
[INFO] [stderr] warning: use of deprecated macro `try`: use the `?` operator instead
[INFO] [stderr]    --> src/input.rs:151:13
[INFO] [stderr]     |
[INFO] [stderr] 151 |             try!(String::from_utf8(buf).map_err(|e| io::Error::new(io::ErrorKind::InvalidData, e)));
[INFO] [stderr]     |             ^^^
[INFO] [stderr] 
[INFO] [stderr] warning: variable does not need to be mutable
[INFO] [stderr]   --> src/input.rs:78:21
[INFO] [stderr]    |
[INFO] [stderr] 78 |                 let mut option_iter = &mut Some(buf[1]).into_iter();
[INFO] [stderr]    |                     ----^^^^^^^^^^^
[INFO] [stderr]    |                     |
[INFO] [stderr]    |                     help: remove this `mut`
[INFO] [stderr]    |
[INFO] [stderr]    = note: `#[warn(unused_mut)]` on by default
[INFO] [stderr] 
[INFO] [stderr] warning: field is never read: `handle`
[INFO] [stderr]   --> src/async.rs:36:5
[INFO] [stderr]    |
[INFO] [stderr] 36 |     handle: JoinHandle<()>,
[INFO] [stderr]    |     ^^^^^^^^^^^^^^^^^^^^^^
[INFO] [stderr]    |
[INFO] [stderr]    = note: `#[warn(dead_code)]` on by default
[INFO] [stderr] 
[INFO] [stderr] warning: missing documentation for a function
[INFO] [stderr]    --> src/event.rs:99:1
[INFO] [stderr]     |
[INFO] [stderr] 99  | / pub fn parse_event<I>(item: u8, iter: &mut I) -> Result<(Event, Vec<u8>), Error>
[INFO] [stderr] 100 | | where
[INFO] [stderr] 101 | |     I: Iterator<Item = Result<u8, Error>>,
[INFO] [stderr] 102 | | {
[INFO] [stderr] ...   |
[INFO] [stderr] 120 | |         })
[INFO] [stderr] 121 | | }
[INFO] [stderr]     | |_^
[INFO] [stderr]     |
[INFO] [stderr] note: the lint level is defined here
[INFO] [stderr]    --> src/lib.rs:12:9
[INFO] [stderr]     |
[INFO] [stderr] 12  | #![warn(missing_docs)]
[INFO] [stderr]     |         ^^^^^^^^^^^^
[INFO] [stderr] 
[INFO] [stderr] warning: missing documentation for an associated function
[INFO] [stderr]    --> src/raw.rs:105:5
[INFO] [stderr]     |
[INFO] [stderr] 105 |     pub fn suspend_raw_mode(&self) -> io::Result<()> {
[INFO] [stderr]     |     ^^^^^^^^^^^^^^^^^^^^^^^^^^^^^^^^^^^^^^^^^^^^^^^^
[INFO] [stderr] 
[INFO] [stderr] warning: missing documentation for an associated function
[INFO] [stderr]    --> src/raw.rs:110:5
[INFO] [stderr]     |
[INFO] [stderr] 110 |     pub fn activate_raw_mode(&self) -> io::Result<()> {
[INFO] [stderr]     |     ^^^^^^^^^^^^^^^^^^^^^^^^^^^^^^^^^^^^^^^^^^^^^^^^^
[INFO] [stderr] 
[INFO] [stderr] warning: 22 warnings emitted
[INFO] [stderr] 
[INFO] [stderr] warning: trait objects without an explicit `dyn` are deprecated
[INFO] [stderr]   --> src/color.rs:82:24
[INFO] [stderr]    |
[INFO] [stderr] 82 | impl<'a> Color for &'a Color {
[INFO] [stderr]    |                        ^^^^^ help: use `dyn`: `dyn Color`
[INFO] [stderr]    |
[INFO] [stderr]    = note: `#[warn(bare_trait_objects)]` on by default
[INFO] [stderr]    = warning: this was previously accepted by the compiler but is being phased out; it will become a hard error in the 2021 edition!
[INFO] [stderr]    = note: for more information, see issue #80165 <https://github.com/rust-lang/rust/issues/80165>
[INFO] [stderr] 
[INFO] [stderr] warning: trait objects without an explicit `dyn` are deprecated
[INFO] [stderr]    --> src/color.rs:301:30
[INFO] [stderr]     |
[INFO] [stderr] 301 | fn detect_color(stdout: &mut Write, stdin: &mut Read, color: u16) -> io::Result<bool> {
[INFO] [stderr]     |                              ^^^^^ help: use `dyn`: `dyn Write`
[INFO] [stderr]     |
[INFO] [stderr]     = warning: this was previously accepted by the compiler but is being phased out; it will become a hard error in the 2021 edition!
[INFO] [stderr]     = note: for more information, see issue #80165 <https://github.com/rust-lang/rust/issues/80165>
[INFO] [stderr] 
[INFO] [stderr] warning: trait objects without an explicit `dyn` are deprecated
[INFO] [stderr]    --> src/color.rs:301:49
[INFO] [stderr]     |
[INFO] [stderr] 301 | fn detect_color(stdout: &mut Write, stdin: &mut Read, color: u16) -> io::Result<bool> {
[INFO] [stderr]     |                                                 ^^^^ help: use `dyn`: `dyn Read`
[INFO] [stderr]     |
[INFO] [stderr]     = warning: this was previously accepted by the compiler but is being phased out; it will become a hard error in the 2021 edition!
[INFO] [stderr]     = note: for more information, see issue #80165 <https://github.com/rust-lang/rust/issues/80165>
[INFO] [stderr] 
[INFO] [stderr] warning: use of deprecated macro `try`: use the `?` operator instead
[INFO] [stderr]    --> src/event.rs:147:41
[INFO] [stderr]     |
[INFO] [stderr] 147 |                     Event::Key(Key::Alt(try!(ch)))
[INFO] [stderr]     |                                         ^^^
[INFO] [stderr]     |
[INFO] [stderr]     = note: `#[warn(deprecated)]` on by default
[INFO] [stderr] 
[INFO] [stderr] warning: use of deprecated macro `try`: use the `?` operator instead
[INFO] [stderr]    --> src/event.rs:161:34
[INFO] [stderr]     |
[INFO] [stderr] 161 |             Event::Key(Key::Char(try!(ch)))
[INFO] [stderr]     |                                  ^^^
[INFO] [stderr] 
[INFO] [stderr] warning: `...` range patterns are deprecated
[INFO] [stderr]    --> src/event.rs:135:43
[INFO] [stderr]     |
[INFO] [stderr] 135 |                         Some(Ok(val @ b'P'...b'S')) => Event::Key(Key::F(1 + val - b'P')),
[INFO] [stderr]     |                                           ^^^ help: use `..=` for an inclusive range
[INFO] [stderr]     |
[INFO] [stderr]     = note: `#[warn(ellipsis_inclusive_range_patterns)]` on by default
[INFO] [stderr]     = warning: this was previously accepted by the compiler but is being phased out; it will become a hard error in the 2021 edition!
[INFO] [stderr]     = note: for more information, see issue #80165 <https://github.com/rust-lang/rust/issues/80165>
[INFO] [stderr] 
[INFO] [stderr] warning: `...` range patterns are deprecated
[INFO] [stderr]    --> src/event.rs:156:20
[INFO] [stderr]     |
[INFO] [stderr] 156 |         c @ b'\x01'...b'\x1A' => Ok(Event::Key(Key::Ctrl((c as u8 - 0x1 + b'a') as char))),
[INFO] [stderr]     |                    ^^^ help: use `..=` for an inclusive range
[INFO] [stderr]     |
[INFO] [stderr]     = warning: this was previously accepted by the compiler but is being phased out; it will become a hard error in the 2021 edition!
[INFO] [stderr]     = note: for more information, see issue #80165 <https://github.com/rust-lang/rust/issues/80165>
[INFO] [stderr] 
[INFO] [stderr] warning: `...` range patterns are deprecated
[INFO] [stderr]    --> src/event.rs:157:20
[INFO] [stderr]     |
[INFO] [stderr] 157 |         c @ b'\x1C'...b'\x1F' => Ok(Event::Key(Key::Ctrl((c as u8 - 0x1C + b'4') as char))),
[INFO] [stderr]     |                    ^^^ help: use `..=` for an inclusive range
[INFO] [stderr]     |
[INFO] [stderr]     = warning: this was previously accepted by the compiler but is being phased out; it will become a hard error in the 2021 edition!
[INFO] [stderr]     = note: for more information, see issue #80165 <https://github.com/rust-lang/rust/issues/80165>
[INFO] [stderr] 
[INFO] [stderr] warning: `...` range patterns are deprecated
[INFO] [stderr]    --> src/event.rs:190:31
[INFO] [stderr]     |
[INFO] [stderr] 190 |             Some(Ok(val @ b'A'...b'E')) => Event::Key(Key::F(1 + val - b'A')),
[INFO] [stderr]     |                               ^^^ help: use `..=` for an inclusive range
[INFO] [stderr]     |
[INFO] [stderr]     = warning: this was previously accepted by the compiler but is being phased out; it will become a hard error in the 2021 edition!
[INFO] [stderr]     = note: for more information, see issue #80165 <https://github.com/rust-lang/rust/issues/80165>
[INFO] [stderr] 
[INFO] [stderr] warning: `...` range patterns are deprecated
[INFO] [stderr]    --> src/event.rs:253:18
[INFO] [stderr]     |
[INFO] [stderr] 253 |                 0...2 | 64...65 => {
[INFO] [stderr]     |                  ^^^ help: use `..=` for an inclusive range
[INFO] [stderr]     |
[INFO] [stderr]     = warning: this was previously accepted by the compiler but is being phased out; it will become a hard error in the 2021 edition!
[INFO] [stderr]     = note: for more information, see issue #80165 <https://github.com/rust-lang/rust/issues/80165>
[INFO] [stderr] 
[INFO] [stderr] warning: `...` range patterns are deprecated
[INFO] [stderr]    --> src/event.rs:253:27
[INFO] [stderr]     |
[INFO] [stderr] 253 |                 0...2 | 64...65 => {
[INFO] [stderr]     |                           ^^^ help: use `..=` for an inclusive range
[INFO] [stderr]     |
[INFO] [stderr]     = warning: this was previously accepted by the compiler but is being phased out; it will become a hard error in the 2021 edition!
[INFO] [stderr]     = note: for more information, see issue #80165 <https://github.com/rust-lang/rust/issues/80165>
[INFO] [stderr] 
[INFO] [stderr] warning: `...` range patterns are deprecated
[INFO] [stderr]    --> src/event.rs:275:21
[INFO] [stderr]     |
[INFO] [stderr] 275 |         mut c @ b'0'...b'9' => {
[INFO] [stderr]     |                     ^^^ help: use `..=` for an inclusive range
[INFO] [stderr]     |
[INFO] [stderr]     = warning: this was previously accepted by the compiler but is being phased out; it will become a hard error in the 2021 edition!
[INFO] [stderr]     = note: for more information, see issue #80165 <https://github.com/rust-lang/rust/issues/80165>
[INFO] [stderr] 
[INFO] [stderr] warning: `...` range patterns are deprecated
[INFO] [stderr]    --> src/event.rs:343:31
[INFO] [stderr]     |
[INFO] [stderr] 343 |                         v @ 11...15 => Event::Key(Key::F(v - 10)),
[INFO] [stderr]     |                               ^^^ help: use `..=` for an inclusive range
[INFO] [stderr]     |
[INFO] [stderr]     = warning: this was previously accepted by the compiler but is being phased out; it will become a hard error in the 2021 edition!
[INFO] [stderr]     = note: for more information, see issue #80165 <https://github.com/rust-lang/rust/issues/80165>
[INFO] [stderr] 
[INFO] [stderr] warning: `...` range patterns are deprecated
[INFO] [stderr]    --> src/event.rs:344:31
[INFO] [stderr]     |
[INFO] [stderr] 344 |                         v @ 17...21 => Event::Key(Key::F(v - 11)),
[INFO] [stderr]     |                               ^^^ help: use `..=` for an inclusive range
[INFO] [stderr]     |
[INFO] [stderr]     = warning: this was previously accepted by the compiler but is being phased out; it will become a hard error in the 2021 edition!
[INFO] [stderr]     = note: for more information, see issue #80165 <https://github.com/rust-lang/rust/issues/80165>
[INFO] [stderr] 
[INFO] [stderr] warning: `...` range patterns are deprecated
[INFO] [stderr]    --> src/event.rs:345:31
[INFO] [stderr]     |
[INFO] [stderr] 345 |                         v @ 23...24 => Event::Key(Key::F(v - 12)),
[INFO] [stderr]     |                               ^^^ help: use `..=` for an inclusive range
[INFO] [stderr]     |
[INFO] [stderr]     = warning: this was previously accepted by the compiler but is being phased out; it will become a hard error in the 2021 edition!
[INFO] [stderr]     = note: for more information, see issue #80165 <https://github.com/rust-lang/rust/issues/80165>
[INFO] [stderr] 
[INFO] [stderr] warning: use of deprecated macro `try`: use the `?` operator instead
[INFO] [stderr]    --> src/input.rs:118:20
[INFO] [stderr]     |
[INFO] [stderr] 118 |         let _raw = try!(writer.into_raw_mode());
[INFO] [stderr]     |                    ^^^
[INFO] [stderr] 
[INFO] [stderr] warning: use of deprecated macro `try`: use the `?` operator instead
[INFO] [stderr]    --> src/input.rs:151:13
[INFO] [stderr]     |
[INFO] [stderr] 151 |             try!(String::from_utf8(buf).map_err(|e| io::Error::new(io::ErrorKind::InvalidData, e)));
[INFO] [stderr]     |             ^^^
[INFO] [stderr] 
[INFO] [stderr] warning: variable does not need to be mutable
[INFO] [stderr]   --> src/input.rs:78:21
[INFO] [stderr]    |
[INFO] [stderr] 78 |                 let mut option_iter = &mut Some(buf[1]).into_iter();
[INFO] [stderr]    |                     ----^^^^^^^^^^^
[INFO] [stderr]    |                     |
[INFO] [stderr]    |                     help: remove this `mut`
[INFO] [stderr]    |
[INFO] [stderr]    = note: `#[warn(unused_mut)]` on by default
[INFO] [stderr] 
[INFO] [stderr] warning: field is never read: `handle`
[INFO] [stderr]   --> src/async.rs:36:5
[INFO] [stderr]    |
[INFO] [stderr] 36 |     handle: JoinHandle<()>,
[INFO] [stderr]    |     ^^^^^^^^^^^^^^^^^^^^^^
[INFO] [stderr]    |
[INFO] [stderr]    = note: `#[warn(dead_code)]` on by default
[INFO] [stderr] 
[INFO] [stderr] warning: 19 warnings emitted
[INFO] [stderr] 
[INFO] [stderr]     Finished test [unoptimized + debuginfo] target(s) in 0.03s
[INFO] [stderr]      Running unittests (/opt/rustwide/target/debug/deps/termit_ion-3a6a5f9ce22b1629)
[INFO] [stdout] 
[INFO] [stdout] running 17 tests
[INFO] [stdout] test event::test_parse_invalid_mouse ... ok
[INFO] [stdout] test event::test_parse_utf8 ... ok
[INFO] [stdout] test input::test::test_special_keys ... ok
[INFO] [stdout] test input::test::test_esc_key ... ok
[INFO] [stderr] error: test failed, to rerun pass '--lib'
[INFO] [stdout] test input::test::test_events_and_raw ... ok
[INFO] [stdout] test input::test::test_function_keys ... ok
[INFO] [stdout] test input::test::test_events ... ok
[INFO] [stdout] test input::test::test_keys ... ok
[INFO] [stdout] test input::test::test_read ... FAILED
[INFO] [stdout] test raw::test::test_into_raw_mode ... FAILED
[INFO] [stdout] test test::test_get_terminal_attr ... FAILED
[INFO] [stdout] test test::test_set_terminal_attr ... FAILED
[INFO] [stdout] test test::test_size ... FAILED
[INFO] [stdout] test input::test::test_abort ... FAILED
[INFO] [stdout] test input::test::test_end ... FAILED
[INFO] [stdout] test async::test::test_spawned_reader ... ok
[INFO] [stdout] test input::test::test_backspace ... FAILED
[INFO] [stdout] 
[INFO] [stdout] failures:
[INFO] [stdout] 
[INFO] [stdout] ---- input::test::test_read stdout ----
[INFO] [stdout] thread 'input::test::test_read' panicked at 'called `Result::unwrap()` on an `Err` value: Os { code: 25, kind: Other, message: "Inappropriate ioctl for device" }', src/input.rs:363:56
[INFO] [stdout] stack backtrace:
[INFO] [stdout]    0:     0x564143e19150 - std::backtrace_rs::backtrace::libunwind::trace::h34055254b57d8e79
[INFO] [stdout]                                at /rustc/a178d0322ce20e33eac124758e837cbd80a6f633/library/std/src/../../backtrace/src/backtrace/libunwind.rs:90:5
[INFO] [stdout]    1:     0x564143e19150 - std::backtrace_rs::backtrace::trace_unsynchronized::h8f1e3fbd9afff6ec
[INFO] [stdout]                                at /rustc/a178d0322ce20e33eac124758e837cbd80a6f633/library/std/src/../../backtrace/src/backtrace/mod.rs:66:5
[INFO] [stdout]    2:     0x564143e19150 - std::sys_common::backtrace::_print_fmt::h3a99a796b770c360
[INFO] [stdout]                                at /rustc/a178d0322ce20e33eac124758e837cbd80a6f633/library/std/src/sys_common/backtrace.rs:67:5
[INFO] [stdout]    3:     0x564143e19150 - <std::sys_common::backtrace::_print::DisplayBacktrace as core::fmt::Display>::fmt::h32d1f94a80615d18
[INFO] [stdout]                                at /rustc/a178d0322ce20e33eac124758e837cbd80a6f633/library/std/src/sys_common/backtrace.rs:46:22
[INFO] [stdout]    4:     0x564143e3bb0c - core::fmt::write::h306731c068f7162c
[INFO] [stdout]                                at /rustc/a178d0322ce20e33eac124758e837cbd80a6f633/library/core/src/fmt/mod.rs:1110:17
[INFO] [stdout]    5:     0x564143e15f75 - std::io::Write::write_fmt::h87f19b0a2cd190bc
[INFO] [stdout]                                at /rustc/a178d0322ce20e33eac124758e837cbd80a6f633/library/std/src/io/mod.rs:1588:15
[INFO] [stdout]    6:     0x564143e1b2bb - std::sys_common::backtrace::_print::h5abaa2601a852287
[INFO] [stdout]                                at /rustc/a178d0322ce20e33eac124758e837cbd80a6f633/library/std/src/sys_common/backtrace.rs:49:5
[INFO] [stdout]    7:     0x564143e1b2bb - std::sys_common::backtrace::print::h8d81445442bb638f
[INFO] [stdout]                                at /rustc/a178d0322ce20e33eac124758e837cbd80a6f633/library/std/src/sys_common/backtrace.rs:36:9
[INFO] [stdout]    8:     0x564143e1b2bb - std::panicking::default_hook::{{closure}}::hcfe804496a9fa747
[INFO] [stdout]                                at /rustc/a178d0322ce20e33eac124758e837cbd80a6f633/library/std/src/panicking.rs:208:50
[INFO] [stdout]    9:     0x564143e1adcc - std::panicking::default_hook::hbea8e3ccf2ba8901
[INFO] [stdout]                                at /rustc/a178d0322ce20e33eac124758e837cbd80a6f633/library/std/src/panicking.rs:222:9
[INFO] [stdout]   10:     0x564143e1b984 - std::panicking::rust_panic_with_hook::h7ee9e1a2d0f8975a
[INFO] [stdout]                                at /rustc/a178d0322ce20e33eac124758e837cbd80a6f633/library/std/src/panicking.rs:622:17
[INFO] [stdout]   11:     0x564143e1b467 - std::panicking::begin_panic_handler::{{closure}}::h8ab3b4491718b2c7
[INFO] [stdout]                                at /rustc/a178d0322ce20e33eac124758e837cbd80a6f633/library/std/src/panicking.rs:519:13
[INFO] [stdout]   12:     0x564143e1964c - std::sys_common::backtrace::__rust_end_short_backtrace::hd489062ffa586a9f
[INFO] [stdout]                                at /rustc/a178d0322ce20e33eac124758e837cbd80a6f633/library/std/src/sys_common/backtrace.rs:141:18
[INFO] [stdout]   13:     0x564143e1b3c9 - rust_begin_unwind
[INFO] [stdout]                                at /rustc/a178d0322ce20e33eac124758e837cbd80a6f633/library/std/src/panicking.rs:515:5
[INFO] [stdout]   14:     0x564143d90651 - core::panicking::panic_fmt::hca6330e3e14086b4
[INFO] [stdout]                                at /rustc/a178d0322ce20e33eac124758e837cbd80a6f633/library/core/src/panicking.rs:92:14
[INFO] [stdout]   15:     0x564143d90743 - core::result::unwrap_failed::h6160d2b4bfbb0e87
[INFO] [stdout]                                at /rustc/a178d0322ce20e33eac124758e837cbd80a6f633/library/core/src/result.rs:1355:5
[INFO] [stdout]   16:     0x564143db7104 - core::result::Result<T,E>::unwrap::h4bdb70332755ebf4
[INFO] [stdout]                                at /rustc/a178d0322ce20e33eac124758e837cbd80a6f633/library/core/src/result.rs:1037:23
[INFO] [stdout]   17:     0x564143dace4e - termit_ion::input::test::line_match::h04eb7678763cc22f
[INFO] [stdout]                                at /opt/rustwide/workdir/src/input.rs:363:20
[INFO] [stdout]   18:     0x564143db03de - termit_ion::input::test::test_read::hd552f9a616851c6d
[INFO] [stdout]                                at /opt/rustwide/workdir/src/input.rs:381:9
[INFO] [stdout]   19:     0x564143db036a - termit_ion::input::test::test_read::{{closure}}::h153a0c3fc474c9d8
[INFO] [stdout]                                at /opt/rustwide/workdir/src/input.rs:377:5
[INFO] [stdout]   20:     0x564143daa5ce - core::ops::function::FnOnce::call_once::h9f6f2fa6746e1051
[INFO] [stdout]                                at /rustc/a178d0322ce20e33eac124758e837cbd80a6f633/library/core/src/ops/function.rs:227:5
[INFO] [stdout]   21:     0x564143dee5e3 - core::ops::function::FnOnce::call_once::h152e7e439ff59e19
[INFO] [stdout]                                at /rustc/a178d0322ce20e33eac124758e837cbd80a6f633/library/core/src/ops/function.rs:227:5
[INFO] [stdout]   22:     0x564143dee5e3 - test::__rust_begin_short_backtrace::h0908f3b1fdbb72ab
[INFO] [stdout]                                at /rustc/a178d0322ce20e33eac124758e837cbd80a6f633/library/test/src/lib.rs:577:5
[INFO] [stdout]   23:     0x564143ded0a0 - <alloc::boxed::Box<F,A> as core::ops::function::FnOnce<Args>>::call_once::hf6d2a51e5587546c
[INFO] [stdout]                                at /rustc/a178d0322ce20e33eac124758e837cbd80a6f633/library/alloc/src/boxed.rs:1575:9
[INFO] [stdout]   24:     0x564143ded0a0 - <std::panic::AssertUnwindSafe<F> as core::ops::function::FnOnce<()>>::call_once::h8af660f3a89ef593
[INFO] [stdout]                                at /rustc/a178d0322ce20e33eac124758e837cbd80a6f633/library/std/src/panic.rs:347:9
[INFO] [stdout]   25:     0x564143ded0a0 - std::panicking::try::do_call::hd36aef60f84b6d36
[INFO] [stdout]                                at /rustc/a178d0322ce20e33eac124758e837cbd80a6f633/library/std/src/panicking.rs:401:40
[INFO] [stdout]   26:     0x564143ded0a0 - std::panicking::try::h9932b4480e69817c
[INFO] [stdout]                                at /rustc/a178d0322ce20e33eac124758e837cbd80a6f633/library/std/src/panicking.rs:365:19
[INFO] [stdout]   27:     0x564143ded0a0 - std::panic::catch_unwind::h6aa177099cfff5f8
[INFO] [stdout]                                at /rustc/a178d0322ce20e33eac124758e837cbd80a6f633/library/std/src/panic.rs:434:14
[INFO] [stdout]   28:     0x564143ded0a0 - test::run_test_in_process::h5884d6f2d99e20c3
[INFO] [stdout]                                at /rustc/a178d0322ce20e33eac124758e837cbd80a6f633/library/test/src/lib.rs:600:18
[INFO] [stdout]   29:     0x564143ded0a0 - test::run_test::run_test_inner::{{closure}}::h6fdc58c6d5f5b6e3
[INFO] [stdout]                                at /rustc/a178d0322ce20e33eac124758e837cbd80a6f633/library/test/src/lib.rs:492:39
[INFO] [stdout]   30:     0x564143dc6752 - test::run_test::run_test_inner::{{closure}}::h408365d67a78ade8
[INFO] [stdout]                                at /rustc/a178d0322ce20e33eac124758e837cbd80a6f633/library/test/src/lib.rs:519:37
[INFO] [stdout]   31:     0x564143dc6752 - std::sys_common::backtrace::__rust_begin_short_backtrace::hb560b77c4f701523
[INFO] [stdout]                                at /rustc/a178d0322ce20e33eac124758e837cbd80a6f633/library/std/src/sys_common/backtrace.rs:125:18
[INFO] [stdout]   32:     0x564143dca308 - std::thread::Builder::spawn_unchecked::{{closure}}::{{closure}}::hf2e7831dad93c597
[INFO] [stdout]                                at /rustc/a178d0322ce20e33eac124758e837cbd80a6f633/library/std/src/thread/mod.rs:481:17
[INFO] [stdout]   33:     0x564143dca308 - <std::panic::AssertUnwindSafe<F> as core::ops::function::FnOnce<()>>::call_once::hd2e08783d8be4d02
[INFO] [stdout]                                at /rustc/a178d0322ce20e33eac124758e837cbd80a6f633/library/std/src/panic.rs:347:9
[INFO] [stdout]   34:     0x564143dca308 - std::panicking::try::do_call::h062597b7acfd6b82
[INFO] [stdout]                                at /rustc/a178d0322ce20e33eac124758e837cbd80a6f633/library/std/src/panicking.rs:401:40
[INFO] [stdout]   35:     0x564143dca308 - std::panicking::try::h0d7b79db04c14552
[INFO] [stdout]                                at /rustc/a178d0322ce20e33eac124758e837cbd80a6f633/library/std/src/panicking.rs:365:19
[INFO] [stdout]   36:     0x564143dca308 - std::panic::catch_unwind::hb01a0b5e7c8cd43b
[INFO] [stdout]                                at /rustc/a178d0322ce20e33eac124758e837cbd80a6f633/library/std/src/panic.rs:434:14
[INFO] [stdout]   37:     0x564143dca308 - std::thread::Builder::spawn_unchecked::{{closure}}::h5bde48cc887e0d1e
[INFO] [stdout]                                at /rustc/a178d0322ce20e33eac124758e837cbd80a6f633/library/std/src/thread/mod.rs:480:30
[INFO] [stdout]   38:     0x564143dca308 - core::ops::function::FnOnce::call_once{{vtable.shim}}::h745ea30807a29e55
[INFO] [stdout]                                at /rustc/a178d0322ce20e33eac124758e837cbd80a6f633/library/core/src/ops/function.rs:227:5
[INFO] [stdout]   39:     0x564143e20457 - <alloc::boxed::Box<F,A> as core::ops::function::FnOnce<Args>>::call_once::h7ece6cfefaff1005
[INFO] [stdout]                                at /rustc/a178d0322ce20e33eac124758e837cbd80a6f633/library/alloc/src/boxed.rs:1575:9
[INFO] [stdout]   40:     0x564143e20457 - <alloc::boxed::Box<F,A> as core::ops::function::FnOnce<Args>>::call_once::hb8b48e55c21f193e
[INFO] [stdout]                                at /rustc/a178d0322ce20e33eac124758e837cbd80a6f633/library/alloc/src/boxed.rs:1575:9
[INFO] [stdout]   41:     0x564143e20457 - std::sys::unix::thread::Thread::new::thread_start::h8c7c4450dba62914
[INFO] [stdout]                                at /rustc/a178d0322ce20e33eac124758e837cbd80a6f633/library/std/src/sys/unix/thread.rs:71:17
[INFO] [stdout]   42:     0x7f8ed507c609 - start_thread
[INFO] [stdout]   43:     0x7f8ed4e4e293 - clone
[INFO] [stdout]   44:                0x0 - <unknown>
[INFO] [stdout] 
[INFO] [stdout] ---- raw::test::test_into_raw_mode stdout ----
[INFO] [stdout] thread 'raw::test::test_into_raw_mode' panicked at 'called `Result::unwrap()` on an `Err` value: Os { code: 25, kind: Other, message: "Inappropriate ioctl for device" }', src/raw.rs:125:48
[INFO] [stdout] stack backtrace:
[INFO] [stdout]    0:     0x564143e19150 - std::backtrace_rs::backtrace::libunwind::trace::h34055254b57d8e79
[INFO] [stdout]                                at /rustc/a178d0322ce20e33eac124758e837cbd80a6f633/library/std/src/../../backtrace/src/backtrace/libunwind.rs:90:5
[INFO] [stdout]    1:     0x564143e19150 - std::backtrace_rs::backtrace::trace_unsynchronized::h8f1e3fbd9afff6ec
[INFO] [stdout]                                at /rustc/a178d0322ce20e33eac124758e837cbd80a6f633/library/std/src/../../backtrace/src/backtrace/mod.rs:66:5
[INFO] [stdout]    2:     0x564143e19150 - std::sys_common::backtrace::_print_fmt::h3a99a796b770c360
[INFO] [stdout]                                at /rustc/a178d0322ce20e33eac124758e837cbd80a6f633/library/std/src/sys_common/backtrace.rs:67:5
[INFO] [stdout]    3:     0x564143e19150 - <std::sys_common::backtrace::_print::DisplayBacktrace as core::fmt::Display>::fmt::h32d1f94a80615d18
[INFO] [stdout]                                at /rustc/a178d0322ce20e33eac124758e837cbd80a6f633/library/std/src/sys_common/backtrace.rs:46:22
[INFO] [stdout]    4:     0x564143e3bb0c - core::fmt::write::h306731c068f7162c
[INFO] [stdout]                                at /rustc/a178d0322ce20e33eac124758e837cbd80a6f633/library/core/src/fmt/mod.rs:1110:17
[INFO] [stdout]    5:     0x564143e15f75 - std::io::Write::write_fmt::h87f19b0a2cd190bc
[INFO] [stdout]                                at /rustc/a178d0322ce20e33eac124758e837cbd80a6f633/library/std/src/io/mod.rs:1588:15
[INFO] [stdout]    6:     0x564143e1b2bb - std::sys_common::backtrace::_print::h5abaa2601a852287
[INFO] [stdout]                                at /rustc/a178d0322ce20e33eac124758e837cbd80a6f633/library/std/src/sys_common/backtrace.rs:49:5
[INFO] [stdout]    7:     0x564143e1b2bb - std::sys_common::backtrace::print::h8d81445442bb638f
[INFO] [stdout]                                at /rustc/a178d0322ce20e33eac124758e837cbd80a6f633/library/std/src/sys_common/backtrace.rs:36:9
[INFO] [stdout]    8:     0x564143e1b2bb - std::panicking::default_hook::{{closure}}::hcfe804496a9fa747
[INFO] [stdout]                                at /rustc/a178d0322ce20e33eac124758e837cbd80a6f633/library/std/src/panicking.rs:208:50
[INFO] [stdout]    9:     0x564143e1adcc - std::panicking::default_hook::hbea8e3ccf2ba8901
[INFO] [stdout]                                at /rustc/a178d0322ce20e33eac124758e837cbd80a6f633/library/std/src/panicking.rs:222:9
[INFO] [stdout]   10:     0x564143e1b984 - std::panicking::rust_panic_with_hook::h7ee9e1a2d0f8975a
[INFO] [stdout]                                at /rustc/a178d0322ce20e33eac124758e837cbd80a6f633/library/std/src/panicking.rs:622:17
[INFO] [stdout]   11:     0x564143e1b467 - std::panicking::begin_panic_handler::{{closure}}::h8ab3b4491718b2c7
[INFO] [stdout]                                at /rustc/a178d0322ce20e33eac124758e837cbd80a6f633/library/std/src/panicking.rs:519:13
[INFO] [stdout]   12:     0x564143e1964c - std::sys_common::backtrace::__rust_end_short_backtrace::hd489062ffa586a9f
[INFO] [stdout]                                at /rustc/a178d0322ce20e33eac124758e837cbd80a6f633/library/std/src/sys_common/backtrace.rs:141:18
[INFO] [stdout]   13:     0x564143e1b3c9 - rust_begin_unwind
[INFO] [stdout]                                at /rustc/a178d0322ce20e33eac124758e837cbd80a6f633/library/std/src/panicking.rs:515:5
[INFO] [stdout]   14:     0x564143d90651 - core::panicking::panic_fmt::hca6330e3e14086b4
[INFO] [stdout]                                at /rustc/a178d0322ce20e33eac124758e837cbd80a6f633/library/core/src/panicking.rs:92:14
[INFO] [stdout]   15:     0x564143d90743 - core::result::unwrap_failed::h6160d2b4bfbb0e87
[INFO] [stdout]                                at /rustc/a178d0322ce20e33eac124758e837cbd80a6f633/library/core/src/result.rs:1355:5
[INFO] [stdout]   16:     0x564143db6fbb - core::result::Result<T,E>::unwrap::h01ffafcdf071161a
[INFO] [stdout]                                at /rustc/a178d0322ce20e33eac124758e837cbd80a6f633/library/core/src/result.rs:1037:23
[INFO] [stdout]   17:     0x564143dc295f - termit_ion::raw::test::test_into_raw_mode::he80aa9b5e6ea73b1
[INFO] [stdout]                                at /opt/rustwide/workdir/src/raw.rs:125:23
[INFO] [stdout]   18:     0x564143dc290a - termit_ion::raw::test::test_into_raw_mode::{{closure}}::h51d83ea9a550c57e
[INFO] [stdout]                                at /opt/rustwide/workdir/src/raw.rs:124:5
[INFO] [stdout]   19:     0x564143daa50e - core::ops::function::FnOnce::call_once::h91cce2a2c38a408a
[INFO] [stdout]                                at /rustc/a178d0322ce20e33eac124758e837cbd80a6f633/library/core/src/ops/function.rs:227:5
[INFO] [stdout]   20:     0x564143dee5e3 - core::ops::function::FnOnce::call_once::h152e7e439ff59e19
[INFO] [stdout]                                at /rustc/a178d0322ce20e33eac124758e837cbd80a6f633/library/core/src/ops/function.rs:227:5
[INFO] [stdout]   21:     0x564143dee5e3 - test::__rust_begin_short_backtrace::h0908f3b1fdbb72ab
[INFO] [stdout]                                at /rustc/a178d0322ce20e33eac124758e837cbd80a6f633/library/test/src/lib.rs:577:5
[INFO] [stdout]   22:     0x564143ded0a0 - <alloc::boxed::Box<F,A> as core::ops::function::FnOnce<Args>>::call_once::hf6d2a51e5587546c
[INFO] [stdout]                                at /rustc/a178d0322ce20e33eac124758e837cbd80a6f633/library/alloc/src/boxed.rs:1575:9
[INFO] [stdout]   23:     0x564143ded0a0 - <std::panic::AssertUnwindSafe<F> as core::ops::function::FnOnce<()>>::call_once::h8af660f3a89ef593
[INFO] [stdout]                                at /rustc/a178d0322ce20e33eac124758e837cbd80a6f633/library/std/src/panic.rs:347:9
[INFO] [stdout]   24:     0x564143ded0a0 - std::panicking::try::do_call::hd36aef60f84b6d36
[INFO] [stdout]                                at /rustc/a178d0322ce20e33eac124758e837cbd80a6f633/library/std/src/panicking.rs:401:40
[INFO] [stdout]   25:     0x564143ded0a0 - std::panicking::try::h9932b4480e69817c
[INFO] [stdout]                                at /rustc/a178d0322ce20e33eac124758e837cbd80a6f633/library/std/src/panicking.rs:365:19
[INFO] [stdout]   26:     0x564143ded0a0 - std::panic::catch_unwind::h6aa177099cfff5f8
[INFO] [stdout]                                at /rustc/a178d0322ce20e33eac124758e837cbd80a6f633/library/std/src/panic.rs:434:14
[INFO] [stdout]   27:     0x564143ded0a0 - test::run_test_in_process::h5884d6f2d99e20c3
[INFO] [stdout]                                at /rustc/a178d0322ce20e33eac124758e837cbd80a6f633/library/test/src/lib.rs:600:18
[INFO] [stdout]   28:     0x564143ded0a0 - test::run_test::run_test_inner::{{closure}}::h6fdc58c6d5f5b6e3
[INFO] [stdout]                                at /rustc/a178d0322ce20e33eac124758e837cbd80a6f633/library/test/src/lib.rs:492:39
[INFO] [stdout]   29:     0x564143dc6752 - test::run_test::run_test_inner::{{closure}}::h408365d67a78ade8
[INFO] [stdout]                                at /rustc/a178d0322ce20e33eac124758e837cbd80a6f633/library/test/src/lib.rs:519:37
[INFO] [stdout]   30:     0x564143dc6752 - std::sys_common::backtrace::__rust_begin_short_backtrace::hb560b77c4f701523
[INFO] [stdout]                                at /rustc/a178d0322ce20e33eac124758e837cbd80a6f633/library/std/src/sys_common/backtrace.rs:125:18
[INFO] [stdout]   31:     0x564143dca308 - std::thread::Builder::spawn_unchecked::{{closure}}::{{closure}}::hf2e7831dad93c597
[INFO] [stdout]                                at /rustc/a178d0322ce20e33eac124758e837cbd80a6f633/library/std/src/thread/mod.rs:481:17
[INFO] [stdout]   32:     0x564143dca308 - <std::panic::AssertUnwindSafe<F> as core::ops::function::FnOnce<()>>::call_once::hd2e08783d8be4d02
[INFO] [stdout]                                at /rustc/a178d0322ce20e33eac124758e837cbd80a6f633/library/std/src/panic.rs:347:9
[INFO] [stdout]   33:     0x564143dca308 - std::panicking::try::do_call::h062597b7acfd6b82
[INFO] [stdout]                                at /rustc/a178d0322ce20e33eac124758e837cbd80a6f633/library/std/src/panicking.rs:401:40
[INFO] [stdout]   34:     0x564143dca308 - std::panicking::try::h0d7b79db04c14552
[INFO] [stdout]                                at /rustc/a178d0322ce20e33eac124758e837cbd80a6f633/library/std/src/panicking.rs:365:19
[INFO] [stdout]   35:     0x564143dca308 - std::panic::catch_unwind::hb01a0b5e7c8cd43b
[INFO] [stdout]                                at /rustc/a178d0322ce20e33eac124758e837cbd80a6f633/library/std/src/panic.rs:434:14
[INFO] [stdout]   36:     0x564143dca308 - std::thread::Builder::spawn_unchecked::{{closure}}::h5bde48cc887e0d1e
[INFO] [stdout]                                at /rustc/a178d0322ce20e33eac124758e837cbd80a6f633/library/std/src/thread/mod.rs:480:30
[INFO] [stdout]   37:     0x564143dca308 - core::ops::function::FnOnce::call_once{{vtable.shim}}::h745ea30807a29e55
[INFO] [stdout]                                at /rustc/a178d0322ce20e33eac124758e837cbd80a6f633/library/core/src/ops/function.rs:227:5
[INFO] [stdout]   38:     0x564143e20457 - <alloc::boxed::Box<F,A> as core::ops::function::FnOnce<Args>>::call_once::h7ece6cfefaff1005
[INFO] [stdout]                                at /rustc/a178d0322ce20e33eac124758e837cbd80a6f633/library/alloc/src/boxed.rs:1575:9
[INFO] [stdout]   39:     0x564143e20457 - <alloc::boxed::Box<F,A> as core::ops::function::FnOnce<Args>>::call_once::hb8b48e55c21f193e
[INFO] [stdout]                                at /rustc/a178d0322ce20e33eac124758e837cbd80a6f633/library/alloc/src/boxed.rs:1575:9
[INFO] [stdout]   40:     0x564143e20457 - std::sys::unix::thread::Thread::new::thread_start::h8c7c4450dba62914
[INFO] [stdout]                                at /rustc/a178d0322ce20e33eac124758e837cbd80a6f633/library/std/src/sys/unix/thread.rs:71:17
[INFO] [stdout]   41:     0x7f8ed507c609 - start_thread
[INFO] [stdout]   42:     0x7f8ed4e4e293 - clone
[INFO] [stdout]   43:                0x0 - <unknown>
[INFO] [stdout] 
[INFO] [stdout] ---- test::test_get_terminal_attr stdout ----
[INFO] [stdout] thread 'test::test_get_terminal_attr' panicked at 'called `Result::unwrap()` on an `Err` value: Os { code: 25, kind: Other, message: "Inappropriate ioctl for device" }', src/lib.rs:54:40
[INFO] [stdout] stack backtrace:
[INFO] [stdout]    0:     0x564143e19150 - std::backtrace_rs::backtrace::libunwind::trace::h34055254b57d8e79
[INFO] [stdout]                                at /rustc/a178d0322ce20e33eac124758e837cbd80a6f633/library/std/src/../../backtrace/src/backtrace/libunwind.rs:90:5
[INFO] [stdout]    1:     0x564143e19150 - std::backtrace_rs::backtrace::trace_unsynchronized::h8f1e3fbd9afff6ec
[INFO] [stdout]                                at /rustc/a178d0322ce20e33eac124758e837cbd80a6f633/library/std/src/../../backtrace/src/backtrace/mod.rs:66:5
[INFO] [stdout]    2:     0x564143e19150 - std::sys_common::backtrace::_print_fmt::h3a99a796b770c360
[INFO] [stdout]                                at /rustc/a178d0322ce20e33eac124758e837cbd80a6f633/library/std/src/sys_common/backtrace.rs:67:5
[INFO] [stdout]    3:     0x564143e19150 - <std::sys_common::backtrace::_print::DisplayBacktrace as core::fmt::Display>::fmt::h32d1f94a80615d18
[INFO] [stdout]                                at /rustc/a178d0322ce20e33eac124758e837cbd80a6f633/library/std/src/sys_common/backtrace.rs:46:22
[INFO] [stdout]    4:     0x564143e3bb0c - core::fmt::write::h306731c068f7162c
[INFO] [stdout]                                at /rustc/a178d0322ce20e33eac124758e837cbd80a6f633/library/core/src/fmt/mod.rs:1110:17
[INFO] [stdout]    5:     0x564143e15f75 - std::io::Write::write_fmt::h87f19b0a2cd190bc
[INFO] [stdout]                                at /rustc/a178d0322ce20e33eac124758e837cbd80a6f633/library/std/src/io/mod.rs:1588:15
[INFO] [stdout]    6:     0x564143e1b2bb - std::sys_common::backtrace::_print::h5abaa2601a852287
[INFO] [stdout]                                at /rustc/a178d0322ce20e33eac124758e837cbd80a6f633/library/std/src/sys_common/backtrace.rs:49:5
[INFO] [stdout]    7:     0x564143e1b2bb - std::sys_common::backtrace::print::h8d81445442bb638f
[INFO] [stdout]                                at /rustc/a178d0322ce20e33eac124758e837cbd80a6f633/library/std/src/sys_common/backtrace.rs:36:9
[INFO] [stdout]    8:     0x564143e1b2bb - std::panicking::default_hook::{{closure}}::hcfe804496a9fa747
[INFO] [stdout]                                at /rustc/a178d0322ce20e33eac124758e837cbd80a6f633/library/std/src/panicking.rs:208:50
[INFO] [stdout]    9:     0x564143e1adcc - std::panicking::default_hook::hbea8e3ccf2ba8901
[INFO] [stdout]                                at /rustc/a178d0322ce20e33eac124758e837cbd80a6f633/library/std/src/panicking.rs:222:9
[INFO] [stdout]   10:     0x564143e1b984 - std::panicking::rust_panic_with_hook::h7ee9e1a2d0f8975a
[INFO] [stdout]                                at /rustc/a178d0322ce20e33eac124758e837cbd80a6f633/library/std/src/panicking.rs:622:17
[INFO] [stdout]   11:     0x564143e1b467 - std::panicking::begin_panic_handler::{{closure}}::h8ab3b4491718b2c7
[INFO] [stdout]                                at /rustc/a178d0322ce20e33eac124758e837cbd80a6f633/library/std/src/panicking.rs:519:13
[INFO] [stdout]   12:     0x564143e1964c - std::sys_common::backtrace::__rust_end_short_backtrace::hd489062ffa586a9f
[INFO] [stdout]                                at /rustc/a178d0322ce20e33eac124758e837cbd80a6f633/library/std/src/sys_common/backtrace.rs:141:18
[INFO] [stdout]   13:     0x564143e1b3c9 - rust_begin_unwind
[INFO] [stdout]                                at /rustc/a178d0322ce20e33eac124758e837cbd80a6f633/library/std/src/panicking.rs:515:5
[INFO] [stdout]   14:     0x564143d90651 - core::panicking::panic_fmt::hca6330e3e14086b4
[INFO] [stdout]                                at /rustc/a178d0322ce20e33eac124758e837cbd80a6f633/library/core/src/panicking.rs:92:14
[INFO] [stdout]   15:     0x564143d90743 - core::result::unwrap_failed::h6160d2b4bfbb0e87
[INFO] [stdout]                                at /rustc/a178d0322ce20e33eac124758e837cbd80a6f633/library/core/src/result.rs:1355:5
[INFO] [stdout]   16:     0x564143db726a - core::result::Result<T,E>::unwrap::h5e441d3e920f28d3
[INFO] [stdout]                                at /rustc/a178d0322ce20e33eac124758e837cbd80a6f633/library/core/src/result.rs:1037:23
[INFO] [stdout]   17:     0x564143dc2ac7 - termit_ion::test::test_get_terminal_attr::h42e94539bfb4174e
[INFO] [stdout]                                at /opt/rustwide/workdir/src/lib.rs:54:9
[INFO] [stdout]   18:     0x564143dc2a8a - termit_ion::test::test_get_terminal_attr::{{closure}}::h455d5ebd3e525d3c
[INFO] [stdout]                                at /opt/rustwide/workdir/src/lib.rs:53:5
[INFO] [stdout]   19:     0x564143daa60e - core::ops::function::FnOnce::call_once::ha314df0c9b31bffb
[INFO] [stdout]                                at /rustc/a178d0322ce20e33eac124758e837cbd80a6f633/library/core/src/ops/function.rs:227:5
[INFO] [stdout]   20:     0x564143dee5e3 - core::ops::function::FnOnce::call_once::h152e7e439ff59e19
[INFO] [stdout]                                at /rustc/a178d0322ce20e33eac124758e837cbd80a6f633/library/core/src/ops/function.rs:227:5
[INFO] [stdout]   21:     0x564143dee5e3 - test::__rust_begin_short_backtrace::h0908f3b1fdbb72ab
[INFO] [stdout]                                at /rustc/a178d0322ce20e33eac124758e837cbd80a6f633/library/test/src/lib.rs:577:5
[INFO] [stdout]   22:     0x564143ded0a0 - <alloc::boxed::Box<F,A> as core::ops::function::FnOnce<Args>>::call_once::hf6d2a51e5587546c
[INFO] [stdout]                                at /rustc/a178d0322ce20e33eac124758e837cbd80a6f633/library/alloc/src/boxed.rs:1575:9
[INFO] [stdout]   23:     0x564143ded0a0 - <std::panic::AssertUnwindSafe<F> as core::ops::function::FnOnce<()>>::call_once::h8af660f3a89ef593
[INFO] [stdout]                                at /rustc/a178d0322ce20e33eac124758e837cbd80a6f633/library/std/src/panic.rs:347:9
[INFO] [stdout]   24:     0x564143ded0a0 - std::panicking::try::do_call::hd36aef60f84b6d36
[INFO] [stdout]                                at /rustc/a178d0322ce20e33eac124758e837cbd80a6f633/library/std/src/panicking.rs:401:40
[INFO] [stdout]   25:     0x564143ded0a0 - std::panicking::try::h9932b4480e69817c
[INFO] [stdout]                                at /rustc/a178d0322ce20e33eac124758e837cbd80a6f633/library/std/src/panicking.rs:365:19
[INFO] [stdout]   26:     0x564143ded0a0 - std::panic::catch_unwind::h6aa177099cfff5f8
[INFO] [stdout]                                at /rustc/a178d0322ce20e33eac124758e837cbd80a6f633/library/std/src/panic.rs:434:14
[INFO] [stdout]   27:     0x564143ded0a0 - test::run_test_in_process::h5884d6f2d99e20c3
[INFO] [stdout]                                at /rustc/a178d0322ce20e33eac124758e837cbd80a6f633/library/test/src/lib.rs:600:18
[INFO] [stdout]   28:     0x564143ded0a0 - test::run_test::run_test_inner::{{closure}}::h6fdc58c6d5f5b6e3
[INFO] [stdout]                                at /rustc/a178d0322ce20e33eac124758e837cbd80a6f633/library/test/src/lib.rs:492:39
[INFO] [stdout]   29:     0x564143dc6752 - test::run_test::run_test_inner::{{closure}}::h408365d67a78ade8
[INFO] [stdout]                                at /rustc/a178d0322ce20e33eac124758e837cbd80a6f633/library/test/src/lib.rs:519:37
[INFO] [stdout]   30:     0x564143dc6752 - std::sys_common::backtrace::__rust_begin_short_backtrace::hb560b77c4f701523
[INFO] [stdout]                                at /rustc/a178d0322ce20e33eac124758e837cbd80a6f633/library/std/src/sys_common/backtrace.rs:125:18
[INFO] [stdout]   31:     0x564143dca308 - std::thread::Builder::spawn_unchecked::{{closure}}::{{closure}}::hf2e7831dad93c597
[INFO] [stdout]                                at /rustc/a178d0322ce20e33eac124758e837cbd80a6f633/library/std/src/thread/mod.rs:481:17
[INFO] [stdout]   32:     0x564143dca308 - <std::panic::AssertUnwindSafe<F> as core::ops::function::FnOnce<()>>::call_once::hd2e08783d8be4d02
[INFO] [stdout]                                at /rustc/a178d0322ce20e33eac124758e837cbd80a6f633/library/std/src/panic.rs:347:9
[INFO] [stdout]   33:     0x564143dca308 - std::panicking::try::do_call::h062597b7acfd6b82
[INFO] [stdout]                                at /rustc/a178d0322ce20e33eac124758e837cbd80a6f633/library/std/src/panicking.rs:401:40
[INFO] [stdout]   34:     0x564143dca308 - std::panicking::try::h0d7b79db04c14552
[INFO] [stdout]                                at /rustc/a178d0322ce20e33eac124758e837cbd80a6f633/library/std/src/panicking.rs:365:19
[INFO] [stdout]   35:     0x564143dca308 - std::panic::catch_unwind::hb01a0b5e7c8cd43b
[INFO] [stdout]                                at /rustc/a178d0322ce20e33eac124758e837cbd80a6f633/library/std/src/panic.rs:434:14
[INFO] [stdout]   36:     0x564143dca308 - std::thread::Builder::spawn_unchecked::{{closure}}::h5bde48cc887e0d1e
[INFO] [stdout]                                at /rustc/a178d0322ce20e33eac124758e837cbd80a6f633/library/std/src/thread/mod.rs:480:30
[INFO] [stdout]   37:     0x564143dca308 - core::ops::function::FnOnce::call_once{{vtable.shim}}::h745ea30807a29e55
[INFO] [stdout]                                at /rustc/a178d0322ce20e33eac124758e837cbd80a6f633/library/core/src/ops/function.rs:227:5
[INFO] [stdout]   38:     0x564143e20457 - <alloc::boxed::Box<F,A> as core::ops::function::FnOnce<Args>>::call_once::h7ece6cfefaff1005
[INFO] [stdout]                                at /rustc/a178d0322ce20e33eac124758e837cbd80a6f633/library/alloc/src/boxed.rs:1575:9
[INFO] [stdout]   39:     0x564143e20457 - <alloc::boxed::Box<F,A> as core::ops::function::FnOnce<Args>>::call_once::hb8b48e55c21f193e
[INFO] [stdout]                                at /rustc/a178d0322ce20e33eac124758e837cbd80a6f633/library/alloc/src/boxed.rs:1575:9
[INFO] [stdout]   40:     0x564143e20457 - std::sys::unix::thread::Thread::new::thread_start::h8c7c4450dba62914
[INFO] [stdout]                                at /rustc/a178d0322ce20e33eac124758e837cbd80a6f633/library/std/src/sys/unix/thread.rs:71:17
[INFO] [stdout]   41:     0x7f8ed507c609 - start_thread
[INFO] [stdout]   42:     0x7f8ed4e4e293 - clone
[INFO] [stdout]   43:                0x0 - <unknown>
[INFO] [stdout] 
[INFO] [stdout] ---- test::test_set_terminal_attr stdout ----
[INFO] [stdout] thread 'test::test_set_terminal_attr' panicked at 'called `Result::unwrap()` on an `Err` value: Os { code: 25, kind: Other, message: "Inappropriate ioctl for device" }', src/lib.rs:61:50
[INFO] [stdout] stack backtrace:
[INFO] [stdout]    0:     0x564143e19150 - std::backtrace_rs::backtrace::libunwind::trace::h34055254b57d8e79
[INFO] [stdout]                                at /rustc/a178d0322ce20e33eac124758e837cbd80a6f633/library/std/src/../../backtrace/src/backtrace/libunwind.rs:90:5
[INFO] [stdout]    1:     0x564143e19150 - std::backtrace_rs::backtrace::trace_unsynchronized::h8f1e3fbd9afff6ec
[INFO] [stdout]                                at /rustc/a178d0322ce20e33eac124758e837cbd80a6f633/library/std/src/../../backtrace/src/backtrace/mod.rs:66:5
[INFO] [stdout]    2:     0x564143e19150 - std::sys_common::backtrace::_print_fmt::h3a99a796b770c360
[INFO] [stdout]                                at /rustc/a178d0322ce20e33eac124758e837cbd80a6f633/library/std/src/sys_common/backtrace.rs:67:5
[INFO] [stdout]    3:     0x564143e19150 - <std::sys_common::backtrace::_print::DisplayBacktrace as core::fmt::Display>::fmt::h32d1f94a80615d18
[INFO] [stdout]                                at /rustc/a178d0322ce20e33eac124758e837cbd80a6f633/library/std/src/sys_common/backtrace.rs:46:22
[INFO] [stdout]    4:     0x564143e3bb0c - core::fmt::write::h306731c068f7162c
[INFO] [stdout]                                at /rustc/a178d0322ce20e33eac124758e837cbd80a6f633/library/core/src/fmt/mod.rs:1110:17
[INFO] [stdout]    5:     0x564143e15f75 - std::io::Write::write_fmt::h87f19b0a2cd190bc
[INFO] [stdout]                                at /rustc/a178d0322ce20e33eac124758e837cbd80a6f633/library/std/src/io/mod.rs:1588:15
[INFO] [stdout]    6:     0x564143e1b2bb - std::sys_common::backtrace::_print::h5abaa2601a852287
[INFO] [stdout]                                at /rustc/a178d0322ce20e33eac124758e837cbd80a6f633/library/std/src/sys_common/backtrace.rs:49:5
[INFO] [stdout]    7:     0x564143e1b2bb - std::sys_common::backtrace::print::h8d81445442bb638f
[INFO] [stdout]                                at /rustc/a178d0322ce20e33eac124758e837cbd80a6f633/library/std/src/sys_common/backtrace.rs:36:9
[INFO] [stdout]    8:     0x564143e1b2bb - std::panicking::default_hook::{{closure}}::hcfe804496a9fa747
[INFO] [stdout]                                at /rustc/a178d0322ce20e33eac124758e837cbd80a6f633/library/std/src/panicking.rs:208:50
[INFO] [stdout]    9:     0x564143e1adcc - std::panicking::default_hook::hbea8e3ccf2ba8901
[INFO] [stdout]                                at /rustc/a178d0322ce20e33eac124758e837cbd80a6f633/library/std/src/panicking.rs:222:9
[INFO] [stdout]   10:     0x564143e1b984 - std::panicking::rust_panic_with_hook::h7ee9e1a2d0f8975a
[INFO] [stdout]                                at /rustc/a178d0322ce20e33eac124758e837cbd80a6f633/library/std/src/panicking.rs:622:17
[INFO] [stdout]   11:     0x564143e1b467 - std::panicking::begin_panic_handler::{{closure}}::h8ab3b4491718b2c7
[INFO] [stdout]                                at /rustc/a178d0322ce20e33eac124758e837cbd80a6f633/library/std/src/panicking.rs:519:13
[INFO] [stdout]   12:     0x564143e1964c - std::sys_common::backtrace::__rust_end_short_backtrace::hd489062ffa586a9f
[INFO] [stdout]                                at /rustc/a178d0322ce20e33eac124758e837cbd80a6f633/library/std/src/sys_common/backtrace.rs:141:18
[INFO] [stdout]   13:     0x564143e1b3c9 - rust_begin_unwind
[INFO] [stdout]                                at /rustc/a178d0322ce20e33eac124758e837cbd80a6f633/library/std/src/panicking.rs:515:5
[INFO] [stdout]   14:     0x564143d90651 - core::panicking::panic_fmt::hca6330e3e14086b4
[INFO] [stdout]                                at /rustc/a178d0322ce20e33eac124758e837cbd80a6f633/library/core/src/panicking.rs:92:14
[INFO] [stdout]   15:     0x564143d90743 - core::result::unwrap_failed::h6160d2b4bfbb0e87
[INFO] [stdout]                                at /rustc/a178d0322ce20e33eac124758e837cbd80a6f633/library/core/src/result.rs:1355:5
[INFO] [stdout]   16:     0x564143db726a - core::result::Result<T,E>::unwrap::h5e441d3e920f28d3
[INFO] [stdout]                                at /rustc/a178d0322ce20e33eac124758e837cbd80a6f633/library/core/src/result.rs:1037:23
[INFO] [stdout]   17:     0x564143dc2b77 - termit_ion::test::test_set_terminal_attr::h12c3ace1b3fbc2e4
[INFO] [stdout]                                at /opt/rustwide/workdir/src/lib.rs:61:19
[INFO] [stdout]   18:     0x564143dc2b3a - termit_ion::test::test_set_terminal_attr::{{closure}}::h7bacacc10c352d76
[INFO] [stdout]                                at /opt/rustwide/workdir/src/lib.rs:60:5
[INFO] [stdout]   19:     0x564143daa70e - core::ops::function::FnOnce::call_once::hc62e654b806a1489
[INFO] [stdout]                                at /rustc/a178d0322ce20e33eac124758e837cbd80a6f633/library/core/src/ops/function.rs:227:5
[INFO] [stdout]   20:     0x564143dee5e3 - core::ops::function::FnOnce::call_once::h152e7e439ff59e19
[INFO] [stdout]                                at /rustc/a178d0322ce20e33eac124758e837cbd80a6f633/library/core/src/ops/function.rs:227:5
[INFO] [stdout]   21:     0x564143dee5e3 - test::__rust_begin_short_backtrace::h0908f3b1fdbb72ab
[INFO] [stdout]                                at /rustc/a178d0322ce20e33eac124758e837cbd80a6f633/library/test/src/lib.rs:577:5
[INFO] [stdout]   22:     0x564143ded0a0 - <alloc::boxed::Box<F,A> as core::ops::function::FnOnce<Args>>::call_once::hf6d2a51e5587546c
[INFO] [stdout]                                at /rustc/a178d0322ce20e33eac124758e837cbd80a6f633/library/alloc/src/boxed.rs:1575:9
[INFO] [stdout]   23:     0x564143ded0a0 - <std::panic::AssertUnwindSafe<F> as core::ops::function::FnOnce<()>>::call_once::h8af660f3a89ef593
[INFO] [stdout]                                at /rustc/a178d0322ce20e33eac124758e837cbd80a6f633/library/std/src/panic.rs:347:9
[INFO] [stdout]   24:     0x564143ded0a0 - std::panicking::try::do_call::hd36aef60f84b6d36
[INFO] [stdout]                                at /rustc/a178d0322ce20e33eac124758e837cbd80a6f633/library/std/src/panicking.rs:401:40
[INFO] [stdout]   25:     0x564143ded0a0 - std::panicking::try::h9932b4480e69817c
[INFO] [stdout]                                at /rustc/a178d0322ce20e33eac124758e837cbd80a6f633/library/std/src/panicking.rs:365:19
[INFO] [stdout]   26:     0x564143ded0a0 - std::panic::catch_unwind::h6aa177099cfff5f8
[INFO] [stdout]                                at /rustc/a178d0322ce20e33eac124758e837cbd80a6f633/library/std/src/panic.rs:434:14
[INFO] [stdout]   27:     0x564143ded0a0 - test::run_test_in_process::h5884d6f2d99e20c3
[INFO] [stdout]                                at /rustc/a178d0322ce20e33eac124758e837cbd80a6f633/library/test/src/lib.rs:600:18
[INFO] [stdout]   28:     0x564143ded0a0 - test::run_test::run_test_inner::{{closure}}::h6fdc58c6d5f5b6e3
[INFO] [stdout]                                at /rustc/a178d0322ce20e33eac124758e837cbd80a6f633/library/test/src/lib.rs:492:39
[INFO] [stdout]   29:     0x564143dc6752 - test::run_test::run_test_inner::{{closure}}::h408365d67a78ade8
[INFO] [stdout]                                at /rustc/a178d0322ce20e33eac124758e837cbd80a6f633/library/test/src/lib.rs:519:37
[INFO] [stdout]   30:     0x564143dc6752 - std::sys_common::backtrace::__rust_begin_short_backtrace::hb560b77c4f701523
[INFO] [stdout]                                at /rustc/a178d0322ce20e33eac124758e837cbd80a6f633/library/std/src/sys_common/backtrace.rs:125:18
[INFO] [stdout]   31:     0x564143dca308 - std::thread::Builder::spawn_unchecked::{{closure}}::{{closure}}::hf2e7831dad93c597
[INFO] [stdout]                                at /rustc/a178d0322ce20e33eac124758e837cbd80a6f633/library/std/src/thread/mod.rs:481:17
[INFO] [stdout]   32:     0x564143dca308 - <std::panic::AssertUnwindSafe<F> as core::ops::function::FnOnce<()>>::call_once::hd2e08783d8be4d02
[INFO] [stdout]                                at /rustc/a178d0322ce20e33eac124758e837cbd80a6f633/library/std/src/panic.rs:347:9
[INFO] [stdout]   33:     0x564143dca308 - std::panicking::try::do_call::h062597b7acfd6b82
[INFO] [stdout]                                at /rustc/a178d0322ce20e33eac124758e837cbd80a6f633/library/std/src/panicking.rs:401:40
[INFO] [stdout]   34:     0x564143dca308 - std::panicking::try::h0d7b79db04c14552
[INFO] [stdout]                                at /rustc/a178d0322ce20e33eac124758e837cbd80a6f633/library/std/src/panicking.rs:365:19
[INFO] [stdout]   35:     0x564143dca308 - std::panic::catch_unwind::hb01a0b5e7c8cd43b
[INFO] [stdout]                                at /rustc/a178d0322ce20e33eac124758e837cbd80a6f633/library/std/src/panic.rs:434:14
[INFO] [stdout]   36:     0x564143dca308 - std::thread::Builder::spawn_unchecked::{{closure}}::h5bde48cc887e0d1e
[INFO] [stdout]                                at /rustc/a178d0322ce20e33eac124758e837cbd80a6f633/library/std/src/thread/mod.rs:480:30
[INFO] [stdout]   37:     0x564143dca308 - core::ops::function::FnOnce::call_once{{vtable.shim}}::h745ea30807a29e55
[INFO] [stdout]                                at /rustc/a178d0322ce20e33eac124758e837cbd80a6f633/library/core/src/ops/function.rs:227:5
[INFO] [stdout]   38:     0x564143e20457 - <alloc::boxed::Box<F,A> as core::ops::function::FnOnce<Args>>::call_once::h7ece6cfefaff1005
[INFO] [stdout]                                at /rustc/a178d0322ce20e33eac124758e837cbd80a6f633/library/alloc/src/boxed.rs:1575:9
[INFO] [stdout]   39:     0x564143e20457 - <alloc::boxed::Box<F,A> as core::ops::function::FnOnce<Args>>::call_once::hb8b48e55c21f193e
[INFO] [stdout]                                at /rustc/a178d0322ce20e33eac124758e837cbd80a6f633/library/alloc/src/boxed.rs:1575:9
[INFO] [stdout]   40:     0x564143e20457 - std::sys::unix::thread::Thread::new::thread_start::h8c7c4450dba62914
[INFO] [stdout]                                at /rustc/a178d0322ce20e33eac124758e837cbd80a6f633/library/std/src/sys/unix/thread.rs:71:17
[INFO] [stdout]   41:     0x7f8ed507c609 - start_thread
[INFO] [stdout]   42:     0x7f8ed4e4e293 - clone
[INFO] [stdout]   43:                0x0 - <unknown>
[INFO] [stdout] 
[INFO] [stdout] ---- test::test_size stdout ----
[INFO] [stdout] thread 'test::test_size' panicked at 'called `Result::unwrap()` on an `Err` value: Os { code: 25, kind: Other, message: "Inappropriate ioctl for device" }', src/lib.rs:67:36
[INFO] [stdout] stack backtrace:
[INFO] [stdout]    0:     0x564143e19150 - std::backtrace_rs::backtrace::libunwind::trace::h34055254b57d8e79
[INFO] [stdout]                                at /rustc/a178d0322ce20e33eac124758e837cbd80a6f633/library/std/src/../../backtrace/src/backtrace/libunwind.rs:90:5
[INFO] [stdout]    1:     0x564143e19150 - std::backtrace_rs::backtrace::trace_unsynchronized::h8f1e3fbd9afff6ec
[INFO] [stdout]                                at /rustc/a178d0322ce20e33eac124758e837cbd80a6f633/library/std/src/../../backtrace/src/backtrace/mod.rs:66:5
[INFO] [stdout]    2:     0x564143e19150 - std::sys_common::backtrace::_print_fmt::h3a99a796b770c360
[INFO] [stdout]                                at /rustc/a178d0322ce20e33eac124758e837cbd80a6f633/library/std/src/sys_common/backtrace.rs:67:5
[INFO] [stdout]    3:     0x564143e19150 - <std::sys_common::backtrace::_print::DisplayBacktrace as core::fmt::Display>::fmt::h32d1f94a80615d18
[INFO] [stdout]                                at /rustc/a178d0322ce20e33eac124758e837cbd80a6f633/library/std/src/sys_common/backtrace.rs:46:22
[INFO] [stdout]    4:     0x564143e3bb0c - core::fmt::write::h306731c068f7162c
[INFO] [stdout]                                at /rustc/a178d0322ce20e33eac124758e837cbd80a6f633/library/core/src/fmt/mod.rs:1110:17
[INFO] [stdout]    5:     0x564143e15f75 - std::io::Write::write_fmt::h87f19b0a2cd190bc
[INFO] [stdout]                                at /rustc/a178d0322ce20e33eac124758e837cbd80a6f633/library/std/src/io/mod.rs:1588:15
[INFO] [stdout]    6:     0x564143e1b2bb - std::sys_common::backtrace::_print::h5abaa2601a852287
[INFO] [stdout]                                at /rustc/a178d0322ce20e33eac124758e837cbd80a6f633/library/std/src/sys_common/backtrace.rs:49:5
[INFO] [stdout]    7:     0x564143e1b2bb - std::sys_common::backtrace::print::h8d81445442bb638f
[INFO] [stdout]                                at /rustc/a178d0322ce20e33eac124758e837cbd80a6f633/library/std/src/sys_common/backtrace.rs:36:9
[INFO] [stdout]    8:     0x564143e1b2bb - std::panicking::default_hook::{{closure}}::hcfe804496a9fa747
[INFO] [stdout]                                at /rustc/a178d0322ce20e33eac124758e837cbd80a6f633/library/std/src/panicking.rs:208:50
[INFO] [stdout]    9:     0x564143e1adcc - std::panicking::default_hook::hbea8e3ccf2ba8901
[INFO] [stdout]                                at /rustc/a178d0322ce20e33eac124758e837cbd80a6f633/library/std/src/panicking.rs:222:9
[INFO] [stdout]   10:     0x564143e1b984 - std::panicking::rust_panic_with_hook::h7ee9e1a2d0f8975a
[INFO] [stdout]                                at /rustc/a178d0322ce20e33eac124758e837cbd80a6f633/library/std/src/panicking.rs:622:17
[INFO] [stdout]   11:     0x564143e1b467 - std::panicking::begin_panic_handler::{{closure}}::h8ab3b4491718b2c7
[INFO] [stdout]                                at /rustc/a178d0322ce20e33eac124758e837cbd80a6f633/library/std/src/panicking.rs:519:13
[INFO] [stdout]   12:     0x564143e1964c - std::sys_common::backtrace::__rust_end_short_backtrace::hd489062ffa586a9f
[INFO] [stdout]                                at /rustc/a178d0322ce20e33eac124758e837cbd80a6f633/library/std/src/sys_common/backtrace.rs:141:18
[INFO] [stdout]   13:     0x564143e1b3c9 - rust_begin_unwind
[INFO] [stdout]                                at /rustc/a178d0322ce20e33eac124758e837cbd80a6f633/library/std/src/panicking.rs:515:5
[INFO] [stdout]   14:     0x564143d90651 - core::panicking::panic_fmt::hca6330e3e14086b4
[INFO] [stdout]                                at /rustc/a178d0322ce20e33eac124758e837cbd80a6f633/library/core/src/panicking.rs:92:14
[INFO] [stdout]   15:     0x564143d90743 - core::result::unwrap_failed::h6160d2b4bfbb0e87
[INFO] [stdout]                                at /rustc/a178d0322ce20e33eac124758e837cbd80a6f633/library/core/src/result.rs:1355:5
[INFO] [stdout]   16:     0x564143db743a - core::result::Result<T,E>::unwrap::h9e880803aff0162e
[INFO] [stdout]                                at /rustc/a178d0322ce20e33eac124758e837cbd80a6f633/library/core/src/result.rs:1037:23
[INFO] [stdout]   17:     0x564143dc2c1b - termit_ion::test::test_size::hb10b16c14fcfb874
[INFO] [stdout]                                at /opt/rustwide/workdir/src/lib.rs:67:9
[INFO] [stdout]   18:     0x564143dc2bea - termit_ion::test::test_size::{{closure}}::h4f9d3e249688f01d
[INFO] [stdout]                                at /opt/rustwide/workdir/src/lib.rs:66:5
[INFO] [stdout]   19:     0x564143daa3ae - core::ops::function::FnOnce::call_once::h5d8c8ffb36cfb85e
[INFO] [stdout]                                at /rustc/a178d0322ce20e33eac124758e837cbd80a6f633/library/core/src/ops/function.rs:227:5
[INFO] [stdout]   20:     0x564143dee5e3 - core::ops::function::FnOnce::call_once::h152e7e439ff59e19
[INFO] [stdout]                                at /rustc/a178d0322ce20e33eac124758e837cbd80a6f633/library/core/src/ops/function.rs:227:5
[INFO] [stdout]   21:     0x564143dee5e3 - test::__rust_begin_short_backtrace::h0908f3b1fdbb72ab
[INFO] [stdout]                                at /rustc/a178d0322ce20e33eac124758e837cbd80a6f633/library/test/src/lib.rs:577:5
[INFO] [stdout]   22:     0x564143ded0a0 - <alloc::boxed::Box<F,A> as core::ops::function::FnOnce<Args>>::call_once::hf6d2a51e5587546c
[INFO] [stdout]                                at /rustc/a178d0322ce20e33eac124758e837cbd80a6f633/library/alloc/src/boxed.rs:1575:9
[INFO] [stdout]   23:     0x564143ded0a0 - <std::panic::AssertUnwindSafe<F> as core::ops::function::FnOnce<()>>::call_once::h8af660f3a89ef593
[INFO] [stdout]                                at /rustc/a178d0322ce20e33eac124758e837cbd80a6f633/library/std/src/panic.rs:347:9
[INFO] [stdout]   24:     0x564143ded0a0 - std::panicking::try::do_call::hd36aef60f84b6d36
[INFO] [stdout]                                at /rustc/a178d0322ce20e33eac124758e837cbd80a6f633/library/std/src/panicking.rs:401:40
[INFO] [stdout]   25:     0x564143ded0a0 - std::panicking::try::h9932b4480e69817c
[INFO] [stdout]                                at /rustc/a178d0322ce20e33eac124758e837cbd80a6f633/library/std/src/panicking.rs:365:19
[INFO] [stdout]   26:     0x564143ded0a0 - std::panic::catch_unwind::h6aa177099cfff5f8
[INFO] [stdout]                                at /rustc/a178d0322ce20e33eac124758e837cbd80a6f633/library/std/src/panic.rs:434:14
[INFO] [stdout]   27:     0x564143ded0a0 - test::run_test_in_process::h5884d6f2d99e20c3
[INFO] [stdout]                                at /rustc/a178d0322ce20e33eac124758e837cbd80a6f633/library/test/src/lib.rs:600:18
[INFO] [stdout]   28:     0x564143ded0a0 - test::run_test::run_test_inner::{{closure}}::h6fdc58c6d5f5b6e3
[INFO] [stdout]                                at /rustc/a178d0322ce20e33eac124758e837cbd80a6f633/library/test/src/lib.rs:492:39
[INFO] [stdout]   29:     0x564143dc6752 - test::run_test::run_test_inner::{{closure}}::h408365d67a78ade8
[INFO] [stdout]                                at /rustc/a178d0322ce20e33eac124758e837cbd80a6f633/library/test/src/lib.rs:519:37
[INFO] [stdout]   30:     0x564143dc6752 - std::sys_common::backtrace::__rust_begin_short_backtrace::hb560b77c4f701523
[INFO] [stdout]                                at /rustc/a178d0322ce20e33eac124758e837cbd80a6f633/library/std/src/sys_common/backtrace.rs:125:18
[INFO] [stdout]   31:     0x564143dca308 - std::thread::Builder::spawn_unchecked::{{closure}}::{{closure}}::hf2e7831dad93c597
[INFO] [stdout]                                at /rustc/a178d0322ce20e33eac124758e837cbd80a6f633/library/std/src/thread/mod.rs:481:17
[INFO] [stdout]   32:     0x564143dca308 - <std::panic::AssertUnwindSafe<F> as core::ops::function::FnOnce<()>>::call_once::hd2e08783d8be4d02
[INFO] [stdout]                                at /rustc/a178d0322ce20e33eac124758e837cbd80a6f633/library/std/src/panic.rs:347:9
[INFO] [stdout]   33:     0x564143dca308 - std::panicking::try::do_call::h062597b7acfd6b82
[INFO] [stdout]                                at /rustc/a178d0322ce20e33eac124758e837cbd80a6f633/library/std/src/panicking.rs:401:40
[INFO] [stdout]   34:     0x564143dca308 - std::panicking::try::h0d7b79db04c14552
[INFO] [stdout]                                at /rustc/a178d0322ce20e33eac124758e837cbd80a6f633/library/std/src/panicking.rs:365:19
[INFO] [stdout]   35:     0x564143dca308 - std::panic::catch_unwind::hb01a0b5e7c8cd43b
[INFO] [stdout]                                at /rustc/a178d0322ce20e33eac124758e837cbd80a6f633/library/std/src/panic.rs:434:14
[INFO] [stdout]   36:     0x564143dca308 - std::thread::Builder::spawn_unchecked::{{closure}}::h5bde48cc887e0d1e
[INFO] [stdout]                                at /rustc/a178d0322ce20e33eac124758e837cbd80a6f633/library/std/src/thread/mod.rs:480:30
[INFO] [stdout]   37:     0x564143dca308 - core::ops::function::FnOnce::call_once{{vtable.shim}}::h745ea30807a29e55
[INFO] [stdout]                                at /rustc/a178d0322ce20e33eac124758e837cbd80a6f633/library/core/src/ops/function.rs:227:5
[INFO] [stdout]   38:     0x564143e20457 - <alloc::boxed::Box<F,A> as core::ops::function::FnOnce<Args>>::call_once::h7ece6cfefaff1005
[INFO] [stdout]                                at /rustc/a178d0322ce20e33eac124758e837cbd80a6f633/library/alloc/src/boxed.rs:1575:9
[INFO] [stdout]   39:     0x564143e20457 - <alloc::boxed::Box<F,A> as core::ops::function::FnOnce<Args>>::call_once::hb8b48e55c21f193e
[INFO] [stdout]                                at /rustc/a178d0322ce20e33eac124758e837cbd80a6f633/library/alloc/src/boxed.rs:1575:9
[INFO] [stdout]   40:     0x564143e20457 - std::sys::unix::thread::Thread::new::thread_start::h8c7c4450dba62914
[INFO] [stdout]                                at /rustc/a178d0322ce20e33eac124758e837cbd80a6f633/library/std/src/sys/unix/thread.rs:71:17
[INFO] [stdout]   41:     0x7f8ed507c609 - start_thread
[INFO] [stdout]   42:     0x7f8ed4e4e293 - clone
[INFO] [stdout]   43:                0x0 - <unknown>
[INFO] [stdout] 
[INFO] [stdout] ---- input::test::test_abort stdout ----
[INFO] [stdout] thread 'input::test::test_abort' panicked at 'called `Result::unwrap()` on an `Err` value: Os { code: 25, kind: Other, message: "Inappropriate ioctl for device" }', src/input.rs:363:56
[INFO] [stdout] stack backtrace:
[INFO] [stdout]    0:     0x564143e19150 - std::backtrace_rs::backtrace::libunwind::trace::h34055254b57d8e79
[INFO] [stdout]                                at /rustc/a178d0322ce20e33eac124758e837cbd80a6f633/library/std/src/../../backtrace/src/backtrace/libunwind.rs:90:5
[INFO] [stdout]    1:     0x564143e19150 - std::backtrace_rs::backtrace::trace_unsynchronized::h8f1e3fbd9afff6ec
[INFO] [stdout]                                at /rustc/a178d0322ce20e33eac124758e837cbd80a6f633/library/std/src/../../backtrace/src/backtrace/mod.rs:66:5
[INFO] [stdout]    2:     0x564143e19150 - std::sys_common::backtrace::_print_fmt::h3a99a796b770c360
[INFO] [stdout]                                at /rustc/a178d0322ce20e33eac124758e837cbd80a6f633/library/std/src/sys_common/backtrace.rs:67:5
[INFO] [stdout]    3:     0x564143e19150 - <std::sys_common::backtrace::_print::DisplayBacktrace as core::fmt::Display>::fmt::h32d1f94a80615d18
[INFO] [stdout]                                at /rustc/a178d0322ce20e33eac124758e837cbd80a6f633/library/std/src/sys_common/backtrace.rs:46:22
[INFO] [stdout]    4:     0x564143e3bb0c - core::fmt::write::h306731c068f7162c
[INFO] [stdout]                                at /rustc/a178d0322ce20e33eac124758e837cbd80a6f633/library/core/src/fmt/mod.rs:1110:17
[INFO] [stdout]    5:     0x564143e15f75 - std::io::Write::write_fmt::h87f19b0a2cd190bc
[INFO] [stdout]                                at /rustc/a178d0322ce20e33eac124758e837cbd80a6f633/library/std/src/io/mod.rs:1588:15
[INFO] [stdout]    6:     0x564143e1b2bb - std::sys_common::backtrace::_print::h5abaa2601a852287
[INFO] [stdout]                                at /rustc/a178d0322ce20e33eac124758e837cbd80a6f633/library/std/src/sys_common/backtrace.rs:49:5
[INFO] [stdout]    7:     0x564143e1b2bb - std::sys_common::backtrace::print::h8d81445442bb638f
[INFO] [stdout]                                at /rustc/a178d0322ce20e33eac124758e837cbd80a6f633/library/std/src/sys_common/backtrace.rs:36:9
[INFO] [stdout]    8:     0x564143e1b2bb - std::panicking::default_hook::{{closure}}::hcfe804496a9fa747
[INFO] [stdout]                                at /rustc/a178d0322ce20e33eac124758e837cbd80a6f633/library/std/src/panicking.rs:208:50
[INFO] [stdout]    9:     0x564143e1adcc - std::panicking::default_hook::hbea8e3ccf2ba8901
[INFO] [stdout]                                at /rustc/a178d0322ce20e33eac124758e837cbd80a6f633/library/std/src/panicking.rs:222:9
[INFO] [stdout]   10:     0x564143e1b984 - std::panicking::rust_panic_with_hook::h7ee9e1a2d0f8975a
[INFO] [stdout]                                at /rustc/a178d0322ce20e33eac124758e837cbd80a6f633/library/std/src/panicking.rs:622:17
[INFO] [stdout]   11:     0x564143e1b467 - std::panicking::begin_panic_handler::{{closure}}::h8ab3b4491718b2c7
[INFO] [stdout]                                at /rustc/a178d0322ce20e33eac124758e837cbd80a6f633/library/std/src/panicking.rs:519:13
[INFO] [stdout]   12:     0x564143e1964c - std::sys_common::backtrace::__rust_end_short_backtrace::hd489062ffa586a9f
[INFO] [stdout]                                at /rustc/a178d0322ce20e33eac124758e837cbd80a6f633/library/std/src/sys_common/backtrace.rs:141:18
[INFO] [stdout]   13:     0x564143e1b3c9 - rust_begin_unwind
[INFO] [stdout]                                at /rustc/a178d0322ce20e33eac124758e837cbd80a6f633/library/std/src/panicking.rs:515:5
[INFO] [stdout]   14:     0x564143d90651 - core::panicking::panic_fmt::hca6330e3e14086b4
[INFO] [stdout]                                at /rustc/a178d0322ce20e33eac124758e837cbd80a6f633/library/core/src/panicking.rs:92:14
[INFO] [stdout]   15:     0x564143d90743 - core::result::unwrap_failed::h6160d2b4bfbb0e87
[INFO] [stdout]                                at /rustc/a178d0322ce20e33eac124758e837cbd80a6f633/library/core/src/result.rs:1355:5
[INFO] [stdout]   16:     0x564143db7104 - core::result::Result<T,E>::unwrap::h4bdb70332755ebf4
[INFO] [stdout]                                at /rustc/a178d0322ce20e33eac124758e837cbd80a6f633/library/core/src/result.rs:1037:23
[INFO] [stdout]   17:     0x564143dace4e - termit_ion::input::test::line_match::h04eb7678763cc22f
[INFO] [stdout]                                at /opt/rustwide/workdir/src/input.rs:363:20
[INFO] [stdout]   18:     0x564143db0588 - termit_ion::input::test::test_abort::h5778bb5018a5a52f
[INFO] [stdout]                                at /opt/rustwide/workdir/src/input.rs:411:9
[INFO] [stdout]   19:     0x564143db054a - termit_ion::input::test::test_abort::{{closure}}::h7be3f981e0ddcc10
[INFO] [stdout]                                at /opt/rustwide/workdir/src/input.rs:410:5
[INFO] [stdout]   20:     0x564143daa74e - core::ops::function::FnOnce::call_once::hefdb2b1bcd877f3c
[INFO] [stdout]                                at /rustc/a178d0322ce20e33eac124758e837cbd80a6f633/library/core/src/ops/function.rs:227:5
[INFO] [stdout]   21:     0x564143dee5e3 - core::ops::function::FnOnce::call_once::h152e7e439ff59e19
[INFO] [stdout]                                at /rustc/a178d0322ce20e33eac124758e837cbd80a6f633/library/core/src/ops/function.rs:227:5
[INFO] [stdout]   22:     0x564143dee5e3 - test::__rust_begin_short_backtrace::h0908f3b1fdbb72ab
[INFO] [stdout]                                at /rustc/a178d0322ce20e33eac124758e837cbd80a6f633/library/test/src/lib.rs:577:5
[INFO] [stdout]   23:     0x564143ded0a0 - <alloc::boxed::Box<F,A> as core::ops::function::FnOnce<Args>>::call_once::hf6d2a51e5587546c
[INFO] [stdout]                                at /rustc/a178d0322ce20e33eac124758e837cbd80a6f633/library/alloc/src/boxed.rs:1575:9
[INFO] [stdout]   24:     0x564143ded0a0 - <std::panic::AssertUnwindSafe<F> as core::ops::function::FnOnce<()>>::call_once::h8af660f3a89ef593
[INFO] [stdout]                                at /rustc/a178d0322ce20e33eac124758e837cbd80a6f633/library/std/src/panic.rs:347:9
[INFO] [stdout]   25:     0x564143ded0a0 - std::panicking::try::do_call::hd36aef60f84b6d36
[INFO] [stdout]                                at /rustc/a178d0322ce20e33eac124758e837cbd80a6f633/library/std/src/panicking.rs:401:40
[INFO] [stdout]   26:     0x564143ded0a0 - std::panicking::try::h9932b4480e69817c
[INFO] [stdout]                                at /rustc/a178d0322ce20e33eac124758e837cbd80a6f633/library/std/src/panicking.rs:365:19
[INFO] [stdout]   27:     0x564143ded0a0 - std::panic::catch_unwind::h6aa177099cfff5f8
[INFO] [stdout]                                at /rustc/a178d0322ce20e33eac124758e837cbd80a6f633/library/std/src/panic.rs:434:14
[INFO] [stdout]   28:     0x564143ded0a0 - test::run_test_in_process::h5884d6f2d99e20c3
[INFO] [stdout]                                at /rustc/a178d0322ce20e33eac124758e837cbd80a6f633/library/test/src/lib.rs:600:18
[INFO] [stdout]   29:     0x564143ded0a0 - test::run_test::run_test_inner::{{closure}}::h6fdc58c6d5f5b6e3
[INFO] [stdout]                                at /rustc/a178d0322ce20e33eac124758e837cbd80a6f633/library/test/src/lib.rs:492:39
[INFO] [stdout]   30:     0x564143dc6752 - test::run_test::run_test_inner::{{closure}}::h408365d67a78ade8
[INFO] [stdout]                                at /rustc/a178d0322ce20e33eac124758e837cbd80a6f633/library/test/src/lib.rs:519:37
[INFO] [stdout]   31:     0x564143dc6752 - std::sys_common::backtrace::__rust_begin_short_backtrace::hb560b77c4f701523
[INFO] [stdout]                                at /rustc/a178d0322ce20e33eac124758e837cbd80a6f633/library/std/src/sys_common/backtrace.rs:125:18
[INFO] [stdout]   32:     0x564143dca308 - std::thread::Builder::spawn_unchecked::{{closure}}::{{closure}}::hf2e7831dad93c597
[INFO] [stdout]                                at /rustc/a178d0322ce20e33eac124758e837cbd80a6f633/library/std/src/thread/mod.rs:481:17
[INFO] [stdout]   33:     0x564143dca308 - <std::panic::AssertUnwindSafe<F> as core::ops::function::FnOnce<()>>::call_once::hd2e08783d8be4d02
[INFO] [stdout]                                at /rustc/a178d0322ce20e33eac124758e837cbd80a6f633/library/std/src/panic.rs:347:9
[INFO] [stdout]   34:     0x564143dca308 - std::panicking::try::do_call::h062597b7acfd6b82
[INFO] [stdout]                                at /rustc/a178d0322ce20e33eac124758e837cbd80a6f633/library/std/src/panicking.rs:401:40
[INFO] [stdout]   35:     0x564143dca308 - std::panicking::try::h0d7b79db04c14552
[INFO] [stdout]                                at /rustc/a178d0322ce20e33eac124758e837cbd80a6f633/library/std/src/panicking.rs:365:19
[INFO] [stdout]   36:     0x564143dca308 - std::panic::catch_unwind::hb01a0b5e7c8cd43b
[INFO] [stdout]                                at /rustc/a178d0322ce20e33eac124758e837cbd80a6f633/library/std/src/panic.rs:434:14
[INFO] [stdout]   37:     0x564143dca308 - std::thread::Builder::spawn_unchecked::{{closure}}::h5bde48cc887e0d1e
[INFO] [stdout]                                at /rustc/a178d0322ce20e33eac124758e837cbd80a6f633/library/std/src/thread/mod.rs:480:30
[INFO] [stdout]   38:     0x564143dca308 - core::ops::function::FnOnce::call_once{{vtable.shim}}::h745ea30807a29e55
[INFO] [stdout]                                at /rustc/a178d0322ce20e33eac124758e837cbd80a6f633/library/core/src/ops/function.rs:227:5
[INFO] [stdout]   39:     0x564143e20457 - <alloc::boxed::Box<F,A> as core::ops::function::FnOnce<Args>>::call_once::h7ece6cfefaff1005
[INFO] [stdout]                                at /rustc/a178d0322ce20e33eac124758e837cbd80a6f633/library/alloc/src/boxed.rs:1575:9
[INFO] [stdout]   40:     0x564143e20457 - <alloc::boxed::Box<F,A> as core::ops::function::FnOnce<Args>>::call_once::hb8b48e55c21f193e
[INFO] [stdout]                                at /rustc/a178d0322ce20e33eac124758e837cbd80a6f633/library/alloc/src/boxed.rs:1575:9
[INFO] [stdout]   41:     0x564143e20457 - std::sys::unix::thread::Thread::new::thread_start::h8c7c4450dba62914
[INFO] [stdout]                                at /rustc/a178d0322ce20e33eac124758e837cbd80a6f633/library/std/src/sys/unix/thread.rs:71:17
[INFO] [stdout]   42:     0x7f8ed507c609 - start_thread
[INFO] [stdout]   43:     0x7f8ed4e4e293 - clone
[INFO] [stdout]   44:                0x0 - <unknown>
[INFO] [stdout] 
[INFO] [stdout] ---- input::test::test_end stdout ----
[INFO] [stdout] thread 'input::test::test_end' panicked at 'called `Result::unwrap()` on an `Err` value: Os { code: 25, kind: Other, message: "Inappropriate ioctl for device" }', src/input.rs:363:56
[INFO] [stdout] stack backtrace:
[INFO] [stdout]    0:     0x564143e19150 - std::backtrace_rs::backtrace::libunwind::trace::h34055254b57d8e79
[INFO] [stdout]                                at /rustc/a178d0322ce20e33eac124758e837cbd80a6f633/library/std/src/../../backtrace/src/backtrace/libunwind.rs:90:5
[INFO] [stdout]    1:     0x564143e19150 - std::backtrace_rs::backtrace::trace_unsynchronized::h8f1e3fbd9afff6ec
[INFO] [stdout]                                at /rustc/a178d0322ce20e33eac124758e837cbd80a6f633/library/std/src/../../backtrace/src/backtrace/mod.rs:66:5
[INFO] [stdout]    2:     0x564143e19150 - std::sys_common::backtrace::_print_fmt::h3a99a796b770c360
[INFO] [stdout]                                at /rustc/a178d0322ce20e33eac124758e837cbd80a6f633/library/std/src/sys_common/backtrace.rs:67:5
[INFO] [stdout]    3:     0x564143e19150 - <std::sys_common::backtrace::_print::DisplayBacktrace as core::fmt::Display>::fmt::h32d1f94a80615d18
[INFO] [stdout]                                at /rustc/a178d0322ce20e33eac124758e837cbd80a6f633/library/std/src/sys_common/backtrace.rs:46:22
[INFO] [stdout]    4:     0x564143e3bb0c - core::fmt::write::h306731c068f7162c
[INFO] [stdout]                                at /rustc/a178d0322ce20e33eac124758e837cbd80a6f633/library/core/src/fmt/mod.rs:1110:17
[INFO] [stdout]    5:     0x564143e15f75 - std::io::Write::write_fmt::h87f19b0a2cd190bc
[INFO] [stdout]                                at /rustc/a178d0322ce20e33eac124758e837cbd80a6f633/library/std/src/io/mod.rs:1588:15
[INFO] [stdout]    6:     0x564143e1b2bb - std::sys_common::backtrace::_print::h5abaa2601a852287
[INFO] [stdout]                                at /rustc/a178d0322ce20e33eac124758e837cbd80a6f633/library/std/src/sys_common/backtrace.rs:49:5
[INFO] [stdout]    7:     0x564143e1b2bb - std::sys_common::backtrace::print::h8d81445442bb638f
[INFO] [stdout]                                at /rustc/a178d0322ce20e33eac124758e837cbd80a6f633/library/std/src/sys_common/backtrace.rs:36:9
[INFO] [stdout]    8:     0x564143e1b2bb - std::panicking::default_hook::{{closure}}::hcfe804496a9fa747
[INFO] [stdout]                                at /rustc/a178d0322ce20e33eac124758e837cbd80a6f633/library/std/src/panicking.rs:208:50
[INFO] [stdout]    9:     0x564143e1adcc - std::panicking::default_hook::hbea8e3ccf2ba8901
[INFO] [stdout]                                at /rustc/a178d0322ce20e33eac124758e837cbd80a6f633/library/std/src/panicking.rs:222:9
[INFO] [stdout]   10:     0x564143e1b984 - std::panicking::rust_panic_with_hook::h7ee9e1a2d0f8975a
[INFO] [stdout]                                at /rustc/a178d0322ce20e33eac124758e837cbd80a6f633/library/std/src/panicking.rs:622:17
[INFO] [stdout]   11:     0x564143e1b467 - std::panicking::begin_panic_handler::{{closure}}::h8ab3b4491718b2c7
[INFO] [stdout]                                at /rustc/a178d0322ce20e33eac124758e837cbd80a6f633/library/std/src/panicking.rs:519:13
[INFO] [stdout]   12:     0x564143e1964c - std::sys_common::backtrace::__rust_end_short_backtrace::hd489062ffa586a9f
[INFO] [stdout]                                at /rustc/a178d0322ce20e33eac124758e837cbd80a6f633/library/std/src/sys_common/backtrace.rs:141:18
[INFO] [stdout]   13:     0x564143e1b3c9 - rust_begin_unwind
[INFO] [stdout]                                at /rustc/a178d0322ce20e33eac124758e837cbd80a6f633/library/std/src/panicking.rs:515:5
[INFO] [stdout]   14:     0x564143d90651 - core::panicking::panic_fmt::hca6330e3e14086b4
[INFO] [stdout]                                at /rustc/a178d0322ce20e33eac124758e837cbd80a6f633/library/core/src/panicking.rs:92:14
[INFO] [stdout]   15:     0x564143d90743 - core::result::unwrap_failed::h6160d2b4bfbb0e87
[INFO] [stdout]                                at /rustc/a178d0322ce20e33eac124758e837cbd80a6f633/library/core/src/result.rs:1355:5
[INFO] [stdout]   16:     0x564143db7104 - core::result::Result<T,E>::unwrap::h4bdb70332755ebf4
[INFO] [stdout]                                at /rustc/a178d0322ce20e33eac124758e837cbd80a6f633/library/core/src/result.rs:1037:23
[INFO] [stdout]   17:     0x564143dace4e - termit_ion::input::test::line_match::h04eb7678763cc22f
[INFO] [stdout]                                at /opt/rustwide/workdir/src/input.rs:363:20
[INFO] [stdout]   18:     0x564143db0504 - termit_ion::input::test::test_end::h3f01cc4d9ef50e86
[INFO] [stdout]                                at /opt/rustwide/workdir/src/input.rs:399:9
[INFO] [stdout]   19:     0x564143db04ba - termit_ion::input::test::test_end::{{closure}}::h8ea16e42750ea1ba
[INFO] [stdout]                                at /opt/rustwide/workdir/src/input.rs:398:5
[INFO] [stdout]   20:     0x564143daa33e - core::ops::function::FnOnce::call_once::h4db604822cbead0c
[INFO] [stdout]                                at /rustc/a178d0322ce20e33eac124758e837cbd80a6f633/library/core/src/ops/function.rs:227:5
[INFO] [stdout]   21:     0x564143dee5e3 - core::ops::function::FnOnce::call_once::h152e7e439ff59e19
[INFO] [stdout]                                at /rustc/a178d0322ce20e33eac124758e837cbd80a6f633/library/core/src/ops/function.rs:227:5
[INFO] [stdout]   22:     0x564143dee5e3 - test::__rust_begin_short_backtrace::h0908f3b1fdbb72ab
[INFO] [stdout]                                at /rustc/a178d0322ce20e33eac124758e837cbd80a6f633/library/test/src/lib.rs:577:5
[INFO] [stdout]   23:     0x564143ded0a0 - <alloc::boxed::Box<F,A> as core::ops::function::FnOnce<Args>>::call_once::hf6d2a51e5587546c
[INFO] [stdout]                                at /rustc/a178d0322ce20e33eac124758e837cbd80a6f633/library/alloc/src/boxed.rs:1575:9
[INFO] [stdout]   24:     0x564143ded0a0 - <std::panic::AssertUnwindSafe<F> as core::ops::function::FnOnce<()>>::call_once::h8af660f3a89ef593
[INFO] [stdout]                                at /rustc/a178d0322ce20e33eac124758e837cbd80a6f633/library/std/src/panic.rs:347:9
[INFO] [stdout]   25:     0x564143ded0a0 - std::panicking::try::do_call::hd36aef60f84b6d36
[INFO] [stdout]                                at /rustc/a178d0322ce20e33eac124758e837cbd80a6f633/library/std/src/panicking.rs:401:40
[INFO] [stdout]   26:     0x564143ded0a0 - std::panicking::try::h9932b4480e69817c
[INFO] [stdout]                                at /rustc/a178d0322ce20e33eac124758e837cbd80a6f633/library/std/src/panicking.rs:365:19
[INFO] [stdout]   27:     0x564143ded0a0 - std::panic::catch_unwind::h6aa177099cfff5f8
[INFO] [stdout]                                at /rustc/a178d0322ce20e33eac124758e837cbd80a6f633/library/std/src/panic.rs:434:14
[INFO] [stdout]   28:     0x564143ded0a0 - test::run_test_in_process::h5884d6f2d99e20c3
[INFO] [stdout]                                at /rustc/a178d0322ce20e33eac124758e837cbd80a6f633/library/test/src/lib.rs:600:18
[INFO] [stdout]   29:     0x564143ded0a0 - test::run_test::run_test_inner::{{closure}}::h6fdc58c6d5f5b6e3
[INFO] [stdout]                                at /rustc/a178d0322ce20e33eac124758e837cbd80a6f633/library/test/src/lib.rs:492:39
[INFO] [stdout]   30:     0x564143dc6752 - test::run_test::run_test_inner::{{closure}}::h408365d67a78ade8
[INFO] [stdout]                                at /rustc/a178d0322ce20e33eac124758e837cbd80a6f633/library/test/src/lib.rs:519:37
[INFO] [stdout]   31:     0x564143dc6752 - std::sys_common::backtrace::__rust_begin_short_backtrace::hb560b77c4f701523
[INFO] [stdout]                                at /rustc/a178d0322ce20e33eac124758e837cbd80a6f633/library/std/src/sys_common/backtrace.rs:125:18
[INFO] [stdout]   32:     0x564143dca308 - std::thread::Builder::spawn_unchecked::{{closure}}::{{closure}}::hf2e7831dad93c597
[INFO] [stdout]                                at /rustc/a178d0322ce20e33eac124758e837cbd80a6f633/library/std/src/thread/mod.rs:481:17
[INFO] [stdout]   33:     0x564143dca308 - <std::panic::AssertUnwindSafe<F> as core::ops::function::FnOnce<()>>::call_once::hd2e08783d8be4d02
[INFO] [stdout]                                at /rustc/a178d0322ce20e33eac124758e837cbd80a6f633/library/std/src/panic.rs:347:9
[INFO] [stdout]   34:     0x564143dca308 - std::panicking::try::do_call::h062597b7acfd6b82
[INFO] [stdout]                                at /rustc/a178d0322ce20e33eac124758e837cbd80a6f633/library/std/src/panicking.rs:401:40
[INFO] [stdout]   35:     0x564143dca308 - std::panicking::try::h0d7b79db04c14552
[INFO] [stdout]                                at /rustc/a178d0322ce20e33eac124758e837cbd80a6f633/library/std/src/panicking.rs:365:19
[INFO] [stdout]   36:     0x564143dca308 - std::panic::catch_unwind::hb01a0b5e7c8cd43b
[INFO] [stdout]                                at /rustc/a178d0322ce20e33eac124758e837cbd80a6f633/library/std/src/panic.rs:434:14
[INFO] [stdout]   37:     0x564143dca308 - std::thread::Builder::spawn_unchecked::{{closure}}::h5bde48cc887e0d1e
[INFO] [stdout]                                at /rustc/a178d0322ce20e33eac124758e837cbd80a6f633/library/std/src/thread/mod.rs:480:30
[INFO] [stdout]   38:     0x564143dca308 - core::ops::function::FnOnce::call_once{{vtable.shim}}::h745ea30807a29e55
[INFO] [stdout]                                at /rustc/a178d0322ce20e33eac124758e837cbd80a6f633/library/core/src/ops/function.rs:227:5
[INFO] [stdout]   39:     0x564143e20457 - <alloc::boxed::Box<F,A> as core::ops::function::FnOnce<Args>>::call_once::h7ece6cfefaff1005
[INFO] [stdout]                                at /rustc/a178d0322ce20e33eac124758e837cbd80a6f633/library/alloc/src/boxed.rs:1575:9
[INFO] [stdout]   40:     0x564143e20457 - <alloc::boxed::Box<F,A> as core::ops::function::FnOnce<Args>>::call_once::hb8b48e55c21f193e
[INFO] [stdout]                                at /rustc/a178d0322ce20e33eac124758e837cbd80a6f633/library/alloc/src/boxed.rs:1575:9
[INFO] [stdout]   41:     0x564143e20457 - std::sys::unix::thread::Thread::new::thread_start::h8c7c4450dba62914
[INFO] [stdout]                                at /rustc/a178d0322ce20e33eac124758e837cbd80a6f633/library/std/src/sys/unix/thread.rs:71:17
[INFO] [stdout]   42:     0x7f8ed507c609 - start_thread
[INFO] [stdout]   43:     0x7f8ed4e4e293 - clone
[INFO] [stdout]   44:                0x0 - <unknown>
[INFO] [stdout] 
[INFO] [stdout] ---- input::test::test_backspace stdout ----
[INFO] [stdout] thread 'input::test::test_backspace' panicked at 'called `Result::unwrap()` on an `Err` value: Os { code: 25, kind: Other, message: "Inappropriate ioctl for device" }', src/input.rs:363:56
[INFO] [stdout] stack backtrace:
[INFO] [stdout]    0:     0x564143e19150 - std::backtrace_rs::backtrace::libunwind::trace::h34055254b57d8e79
[INFO] [stdout]                                at /rustc/a178d0322ce20e33eac124758e837cbd80a6f633/library/std/src/../../backtrace/src/backtrace/libunwind.rs:90:5
[INFO] [stdout]    1:     0x564143e19150 - std::backtrace_rs::backtrace::trace_unsynchronized::h8f1e3fbd9afff6ec
[INFO] [stdout]                                at /rustc/a178d0322ce20e33eac124758e837cbd80a6f633/library/std/src/../../backtrace/src/backtrace/mod.rs:66:5
[INFO] [stdout]    2:     0x564143e19150 - std::sys_common::backtrace::_print_fmt::h3a99a796b770c360
[INFO] [stdout]                                at /rustc/a178d0322ce20e33eac124758e837cbd80a6f633/library/std/src/sys_common/backtrace.rs:67:5
[INFO] [stdout]    3:     0x564143e19150 - <std::sys_common::backtrace::_print::DisplayBacktrace as core::fmt::Display>::fmt::h32d1f94a80615d18
[INFO] [stdout]                                at /rustc/a178d0322ce20e33eac124758e837cbd80a6f633/library/std/src/sys_common/backtrace.rs:46:22
[INFO] [stdout]    4:     0x564143e3bb0c - core::fmt::write::h306731c068f7162c
[INFO] [stdout]                                at /rustc/a178d0322ce20e33eac124758e837cbd80a6f633/library/core/src/fmt/mod.rs:1110:17
[INFO] [stdout]    5:     0x564143e15f75 - std::io::Write::write_fmt::h87f19b0a2cd190bc
[INFO] [stdout]                                at /rustc/a178d0322ce20e33eac124758e837cbd80a6f633/library/std/src/io/mod.rs:1588:15
[INFO] [stdout]    6:     0x564143e1b2bb - std::sys_common::backtrace::_print::h5abaa2601a852287
[INFO] [stdout]                                at /rustc/a178d0322ce20e33eac124758e837cbd80a6f633/library/std/src/sys_common/backtrace.rs:49:5
[INFO] [stdout]    7:     0x564143e1b2bb - std::sys_common::backtrace::print::h8d81445442bb638f
[INFO] [stdout]                                at /rustc/a178d0322ce20e33eac124758e837cbd80a6f633/library/std/src/sys_common/backtrace.rs:36:9
[INFO] [stdout]    8:     0x564143e1b2bb - std::panicking::default_hook::{{closure}}::hcfe804496a9fa747
[INFO] [stdout]                                at /rustc/a178d0322ce20e33eac124758e837cbd80a6f633/library/std/src/panicking.rs:208:50
[INFO] [stdout]    9:     0x564143e1adcc - std::panicking::default_hook::hbea8e3ccf2ba8901
[INFO] [stdout]                                at /rustc/a178d0322ce20e33eac124758e837cbd80a6f633/library/std/src/panicking.rs:222:9
[INFO] [stdout]   10:     0x564143e1b984 - std::panicking::rust_panic_with_hook::h7ee9e1a2d0f8975a
[INFO] [stdout]                                at /rustc/a178d0322ce20e33eac124758e837cbd80a6f633/library/std/src/panicking.rs:622:17
[INFO] [stdout]   11:     0x564143e1b467 - std::panicking::begin_panic_handler::{{closure}}::h8ab3b4491718b2c7
[INFO] [stdout]                                at /rustc/a178d0322ce20e33eac124758e837cbd80a6f633/library/std/src/panicking.rs:519:13
[INFO] [stdout]   12:     0x564143e1964c - std::sys_common::backtrace::__rust_end_short_backtrace::hd489062ffa586a9f
[INFO] [stdout]                                at /rustc/a178d0322ce20e33eac124758e837cbd80a6f633/library/std/src/sys_common/backtrace.rs:141:18
[INFO] [stdout]   13:     0x564143e1b3c9 - rust_begin_unwind
[INFO] [stdout]                                at /rustc/a178d0322ce20e33eac124758e837cbd80a6f633/library/std/src/panicking.rs:515:5
[INFO] [stdout]   14:     0x564143d90651 - core::panicking::panic_fmt::hca6330e3e14086b4
[INFO] [stdout]                                at /rustc/a178d0322ce20e33eac124758e837cbd80a6f633/library/core/src/panicking.rs:92:14
[INFO] [stdout]   15:     0x564143d90743 - core::result::unwrap_failed::h6160d2b4bfbb0e87
[INFO] [stdout]                                at /rustc/a178d0322ce20e33eac124758e837cbd80a6f633/library/core/src/result.rs:1355:5
[INFO] [stdout]   16:     0x564143db7104 - core::result::Result<T,E>::unwrap::h4bdb70332755ebf4
[INFO] [stdout]                                at /rustc/a178d0322ce20e33eac124758e837cbd80a6f633/library/core/src/result.rs:1037:23
[INFO] [stdout]   17:     0x564143dace4e - termit_ion::input::test::line_match::h04eb7678763cc22f
[INFO] [stdout]                                at /opt/rustwide/workdir/src/input.rs:363:20
[INFO] [stdout]   18:     0x564143db0474 - termit_ion::input::test::test_backspace::h39af3c6c02b57579
[INFO] [stdout]                                at /opt/rustwide/workdir/src/input.rs:387:9
[INFO] [stdout]   19:     0x564143db042a - termit_ion::input::test::test_backspace::{{closure}}::h2b0e00e109ee6475
[INFO] [stdout]                                at /opt/rustwide/workdir/src/input.rs:386:5
[INFO] [stdout]   20:     0x564143daa43e - core::ops::function::FnOnce::call_once::h688613cf9adca7e0
[INFO] [stdout]                                at /rustc/a178d0322ce20e33eac124758e837cbd80a6f633/library/core/src/ops/function.rs:227:5
[INFO] [stdout]   21:     0x564143dee5e3 - core::ops::function::FnOnce::call_once::h152e7e439ff59e19
[INFO] [stdout]                                at /rustc/a178d0322ce20e33eac124758e837cbd80a6f633/library/core/src/ops/function.rs:227:5
[INFO] [stdout]   22:     0x564143dee5e3 - test::__rust_begin_short_backtrace::h0908f3b1fdbb72ab
[INFO] [stdout]                                at /rustc/a178d0322ce20e33eac124758e837cbd80a6f633/library/test/src/lib.rs:577:5
[INFO] [stdout]   23:     0x564143ded0a0 - <alloc::boxed::Box<F,A> as core::ops::function::FnOnce<Args>>::call_once::hf6d2a51e5587546c
[INFO] [stdout]                                at /rustc/a178d0322ce20e33eac124758e837cbd80a6f633/library/alloc/src/boxed.rs:1575:9
[INFO] [stdout]   24:     0x564143ded0a0 - <std::panic::AssertUnwindSafe<F> as core::ops::function::FnOnce<()>>::call_once::h8af660f3a89ef593
[INFO] [stdout]                                at /rustc/a178d0322ce20e33eac124758e837cbd80a6f633/library/std/src/panic.rs:347:9
[INFO] [stdout]   25:     0x564143ded0a0 - std::panicking::try::do_call::hd36aef60f84b6d36
[INFO] [stdout]                                at /rustc/a178d0322ce20e33eac124758e837cbd80a6f633/library/std/src/panicking.rs:401:40
[INFO] [stdout]   26:     0x564143ded0a0 - std::panicking::try::h9932b4480e69817c
[INFO] [stdout]                                at /rustc/a178d0322ce20e33eac124758e837cbd80a6f633/library/std/src/panicking.rs:365:19
[INFO] [stdout]   27:     0x564143ded0a0 - std::panic::catch_unwind::h6aa177099cfff5f8
[INFO] [stdout]                                at /rustc/a178d0322ce20e33eac124758e837cbd80a6f633/library/std/src/panic.rs:434:14
[INFO] [stdout]   28:     0x564143ded0a0 - test::run_test_in_process::h5884d6f2d99e20c3
[INFO] [stdout]                                at /rustc/a178d0322ce20e33eac124758e837cbd80a6f633/library/test/src/lib.rs:600:18
[INFO] [stdout]   29:     0x564143ded0a0 - test::run_test::run_test_inner::{{closure}}::h6fdc58c6d5f5b6e3
[INFO] [stdout]                                at /rustc/a178d0322ce20e33eac124758e837cbd80a6f633/library/test/src/lib.rs:492:39
[INFO] [stdout]   30:     0x564143dc6752 - test::run_test::run_test_inner::{{closure}}::h408365d67a78ade8
[INFO] [stdout]                                at /rustc/a178d0322ce20e33eac124758e837cbd80a6f633/library/test/src/lib.rs:519:37
[INFO] [stdout]   31:     0x564143dc6752 - std::sys_common::backtrace::__rust_begin_short_backtrace::hb560b77c4f701523
[INFO] [stdout]                                at /rustc/a178d0322ce20e33eac124758e837cbd80a6f633/library/std/src/sys_common/backtrace.rs:125:18
[INFO] [stdout]   32:     0x564143dca308 - std::thread::Builder::spawn_unchecked::{{closure}}::{{closure}}::hf2e7831dad93c597
[INFO] [stdout]                                at /rustc/a178d0322ce20e33eac124758e837cbd80a6f633/library/std/src/thread/mod.rs:481:17
[INFO] [stdout]   33:     0x564143dca308 - <std::panic::AssertUnwindSafe<F> as core::ops::function::FnOnce<()>>::call_once::hd2e08783d8be4d02
[INFO] [stdout]                                at /rustc/a178d0322ce20e33eac124758e837cbd80a6f633/library/std/src/panic.rs:347:9
[INFO] [stdout]   34:     0x564143dca308 - std::panicking::try::do_call::h062597b7acfd6b82
[INFO] [stdout]                                at /rustc/a178d0322ce20e33eac124758e837cbd80a6f633/library/std/src/panicking.rs:401:40
[INFO] [stdout]   35:     0x564143dca308 - std::panicking::try::h0d7b79db04c14552
[INFO] [stdout]                                at /rustc/a178d0322ce20e33eac124758e837cbd80a6f633/library/std/src/panicking.rs:365:19
[INFO] [stdout]   36:     0x564143dca308 - std::panic::catch_unwind::hb01a0b5e7c8cd43b
[INFO] [stdout]                                at /rustc/a178d0322ce20e33eac124758e837cbd80a6f633/library/std/src/panic.rs:434:14
[INFO] [stdout]   37:     0x564143dca308 - std::thread::Builder::spawn_unchecked::{{closure}}::h5bde48cc887e0d1e
[INFO] [stdout]                                at /rustc/a178d0322ce20e33eac124758e837cbd80a6f633/library/std/src/thread/mod.rs:480:30
[INFO] [stdout]   38:     0x564143dca308 - core::ops::function::FnOnce::call_once{{vtable.shim}}::h745ea30807a29e55
[INFO] [stdout]                                at /rustc/a178d0322ce20e33eac124758e837cbd80a6f633/library/core/src/ops/function.rs:227:5
[INFO] [stdout]   39:     0x564143e20457 - <alloc::boxed::Box<F,A> as core::ops::function::FnOnce<Args>>::call_once::h7ece6cfefaff1005
[INFO] [stdout]                                at /rustc/a178d0322ce20e33eac124758e837cbd80a6f633/library/alloc/src/boxed.rs:1575:9
[INFO] [stdout]   40:     0x564143e20457 - <alloc::boxed::Box<F,A> as core::ops::function::FnOnce<Args>>::call_once::hb8b48e55c21f193e
[INFO] [stdout]                                at /rustc/a178d0322ce20e33eac124758e837cbd80a6f633/library/alloc/src/boxed.rs:1575:9
[INFO] [stdout]   41:     0x564143e20457 - std::sys::unix::thread::Thread::new::thread_start::h8c7c4450dba62914
[INFO] [stdout]                                at /rustc/a178d0322ce20e33eac124758e837cbd80a6f633/library/std/src/sys/unix/thread.rs:71:17
[INFO] [stdout]   42:     0x7f8ed507c609 - start_thread
[INFO] [stdout]   43:     0x7f8ed4e4e293 - clone
[INFO] [stdout]   44:                0x0 - <unknown>
[INFO] [stdout] 
[INFO] [stdout] 
[INFO] [stdout] failures:
[INFO] [stdout]     input::test::test_abort
[INFO] [stdout]     input::test::test_backspace
[INFO] [stdout]     input::test::test_end
[INFO] [stdout]     input::test::test_read
[INFO] [stdout]     raw::test::test_into_raw_mode
[INFO] [stdout]     test::test_get_terminal_attr
[INFO] [stdout]     test::test_set_terminal_attr
[INFO] [stdout]     test::test_size
[INFO] [stdout] 
[INFO] [stdout] test result: FAILED. 9 passed; 8 failed; 0 ignored; 0 measured; 0 filtered out; finished in 0.03s
[INFO] [stdout] 
[INFO] running `Command { std: "docker" "inspect" "d3b93703d68252516e2c6a8ef9a2312ed2f75752f502ad3e061400291dfbd26b", kill_on_drop: false }`
[INFO] running `Command { std: "docker" "rm" "-f" "d3b93703d68252516e2c6a8ef9a2312ed2f75752f502ad3e061400291dfbd26b", kill_on_drop: false }`
[INFO] [stdout] d3b93703d68252516e2c6a8ef9a2312ed2f75752f502ad3e061400291dfbd26b
