[INFO] fetching crate terminator 0.1.0...
[INFO] testing terminator-0.1.0 against 1.54.0 for beta-1.55-1
[INFO] extracting crate terminator 0.1.0 into /workspace/builds/worker-10/source
[INFO] validating manifest of crates.io crate terminator 0.1.0 on toolchain 1.54.0
[INFO] running `Command { std: "/workspace/cargo-home/bin/cargo" "+1.54.0" "metadata" "--manifest-path" "Cargo.toml" "--no-deps", kill_on_drop: false }`
[INFO] started tweaking crates.io crate terminator 0.1.0
[INFO] finished tweaking crates.io crate terminator 0.1.0
[INFO] tweaked toml for crates.io crate terminator 0.1.0 written to /workspace/builds/worker-10/source/Cargo.toml
[INFO] crate crates.io crate terminator 0.1.0 already has a lockfile, it will not be regenerated
[INFO] running `Command { std: "/workspace/cargo-home/bin/cargo" "+1.54.0" "fetch" "--manifest-path" "Cargo.toml", kill_on_drop: false }`
[INFO] running `Command { std: "docker" "create" "-v" "/var/lib/crater-agent-workspace/builds/worker-10/target:/opt/rustwide/target:rw,Z" "-v" "/var/lib/crater-agent-workspace/builds/worker-10/source:/opt/rustwide/workdir:ro,Z" "-v" "/var/lib/crater-agent-workspace/cargo-home:/opt/rustwide/cargo-home:ro,Z" "-v" "/var/lib/crater-agent-workspace/rustup-home:/opt/rustwide/rustup-home:ro,Z" "-e" "SOURCE_DIR=/opt/rustwide/workdir" "-e" "CARGO_TARGET_DIR=/opt/rustwide/target" "-e" "CARGO_HOME=/opt/rustwide/cargo-home" "-e" "RUSTUP_HOME=/opt/rustwide/rustup-home" "-w" "/opt/rustwide/workdir" "-m" "1610612736" "--user" "0:0" "--network" "none" "ghcr.io/rust-lang/crates-build-env/linux@sha256:34b6a614d2c27851fe6cbf88fbd1137609cefab8b10d0615aaeb6fd47975d74e" "/opt/rustwide/cargo-home/bin/cargo" "+1.54.0" "metadata" "--no-deps" "--format-version=1", kill_on_drop: false }`
[INFO] [stdout] 35da66b0a628d9d1610e071f73c87324744b26dfe0d12852850f7f78464f9c2a
[INFO] [stderr] WARNING: Your kernel does not support swap limit capabilities or the cgroup is not mounted. Memory limited without swap.
[INFO] running `Command { std: "docker" "start" "-a" "35da66b0a628d9d1610e071f73c87324744b26dfe0d12852850f7f78464f9c2a", kill_on_drop: false }`
[INFO] running `Command { std: "docker" "inspect" "35da66b0a628d9d1610e071f73c87324744b26dfe0d12852850f7f78464f9c2a", kill_on_drop: false }`
[INFO] running `Command { std: "docker" "rm" "-f" "35da66b0a628d9d1610e071f73c87324744b26dfe0d12852850f7f78464f9c2a", kill_on_drop: false }`
[INFO] [stdout] 35da66b0a628d9d1610e071f73c87324744b26dfe0d12852850f7f78464f9c2a
[INFO] running `Command { std: "docker" "create" "-v" "/var/lib/crater-agent-workspace/builds/worker-10/target:/opt/rustwide/target:rw,Z" "-v" "/var/lib/crater-agent-workspace/builds/worker-10/source:/opt/rustwide/workdir:ro,Z" "-v" "/var/lib/crater-agent-workspace/cargo-home:/opt/rustwide/cargo-home:ro,Z" "-v" "/var/lib/crater-agent-workspace/rustup-home:/opt/rustwide/rustup-home:ro,Z" "-e" "SOURCE_DIR=/opt/rustwide/workdir" "-e" "CARGO_TARGET_DIR=/opt/rustwide/target" "-e" "CARGO_INCREMENTAL=0" "-e" "RUST_BACKTRACE=full" "-e" "RUSTFLAGS=--cap-lints=warn" "-e" "CARGO_HOME=/opt/rustwide/cargo-home" "-e" "RUSTUP_HOME=/opt/rustwide/rustup-home" "-w" "/opt/rustwide/workdir" "-m" "1610612736" "--user" "0:0" "--network" "none" "ghcr.io/rust-lang/crates-build-env/linux@sha256:34b6a614d2c27851fe6cbf88fbd1137609cefab8b10d0615aaeb6fd47975d74e" "/opt/rustwide/cargo-home/bin/cargo" "+1.54.0" "build" "--frozen" "--message-format=json", kill_on_drop: false }`
[INFO] [stdout] 421ab585c76818f7615c8effaf89033f777359ed27d29a48c40b5c188d0af667
[INFO] [stderr] WARNING: Your kernel does not support swap limit capabilities or the cgroup is not mounted. Memory limited without swap.
[INFO] running `Command { std: "docker" "start" "-a" "421ab585c76818f7615c8effaf89033f777359ed27d29a48c40b5c188d0af667", kill_on_drop: false }`
[INFO] [stderr]     Blocking waiting for file lock on package cache
[INFO] [stderr]    Compiling terminator v0.1.0 (/opt/rustwide/workdir)
[INFO] [stderr]     Finished dev [unoptimized + debuginfo] target(s) in 1.47s
[INFO] running `Command { std: "docker" "inspect" "421ab585c76818f7615c8effaf89033f777359ed27d29a48c40b5c188d0af667", kill_on_drop: false }`
[INFO] running `Command { std: "docker" "rm" "-f" "421ab585c76818f7615c8effaf89033f777359ed27d29a48c40b5c188d0af667", kill_on_drop: false }`
[INFO] [stdout] 421ab585c76818f7615c8effaf89033f777359ed27d29a48c40b5c188d0af667
[INFO] running `Command { std: "docker" "create" "-v" "/var/lib/crater-agent-workspace/builds/worker-10/target:/opt/rustwide/target:rw,Z" "-v" "/var/lib/crater-agent-workspace/builds/worker-10/source:/opt/rustwide/workdir:ro,Z" "-v" "/var/lib/crater-agent-workspace/cargo-home:/opt/rustwide/cargo-home:ro,Z" "-v" "/var/lib/crater-agent-workspace/rustup-home:/opt/rustwide/rustup-home:ro,Z" "-e" "SOURCE_DIR=/opt/rustwide/workdir" "-e" "CARGO_TARGET_DIR=/opt/rustwide/target" "-e" "CARGO_INCREMENTAL=0" "-e" "RUST_BACKTRACE=full" "-e" "RUSTFLAGS=--cap-lints=warn" "-e" "CARGO_HOME=/opt/rustwide/cargo-home" "-e" "RUSTUP_HOME=/opt/rustwide/rustup-home" "-w" "/opt/rustwide/workdir" "-m" "1610612736" "--user" "0:0" "--network" "none" "ghcr.io/rust-lang/crates-build-env/linux@sha256:34b6a614d2c27851fe6cbf88fbd1137609cefab8b10d0615aaeb6fd47975d74e" "/opt/rustwide/cargo-home/bin/cargo" "+1.54.0" "test" "--frozen" "--no-run" "--message-format=json", kill_on_drop: false }`
[INFO] [stdout] ba23602ff4d12cfd9e0b757d3e822d32e6471e6b8c8aa4b85a44d11c3d0e51f6
[INFO] [stderr] WARNING: Your kernel does not support swap limit capabilities or the cgroup is not mounted. Memory limited without swap.
[INFO] running `Command { std: "docker" "start" "-a" "ba23602ff4d12cfd9e0b757d3e822d32e6471e6b8c8aa4b85a44d11c3d0e51f6", kill_on_drop: false }`
[INFO] [stderr]    Compiling terminator v0.1.0 (/opt/rustwide/workdir)
[INFO] [stdout] warning: trait objects without an explicit `dyn` are deprecated
[INFO] [stdout]  --> examples/debug-2015.rs:4:29
[INFO] [stdout]   |
[INFO] [stdout] 4 | fn main() -> Result<(), Box<Error>> {
[INFO] [stdout]   |                             ^^^^^ help: use `dyn`: `dyn Error`
[INFO] [stdout]   |
[INFO] [stdout]   = note: `#[warn(bare_trait_objects)]` on by default
[INFO] [stdout]   = warning: this was previously accepted by the compiler but is being phased out; it will become a hard error in the 2021 edition!
[INFO] [stdout]   = note: for more information, see issue #80165 <https://github.com/rust-lang/rust/issues/80165>
[INFO] [stdout] 
[INFO] [stdout] 
[INFO] [stdout] warning: 1 warning emitted
[INFO] [stdout] 
[INFO] [stdout] 
[INFO] [stderr]     Finished test [unoptimized + debuginfo] target(s) in 1.41s
[INFO] running `Command { std: "docker" "inspect" "ba23602ff4d12cfd9e0b757d3e822d32e6471e6b8c8aa4b85a44d11c3d0e51f6", kill_on_drop: false }`
[INFO] running `Command { std: "docker" "rm" "-f" "ba23602ff4d12cfd9e0b757d3e822d32e6471e6b8c8aa4b85a44d11c3d0e51f6", kill_on_drop: false }`
[INFO] [stdout] ba23602ff4d12cfd9e0b757d3e822d32e6471e6b8c8aa4b85a44d11c3d0e51f6
[INFO] running `Command { std: "docker" "create" "-v" "/var/lib/crater-agent-workspace/builds/worker-10/target:/opt/rustwide/target:rw,Z" "-v" "/var/lib/crater-agent-workspace/builds/worker-10/source:/opt/rustwide/workdir:ro,Z" "-v" "/var/lib/crater-agent-workspace/cargo-home:/opt/rustwide/cargo-home:ro,Z" "-v" "/var/lib/crater-agent-workspace/rustup-home:/opt/rustwide/rustup-home:ro,Z" "-e" "SOURCE_DIR=/opt/rustwide/workdir" "-e" "CARGO_TARGET_DIR=/opt/rustwide/target" "-e" "CARGO_INCREMENTAL=0" "-e" "RUST_BACKTRACE=full" "-e" "RUSTFLAGS=--cap-lints=warn" "-e" "CARGO_HOME=/opt/rustwide/cargo-home" "-e" "RUSTUP_HOME=/opt/rustwide/rustup-home" "-w" "/opt/rustwide/workdir" "-m" "1610612736" "--user" "0:0" "--network" "none" "ghcr.io/rust-lang/crates-build-env/linux@sha256:34b6a614d2c27851fe6cbf88fbd1137609cefab8b10d0615aaeb6fd47975d74e" "/opt/rustwide/cargo-home/bin/cargo" "+1.54.0" "test" "--frozen", kill_on_drop: false }`
[INFO] [stderr] WARNING: Your kernel does not support swap limit capabilities or the cgroup is not mounted. Memory limited without swap.
[INFO] [stdout] 44f469915611eb645a512f1c215f3d15d907d3747075262434bd58a0df1d2fcc
[INFO] running `Command { std: "docker" "start" "-a" "44f469915611eb645a512f1c215f3d15d907d3747075262434bd58a0df1d2fcc", kill_on_drop: false }`
[INFO] [stdout] 
[INFO] [stderr] warning: trait objects without an explicit `dyn` are deprecated
[INFO] [stdout] running 0 tests
[INFO] [stderr]  --> examples/debug-2015.rs:4:29
[INFO] [stdout] 
[INFO] [stderr]   |
[INFO] [stdout] test result: ok. 0 passed; 0 failed; 0 ignored; 0 measured; 0 filtered out; finished in 0.00s
[INFO] [stderr] 4 | fn main() -> Result<(), Box<Error>> {
[INFO] [stdout] 
[INFO] [stderr]   |                             ^^^^^ help: use `dyn`: `dyn Error`
[INFO] [stderr]   |
[INFO] [stderr]   = note: `#[warn(bare_trait_objects)]` on by default
[INFO] [stderr]   = warning: this was previously accepted by the compiler but is being phased out; it will become a hard error in the 2021 edition!
[INFO] [stderr]   = note: for more information, see issue #80165 <https://github.com/rust-lang/rust/issues/80165>
[INFO] [stderr] 
[INFO] [stderr] warning: 1 warning emitted
[INFO] [stderr] 
[INFO] [stderr]     Finished test [unoptimized + debuginfo] target(s) in 0.01s
[INFO] [stderr]      Running unittests (/opt/rustwide/target/debug/deps/terminator-c3ab2016527f761c)
[INFO] [stderr]    Doc-tests terminator
[INFO] [stdout] 
[INFO] [stdout] running 6 tests
[INFO] [stdout] test src/lib.rs - (line 36) ... FAILED
[INFO] [stdout] test src/lib.rs - Terminator (line 104) ... FAILED
[INFO] [stdout] test src/lib.rs - Terminator (line 92) ... FAILED
[INFO] [stdout] test src/lib.rs - (line 20) ... FAILED
[INFO] [stdout] test src/lib.rs - (line 54) ... FAILED
[INFO] [stdout] test src/lib.rs - Terminator (line 84) ... FAILED
[INFO] [stdout] 
[INFO] [stdout] failures:
[INFO] [stdout] 
[INFO] [stdout] ---- src/lib.rs - (line 36) stdout ----
[INFO] [stdout] error[E0412]: cannot find type `SomeDisplayError` in this scope
[INFO] [stdout]  --> src/lib.rs:37:25
[INFO] [stdout]   |
[INFO] [stdout] 2 | fn main() -> Result<(), SomeDisplayError> {
[INFO] [stdout]   |                         ^^^^^^^^^^^^^^^^ not found in this scope
[INFO] [stdout] 
[INFO] [stdout] error[E0425]: cannot find function `my_possible_failure_fn` in this scope
[INFO] [stdout]  --> src/lib.rs:38:3
[INFO] [stdout]   |
[INFO] [stdout] 3 |   my_possible_failure_fn()?;
[INFO] [stdout]   |   ^^^^^^^^^^^^^^^^^^^^^^ not found in this scope
[INFO] [stdout] 
[INFO] [stdout] error: aborting due to 2 previous errors
[INFO] [stdout] 
[INFO] [stdout] Some errors have detailed explanations: E0412, E0425.
[INFO] [stdout] For more information about an error, try `rustc --explain E0412`.
[INFO] [stdout] Couldn't compile the test.
[INFO] [stdout] ---- src/lib.rs - Terminator (line 104) stdout ----
[INFO] [stdout] error: this file contains an unclosed delimiter
[INFO] [stdout]  --> src/lib.rs:107:37
[INFO] [stdout]   |
[INFO] [stdout] 2 | fn main() { #[allow(non_snake_case)] fn _doctest_main_src_lib_rs_104_0() {
[INFO] [stdout]   |           - unclosed delimiter
[INFO] [stdout] ...
[INFO] [stdout] 5 | } _doctest_main_src_lib_rs_104_0() }
[INFO] [stdout]   |                                     ^
[INFO] [stdout] 
[INFO] [stdout] error[E0412]: cannot find type `Terminator` in this scope
[INFO] [stdout]  --> src/lib.rs:106:43
[INFO] [stdout]   |
[INFO] [stdout] 4 | impl<T: Into<Box<dyn Error>>> From<T> for Terminator {
[INFO] [stdout]   |                                           ^^^^^^^^^^ not found in this scope
[INFO] [stdout] 
[INFO] [stdout] error: aborting due to 2 previous errors
[INFO] [stdout] 
[INFO] [stdout] For more information about this error, try `rustc --explain E0412`.
[INFO] [stdout] Couldn't compile the test.
[INFO] [stdout] ---- src/lib.rs - Terminator (line 92) stdout ----
[INFO] [stdout] error: this file contains an unclosed delimiter
[INFO] [stdout]  --> src/lib.rs:94:36
[INFO] [stdout]   |
[INFO] [stdout] 2 | fn main() { #[allow(non_snake_case)] fn _doctest_main_src_lib_rs_92_0() {
[INFO] [stdout]   |           - unclosed delimiter
[INFO] [stdout] 3 | impl<T> From<T> for T {
[INFO] [stdout] 4 | } _doctest_main_src_lib_rs_92_0() }
[INFO] [stdout]   |                                    ^
[INFO] [stdout] 
[INFO] [stdout] error[E0119]: conflicting implementations of trait `std::convert::From<_>`
[INFO] [stdout]  --> src/lib.rs:93:1
[INFO] [stdout]   |
[INFO] [stdout] 3 | impl<T> From<T> for T {
[INFO] [stdout]   | ^^^^^^^^^^^^^^^^^^^^^
[INFO] [stdout]   |
[INFO] [stdout]   = note: conflicting implementation in crate `core`:
[INFO] [stdout]           - impl<T> From<T> for T;
[INFO] [stdout] 
[INFO] [stdout] error[E0210]: type parameter `T` must be used as the type parameter for some local type (e.g., `MyStruct<T>`)
[INFO] [stdout]  --> src/lib.rs:93:6
[INFO] [stdout]   |
[INFO] [stdout] 3 | impl<T> From<T> for T {
[INFO] [stdout]   |      ^ type parameter `T` must be used as the type parameter for some local type
[INFO] [stdout]   |
[INFO] [stdout]   = note: implementing a foreign trait is only possible if at least one of the types for which it is implemented is local
[INFO] [stdout]   = note: only traits defined in the current crate can be implemented for a type parameter
[INFO] [stdout] 
[INFO] [stdout] error: aborting due to 3 previous errors
[INFO] [stdout] 
[INFO] [stdout] Some errors have detailed explanations: E0119, E0210.
[INFO] [stdout] For more information about an error, try `rustc --explain E0119`.
[INFO] [stdout] Couldn't compile the test.
[INFO] [stdout] ---- src/lib.rs - (line 20) stdout ----
[INFO] [stdout] error[E0405]: cannot find trait `Error` in this scope
[INFO] [stdout]  --> src/lib.rs:28:32
[INFO] [stdout]   |
[INFO] [stdout] 9 | fn run() -> Result<(), Box<dyn Error>> {
[INFO] [stdout]   |                                ^^^^^ not found in this scope
[INFO] [stdout]   |
[INFO] [stdout] help: consider importing this trait
[INFO] [stdout]   |
[INFO] [stdout] 2 | use std::error::Error;
[INFO] [stdout]   |
[INFO] [stdout] 
[INFO] [stdout] error[E0425]: cannot find function `my_possible_failure_fn` in this scope
[INFO] [stdout]   --> src/lib.rs:29:3
[INFO] [stdout]    |
[INFO] [stdout] 10 |   my_possible_failure_fn()?;
[INFO] [stdout]    |   ^^^^^^^^^^^^^^^^^^^^^^ not found in this scope
[INFO] [stdout] 
[INFO] [stdout] error: aborting due to 2 previous errors
[INFO] [stdout] 
[INFO] [stdout] Some errors have detailed explanations: E0405, E0425.
[INFO] [stdout] For more information about an error, try `rustc --explain E0405`.
[INFO] [stdout] Couldn't compile the test.
[INFO] [stdout] ---- src/lib.rs - (line 54) stdout ----
[INFO] [stdout] error[E0425]: cannot find function `your_possible_failure_fn` in this scope
[INFO] [stdout]  --> src/lib.rs:57:3
[INFO] [stdout]   |
[INFO] [stdout] 5 |   your_possible_failure_fn()?;
[INFO] [stdout]   |   ^^^^^^^^^^^^^^^^^^^^^^^^ not found in this scope
[INFO] [stdout] 
[INFO] [stdout] error: aborting due to previous error
[INFO] [stdout] 
[INFO] [stdout] For more information about this error, try `rustc --explain E0425`.
[INFO] [stdout] Couldn't compile the test.
[INFO] [stdout] ---- src/lib.rs - Terminator (line 84) stdout ----
[INFO] [stdout] error: this file contains an unclosed delimiter
[INFO] [stdout]  --> src/lib.rs:87:36
[INFO] [stdout]   |
[INFO] [stdout] 2 | fn main() { #[allow(non_snake_case)] fn _doctest_main_src_lib_rs_84_0() {
[INFO] [stdout]   |           - unclosed delimiter
[INFO] [stdout] ...
[INFO] [stdout] 5 | } _doctest_main_src_lib_rs_84_0() }
[INFO] [stdout]   |                                    ^
[INFO] [stdout] 
[INFO] [stdout] error[E0412]: cannot find type `Terminator` in this scope
[INFO] [stdout]  --> src/lib.rs:86:28
[INFO] [stdout]   |
[INFO] [stdout] 4 | impl<T: Error> From<T> for Terminator {
[INFO] [stdout]   |                            ^^^^^^^^^^ not found in this scope
[INFO] [stdout] 
[INFO] [stdout] error: aborting due to 2 previous errors
[INFO] [stdout] 
[INFO] [stdout] For more information about this error, try `rustc --explain E0412`.
[INFO] [stdout] Couldn't compile the test.
[INFO] [stdout] 
[INFO] [stdout] failures:
[INFO] [stdout]     src/lib.rs - (line 20)
[INFO] [stdout]     src/lib.rs - (line 36)
[INFO] [stdout]     src/lib.rs - (line 54)
[INFO] [stdout]     src/lib.rs - Terminator (line 104)
[INFO] [stdout]     src/lib.rs - Terminator (line 84)
[INFO] [stdout]     src/lib.rs - Terminator (line 92)
[INFO] [stdout] 
[INFO] [stdout] test result: FAILED. 0 passed; 6 failed; 0 ignored; 0 measured; 0 filtered out; finished in 0.55s
[INFO] [stdout] 
[INFO] [stderr] error: test failed, to rerun pass '--doc'
[INFO] running `Command { std: "docker" "inspect" "44f469915611eb645a512f1c215f3d15d907d3747075262434bd58a0df1d2fcc", kill_on_drop: false }`
[INFO] running `Command { std: "docker" "rm" "-f" "44f469915611eb645a512f1c215f3d15d907d3747075262434bd58a0df1d2fcc", kill_on_drop: false }`
[INFO] [stdout] 44f469915611eb645a512f1c215f3d15d907d3747075262434bd58a0df1d2fcc
