[INFO] fetching crate terminal-emulator 0.1.0...
[INFO] testing terminal-emulator-0.1.0 against 1.54.0 for beta-1.55-1
[INFO] extracting crate terminal-emulator 0.1.0 into /workspace/builds/worker-1/source
[INFO] validating manifest of crates.io crate terminal-emulator 0.1.0 on toolchain 1.54.0
[INFO] running `Command { std: "/workspace/cargo-home/bin/cargo" "+1.54.0" "metadata" "--manifest-path" "Cargo.toml" "--no-deps", kill_on_drop: false }`
[INFO] started tweaking crates.io crate terminal-emulator 0.1.0
[INFO] finished tweaking crates.io crate terminal-emulator 0.1.0
[INFO] tweaked toml for crates.io crate terminal-emulator 0.1.0 written to /workspace/builds/worker-1/source/Cargo.toml
[INFO] running `Command { std: "/workspace/cargo-home/bin/cargo" "+1.54.0" "generate-lockfile" "--manifest-path" "Cargo.toml" "-Zno-index-update", kill_on_drop: false }`
[INFO] running `Command { std: "/workspace/cargo-home/bin/cargo" "+1.54.0" "fetch" "--manifest-path" "Cargo.toml", kill_on_drop: false }`
[INFO] running `Command { std: "docker" "create" "-v" "/var/lib/crater-agent-workspace/builds/worker-1/target:/opt/rustwide/target:rw,Z" "-v" "/var/lib/crater-agent-workspace/builds/worker-1/source:/opt/rustwide/workdir:ro,Z" "-v" "/var/lib/crater-agent-workspace/cargo-home:/opt/rustwide/cargo-home:ro,Z" "-v" "/var/lib/crater-agent-workspace/rustup-home:/opt/rustwide/rustup-home:ro,Z" "-e" "SOURCE_DIR=/opt/rustwide/workdir" "-e" "CARGO_TARGET_DIR=/opt/rustwide/target" "-e" "CARGO_HOME=/opt/rustwide/cargo-home" "-e" "RUSTUP_HOME=/opt/rustwide/rustup-home" "-w" "/opt/rustwide/workdir" "-m" "1610612736" "--user" "0:0" "--network" "none" "ghcr.io/rust-lang/crates-build-env/linux@sha256:34b6a614d2c27851fe6cbf88fbd1137609cefab8b10d0615aaeb6fd47975d74e" "/opt/rustwide/cargo-home/bin/cargo" "+1.54.0" "metadata" "--no-deps" "--format-version=1", kill_on_drop: false }`
[INFO] [stdout] 3d8a0ac07ba3c4b2a65f9328e3ae10870e03a2616ea4e39175a3c2660814c8d4
[INFO] [stderr] WARNING: Your kernel does not support swap limit capabilities or the cgroup is not mounted. Memory limited without swap.
[INFO] running `Command { std: "docker" "start" "-a" "3d8a0ac07ba3c4b2a65f9328e3ae10870e03a2616ea4e39175a3c2660814c8d4", kill_on_drop: false }`
[INFO] running `Command { std: "docker" "inspect" "3d8a0ac07ba3c4b2a65f9328e3ae10870e03a2616ea4e39175a3c2660814c8d4", kill_on_drop: false }`
[INFO] running `Command { std: "docker" "rm" "-f" "3d8a0ac07ba3c4b2a65f9328e3ae10870e03a2616ea4e39175a3c2660814c8d4", kill_on_drop: false }`
[INFO] [stdout] 3d8a0ac07ba3c4b2a65f9328e3ae10870e03a2616ea4e39175a3c2660814c8d4
[INFO] running `Command { std: "docker" "create" "-v" "/var/lib/crater-agent-workspace/builds/worker-1/target:/opt/rustwide/target:rw,Z" "-v" "/var/lib/crater-agent-workspace/builds/worker-1/source:/opt/rustwide/workdir:ro,Z" "-v" "/var/lib/crater-agent-workspace/cargo-home:/opt/rustwide/cargo-home:ro,Z" "-v" "/var/lib/crater-agent-workspace/rustup-home:/opt/rustwide/rustup-home:ro,Z" "-e" "SOURCE_DIR=/opt/rustwide/workdir" "-e" "CARGO_TARGET_DIR=/opt/rustwide/target" "-e" "CARGO_INCREMENTAL=0" "-e" "RUST_BACKTRACE=full" "-e" "RUSTFLAGS=--cap-lints=warn" "-e" "CARGO_HOME=/opt/rustwide/cargo-home" "-e" "RUSTUP_HOME=/opt/rustwide/rustup-home" "-w" "/opt/rustwide/workdir" "-m" "1610612736" "--user" "0:0" "--network" "none" "ghcr.io/rust-lang/crates-build-env/linux@sha256:34b6a614d2c27851fe6cbf88fbd1137609cefab8b10d0615aaeb6fd47975d74e" "/opt/rustwide/cargo-home/bin/cargo" "+1.54.0" "build" "--frozen" "--message-format=json", kill_on_drop: false }`
[INFO] [stdout] f3e633e716bc37f0dfce8fd848b536c7d302361371a338a447b3e1f17d49cd01
[INFO] [stderr] WARNING: Your kernel does not support swap limit capabilities or the cgroup is not mounted. Memory limited without swap.
[INFO] running `Command { std: "docker" "start" "-a" "f3e633e716bc37f0dfce8fd848b536c7d302361371a338a447b3e1f17d49cd01", kill_on_drop: false }`
[INFO] [stderr]    Compiling arraydeque v0.4.5
[INFO] [stderr]    Compiling static_assertions v0.3.4
[INFO] [stderr]    Compiling terminal-emulator v0.1.0 (/opt/rustwide/workdir)
[INFO] [stdout] warning: the item `Range` is imported redundantly
[INFO] [stdout]    --> src/term/mod.rs:812:13
[INFO] [stdout]     |
[INFO] [stdout] 17  | use std::ops::{Index, IndexMut, Range};
[INFO] [stdout]     |                                 ----- the item `Range` is already imported here
[INFO] [stdout] ...
[INFO] [stdout] 812 |         use std::ops::Range;
[INFO] [stdout]     |             ^^^^^^^^^^^^^^^
[INFO] [stdout]     |
[INFO] [stdout]     = note: `#[warn(unused_imports)]` on by default
[INFO] [stdout] 
[INFO] [stdout] 
[INFO] [stdout] warning: use of deprecated function `std::mem::uninitialized`: use `mem::MaybeUninit` instead
[INFO] [stdout]    --> src/term/cell.rs:128:30
[INFO] [stdout]     |
[INFO] [stdout] 128 |             let mut chars = [std::mem::uninitialized(); MAX_ZEROWIDTH_CHARS + 1];
[INFO] [stdout]     |                              ^^^^^^^^^^^^^^^^^^^^^^^
[INFO] [stdout]     |
[INFO] [stdout]     = note: `#[warn(deprecated)]` on by default
[INFO] [stdout] 
[INFO] [stdout] 
[INFO] [stdout] warning: unused return value of `static_assertions::core::num::<impl usize>::saturating_sub` that must be used
[INFO] [stdout]     --> src/term/mod.rs:1253:21
[INFO] [stdout]      |
[INFO] [stdout] 1253 |                     col.saturating_sub(1);
[INFO] [stdout]      |                     ^^^^^^^^^^^^^^^^^^^^^^
[INFO] [stdout]      |
[INFO] [stdout]      = note: `#[warn(unused_must_use)]` on by default
[INFO] [stdout]      = note: this returns the result of the operation, without modifying the original
[INFO] [stdout] 
[INFO] [stdout] 
[INFO] [stdout] warning: the type `char` does not permit being left uninitialized
[INFO] [stdout]    --> src/term/cell.rs:128:30
[INFO] [stdout]     |
[INFO] [stdout] 128 |             let mut chars = [std::mem::uninitialized(); MAX_ZEROWIDTH_CHARS + 1];
[INFO] [stdout]     |                              ^^^^^^^^^^^^^^^^^^^^^^^^^
[INFO] [stdout]     |                              |
[INFO] [stdout]     |                              this code causes undefined behavior when executed
[INFO] [stdout]     |                              help: use `MaybeUninit<T>` instead, and only call `assume_init` after initialization is done
[INFO] [stdout]     |
[INFO] [stdout]     = note: `#[warn(invalid_value)]` on by default
[INFO] [stdout]     = note: characters must be a valid Unicode codepoint
[INFO] [stdout] 
[INFO] [stdout] 
[INFO] [stderr]     Finished dev [unoptimized + debuginfo] target(s) in 5.15s
[INFO] [stdout] warning: 4 warnings emitted
[INFO] [stdout] 
[INFO] [stdout] 
[INFO] running `Command { std: "docker" "inspect" "f3e633e716bc37f0dfce8fd848b536c7d302361371a338a447b3e1f17d49cd01", kill_on_drop: false }`
[INFO] running `Command { std: "docker" "rm" "-f" "f3e633e716bc37f0dfce8fd848b536c7d302361371a338a447b3e1f17d49cd01", kill_on_drop: false }`
[INFO] [stdout] f3e633e716bc37f0dfce8fd848b536c7d302361371a338a447b3e1f17d49cd01
[INFO] running `Command { std: "docker" "create" "-v" "/var/lib/crater-agent-workspace/builds/worker-1/target:/opt/rustwide/target:rw,Z" "-v" "/var/lib/crater-agent-workspace/builds/worker-1/source:/opt/rustwide/workdir:ro,Z" "-v" "/var/lib/crater-agent-workspace/cargo-home:/opt/rustwide/cargo-home:ro,Z" "-v" "/var/lib/crater-agent-workspace/rustup-home:/opt/rustwide/rustup-home:ro,Z" "-e" "SOURCE_DIR=/opt/rustwide/workdir" "-e" "CARGO_TARGET_DIR=/opt/rustwide/target" "-e" "CARGO_INCREMENTAL=0" "-e" "RUST_BACKTRACE=full" "-e" "RUSTFLAGS=--cap-lints=warn" "-e" "CARGO_HOME=/opt/rustwide/cargo-home" "-e" "RUSTUP_HOME=/opt/rustwide/rustup-home" "-w" "/opt/rustwide/workdir" "-m" "1610612736" "--user" "0:0" "--network" "none" "ghcr.io/rust-lang/crates-build-env/linux@sha256:34b6a614d2c27851fe6cbf88fbd1137609cefab8b10d0615aaeb6fd47975d74e" "/opt/rustwide/cargo-home/bin/cargo" "+1.54.0" "test" "--frozen" "--no-run" "--message-format=json", kill_on_drop: false }`
[INFO] [stdout] f06e19d325caa8948cd32ce24026df2b4e6d73b712cff58e0fc8089f8492fe5a
[INFO] [stderr] WARNING: Your kernel does not support swap limit capabilities or the cgroup is not mounted. Memory limited without swap.
[INFO] running `Command { std: "docker" "start" "-a" "f06e19d325caa8948cd32ce24026df2b4e6d73b712cff58e0fc8089f8492fe5a", kill_on_drop: false }`
[INFO] [stderr]    Compiling terminal-emulator v0.1.0 (/opt/rustwide/workdir)
[INFO] [stdout] warning: the item `Range` is imported redundantly
[INFO] [stdout]    --> src/term/mod.rs:812:13
[INFO] [stdout]     |
[INFO] [stdout] 17  | use std::ops::{Index, IndexMut, Range};
[INFO] [stdout]     |                                 ----- the item `Range` is already imported here
[INFO] [stdout] ...
[INFO] [stdout] 812 |         use std::ops::Range;
[INFO] [stdout]     |             ^^^^^^^^^^^^^^^
[INFO] [stdout]     |
[INFO] [stdout]     = note: `#[warn(unused_imports)]` on by default
[INFO] [stdout] 
[INFO] [stdout] 
[INFO] [stdout] warning: use of deprecated function `std::mem::uninitialized`: use `mem::MaybeUninit` instead
[INFO] [stdout]    --> src/term/cell.rs:128:30
[INFO] [stdout]     |
[INFO] [stdout] 128 |             let mut chars = [std::mem::uninitialized(); MAX_ZEROWIDTH_CHARS + 1];
[INFO] [stdout]     |                              ^^^^^^^^^^^^^^^^^^^^^^^
[INFO] [stdout]     |
[INFO] [stdout]     = note: `#[warn(deprecated)]` on by default
[INFO] [stdout] 
[INFO] [stdout] 
[INFO] [stdout] warning: unused return value of `static_assertions::core::num::<impl usize>::saturating_sub` that must be used
[INFO] [stdout]     --> src/term/mod.rs:1253:21
[INFO] [stdout]      |
[INFO] [stdout] 1253 |                     col.saturating_sub(1);
[INFO] [stdout]      |                     ^^^^^^^^^^^^^^^^^^^^^^
[INFO] [stdout]      |
[INFO] [stdout]      = note: `#[warn(unused_must_use)]` on by default
[INFO] [stdout]      = note: this returns the result of the operation, without modifying the original
[INFO] [stdout] 
[INFO] [stdout] 
[INFO] [stdout] warning: the type `char` does not permit being left uninitialized
[INFO] [stdout]    --> src/term/cell.rs:128:30
[INFO] [stdout]     |
[INFO] [stdout] 128 |             let mut chars = [std::mem::uninitialized(); MAX_ZEROWIDTH_CHARS + 1];
[INFO] [stdout]     |                              ^^^^^^^^^^^^^^^^^^^^^^^^^
[INFO] [stdout]     |                              |
[INFO] [stdout]     |                              this code causes undefined behavior when executed
[INFO] [stdout]     |                              help: use `MaybeUninit<T>` instead, and only call `assume_init` after initialization is done
[INFO] [stdout]     |
[INFO] [stdout]     = note: `#[warn(invalid_value)]` on by default
[INFO] [stdout]     = note: characters must be a valid Unicode codepoint
[INFO] [stdout] 
[INFO] [stdout] 
[INFO] [stdout] warning: 4 warnings emitted
[INFO] [stdout] 
[INFO] [stdout] 
[INFO] [stdout] warning: the item `Range` is imported redundantly
[INFO] [stdout]    --> src/term/mod.rs:812:13
[INFO] [stdout]     |
[INFO] [stdout] 17  | use std::ops::{Index, IndexMut, Range};
[INFO] [stdout]     |                                 ----- the item `Range` is already imported here
[INFO] [stdout] ...
[INFO] [stdout] 812 |         use std::ops::Range;
[INFO] [stdout]     |             ^^^^^^^^^^^^^^^
[INFO] [stdout]     |
[INFO] [stdout]     = note: `#[warn(unused_imports)]` on by default
[INFO] [stdout] 
[INFO] [stdout] 
[INFO] [stdout] warning: use of deprecated function `std::mem::uninitialized`: use `mem::MaybeUninit` instead
[INFO] [stdout]    --> src/term/cell.rs:128:30
[INFO] [stdout]     |
[INFO] [stdout] 128 |             let mut chars = [std::mem::uninitialized(); MAX_ZEROWIDTH_CHARS + 1];
[INFO] [stdout]     |                              ^^^^^^^^^^^^^^^^^^^^^^^
[INFO] [stdout]     |
[INFO] [stdout]     = note: `#[warn(deprecated)]` on by default
[INFO] [stdout] 
[INFO] [stdout] 
[INFO] [stdout] warning: unused return value of `static_assertions::core::num::<impl usize>::saturating_sub` that must be used
[INFO] [stdout]     --> src/term/mod.rs:1253:21
[INFO] [stdout]      |
[INFO] [stdout] 1253 |                     col.saturating_sub(1);
[INFO] [stdout]      |                     ^^^^^^^^^^^^^^^^^^^^^^
[INFO] [stdout]      |
[INFO] [stdout]      = note: `#[warn(unused_must_use)]` on by default
[INFO] [stdout]      = note: this returns the result of the operation, without modifying the original
[INFO] [stdout] 
[INFO] [stdout] 
[INFO] [stdout] warning: the type `char` does not permit being left uninitialized
[INFO] [stdout]    --> src/term/cell.rs:128:30
[INFO] [stdout]     |
[INFO] [stdout] 128 |             let mut chars = [std::mem::uninitialized(); MAX_ZEROWIDTH_CHARS + 1];
[INFO] [stdout]     |                              ^^^^^^^^^^^^^^^^^^^^^^^^^
[INFO] [stdout]     |                              |
[INFO] [stdout]     |                              this code causes undefined behavior when executed
[INFO] [stdout]     |                              help: use `MaybeUninit<T>` instead, and only call `assume_init` after initialization is done
[INFO] [stdout]     |
[INFO] [stdout]     = note: `#[warn(invalid_value)]` on by default
[INFO] [stdout]     = note: characters must be a valid Unicode codepoint
[INFO] [stdout] 
[INFO] [stdout] 
[INFO] [stdout] warning: 4 warnings emitted
[INFO] [stdout] 
[INFO] [stdout] 
[INFO] [stderr]     Finished test [unoptimized + debuginfo] target(s) in 3.50s
[INFO] running `Command { std: "docker" "inspect" "f06e19d325caa8948cd32ce24026df2b4e6d73b712cff58e0fc8089f8492fe5a", kill_on_drop: false }`
[INFO] running `Command { std: "docker" "rm" "-f" "f06e19d325caa8948cd32ce24026df2b4e6d73b712cff58e0fc8089f8492fe5a", kill_on_drop: false }`
[INFO] [stdout] f06e19d325caa8948cd32ce24026df2b4e6d73b712cff58e0fc8089f8492fe5a
[INFO] running `Command { std: "docker" "create" "-v" "/var/lib/crater-agent-workspace/builds/worker-1/target:/opt/rustwide/target:rw,Z" "-v" "/var/lib/crater-agent-workspace/builds/worker-1/source:/opt/rustwide/workdir:ro,Z" "-v" "/var/lib/crater-agent-workspace/cargo-home:/opt/rustwide/cargo-home:ro,Z" "-v" "/var/lib/crater-agent-workspace/rustup-home:/opt/rustwide/rustup-home:ro,Z" "-e" "SOURCE_DIR=/opt/rustwide/workdir" "-e" "CARGO_TARGET_DIR=/opt/rustwide/target" "-e" "CARGO_INCREMENTAL=0" "-e" "RUST_BACKTRACE=full" "-e" "RUSTFLAGS=--cap-lints=warn" "-e" "CARGO_HOME=/opt/rustwide/cargo-home" "-e" "RUSTUP_HOME=/opt/rustwide/rustup-home" "-w" "/opt/rustwide/workdir" "-m" "1610612736" "--user" "0:0" "--network" "none" "ghcr.io/rust-lang/crates-build-env/linux@sha256:34b6a614d2c27851fe6cbf88fbd1137609cefab8b10d0615aaeb6fd47975d74e" "/opt/rustwide/cargo-home/bin/cargo" "+1.54.0" "test" "--frozen", kill_on_drop: false }`
[INFO] [stdout] 4b7aaaccee134d0a6ed6b26d109d30c668cbbd982fa701a7a323e4151c8e55d4
[INFO] [stderr] WARNING: Your kernel does not support swap limit capabilities or the cgroup is not mounted. Memory limited without swap.
[INFO] running `Command { std: "docker" "start" "-a" "4b7aaaccee134d0a6ed6b26d109d30c668cbbd982fa701a7a323e4151c8e55d4", kill_on_drop: false }`
[INFO] [stderr] warning: the item `Range` is imported redundantly
[INFO] [stderr]    --> src/term/mod.rs:812:13
[INFO] [stderr]     |
[INFO] [stderr] 17  | use std::ops::{Index, IndexMut, Range};
[INFO] [stderr]     |                                 ----- the item `Range` is already imported here
[INFO] [stderr] ...
[INFO] [stderr] 812 |         use std::ops::Range;
[INFO] [stderr]     |             ^^^^^^^^^^^^^^^
[INFO] [stderr]     |
[INFO] [stderr]     = note: `#[warn(unused_imports)]` on by default
[INFO] [stderr] 
[INFO] [stderr] warning: use of deprecated function `std::mem::uninitialized`: use `mem::MaybeUninit` instead
[INFO] [stderr]    --> src/term/cell.rs:128:30
[INFO] [stderr]     |
[INFO] [stderr] 128 |             let mut chars = [std::mem::uninitialized(); MAX_ZEROWIDTH_CHARS + 1];
[INFO] [stderr]     |                              ^^^^^^^^^^^^^^^^^^^^^^^
[INFO] [stderr]     |
[INFO] [stderr]     = note: `#[warn(deprecated)]` on by default
[INFO] [stderr] 
[INFO] [stderr] warning: unused return value of `static_assertions::core::num::<impl usize>::saturating_sub` that must be used
[INFO] [stderr]     --> src/term/mod.rs:1253:21
[INFO] [stderr]      |
[INFO] [stderr] 1253 |                     col.saturating_sub(1);
[INFO] [stderr]      |                     ^^^^^^^^^^^^^^^^^^^^^^
[INFO] [stderr]      |
[INFO] [stderr]      = note: `#[warn(unused_must_use)]` on by default
[INFO] [stderr]      = note: this returns the result of the operation, without modifying the original
[INFO] [stderr] 
[INFO] [stderr] warning: the type `char` does not permit being left uninitialized
[INFO] [stderr]    --> src/term/cell.rs:128:30
[INFO] [stderr]     |
[INFO] [stderr] 128 |             let mut chars = [std::mem::uninitialized(); MAX_ZEROWIDTH_CHARS + 1];
[INFO] [stderr]     |                              ^^^^^^^^^^^^^^^^^^^^^^^^^
[INFO] [stderr]     |                              |
[INFO] [stderr]     |                              this code causes undefined behavior when executed
[INFO] [stderr]     |                              help: use `MaybeUninit<T>` instead, and only call `assume_init` after initialization is done
[INFO] [stderr]     |
[INFO] [stderr]     = note: `#[warn(invalid_value)]` on by default
[INFO] [stderr]     = note: characters must be a valid Unicode codepoint
[INFO] [stderr] 
[INFO] [stderr] warning: 4 warnings emitted
[INFO] [stderr] 
[INFO] [stdout] 
[INFO] [stderr] warning: the item `Range` is imported redundantly
[INFO] [stdout] running 40 tests
[INFO] [stderr]    --> src/term/mod.rs:812:13
[INFO] [stderr]     |
[INFO] [stderr] 17  | use std::ops::{Index, IndexMut, Range};
[INFO] [stderr]     |                                 ----- the item `Range` is already imported here
[INFO] [stderr] ...
[INFO] [stderr] 812 |         use std::ops::Range;
[INFO] [stderr]     |             ^^^^^^^^^^^^^^^
[INFO] [stderr]     |
[INFO] [stderr]     = note: `#[warn(unused_imports)]` on by default
[INFO] [stderr] 
[INFO] [stderr] warning: use of deprecated function `std::mem::uninitialized`: use `mem::MaybeUninit` instead
[INFO] [stderr]    --> src/term/cell.rs:128:30
[INFO] [stderr]     |
[INFO] [stderr] 128 |             let mut chars = [std::mem::uninitialized(); MAX_ZEROWIDTH_CHARS + 1];
[INFO] [stderr]     |                              ^^^^^^^^^^^^^^^^^^^^^^^
[INFO] [stderr]     |
[INFO] [stderr]     = note: `#[warn(deprecated)]` on by default
[INFO] [stderr] 
[INFO] [stderr] warning: unused return value of `static_assertions::core::num::<impl usize>::saturating_sub` that must be used
[INFO] [stderr]     --> src/term/mod.rs:1253:21
[INFO] [stderr]      |
[INFO] [stderr] 1253 |                     col.saturating_sub(1);
[INFO] [stderr]      |                     ^^^^^^^^^^^^^^^^^^^^^^
[INFO] [stderr]      |
[INFO] [stderr]      = note: `#[warn(unused_must_use)]` on by default
[INFO] [stderr]      = note: this returns the result of the operation, without modifying the original
[INFO] [stderr] 
[INFO] [stderr] warning: the type `char` does not permit being left uninitialized
[INFO] [stderr]    --> src/term/cell.rs:128:30
[INFO] [stderr]     |
[INFO] [stderr] 128 |             let mut chars = [std::mem::uninitialized(); MAX_ZEROWIDTH_CHARS + 1];
[INFO] [stderr]     |                              ^^^^^^^^^^^^^^^^^^^^^^^^^
[INFO] [stderr]     |                              |
[INFO] [stderr]     |                              this code causes undefined behavior when executed
[INFO] [stderr]     |                              help: use `MaybeUninit<T>` instead, and only call `assume_init` after initialization is done
[INFO] [stderr]     |
[INFO] [stderr]     = note: `#[warn(invalid_value)]` on by default
[INFO] [stderr]     = note: characters must be a valid Unicode codepoint
[INFO] [stderr] 
[INFO] [stderr] warning: 4 warnings emitted
[INFO] [stderr] 
[INFO] [stderr]     Finished test [unoptimized + debuginfo] target(s) in 0.03s
[INFO] [stderr]      Running unittests (/opt/rustwide/target/debug/deps/terminal_emulator-aee4f84eceab03e0)
[INFO] [stdout] test grid::storage::shrink_before_and_after_zero ... ok
[INFO] [stdout] test grid::storage::shrink_after_zero ... ok
[INFO] [stdout] test grid::storage::grow_before_zero ... ok
[INFO] [stdout] test ansi::tests::parse_zsh_startup ... ok
[INFO] [stdout] test ansi::tests::parse_valid_rgb_color2 ... ok
[INFO] [stdout] test ansi::tests::parse_valid_rgb_color ... ok
[INFO] [stdout] test grid::storage::truncate_invisible_lines ... ok
[INFO] [stdout] test ansi::tests::parse_valid_number ... ok
[INFO] [stdout] test grid::storage::shrink_then_grow ... ok
[INFO] [stdout] test grid::storage::truncate_invisible_lines_beginning ... ok
[INFO] [stdout] test ansi::tests::parse_truecolor_attr ... ok
[INFO] [stdout] test grid::tests::scroll_down ... ok
[INFO] [stdout] test grid::tests::scroll_up ... ok
[INFO] [stdout] test grid::tests::test_iter ... ok
[INFO] [stdout] test selection::test::alt_scren_lines ... ok
[INFO] [stdout] test selection::test::alt_screen_simple ... ok
[INFO] [stdout] test selection::test::between_adjacent_cells_right_to_left ... ok
[INFO] [stdout] test selection::test::selection_bigger_then_smaller ... ok
[INFO] [stdout] test selection::test::single_cell_left_to_right ... ok
[INFO] [stdout] test selection::test::single_cell_right_to_left ... ok
[INFO] [stdout] test term::cell::tests::line_length_works ... ok
[INFO] [stdout] test term::cell::tests::line_length_works_with_wrapline ... ok
[INFO] [stdout] test ansi::tests::parse_number_too_large ... ok
[INFO] [stdout] test selection::test::between_adjacent_cells_left_to_right ... ok
[INFO] [stdout] test ansi::tests::parse_control_attribute ... ok
[INFO] [stdout] test selection::test::across_adjacent_lines_upward_final_cell_exclusive ... ok
[INFO] [stdout] test grid::storage::initialize ... ok
[INFO] [stdout] test selection::test::alt_screen_semantic ... ok
[INFO] [stdout] test ansi::tests::parse_designate_g0_as_line_drawing ... ok
[INFO] [stdout] test ansi::tests::parse_designate_g1_as_line_drawing_and_invoke ... ok
[INFO] [stdout] test term::tests::input_line_drawing_character ... ok
[INFO] [stdout] test index::test_range ... ok
[INFO] [stdout] test ansi::tests::parse_invalid_number ... ok
[INFO] [stdout] test grid::storage::grow_after_zero ... ok
[INFO] [stdout] test index::tests::location_ordering ... ok
[INFO] [stdout] test grid::storage::shrink_before_zero ... ok
[INFO] [stdout] test term::tests::clear_saved_lines ... ok
[INFO] [stdout] test term::tests::line_selection_works ... FAILED
[INFO] [stdout] test term::tests::selecting_empty_line ... FAILED
[INFO] [stdout] test term::tests::semantic_selection_works ... FAILED
[INFO] [stdout] 
[INFO] [stdout] failures:
[INFO] [stdout] 
[INFO] [stdout] ---- term::tests::line_selection_works stdout ----
[INFO] [stdout] thread 'term::tests::line_selection_works' panicked at 'attempted to leave type `char` uninitialized, which is invalid', /rustc/a178d0322ce20e33eac124758e837cbd80a6f633/library/core/src/mem/mod.rs:660:9
[INFO] [stdout] stack backtrace:
[INFO] [stdout]    0:     0x56465c57de30 - std::backtrace_rs::backtrace::libunwind::trace::h34055254b57d8e79
[INFO] [stdout]                                at /rustc/a178d0322ce20e33eac124758e837cbd80a6f633/library/std/src/../../backtrace/src/backtrace/libunwind.rs:90:5
[INFO] [stdout]    1:     0x56465c57de30 - std::backtrace_rs::backtrace::trace_unsynchronized::h8f1e3fbd9afff6ec
[INFO] [stdout]                                at /rustc/a178d0322ce20e33eac124758e837cbd80a6f633/library/std/src/../../backtrace/src/backtrace/mod.rs:66:5
[INFO] [stdout]    2:     0x56465c57de30 - std::sys_common::backtrace::_print_fmt::h3a99a796b770c360
[INFO] [stdout]                                at /rustc/a178d0322ce20e33eac124758e837cbd80a6f633/library/std/src/sys_common/backtrace.rs:67:5
[INFO] [stdout]    3:     0x56465c57de30 - <std::sys_common::backtrace::_print::DisplayBacktrace as core::fmt::Display>::fmt::h32d1f94a80615d18
[INFO] [stdout]                                at /rustc/a178d0322ce20e33eac124758e837cbd80a6f633/library/std/src/sys_common/backtrace.rs:46:22
[INFO] [stdout]    4:     0x56465c5a062c - core::fmt::write::h306731c068f7162c
[INFO] [stdout]                                at /rustc/a178d0322ce20e33eac124758e837cbd80a6f633/library/core/src/fmt/mod.rs:1110:17
[INFO] [stdout]    5:     0x56465c57ad55 - std::io::Write::write_fmt::h87f19b0a2cd190bc
[INFO] [stdout]                                at /rustc/a178d0322ce20e33eac124758e837cbd80a6f633/library/std/src/io/mod.rs:1588:15
[INFO] [stdout]    6:     0x56465c57ff9b - std::sys_common::backtrace::_print::h5abaa2601a852287
[INFO] [stdout]                                at /rustc/a178d0322ce20e33eac124758e837cbd80a6f633/library/std/src/sys_common/backtrace.rs:49:5
[INFO] [stdout]    7:     0x56465c57ff9b - std::sys_common::backtrace::print::h8d81445442bb638f
[INFO] [stdout]                                at /rustc/a178d0322ce20e33eac124758e837cbd80a6f633/library/std/src/sys_common/backtrace.rs:36:9
[INFO] [stdout]    8:     0x56465c57ff9b - std::panicking::default_hook::{{closure}}::hcfe804496a9fa747
[INFO] [stdout]                                at /rustc/a178d0322ce20e33eac124758e837cbd80a6f633/library/std/src/panicking.rs:208:50
[INFO] [stdout]    9:     0x56465c57faac - std::panicking::default_hook::hbea8e3ccf2ba8901
[INFO] [stdout]                                at /rustc/a178d0322ce20e33eac124758e837cbd80a6f633/library/std/src/panicking.rs:222:9
[INFO] [stdout]   10:     0x56465c580664 - std::panicking::rust_panic_with_hook::h7ee9e1a2d0f8975a
[INFO] [stdout]                                at /rustc/a178d0322ce20e33eac124758e837cbd80a6f633/library/std/src/panicking.rs:622:17
[INFO] [stdout]   11:     0x56465c580117 - std::panicking::begin_panic_handler::{{closure}}::h8ab3b4491718b2c7
[INFO] [stdout]                                at /rustc/a178d0322ce20e33eac124758e837cbd80a6f633/library/std/src/panicking.rs:517:13
[INFO] [stdout]   12:     0x56465c57e32c - std::sys_common::backtrace::__rust_end_short_backtrace::hd489062ffa586a9f
[INFO] [stdout]                                at /rustc/a178d0322ce20e33eac124758e837cbd80a6f633/library/std/src/sys_common/backtrace.rs:141:18
[INFO] [stdout]   13:     0x56465c5800a9 - rust_begin_unwind
[INFO] [stdout]                                at /rustc/a178d0322ce20e33eac124758e837cbd80a6f633/library/std/src/panicking.rs:515:5
[INFO] [stdout]   14:     0x56465c4c86d1 - core::panicking::panic_fmt::hca6330e3e14086b4
[INFO] [stdout]                                at /rustc/a178d0322ce20e33eac124758e837cbd80a6f633/library/core/src/panicking.rs:92:14
[INFO] [stdout]   15:     0x56465c4c861d - core::panicking::panic::h1a48d878ff3dcd40
[INFO] [stdout]                                at /rustc/a178d0322ce20e33eac124758e837cbd80a6f633/library/core/src/panicking.rs:50:5
[INFO] [stdout]   16:     0x56465c4f6434 - core::mem::uninitialized::ha3ad55b60c49a06f
[INFO] [stdout]                                at /rustc/a178d0322ce20e33eac124758e837cbd80a6f633/library/core/src/mem/mod.rs:660:9
[INFO] [stdout]   17:     0x56465c4f6434 - terminal_emulator::term::cell::Cell::chars::h8b2f1e64e6ec928a
[INFO] [stdout]                                at /opt/rustwide/workdir/src/term/cell.rs:128:30
[INFO] [stdout]   18:     0x56465c51a07e - <alloc::string::String as terminal_emulator::term::Term::selection_to_string::Append>::append::hd87a265d7bc55e5f
[INFO] [stdout]                                at /opt/rustwide/workdir/src/term/mod.rs:858:40
[INFO] [stdout]   19:     0x56465c4fcc8e - terminal_emulator::term::Term::selection_to_string::h7a66de15aabf66da
[INFO] [stdout]                                at /opt/rustwide/workdir/src/term/mod.rs:893:17
[INFO] [stdout]   20:     0x56465c4f89c2 - terminal_emulator::term::tests::line_selection_works::h59c0aa8842b87db8
[INFO] [stdout]                                at /opt/rustwide/workdir/src/term/mod.rs:2032:20
[INFO] [stdout]   21:     0x56465c4f853a - terminal_emulator::term::tests::line_selection_works::{{closure}}::h203f9204ba5b3e6b
[INFO] [stdout]                                at /opt/rustwide/workdir/src/term/mod.rs:2008:5
[INFO] [stdout]   22:     0x56465c516c5e - core::ops::function::FnOnce::call_once::h653ec09937289ff5
[INFO] [stdout]                                at /rustc/a178d0322ce20e33eac124758e837cbd80a6f633/library/core/src/ops/function.rs:227:5
[INFO] [stdout]   23:     0x56465c550093 - core::ops::function::FnOnce::call_once::h152e7e439ff59e19
[INFO] [stdout]                                at /rustc/a178d0322ce20e33eac124758e837cbd80a6f633/library/core/src/ops/function.rs:227:5
[INFO] [stdout]   24:     0x56465c550093 - test::__rust_begin_short_backtrace::h0908f3b1fdbb72ab
[INFO] [stdout]                                at /rustc/a178d0322ce20e33eac124758e837cbd80a6f633/library/test/src/lib.rs:577:5
[INFO] [stdout]   25:     0x56465c54eb50 - <alloc::boxed::Box<F,A> as core::ops::function::FnOnce<Args>>::call_once::hf6d2a51e5587546c
[INFO] [stdout]                                at /rustc/a178d0322ce20e33eac124758e837cbd80a6f633/library/alloc/src/boxed.rs:1575:9
[INFO] [stdout]   26:     0x56465c54eb50 - <std::panic::AssertUnwindSafe<F> as core::ops::function::FnOnce<()>>::call_once::h8af660f3a89ef593
[INFO] [stdout]                                at /rustc/a178d0322ce20e33eac124758e837cbd80a6f633/library/std/src/panic.rs:347:9
[INFO] [stdout]   27:     0x56465c54eb50 - std::panicking::try::do_call::hd36aef60f84b6d36
[INFO] [stdout]                                at /rustc/a178d0322ce20e33eac124758e837cbd80a6f633/library/std/src/panicking.rs:401:40
[INFO] [stdout]   28:     0x56465c54eb50 - std::panicking::try::h9932b4480e69817c
[INFO] [stdout]                                at /rustc/a178d0322ce20e33eac124758e837cbd80a6f633/library/std/src/panicking.rs:365:19
[INFO] [stdout]   29:     0x56465c54eb50 - std::panic::catch_unwind::h6aa177099cfff5f8
[INFO] [stdout]                                at /rustc/a178d0322ce20e33eac124758e837cbd80a6f633/library/std/src/panic.rs:434:14
[INFO] [stdout]   30:     0x56465c54eb50 - test::run_test_in_process::h5884d6f2d99e20c3
[INFO] [stdout]                                at /rustc/a178d0322ce20e33eac124758e837cbd80a6f633/library/test/src/lib.rs:600:18
[INFO] [stdout]   31:     0x56465c54eb50 - test::run_test::run_test_inner::{{closure}}::h6fdc58c6d5f5b6e3
[INFO] [stdout]                                at /rustc/a178d0322ce20e33eac124758e837cbd80a6f633/library/test/src/lib.rs:492:39
[INFO] [stdout]   32:     0x56465c528202 - test::run_test::run_test_inner::{{closure}}::h408365d67a78ade8
[INFO] [stdout]                                at /rustc/a178d0322ce20e33eac124758e837cbd80a6f633/library/test/src/lib.rs:519:37
[INFO] [stdout]   33:     0x56465c528202 - std::sys_common::backtrace::__rust_begin_short_backtrace::hb560b77c4f701523
[INFO] [stdout]                                at /rustc/a178d0322ce20e33eac124758e837cbd80a6f633/library/std/src/sys_common/backtrace.rs:125:18
[INFO] [stdout]   34:     0x56465c52bdb8 - std::thread::Builder::spawn_unchecked::{{closure}}::{{closure}}::hf2e7831dad93c597
[INFO] [stdout]                                at /rustc/a178d0322ce20e33eac124758e837cbd80a6f633/library/std/src/thread/mod.rs:481:17
[INFO] [stdout]   35:     0x56465c52bdb8 - <std::panic::AssertUnwindSafe<F> as core::ops::function::FnOnce<()>>::call_once::hd2e08783d8be4d02
[INFO] [stdout]                                at /rustc/a178d0322ce20e33eac124758e837cbd80a6f633/library/std/src/panic.rs:347:9
[INFO] [stdout]   36:     0x56465c52bdb8 - std::panicking::try::do_call::h062597b7acfd6b82
[INFO] [stdout]                                at /rustc/a178d0322ce20e33eac124758e837cbd80a6f633/library/std/src/panicking.rs:401:40
[INFO] [stdout]   37:     0x56465c52bdb8 - std::panicking::try::h0d7b79db04c14552
[INFO] [stdout]                                at /rustc/a178d0322ce20e33eac124758e837cbd80a6f633/library/std/src/panicking.rs:365:19
[INFO] [stdout]   38:     0x56465c52bdb8 - std::panic::catch_unwind::hb01a0b5e7c8cd43b
[INFO] [stdout]                                at /rustc/a178d0322ce20e33eac124758e837cbd80a6f633/library/std/src/panic.rs:434:14
[INFO] [stdout]   39:     0x56465c52bdb8 - std::thread::Builder::spawn_unchecked::{{closure}}::h5bde48cc887e0d1e
[INFO] [stdout]                                at /rustc/a178d0322ce20e33eac124758e837cbd80a6f633/library/std/src/thread/mod.rs:480:30
[INFO] [stdout]   40:     0x56465c52bdb8 - core::ops::function::FnOnce::call_once{{vtable.shim}}::h745ea30807a29e55
[INFO] [stdout]                                at /rustc/a178d0322ce20e33eac124758e837cbd80a6f633/library/core/src/ops/function.rs:227:5
[INFO] [stdout]   41:     0x56465c585127 - <alloc::boxed::Box<F,A> as core::ops::function::FnOnce<Args>>::call_once::h7ece6cfefaff1005
[INFO] [stdout]                                at /rustc/a178d0322ce20e33eac124758e837cbd80a6f633/library/alloc/src/boxed.rs:1575:9
[INFO] [stdout]   42:     0x56465c585127 - <alloc::boxed::Box<F,A> as core::ops::function::FnOnce<Args>>::call_once::hb8b48e55c21f193e
[INFO] [stdout]                                at /rustc/a178d0322ce20e33eac124758e837cbd80a6f633/library/alloc/src/boxed.rs:1575:9
[INFO] [stdout]   43:     0x56465c585127 - std::sys::unix::thread::Thread::new::thread_start::h8c7c4450dba62914
[INFO] [stdout]                                at /rustc/a178d0322ce20e33eac124758e837cbd80a6f633/library/std/src/sys/unix/thread.rs:71:17
[INFO] [stdout]   44:     0x7f9f6f878609 - start_thread
[INFO] [stdout]   45:     0x7f9f6f64a293 - clone
[INFO] [stdout]   46:                0x0 - <unknown>
[INFO] [stdout] 
[INFO] [stdout] ---- term::tests::selecting_empty_line stdout ----
[INFO] [stdout] thread 'term::tests::selecting_empty_line' panicked at 'attempted to leave type `char` uninitialized, which is invalid', /rustc/a178d0322ce20e33eac124758e837cbd80a6f633/library/core/src/mem/mod.rs:660:9
[INFO] [stdout] stack backtrace:
[INFO] [stdout]    0:     0x56465c57de30 - std::backtrace_rs::backtrace::libunwind::trace::h34055254b57d8e79
[INFO] [stdout]                                at /rustc/a178d0322ce20e33eac124758e837cbd80a6f633/library/std/src/../../backtrace/src/backtrace/libunwind.rs:90:5
[INFO] [stdout]    1:     0x56465c57de30 - std::backtrace_rs::backtrace::trace_unsynchronized::h8f1e3fbd9afff6ec
[INFO] [stdout]                                at /rustc/a178d0322ce20e33eac124758e837cbd80a6f633/library/std/src/../../backtrace/src/backtrace/mod.rs:66:5
[INFO] [stdout]    2:     0x56465c57de30 - std::sys_common::backtrace::_print_fmt::h3a99a796b770c360
[INFO] [stdout]                                at /rustc/a178d0322ce20e33eac124758e837cbd80a6f633/library/std/src/sys_common/backtrace.rs:67:5
[INFO] [stdout]    3:     0x56465c57de30 - <std::sys_common::backtrace::_print::DisplayBacktrace as core::fmt::Display>::fmt::h32d1f94a80615d18
[INFO] [stdout]                                at /rustc/a178d0322ce20e33eac124758e837cbd80a6f633/library/std/src/sys_common/backtrace.rs:46:22
[INFO] [stdout]    4:     0x56465c5a062c - core::fmt::write::h306731c068f7162c
[INFO] [stdout]                                at /rustc/a178d0322ce20e33eac124758e837cbd80a6f633/library/core/src/fmt/mod.rs:1110:17
[INFO] [stdout]    5:     0x56465c57ad55 - std::io::Write::write_fmt::h87f19b0a2cd190bc
[INFO] [stdout]                                at /rustc/a178d0322ce20e33eac124758e837cbd80a6f633/library/std/src/io/mod.rs:1588:15
[INFO] [stdout]    6:     0x56465c57ff9b - std::sys_common::backtrace::_print::h5abaa2601a852287
[INFO] [stdout]                                at /rustc/a178d0322ce20e33eac124758e837cbd80a6f633/library/std/src/sys_common/backtrace.rs:49:5
[INFO] [stdout]    7:     0x56465c57ff9b - std::sys_common::backtrace::print::h8d81445442bb638f
[INFO] [stdout]                                at /rustc/a178d0322ce20e33eac124758e837cbd80a6f633/library/std/src/sys_common/backtrace.rs:36:9
[INFO] [stdout]    8:     0x56465c57ff9b - std::panicking::default_hook::{{closure}}::hcfe804496a9fa747
[INFO] [stdout]                                at /rustc/a178d0322ce20e33eac124758e837cbd80a6f633/library/std/src/panicking.rs:208:50
[INFO] [stdout]    9:     0x56465c57faac - std::panicking::default_hook::hbea8e3ccf2ba8901
[INFO] [stdout]                                at /rustc/a178d0322ce20e33eac124758e837cbd80a6f633/library/std/src/panicking.rs:222:9
[INFO] [stdout]   10:     0x56465c580664 - std::panicking::rust_panic_with_hook::h7ee9e1a2d0f8975a
[INFO] [stdout]                                at /rustc/a178d0322ce20e33eac124758e837cbd80a6f633/library/std/src/panicking.rs:622:17
[INFO] [stdout]   11:     0x56465c580117 - std::panicking::begin_panic_handler::{{closure}}::h8ab3b4491718b2c7
[INFO] [stdout]                                at /rustc/a178d0322ce20e33eac124758e837cbd80a6f633/library/std/src/panicking.rs:517:13
[INFO] [stdout]   12:     0x56465c57e32c - std::sys_common::backtrace::__rust_end_short_backtrace::hd489062ffa586a9f
[INFO] [stdout]                                at /rustc/a178d0322ce20e33eac124758e837cbd80a6f633/library/std/src/sys_common/backtrace.rs:141:18
[INFO] [stdout]   13:     0x56465c5800a9 - rust_begin_unwind
[INFO] [stdout]                                at /rustc/a178d0322ce20e33eac124758e837cbd80a6f633/library/std/src/panicking.rs:515:5
[INFO] [stdout]   14:     0x56465c4c86d1 - core::panicking::panic_fmt::hca6330e3e14086b4
[INFO] [stdout]                                at /rustc/a178d0322ce20e33eac124758e837cbd80a6f633/library/core/src/panicking.rs:92:14
[INFO] [stdout]   15:     0x56465c4c861d - core::panicking::panic::h1a48d878ff3dcd40
[INFO] [stdout]                                at /rustc/a178d0322ce20e33eac124758e837cbd80a6f633/library/core/src/panicking.rs:50:5
[INFO] [stdout]   16:     0x56465c4f6434 - core::mem::uninitialized::ha3ad55b60c49a06f
[INFO] [stdout]                                at /rustc/a178d0322ce20e33eac124758e837cbd80a6f633/library/core/src/mem/mod.rs:660:9
[INFO] [stdout]   17:     0x56465c4f6434 - terminal_emulator::term::cell::Cell::chars::h8b2f1e64e6ec928a
[INFO] [stdout]                                at /opt/rustwide/workdir/src/term/cell.rs:128:30
[INFO] [stdout]   18:     0x56465c51a07e - <alloc::string::String as terminal_emulator::term::Term::selection_to_string::Append>::append::hd87a265d7bc55e5f
[INFO] [stdout]                                at /opt/rustwide/workdir/src/term/mod.rs:858:40
[INFO] [stdout]   19:     0x56465c4fcc35 - terminal_emulator::term::Term::selection_to_string::h7a66de15aabf66da
[INFO] [stdout]                                at /opt/rustwide/workdir/src/term/mod.rs:913:17
[INFO] [stdout]   20:     0x56465c4f907f - terminal_emulator::term::tests::selecting_empty_line::h0ea43eee66f9caf0
[INFO] [stdout]                                at /opt/rustwide/workdir/src/term/mod.rs:2073:20
[INFO] [stdout]   21:     0x56465c4f8b4a - terminal_emulator::term::tests::selecting_empty_line::{{closure}}::ha529ba7ea29e463d
[INFO] [stdout]                                at /opt/rustwide/workdir/src/term/mod.rs:2036:5
[INFO] [stdout]   22:     0x56465c516b5e - core::ops::function::FnOnce::call_once::h513c1415942e33d8
[INFO] [stdout]                                at /rustc/a178d0322ce20e33eac124758e837cbd80a6f633/library/core/src/ops/function.rs:227:5
[INFO] [stdout]   23:     0x56465c550093 - core::ops::function::FnOnce::call_once::h152e7e439ff59e19
[INFO] [stdout]                                at /rustc/a178d0322ce20e33eac124758e837cbd80a6f633/library/core/src/ops/function.rs:227:5
[INFO] [stdout]   24:     0x56465c550093 - test::__rust_begin_short_backtrace::h0908f3b1fdbb72ab
[INFO] [stdout]                                at /rustc/a178d0322ce20e33eac124758e837cbd80a6f633/library/test/src/lib.rs:577:5
[INFO] [stdout]   25:     0x56465c54eb50 - <alloc::boxed::Box<F,A> as core::ops::function::FnOnce<Args>>::call_once::hf6d2a51e5587546c
[INFO] [stdout]                                at /rustc/a178d0322ce20e33eac124758e837cbd80a6f633/library/alloc/src/boxed.rs:1575:9
[INFO] [stdout]   26:     0x56465c54eb50 - <std::panic::AssertUnwindSafe<F> as core::ops::function::FnOnce<()>>::call_once::h8af660f3a89ef593
[INFO] [stdout]                                at /rustc/a178d0322ce20e33eac124758e837cbd80a6f633/library/std/src/panic.rs:347:9
[INFO] [stdout]   27:     0x56465c54eb50 - std::panicking::try::do_call::hd36aef60f84b6d36
[INFO] [stdout]                                at /rustc/a178d0322ce20e33eac124758e837cbd80a6f633/library/std/src/panicking.rs:401:40
[INFO] [stdout]   28:     0x56465c54eb50 - std::panicking::try::h9932b4480e69817c
[INFO] [stdout]                                at /rustc/a178d0322ce20e33eac124758e837cbd80a6f633/library/std/src/panicking.rs:365:19
[INFO] [stdout]   29:     0x56465c54eb50 - std::panic::catch_unwind::h6aa177099cfff5f8
[INFO] [stdout]                                at /rustc/a178d0322ce20e33eac124758e837cbd80a6f633/library/std/src/panic.rs:434:14
[INFO] [stdout]   30:     0x56465c54eb50 - test::run_test_in_process::h5884d6f2d99e20c3
[INFO] [stdout]                                at /rustc/a178d0322ce20e33eac124758e837cbd80a6f633/library/test/src/lib.rs:600:18
[INFO] [stdout]   31:     0x56465c54eb50 - test::run_test::run_test_inner::{{closure}}::h6fdc58c6d5f5b6e3
[INFO] [stdout]                                at /rustc/a178d0322ce20e33eac124758e837cbd80a6f633/library/test/src/lib.rs:492:39
[INFO] [stdout]   32:     0x56465c528202 - test::run_test::run_test_inner::{{closure}}::h408365d67a78ade8
[INFO] [stdout]                                at /rustc/a178d0322ce20e33eac124758e837cbd80a6f633/library/test/src/lib.rs:519:37
[INFO] [stdout]   33:     0x56465c528202 - std::sys_common::backtrace::__rust_begin_short_backtrace::hb560b77c4f701523
[INFO] [stdout]                                at /rustc/a178d0322ce20e33eac124758e837cbd80a6f633/library/std/src/sys_common/backtrace.rs:125:18
[INFO] [stdout]   34:     0x56465c52bdb8 - std::thread::Builder::spawn_unchecked::{{closure}}::{{closure}}::hf2e7831dad93c597
[INFO] [stdout]                                at /rustc/a178d0322ce20e33eac124758e837cbd80a6f633/library/std/src/thread/mod.rs:481:17
[INFO] [stdout]   35:     0x56465c52bdb8 - <std::panic::AssertUnwindSafe<F> as core::ops::function::FnOnce<()>>::call_once::hd2e08783d8be4d02
[INFO] [stdout]                                at /rustc/a178d0322ce20e33eac124758e837cbd80a6f633/library/std/src/panic.rs:347:9
[INFO] [stdout]   36:     0x56465c52bdb8 - std::panicking::try::do_call::h062597b7acfd6b82
[INFO] [stdout]                                at /rustc/a178d0322ce20e33eac124758e837cbd80a6f633/library/std/src/panicking.rs:401:40
[INFO] [stdout]   37:     0x56465c52bdb8 - std::panicking::try::h0d7b79db04c14552
[INFO] [stdout]                                at /rustc/a178d0322ce20e33eac124758e837cbd80a6f633/library/std/src/panicking.rs:365:19
[INFO] [stdout]   38:     0x56465c52bdb8 - std::panic::catch_unwind::hb01a0b5e7c8cd43b
[INFO] [stdout]                                at /rustc/a178d0322ce20e33eac124758e837cbd80a6f633/library/std/src/panic.rs:434:14
[INFO] [stdout]   39:     0x56465c52bdb8 - std::thread::Builder::spawn_unchecked::{{closure}}::h5bde48cc887e0d1e
[INFO] [stdout]                                at /rustc/a178d0322ce20e33eac124758e837cbd80a6f633/library/std/src/thread/mod.rs:480:30
[INFO] [stdout]   40:     0x56465c52bdb8 - core::ops::function::FnOnce::call_once{{vtable.shim}}::h745ea30807a29e55
[INFO] [stdout]                                at /rustc/a178d0322ce20e33eac124758e837cbd80a6f633/library/core/src/ops/function.rs:227:5
[INFO] [stdout]   41:     0x56465c585127 - <alloc::boxed::Box<F,A> as core::ops::function::FnOnce<Args>>::call_once::h7ece6cfefaff1005
[INFO] [stdout]                                at /rustc/a178d0322ce20e33eac124758e837cbd80a6f633/library/alloc/src/boxed.rs:1575:9
[INFO] [stdout]   42:     0x56465c585127 - <alloc::boxed::Box<F,A> as core::ops::function::FnOnce<Args>>::call_once::hb8b48e55c21f193e
[INFO] [stdout]                                at /rustc/a178d0322ce20e33eac124758e837cbd80a6f633/library/alloc/src/boxed.rs:1575:9
[INFO] [stdout]   43:     0x56465c585127 - std::sys::unix::thread::Thread::new::thread_start::h8c7c4450dba62914
[INFO] [stdout]                                at /rustc/a178d0322ce20e33eac124758e837cbd80a6f633/library/std/src/sys/unix/thread.rs:71:17
[INFO] [stdout]   44:     0x7f9f6f878609 - start_thread
[INFO] [stdout]   45:     0x7f9f6f64a293 - clone
[INFO] [stdout]   46:                0x0 - <unknown>
[INFO] [stdout] 
[INFO] [stdout] ---- term::tests::semantic_selection_works stdout ----
[INFO] [stdout] thread 'term::tests::semantic_selection_works' panicked at 'attempted to leave type `char` uninitialized, which is invalid', /rustc/a178d0322ce20e33eac124758e837cbd80a6f633/library/core/src/mem/mod.rs:660:9
[INFO] [stdout] stack backtrace:
[INFO] [stdout]    0:     0x56465c57de30 - std::backtrace_rs::backtrace::libunwind::trace::h34055254b57d8e79
[INFO] [stdout]                                at /rustc/a178d0322ce20e33eac124758e837cbd80a6f633/library/std/src/../../backtrace/src/backtrace/libunwind.rs:90:5
[INFO] [stdout]    1:     0x56465c57de30 - std::backtrace_rs::backtrace::trace_unsynchronized::h8f1e3fbd9afff6ec
[INFO] [stdout]                                at /rustc/a178d0322ce20e33eac124758e837cbd80a6f633/library/std/src/../../backtrace/src/backtrace/mod.rs:66:5
[INFO] [stdout]    2:     0x56465c57de30 - std::sys_common::backtrace::_print_fmt::h3a99a796b770c360
[INFO] [stdout]                                at /rustc/a178d0322ce20e33eac124758e837cbd80a6f633/library/std/src/sys_common/backtrace.rs:67:5
[INFO] [stdout]    3:     0x56465c57de30 - <std::sys_common::backtrace::_print::DisplayBacktrace as core::fmt::Display>::fmt::h32d1f94a80615d18
[INFO] [stdout]                                at /rustc/a178d0322ce20e33eac124758e837cbd80a6f633/library/std/src/sys_common/backtrace.rs:46:22
[INFO] [stdout]    4:     0x56465c5a062c - core::fmt::write::h306731c068f7162c
[INFO] [stdout]                                at /rustc/a178d0322ce20e33eac124758e837cbd80a6f633/library/core/src/fmt/mod.rs:1110:17
[INFO] [stdout]    5:     0x56465c57ad55 - std::io::Write::write_fmt::h87f19b0a2cd190bc
[INFO] [stdout]                                at /rustc/a178d0322ce20e33eac124758e837cbd80a6f633/library/std/src/io/mod.rs:1588:15
[INFO] [stdout]    6:     0x56465c57ff9b - std::sys_common::backtrace::_print::h5abaa2601a852287
[INFO] [stdout]                                at /rustc/a178d0322ce20e33eac124758e837cbd80a6f633/library/std/src/sys_common/backtrace.rs:49:5
[INFO] [stdout]    7:     0x56465c57ff9b - std::sys_common::backtrace::print::h8d81445442bb638f
[INFO] [stdout]                                at /rustc/a178d0322ce20e33eac124758e837cbd80a6f633/library/std/src/sys_common/backtrace.rs:36:9
[INFO] [stdout]    8:     0x56465c57ff9b - std::panicking::default_hook::{{closure}}::hcfe804496a9fa747
[INFO] [stdout]                                at /rustc/a178d0322ce20e33eac124758e837cbd80a6f633/library/std/src/panicking.rs:208:50
[INFO] [stdout]    9:     0x56465c57faac - std::panicking::default_hook::hbea8e3ccf2ba8901
[INFO] [stdout]                                at /rustc/a178d0322ce20e33eac124758e837cbd80a6f633/library/std/src/panicking.rs:222:9
[INFO] [stdout]   10:     0x56465c580664 - std::panicking::rust_panic_with_hook::h7ee9e1a2d0f8975a
[INFO] [stdout]                                at /rustc/a178d0322ce20e33eac124758e837cbd80a6f633/library/std/src/panicking.rs:622:17
[INFO] [stdout]   11:     0x56465c580117 - std::panicking::begin_panic_handler::{{closure}}::h8ab3b4491718b2c7
[INFO] [stdout]                                at /rustc/a178d0322ce20e33eac124758e837cbd80a6f633/library/std/src/panicking.rs:517:13
[INFO] [stdout]   12:     0x56465c57e32c - std::sys_common::backtrace::__rust_end_short_backtrace::hd489062ffa586a9f
[INFO] [stdout]                                at /rustc/a178d0322ce20e33eac124758e837cbd80a6f633/library/std/src/sys_common/backtrace.rs:141:18
[INFO] [stdout]   13:     0x56465c5800a9 - rust_begin_unwind
[INFO] [stdout]                                at /rustc/a178d0322ce20e33eac124758e837cbd80a6f633/library/std/src/panicking.rs:515:5
[INFO] [stdout]   14:     0x56465c4c86d1 - core::panicking::panic_fmt::hca6330e3e14086b4
[INFO] [stdout]                                at /rustc/a178d0322ce20e33eac124758e837cbd80a6f633/library/core/src/panicking.rs:92:14
[INFO] [stdout]   15:     0x56465c4c861d - core::panicking::panic::h1a48d878ff3dcd40
[INFO] [stdout]                                at /rustc/a178d0322ce20e33eac124758e837cbd80a6f633/library/core/src/panicking.rs:50:5
[INFO] [stdout]   16:     0x56465c4f6434 - core::mem::uninitialized::ha3ad55b60c49a06f
[INFO] [stdout]                                at /rustc/a178d0322ce20e33eac124758e837cbd80a6f633/library/core/src/mem/mod.rs:660:9
[INFO] [stdout]   17:     0x56465c4f6434 - terminal_emulator::term::cell::Cell::chars::h8b2f1e64e6ec928a
[INFO] [stdout]                                at /opt/rustwide/workdir/src/term/cell.rs:128:30
[INFO] [stdout]   18:     0x56465c51a07e - <alloc::string::String as terminal_emulator::term::Term::selection_to_string::Append>::append::hd87a265d7bc55e5f
[INFO] [stdout]                                at /opt/rustwide/workdir/src/term/mod.rs:858:40
[INFO] [stdout]   19:     0x56465c4fcc8e - terminal_emulator::term::Term::selection_to_string::h7a66de15aabf66da
[INFO] [stdout]                                at /opt/rustwide/workdir/src/term/mod.rs:893:17
[INFO] [stdout]   20:     0x56465c4f7f72 - terminal_emulator::term::tests::semantic_selection_works::h5e49f18ae45a8f38
[INFO] [stdout]                                at /opt/rustwide/workdir/src/term/mod.rs:1987:24
[INFO] [stdout]   21:     0x56465c4f787a - terminal_emulator::term::tests::semantic_selection_works::{{closure}}::h9e1ae60433fecd90
[INFO] [stdout]                                at /opt/rustwide/workdir/src/term/mod.rs:1953:5
[INFO] [stdout]   22:     0x56465c516cde - core::ops::function::FnOnce::call_once::h6645145b9a38d64d
[INFO] [stdout]                                at /rustc/a178d0322ce20e33eac124758e837cbd80a6f633/library/core/src/ops/function.rs:227:5
[INFO] [stdout]   23:     0x56465c550093 - core::ops::function::FnOnce::call_once::h152e7e439ff59e19
[INFO] [stdout]                                at /rustc/a178d0322ce20e33eac124758e837cbd80a6f633/library/core/src/ops/function.rs:227:5
[INFO] [stdout]   24:     0x56465c550093 - test::__rust_begin_short_backtrace::h0908f3b1fdbb72ab
[INFO] [stdout]                                at /rustc/a178d0322ce20e33eac124758e837cbd80a6f633/library/test/src/lib.rs:577:5
[INFO] [stdout]   25:     0x56465c54eb50 - <alloc::boxed::Box<F,A> as core::ops::function::FnOnce<Args>>::call_once::hf6d2a51e5587546c
[INFO] [stdout]                                at /rustc/a178d0322ce20e33eac124758e837cbd80a6f633/library/alloc/src/boxed.rs:1575:9
[INFO] [stdout]   26:     0x56465c54eb50 - <std::panic::AssertUnwindSafe<F> as core::ops::function::FnOnce<()>>::call_once::h8af660f3a89ef593
[INFO] [stdout]                                at /rustc/a178d0322ce20e33eac124758e837cbd80a6f633/library/std/src/panic.rs:347:9
[INFO] [stdout]   27:     0x56465c54eb50 - std::panicking::try::do_call::hd36aef60f84b6d36
[INFO] [stdout]                                at /rustc/a178d0322ce20e33eac124758e837cbd80a6f633/library/std/src/panicking.rs:401:40
[INFO] [stdout]   28:     0x56465c54eb50 - std::panicking::try::h9932b4480e69817c
[INFO] [stdout]                                at /rustc/a178d0322ce20e33eac124758e837cbd80a6f633/library/std/src/panicking.rs:365:19
[INFO] [stdout]   29:     0x56465c54eb50 - std::panic::catch_unwind::h6aa177099cfff5f8
[INFO] [stdout]                                at /rustc/a178d0322ce20e33eac124758e837cbd80a6f633/library/std/src/panic.rs:434:14
[INFO] [stdout]   30:     0x56465c54eb50 - test::run_test_in_process::h5884d6f2d99e20c3
[INFO] [stdout]                                at /rustc/a178d0322ce20e33eac124758e837cbd80a6f633/library/test/src/lib.rs:600:18
[INFO] [stdout]   31:     0x56465c54eb50 - test::run_test::run_test_inner::{{closure}}::h6fdc58c6d5f5b6e3
[INFO] [stdout]                                at /rustc/a178d0322ce20e33eac124758e837cbd80a6f633/library/test/src/lib.rs:492:39
[INFO] [stdout]   32:     0x56465c528202 - test::run_test::run_test_inner::{{closure}}::h408365d67a78ade8
[INFO] [stdout]                                at /rustc/a178d0322ce20e33eac124758e837cbd80a6f633/library/test/src/lib.rs:519:37
[INFO] [stdout]   33:     0x56465c528202 - std::sys_common::backtrace::__rust_begin_short_backtrace::hb560b77c4f701523
[INFO] [stdout]                                at /rustc/a178d0322ce20e33eac124758e837cbd80a6f633/library/std/src/sys_common/backtrace.rs:125:18
[INFO] [stdout]   34:     0x56465c52bdb8 - std::thread::Builder::spawn_unchecked::{{closure}}::{{closure}}::hf2e7831dad93c597
[INFO] [stdout]                                at /rustc/a178d0322ce20e33eac124758e837cbd80a6f633/library/std/src/thread/mod.rs:481:17
[INFO] [stdout]   35:     0x56465c52bdb8 - <std::panic::AssertUnwindSafe<F> as core::ops::function::FnOnce<()>>::call_once::hd2e08783d8be4d02
[INFO] [stdout]                                at /rustc/a178d0322ce20e33eac124758e837cbd80a6f633/library/std/src/panic.rs:347:9
[INFO] [stdout]   36:     0x56465c52bdb8 - std::panicking::try::do_call::h062597b7acfd6b82
[INFO] [stdout]                                at /rustc/a178d0322ce20e33eac124758e837cbd80a6f633/library/std/src/panicking.rs:401:40
[INFO] [stdout]   37:     0x56465c52bdb8 - std::panicking::try::h0d7b79db04c14552
[INFO] [stdout]                                at /rustc/a178d0322ce20e33eac124758e837cbd80a6f633/library/std/src/panicking.rs:365:19
[INFO] [stdout]   38:     0x56465c52bdb8 - std::panic::catch_unwind::hb01a0b5e7c8cd43b
[INFO] [stdout]                                at /rustc/a178d0322ce20e33eac124758e837cbd80a6f633/library/std/src/panic.rs:434:14
[INFO] [stdout]   39:     0x56465c52bdb8 - std::thread::Builder::spawn_unchecked::{{closure}}::h5bde48cc887e0d1e
[INFO] [stdout]                                at /rustc/a178d0322ce20e33eac124758e837cbd80a6f633/library/std/src/thread/mod.rs:480:30
[INFO] [stdout]   40:     0x56465c52bdb8 - core::ops::function::FnOnce::call_once{{vtable.shim}}::h745ea30807a29e55
[INFO] [stdout]                                at /rustc/a178d0322ce20e33eac124758e837cbd80a6f633/library/core/src/ops/function.rs:227:5
[INFO] [stdout]   41:     0x56465c585127 - <alloc::boxed::Box<F,A> as core::ops::function::FnOnce<Args>>::call_once::h7ece6cfefaff1005
[INFO] [stdout]                                at /rustc/a178d0322ce20e33eac124758e837cbd80a6f633/library/alloc/src/boxed.rs:1575:9
[INFO] [stdout]   42:     0x56465c585127 - <alloc::boxed::Box<F,A> as core::ops::function::FnOnce<Args>>::call_once::hb8b48e55c21f193e
[INFO] [stdout]                                at /rustc/a178d0322ce20e33eac124758e837cbd80a6f633/library/alloc/src/boxed.rs:1575:9
[INFO] [stdout]   43:     0x56465c585127 - std::sys::unix::thread::Thread::new::thread_start::h8c7c4450dba62914
[INFO] [stdout]                                at /rustc/a178d0322ce20e33eac124758e837cbd80a6f633/library/std/src/sys/unix/thread.rs:71:17
[INFO] [stdout]   44:     0x7f9f6f878609 - start_thread
[INFO] [stdout]   45:     0x7f9f6f64a293 - clone
[INFO] [stdout]   46:                0x0 - <unknown>
[INFO] [stdout] 
[INFO] [stdout] 
[INFO] [stdout] failures:
[INFO] [stdout]     term::tests::line_selection_works
[INFO] [stdout]     term::tests::selecting_empty_line
[INFO] [stdout]     term::tests::semantic_selection_works
[INFO] [stdout] 
[INFO] [stdout] test result: FAILED. 37 passed; 3 failed; 0 ignored; 0 measured; 0 filtered out; finished in 0.05s
[INFO] [stdout] 
[INFO] [stderr] error: test failed, to rerun pass '--lib'
[INFO] running `Command { std: "docker" "inspect" "4b7aaaccee134d0a6ed6b26d109d30c668cbbd982fa701a7a323e4151c8e55d4", kill_on_drop: false }`
[INFO] running `Command { std: "docker" "rm" "-f" "4b7aaaccee134d0a6ed6b26d109d30c668cbbd982fa701a7a323e4151c8e55d4", kill_on_drop: false }`
[INFO] [stdout] 4b7aaaccee134d0a6ed6b26d109d30c668cbbd982fa701a7a323e4151c8e55d4
