[INFO] fetching crate tera 1.12.1...
[INFO] testing tera-1.12.1 against beta-2021-08-01 for beta-1.55-1
[INFO] extracting crate tera 1.12.1 into /workspace/builds/worker-6/source
[INFO] validating manifest of crates.io crate tera 1.12.1 on toolchain beta-2021-08-01
[INFO] running `Command { std: "/workspace/cargo-home/bin/cargo" "+beta-2021-08-01" "metadata" "--manifest-path" "Cargo.toml" "--no-deps", kill_on_drop: false }`
[INFO] started tweaking crates.io crate tera 1.12.1
[INFO] finished tweaking crates.io crate tera 1.12.1
[INFO] tweaked toml for crates.io crate tera 1.12.1 written to /workspace/builds/worker-6/source/Cargo.toml
[INFO] crate crates.io crate tera 1.12.1 already has a lockfile, it will not be regenerated
[INFO] running `Command { std: "/workspace/cargo-home/bin/cargo" "+beta-2021-08-01" "fetch" "--manifest-path" "Cargo.toml", kill_on_drop: false }`
[INFO] [stderr]     Blocking waiting for file lock on package cache
[INFO] running `Command { std: "docker" "create" "-v" "/var/lib/crater-agent-workspace/builds/worker-6/target:/opt/rustwide/target:rw,Z" "-v" "/var/lib/crater-agent-workspace/builds/worker-6/source:/opt/rustwide/workdir:ro,Z" "-v" "/var/lib/crater-agent-workspace/cargo-home:/opt/rustwide/cargo-home:ro,Z" "-v" "/var/lib/crater-agent-workspace/rustup-home:/opt/rustwide/rustup-home:ro,Z" "-e" "SOURCE_DIR=/opt/rustwide/workdir" "-e" "CARGO_TARGET_DIR=/opt/rustwide/target" "-e" "CARGO_HOME=/opt/rustwide/cargo-home" "-e" "RUSTUP_HOME=/opt/rustwide/rustup-home" "-w" "/opt/rustwide/workdir" "-m" "1610612736" "--user" "0:0" "--network" "none" "ghcr.io/rust-lang/crates-build-env/linux@sha256:34b6a614d2c27851fe6cbf88fbd1137609cefab8b10d0615aaeb6fd47975d74e" "/opt/rustwide/cargo-home/bin/cargo" "+beta-2021-08-01" "metadata" "--no-deps" "--format-version=1", kill_on_drop: false }`
[INFO] [stdout] 986cbaa79a663cb5e832435e53fd81cbfefe56d6c923dc5e40f4da1b87d2aa1a
[INFO] [stderr] WARNING: Your kernel does not support swap limit capabilities or the cgroup is not mounted. Memory limited without swap.
[INFO] running `Command { std: "docker" "start" "-a" "986cbaa79a663cb5e832435e53fd81cbfefe56d6c923dc5e40f4da1b87d2aa1a", kill_on_drop: false }`
[INFO] running `Command { std: "docker" "inspect" "986cbaa79a663cb5e832435e53fd81cbfefe56d6c923dc5e40f4da1b87d2aa1a", kill_on_drop: false }`
[INFO] running `Command { std: "docker" "rm" "-f" "986cbaa79a663cb5e832435e53fd81cbfefe56d6c923dc5e40f4da1b87d2aa1a", kill_on_drop: false }`
[INFO] [stdout] 986cbaa79a663cb5e832435e53fd81cbfefe56d6c923dc5e40f4da1b87d2aa1a
[INFO] running `Command { std: "docker" "create" "-v" "/var/lib/crater-agent-workspace/builds/worker-6/target:/opt/rustwide/target:rw,Z" "-v" "/var/lib/crater-agent-workspace/builds/worker-6/source:/opt/rustwide/workdir:ro,Z" "-v" "/var/lib/crater-agent-workspace/cargo-home:/opt/rustwide/cargo-home:ro,Z" "-v" "/var/lib/crater-agent-workspace/rustup-home:/opt/rustwide/rustup-home:ro,Z" "-e" "SOURCE_DIR=/opt/rustwide/workdir" "-e" "CARGO_TARGET_DIR=/opt/rustwide/target" "-e" "CARGO_INCREMENTAL=0" "-e" "RUST_BACKTRACE=full" "-e" "RUSTFLAGS=--cap-lints=warn" "-e" "CARGO_HOME=/opt/rustwide/cargo-home" "-e" "RUSTUP_HOME=/opt/rustwide/rustup-home" "-w" "/opt/rustwide/workdir" "-m" "1610612736" "--user" "0:0" "--network" "none" "ghcr.io/rust-lang/crates-build-env/linux@sha256:34b6a614d2c27851fe6cbf88fbd1137609cefab8b10d0615aaeb6fd47975d74e" "/opt/rustwide/cargo-home/bin/cargo" "+beta-2021-08-01" "build" "--frozen" "--message-format=json", kill_on_drop: false }`
[INFO] [stdout] a887019f0efe03450755193ee11cfd8bd58d4c450c25f07608924066f5167a42
[INFO] [stderr] WARNING: Your kernel does not support swap limit capabilities or the cgroup is not mounted. Memory limited without swap.
[INFO] running `Command { std: "docker" "start" "-a" "a887019f0efe03450755193ee11cfd8bd58d4c450c25f07608924066f5167a42", kill_on_drop: false }`
[INFO] [stderr]    Compiling syn v1.0.73
[INFO] [stderr]    Compiling deunicode v0.4.3
[INFO] [stderr]    Compiling humansize v1.1.1
[INFO] [stderr]    Compiling thread_local v1.1.3
[INFO] [stderr]    Compiling bstr v0.2.16
[INFO] [stderr]    Compiling unic-ucd-segment v0.9.0
[INFO] [stderr]    Compiling parse-zoneinfo v0.3.0
[INFO] [stderr]    Compiling chrono v0.4.19
[INFO] [stderr]    Compiling serde_json v1.0.64
[INFO] [stderr]    Compiling slug v0.1.4
[INFO] [stderr]    Compiling unic-segment v0.9.0
[INFO] [stderr]    Compiling globset v0.4.8
[INFO] [stderr]    Compiling chrono-tz v0.5.3
[INFO] [stderr]    Compiling ignore v0.4.18
[INFO] [stderr]    Compiling globwalk v0.8.1
[INFO] [stderr]    Compiling pest_generator v2.1.3
[INFO] [stderr]    Compiling pest_derive v2.1.0
[INFO] [stderr]    Compiling tera v1.12.1 (/opt/rustwide/workdir)
[INFO] [stderr]     Finished dev [unoptimized + debuginfo] target(s) in 51.20s
[INFO] running `Command { std: "docker" "inspect" "a887019f0efe03450755193ee11cfd8bd58d4c450c25f07608924066f5167a42", kill_on_drop: false }`
[INFO] running `Command { std: "docker" "rm" "-f" "a887019f0efe03450755193ee11cfd8bd58d4c450c25f07608924066f5167a42", kill_on_drop: false }`
[INFO] [stdout] a887019f0efe03450755193ee11cfd8bd58d4c450c25f07608924066f5167a42
[INFO] running `Command { std: "docker" "create" "-v" "/var/lib/crater-agent-workspace/builds/worker-6/target:/opt/rustwide/target:rw,Z" "-v" "/var/lib/crater-agent-workspace/builds/worker-6/source:/opt/rustwide/workdir:ro,Z" "-v" "/var/lib/crater-agent-workspace/cargo-home:/opt/rustwide/cargo-home:ro,Z" "-v" "/var/lib/crater-agent-workspace/rustup-home:/opt/rustwide/rustup-home:ro,Z" "-e" "SOURCE_DIR=/opt/rustwide/workdir" "-e" "CARGO_TARGET_DIR=/opt/rustwide/target" "-e" "CARGO_INCREMENTAL=0" "-e" "RUST_BACKTRACE=full" "-e" "RUSTFLAGS=--cap-lints=warn" "-e" "CARGO_HOME=/opt/rustwide/cargo-home" "-e" "RUSTUP_HOME=/opt/rustwide/rustup-home" "-w" "/opt/rustwide/workdir" "-m" "1610612736" "--user" "0:0" "--network" "none" "ghcr.io/rust-lang/crates-build-env/linux@sha256:34b6a614d2c27851fe6cbf88fbd1137609cefab8b10d0615aaeb6fd47975d74e" "/opt/rustwide/cargo-home/bin/cargo" "+beta-2021-08-01" "test" "--frozen" "--no-run" "--message-format=json", kill_on_drop: false }`
[INFO] [stdout] 8fc723f53023c9f7a787eba9036ff7521c767e80b5a6377d2a7e7e53d39f8dbd
[INFO] [stderr] WARNING: Your kernel does not support swap limit capabilities or the cgroup is not mounted. Memory limited without swap.
[INFO] running `Command { std: "docker" "start" "-a" "8fc723f53023c9f7a787eba9036ff7521c767e80b5a6377d2a7e7e53d39f8dbd", kill_on_drop: false }`
[INFO] [stderr]     Blocking waiting for file lock on package cache
[INFO] [stderr]    Compiling serde_derive v1.0.126
[INFO] [stderr]    Compiling tera v1.12.1 (/opt/rustwide/workdir)
[INFO] [stderr]     Finished test [unoptimized + debuginfo] target(s) in 32.32s
[INFO] running `Command { std: "docker" "inspect" "8fc723f53023c9f7a787eba9036ff7521c767e80b5a6377d2a7e7e53d39f8dbd", kill_on_drop: false }`
[INFO] running `Command { std: "docker" "rm" "-f" "8fc723f53023c9f7a787eba9036ff7521c767e80b5a6377d2a7e7e53d39f8dbd", kill_on_drop: false }`
[INFO] [stdout] 8fc723f53023c9f7a787eba9036ff7521c767e80b5a6377d2a7e7e53d39f8dbd
[INFO] running `Command { std: "docker" "create" "-v" "/var/lib/crater-agent-workspace/builds/worker-6/target:/opt/rustwide/target:rw,Z" "-v" "/var/lib/crater-agent-workspace/builds/worker-6/source:/opt/rustwide/workdir:ro,Z" "-v" "/var/lib/crater-agent-workspace/cargo-home:/opt/rustwide/cargo-home:ro,Z" "-v" "/var/lib/crater-agent-workspace/rustup-home:/opt/rustwide/rustup-home:ro,Z" "-e" "SOURCE_DIR=/opt/rustwide/workdir" "-e" "CARGO_TARGET_DIR=/opt/rustwide/target" "-e" "CARGO_INCREMENTAL=0" "-e" "RUST_BACKTRACE=full" "-e" "RUSTFLAGS=--cap-lints=warn" "-e" "CARGO_HOME=/opt/rustwide/cargo-home" "-e" "RUSTUP_HOME=/opt/rustwide/rustup-home" "-w" "/opt/rustwide/workdir" "-m" "1610612736" "--user" "0:0" "--network" "none" "ghcr.io/rust-lang/crates-build-env/linux@sha256:34b6a614d2c27851fe6cbf88fbd1137609cefab8b10d0615aaeb6fd47975d74e" "/opt/rustwide/cargo-home/bin/cargo" "+beta-2021-08-01" "test" "--frozen", kill_on_drop: false }`
[INFO] [stdout] 8d52b67ea447ad32960380d37c1d0df199212c1fc94951527062e7c666b55b6a
[INFO] [stderr] WARNING: Your kernel does not support swap limit capabilities or the cgroup is not mounted. Memory limited without swap.
[INFO] running `Command { std: "docker" "start" "-a" "8d52b67ea447ad32960380d37c1d0df199212c1fc94951527062e7c666b55b6a", kill_on_drop: false }`
[INFO] [stderr]     Finished test [unoptimized + debuginfo] target(s) in 0.14s
[INFO] [stderr]      Running unittests (/opt/rustwide/target/debug/deps/tera-6a4c9e4e482d75bc)
[INFO] [stdout] 
[INFO] [stdout] running 407 tests
[INFO] [stdout] test builtins::filters::array::tests::test_first ... ok
[INFO] [stdout] test builtins::filters::array::tests::test_last_empty ... ok
[INFO] [stdout] test builtins::filters::array::tests::test_map_empty ... ok
[INFO] [stdout] test builtins::filters::array::tests::test_last ... ok
[INFO] [stdout] test builtins::filters::array::tests::test_nth ... ok
[INFO] [stdout] test builtins::filters::array::tests::test_join_sep ... ok
[INFO] [stdout] test builtins::filters::array::tests::test_nth_empty ... ok
[INFO] [stdout] test builtins::filters::array::tests::test_sort_empty ... ok
[INFO] [stdout] test builtins::filters::array::tests::test_sort ... ok
[INFO] [stdout] test builtins::filters::array::tests::test_sort_multiple_types ... ok
[INFO] [stdout] test builtins::filters::array::tests::test_group_by ... ok
[INFO] [stdout] test builtins::filters::array::tests::test_map ... ok
[INFO] [stdout] test builtins::filters::array::tests::test_slice ... ok
[INFO] [stdout] test builtins::filters::array::tests::test_sort_non_finite_numbers ... ok
[INFO] [stdout] test builtins::filters::array::tests::test_first_empty ... ok
[INFO] [stdout] test builtins::filters::array::tests::test_concat_array ... ok
[INFO] [stdout] test builtins::filters::array::tests::test_concat_single_value ... ok
[INFO] [stdout] test builtins::filters::array::tests::test_filter_empty ... ok
[INFO] [stdout] test builtins::filters::array::tests::test_join_sep_omitted ... ok
[INFO] [stdout] test builtins::filters::array::tests::test_unique_empty ... ok
[INFO] [stdout] test builtins::filters::array::tests::test_join_empty ... ok
[INFO] [stdout] test builtins::filters::array::tests::test_unique_multiple_types ... ok
[INFO] [stdout] test builtins::filters::array::tests::test_sort_attribute ... ok
[INFO] [stdout] test builtins::filters::array::tests::test_unique_non_finite_numbers ... ok
[INFO] [stdout] test builtins::filters::common::tests::as_str_object ... ok
[INFO] [stdout] test builtins::filters::common::tests::date_default ... ok
[INFO] [stdout] test builtins::filters::array::tests::test_sort_tuple ... ok
[INFO] [stdout] test builtins::filters::array::tests::test_unique_invalid_attribute ... ok
[INFO] [stdout] test builtins::filters::common::tests::date_rfc3339_preserves_timezone ... ok
[INFO] [stdout] test builtins::filters::array::tests::test_unique_numbers ... ok
[INFO] [stdout] test builtins::filters::common::tests::date_with_timezone ... ok
[INFO] [stdout] test builtins::filters::array::tests::test_group_by_nested_key ... ok
[INFO] [stdout] test builtins::filters::common::tests::date_yyyy_mm_dd ... ok
[INFO] [stdout] test builtins::filters::common::tests::length_num ... ok
[INFO] [stdout] test builtins::filters::common::tests::length_str ... ok
[INFO] [stdout] test builtins::filters::common::tests::length_str_nonascii ... ok
[INFO] [stdout] test builtins::filters::array::tests::test_unique_attribute ... ok
[INFO] [stdout] test builtins::filters::common::tests::length_vec ... ok
[INFO] [stdout] test builtins::filters::common::tests::reverse_num ... ok
[INFO] [stdout] test builtins::filters::common::tests::reverse_str ... ok
[INFO] [stdout] test builtins::filters::array::tests::test_filter ... ok
[INFO] [stdout] test builtins::filters::common::tests::reverse_vec ... ok
[INFO] [stdout] test builtins::filters::number::tests::test_filesizeformat ... ok
[INFO] [stdout] test builtins::filters::common::tests::test_json_encode ... ok
[INFO] [stdout] test builtins::filters::array::tests::test_filter_no_value ... ok
[INFO] [stdout] test builtins::filters::number::tests::test_pluralize_multiple ... ok
[INFO] [stdout] test builtins::filters::array::tests::test_sort_invalid_attribute ... ok
[INFO] [stdout] test builtins::filters::common::tests::as_str_vec ... ok
[INFO] [stdout] test builtins::filters::number::tests::test_pluralize_single ... ok
[INFO] [stdout] test builtins::filters::number::tests::test_pluralize_zero ... ok
[INFO] [stdout] test builtins::filters::common::tests::test_json_encode_pretty ... ok
[INFO] [stdout] test builtins::filters::common::tests::length_object ... ok
[INFO] [stdout] test builtins::filters::array::tests::test_unique_tuple ... ok
[INFO] [stdout] test builtins::filters::common::tests::date_with_invalid_timezone ... ok
[INFO] [stdout] test builtins::filters::common::tests::date_errors_on_incorrect_format ... ok
[INFO] [stdout] test builtins::filters::array::tests::test_unique_strings ... ok
[INFO] [stdout] test builtins::filters::common::tests::date_rfc3339 ... ok
[INFO] [stdout] test builtins::filters::object::tests::test_get_filter_exists ... ok
[INFO] [stdout] test builtins::filters::number::tests::test_round_default ... ok
[INFO] [stdout] test builtins::filters::common::tests::date_from_naive_datetime ... ok
[INFO] [stdout] test builtins::filters::number::tests::test_round_ceil_precision ... ok
[INFO] [stdout] test builtins::filters::object::tests::test_get_filter_doesnt_exist ... ok
[INFO] [stdout] test builtins::filters::common::tests::date_format_doesnt_panic ... ok
[INFO] [stdout] test builtins::filters::number::tests::test_round_floor_precision ... ok
[INFO] [stdout] test builtins::filters::number::tests::test_round_floor ... ok
[INFO] [stdout] test builtins::filters::string::tests::test_int_others ... ok
[INFO] [stdout] test builtins::filters::string::tests::test_replace_missing_arg ... ok
[INFO] [stdout] test builtins::filters::number::tests::test_round_default_precision ... ok
[INFO] [stdout] test builtins::filters::string::tests::test_linebreaksbr ... ok
[INFO] [stdout] test builtins::filters::string::tests::test_lower ... ok
[INFO] [stdout] test builtins::filters::string::tests::test_replace_newline ... ok
[INFO] [stdout] test builtins::filters::string::tests::test_float ... ok
[INFO] [stdout] test builtins::filters::string::tests::test_capitalize ... ok
[INFO] [stdout] test builtins::filters::string::tests::test_replace ... ok
[INFO] [stdout] test builtins::filters::common::tests::date_custom_format ... ok
[INFO] [stdout] test builtins::filters::string::tests::test_striptags ... ok
[INFO] [stdout] test builtins::filters::number::tests::test_round_ceil ... ok
[INFO] [stdout] test builtins::filters::string::tests::test_int_decimal_strings ... ok
[INFO] [stdout] test builtins::filters::string::tests::test_addslashes ... ok
[INFO] [stdout] test builtins::filters::number::tests::test_pluralize_multiple_custom_singular ... ok
[INFO] [stdout] test builtins::filters::number::tests::test_pluralize_multiple_custom_plural ... ok
[INFO] [stdout] test builtins::filters::string::tests::test_truncate_smaller_than_length ... ok
[INFO] [stdout] test builtins::filters::string::tests::test_trim_end_matches ... ok
[INFO] [stdout] test builtins::filters::string::tests::test_trim_start ... ok
[INFO] [stdout] test builtins::filters::string::tests::test_upper_error ... ok
[INFO] [stdout] test builtins::filters::string::tests::test_trim_start_matches ... ok
[INFO] [stdout] test builtins::filters::string::tests::test_wordcount ... ok
[INFO] [stdout] test builtins::filters::string::tests::test_trim_end ... ok
[INFO] [stdout] test builtins::functions::tests::get_env_non_existing_no_default ... ok
[INFO] [stdout] test builtins::functions::tests::get_env_existing ... ok
[INFO] [stdout] test builtins::filters::string::tests::test_truncate_when_required ... ok
[INFO] [stdout] test builtins::functions::tests::get_env_non_existing_with_default ... ok
[INFO] [stdout] test builtins::functions::tests::get_random_no_start ... ok
[INFO] [stdout] test builtins::filters::string::tests::test_urlencode_strict ... ok
[INFO] [stdout] test builtins::filters::string::tests::test_split ... ok
[INFO] [stdout] test builtins::functions::tests::now_datetime_utc ... ok
[INFO] [stdout] test builtins::filters::string::tests::test_slugify ... ok
[INFO] [stdout] test builtins::filters::string::tests::test_spaceless ... ok
[INFO] [stdout] test builtins::functions::tests::now_default ... ok
[INFO] [stdout] test builtins::functions::tests::now_timestamp ... ok
[INFO] [stdout] test builtins::filters::string::tests::test_truncate_multichar_grapheme ... ok
[INFO] [stdout] test builtins::filters::string::tests::test_truncate_custom_end ... ok
[INFO] [stdout] test builtins::filters::string::tests::test_urlencode ... ok
[INFO] [stdout] test builtins::filters::string::tests::test_xml_escape ... ok
[INFO] [stdout] test builtins::filters::string::tests::test_trim ... ok
[INFO] [stdout] test builtins::filters::string::tests::test_upper ... ok
[INFO] [stdout] test builtins::functions::tests::get_random_with_start ... ok
[INFO] [stdout] test builtins::functions::tests::range_default ... ok
[INFO] [stdout] test builtins::testers::tests::test_value_defined ... ok
[INFO] [stdout] test context::tests::can_create_context_from_value ... ok
[INFO] [stdout] test context::tests::can_extend_context ... ok
[INFO] [stdout] test context::tests::can_remove_a_key ... ok
[INFO] [stdout] test context::tests::remove_return_none_with_unknown_index ... ok
[INFO] [stdout] test errors::tests::test_error_is_send_and_sync ... ok
[INFO] [stdout] test parser::tests::errors::invalid_block_missing_name ... ok
[INFO] [stdout] test parser::tests::errors::invalid_break_outside_loop ... ok
[INFO] [stdout] test builtins::testers::tests::test_ending_with ... ok
[INFO] [stdout] test builtins::testers::tests::test_divisible_by ... ok
[INFO] [stdout] test builtins::testers::tests::test_starting_with ... ok
[INFO] [stdout] test builtins::functions::tests::range_start_greater_than_end ... ok
[INFO] [stdout] test builtins::functions::tests::throw_errors_with_message ... ok
[INFO] [stdout] test builtins::functions::tests::range_start ... ok
[INFO] [stdout] test builtins::testers::tests::test_object ... ok
[INFO] [stdout] test builtins::testers::tests::test_number_args_ok ... ok
[INFO] [stdout] test builtins::functions::tests::range_step_by ... ok
[INFO] [stdout] test builtins::testers::tests::test_too_many_args ... ok
[INFO] [stdout] test builtins::testers::tests::test_containing ... ok
[INFO] [stdout] test context::tests::can_create_context_from_impl_serialize ... ok
[INFO] [stdout] test parser::tests::errors::invalid_import_macros_missing_filename ... ok
[INFO] [stdout] test parser::tests::errors::invalid_import_macros_missing_namespace ... ok
[INFO] [stdout] test parser::tests::errors::invalid_extends_position ... ok
[INFO] [stdout] test parser::tests::errors::invalid_macro_content ... ok
[INFO] [stdout] test parser::tests::errors::invalid_fn_call_missing_value ... ok
[INFO] [stdout] test parser::tests::errors::invalid_filter_section_missing_name ... ok
[INFO] [stdout] test parser::tests::errors::invalid_macro_default_arg_value ... ok
[INFO] [stdout] test parser::tests::errors::invalid_number ... ok
[INFO] [stdout] test parser::tests::errors::invalid_operator ... ok
[INFO] [stdout] test parser::tests::errors::invalid_op ... ok
[INFO] [stdout] test parser::tests::errors::invalid_test_argument ... ok
[INFO] [stdout] test parser::tests::errors::missing_expression_with_not ... ok
[INFO] [stdout] test parser::tests::errors::invalid_extends_no_string ... ok
[INFO] [stdout] test parser::tests::errors::missing_container_name_in_forloop ... ok
[INFO] [stdout] test parser::tests::errors::invalid_else ... ok
[INFO] [stdout] test parser::tests::errors::missing_expression_in_if ... ok
[INFO] [stdout] test parser::tests::errors::missing_variable_name_in_set ... ok
[INFO] [stdout] test parser::tests::errors::unterminated_macro_call ... ok
[INFO] [stdout] test parser::tests::errors::unterminated_raw_tag ... ok
[INFO] [stdout] test parser::tests::errors::unterminated_extends ... ok
[INFO] [stdout] test parser::tests::errors::unterminated_filter_section ... ok
[INFO] [stdout] test parser::tests::errors::unterminated_string ... ok
[INFO] [stdout] test parser::tests::errors::unterminated_fn_call ... ok
[INFO] [stdout] test parser::tests::errors::unterminated_include ... ok
[INFO] [stdout] test parser::tests::errors::unterminated_if_tag ... ok
[INFO] [stdout] test parser::tests::errors::missing_value_in_set ... ok
[INFO] [stdout] test parser::tests::errors::wrong_end_block ... ok
[INFO] [stdout] test parser::tests::lexer::lex_basic_expr_with_filter ... ok
[INFO] [stdout] test parser::tests::errors::wrong_start_block ... ok
[INFO] [stdout] test parser::tests::lexer::lex_boolean ... ok
[INFO] [stdout] test parser::tests::lexer::lex_array ... ok
[INFO] [stdout] test parser::tests::lexer::lex_break_tag ... ok
[INFO] [stdout] test parser::tests::lexer::lex_continue_tag ... ok
[INFO] [stdout] test parser::tests::errors::unterminated_variable_block ... ok
[INFO] [stdout] test parser::tests::lexer::lex_basic_expr ... ok
[INFO] [stdout] test parser::tests::errors::invalid_include_no_string ... ok
[INFO] [stdout] test parser::tests::errors::unterminated_test ... ok
[INFO] [stdout] test parser::tests::errors::invalid_elif ... ok
[INFO] [stdout] test parser::tests::errors::invalid_macro_call ... ok
[INFO] [stdout] test parser::tests::lexer::lex_block_tag ... ok
[INFO] [stdout] test parser::tests::lexer::lex_else_tag ... ok
[INFO] [stdout] test parser::tests::lexer::lex_comment_tag ... ok
[INFO] [stdout] test parser::tests::lexer::lex_extends_tag ... ok
[INFO] [stdout] test parser::tests::lexer::lex_dotted_ident ... ok
[INFO] [stdout] test parser::tests::lexer::lex_content ... ok
[INFO] [stdout] test parser::tests::lexer::lex_for_tag ... ok
[INFO] [stdout] test parser::tests::errors::invalid_continue_outside_loop ... ok
[INFO] [stdout] test builtins::testers::tests::test_iterable ... ok
[INFO] [stdout] test parser::tests::lexer::lex_float ... ok
[INFO] [stdout] test parser::tests::lexer::lex_filter_tag ... ok
[INFO] [stdout] test parser::tests::lexer::lex_dotted_square_bracket_ident ... ok
[INFO] [stdout] test parser::tests::lexer::lex_filter ... ok
[INFO] [stdout] test parser::tests::lexer::lex_comparison_val ... ok
[INFO] [stdout] test parser::tests::lexer::lex_elif_tag ... ok
[INFO] [stdout] test parser::tests::lexer::lex_extends_with_imports ... ok
[INFO] [stdout] test parser::tests::lexer::lex_import_macro_tag ... ok
[INFO] [stdout] test parser::tests::lexer::lex_if_tag ... ok
[INFO] [stdout] test parser::tests::lexer::lex_logic_expr ... ok
[INFO] [stdout] test parser::tests::lexer::lex_include_tag ... ok
[INFO] [stdout] test parser::tests::lexer::lex_kwargs ... ok
[INFO] [stdout] test parser::tests::lexer::lex_comparison_expr ... ok
[INFO] [stdout] test parser::tests::lexer::lex_macro_tag ... ok
[INFO] [stdout] test parser::tests::lexer::lex_macro_definition ... ok
[INFO] [stdout] test parser::tests::lexer::lex_string_expr_with_filter ... ok
[INFO] [stdout] test parser::tests::lexer::lex_template ... ok
[INFO] [stdout] test parser::tests::lexer::lex_test ... ok
[INFO] [stdout] test parser::tests::parser::parse_allow_block_in_filter_section ... ok
[INFO] [stdout] test parser::tests::lexer::lex_string ... ok
[INFO] [stdout] test parser::tests::lexer::lex_requires_whitespace_between_things ... ok
[INFO] [stdout] test parser::tests::lexer::lex_int ... ok
[INFO] [stdout] test parser::tests::lexer::lex_string_concat ... ok
[INFO] [stdout] test parser::tests::lexer::lex_in_cond ... ok
[INFO] [stdout] test parser::tests::parser::parse_extends ... ok
[INFO] [stdout] test parser::tests::parser::parse_empty_template ... ok
[INFO] [stdout] test parser::tests::parser::parse_continue ... ok
[INFO] [stdout] test parser::tests::parser::parse_comment_tag ... ok
[INFO] [stdout] test parser::tests::parser::parse_block ... ok
[INFO] [stdout] test parser::tests::parser::parse_filter_section_preserves_ws ... ok
[INFO] [stdout] test parser::tests::parser::parse_filter_section_with_args ... ok
[INFO] [stdout] test parser::tests::parser::parse_include_tag ... ok
[INFO] [stdout] test parser::tests::parser::parse_if ... ok
[INFO] [stdout] test parser::tests::lexer::lex_variable_tag ... ok
[INFO] [stdout] test parser::tests::parser::parse_import_macro ... ok
[INFO] [stdout] test parser::tests::parser::parse_key_value_forloop ... ok
[INFO] [stdout] test parser::tests::parser::parse_set_array ... ok
[INFO] [stdout] test parser::tests::parser::parse_raw_tag_with_ws ... ok
[INFO] [stdout] test parser::tests::parser::parse_comments_before_extends ... ok
[INFO] [stdout] test parser::tests::parser::parse_negated_in_condition ... ok
[INFO] [stdout] test parser::tests::parser::parse_break ... ok
[INFO] [stdout] test parser::tests::parser::parse_set_array_with_filter ... ok
[INFO] [stdout] test parser::tests::parser::parse_set_tag_macro_call ... ok
[INFO] [stdout] test parser::tests::parser::parse_string_concat ... ok
[INFO] [stdout] test parser::tests::parser::parse_string_concat_can_merge ... ok
[INFO] [stdout] test parser::tests::parser::parse_string_concat_multiple ... ok
[INFO] [stdout] test parser::tests::parser::parse_simple_macro_definition ... ok
[INFO] [stdout] test parser::tests::parser::parse_test ... ok
[INFO] [stdout] test parser::tests::parser::parse_text ... ok
[INFO] [stdout] test parser::tests::parser::parse_set_tag_fn_call ... ok
[INFO] [stdout] test parser::tests::parser::parse_set_tag_lit ... ok
[INFO] [stdout] test parser::tests::parser::parse_set_global_tag ... ok
[INFO] [stdout] test parser::tests::parser::parse_text_with_whitespace ... ok
[INFO] [stdout] test parser::tests::parser::parse_filter_section_without_args ... ok
[INFO] [stdout] test parser::tests::lexer::lex_logic_val ... ok
[INFO] [stdout] test parser::tests::lexer::lex_set_global_tag ... ok
[INFO] [stdout] test parser::tests::parser::parse_raw_tag ... ok
[INFO] [stdout] test parser::tests::parser::parse_variable_tag_global_function_with_filter ... ok
[INFO] [stdout] test parser::tests::lexer::lex_ident ... ok
[INFO] [stdout] test parser::tests::parser::parse_variable_tag_ident ... ok
[INFO] [stdout] test parser::tests::parser::parse_value_forloop_array ... ok
[INFO] [stdout] test parser::tests::parser::parse_variable_tag_array_lit_with_filter ... ok
[INFO] [stdout] test parser::tests::parser::parse_value_forloop_empty ... ok
[INFO] [stdout] test parser::tests::lexer::lex_kwarg ... ok
[INFO] [stdout] test parser::tests::parser::parse_in_condition ... ok
[INFO] [stdout] test parser::tests::parser::parse_variable_tag_lit ... ok
[INFO] [stdout] test parser::tests::parser::parse_variable_tag_lit_math_expression ... ok
[INFO] [stdout] test parser::tests::lexer::lex_fn_call ... ok
[INFO] [stdout] test parser::tests::parser::parse_variable_tag_ident_with_simple_filters ... ok
[INFO] [stdout] test parser::tests::parser::parse_variable_tag_lit_math_expression_with_parentheses ... ok
[INFO] [stdout] test parser::tests::parser::parse_variable_tag_macro_call_with_array ... ok
[INFO] [stdout] test parser::tests::parser::parse_variable_tag_macro_call ... ok
[INFO] [stdout] test parser::tests::parser::parse_variable_tag_array_lit ... ok
[INFO] [stdout] test parser::tests::parser::parse_value_forloop ... ok
[INFO] [stdout] test parser::tests::parser::parse_variable_tag_lit_math_expression_with_parentheses_and_filter ... ok
[INFO] [stdout] test parser::tests::parser::parse_variable_tag_macro_call_with_array_with_filters ... ok
[INFO] [stdout] test parser::tests::parser::parse_variable_tag_math_with_filters_and_logic_expression ... ok
[INFO] [stdout] test parser::tests::whitespace::do_nothing_if_unneeded ... ok
[INFO] [stdout] test parser::tests::whitespace::handle_ws_both_sides_for_forloop_tag_and_remove_empty_node ... ok
[INFO] [stdout] test parser::tests::whitespace::handle_ws_both_sides_for_macro_definitions ... ok
[INFO] [stdout] test parser::tests::whitespace::handle_ws_both_sides_for_raw_tag ... ok
[INFO] [stdout] test parser::tests::whitespace::handle_ws_for_if_nodes ... ok
[INFO] [stdout] test parser::tests::whitespace::handle_ws_for_if_nodes_with_else ... ok
[INFO] [stdout] test parser::tests::whitespace::remove_next_ws_if_single_opening_tag_requires_it ... ok
[INFO] [stdout] test parser::tests::whitespace::remove_previous_ws_if_single_opening_tag_requires_it ... ok
[INFO] [stdout] test renderer::for_loop::tests::test_that_iterating_on_string_yields_grapheme_clusters ... ok
[INFO] [stdout] test renderer::square_brackets::tests::can_pull_out_square_bracket ... ok
[INFO] [stdout] test parser::tests::parser::parse_variable_tag_simple_negated_expr ... ok
[INFO] [stdout] test parser::tests::parser::parse_variable_tag_simple_negated_test ... ok
[INFO] [stdout] test parser::tests::parser::parse_variable_tag_simple_test ... ok
[INFO] [stdout] test parser::tests::parser::parse_variable_tag_macro_call_with_filter ... ok
[INFO] [stdout] test parser::tests::parser::parse_variable_tag_simple_logic_expression ... ok
[INFO] [stdout] test renderer::tests::basic::can_set_variables_in_included_templates ... ok
[INFO] [stdout] test renderer::tests::basic::can_set_variable_in_global_context_in_forloop ... ok
[INFO] [stdout] test renderer::tests::basic::can_use_concat_to_push_to_array ... ok
[INFO] [stdout] test builtins::testers::tests::test_matching ... ok
[INFO] [stdout] test parser::tests::parser::parse_variable_tag_global_function ... ok
[INFO] [stdout] test parser::tests::parser::parse_variable_with_whitespace_trimming ... ok
[INFO] [stdout] test renderer::tests::basic::can_fail_rendering_from_template ... ok
[INFO] [stdout] test parser::tests::parser::parse_value_forloop_array_with_filter ... ok
[INFO] [stdout] test renderer::tests::basic::add_set_values_in_context ... ok
[INFO] [stdout] test renderer::tests::basic::comments_are_ignored ... ok
[INFO] [stdout] test parser::tests::parser::parse_variable_tag_test_as_expression ... ok
[INFO] [stdout] test renderer::tests::basic::default_filter_works_in_condition ... ok
[INFO] [stdout] test renderer::tests::basic::filter_filter_works ... ok
[INFO] [stdout] test renderer::tests::basic::does_render_owned_for_loop_with_objects ... ok
[INFO] [stdout] test renderer::tests::basic::does_render_owned_for_loop_with_objects_string_keys ... ok
[INFO] [stdout] test renderer::tests::basic::redefining_loop_value_doesnt_break_loop ... ok
[INFO] [stdout] test renderer::tests::basic::default_filter_works ... ok
[INFO] [stdout] test parser::tests::lexer::lex_set_tag ... ok
[INFO] [stdout] test parser::tests::parser::parse_variable_math_on_filter ... ok
[INFO] [stdout] test renderer::tests::basic::escaping_happens_at_the_end ... ok
[INFO] [stdout] test parser::tests::parser::parse_variable_tag_negated_expr ... ok
[INFO] [stdout] test parser::tests::parser::parse_variable_tag_math_and_logic_expression ... ok
[INFO] [stdout] test renderer::tests::basic::render_raw_tag ... ok
[INFO] [stdout] test renderer::tests::basic::render_magic_variable_gets_all_contexts ... ok
[INFO] [stdout] test builtins::filters::string::tests::test_title ... ok
[INFO] [stdout] test renderer::tests::basic::render_magic_variable_macro_doesnt_leak ... ok
[INFO] [stdout] test renderer::tests::basic::can_do_string_concat ... ok
[INFO] [stdout] test renderer::tests::basic::render_include_tag_missing ... ok
[INFO] [stdout] test renderer::tests::basic::render_magic_variable_isnt_escaped ... ok
[INFO] [stdout] test renderer::tests::basic::render_include_tag ... ok
[INFO] [stdout] test renderer::tests::basic::render_simple_string ... ok
[INFO] [stdout] test renderer::tests::basic::safe_filter_works ... ok
[INFO] [stdout] test renderer::tests::basic::render_variable_block_autoescaping_disabled ... ok
[INFO] [stdout] test renderer::tests::errors::error_invalid_type_index_variable ... ok
[INFO] [stdout] test renderer::tests::basic::split_on_context_value ... ok
[INFO] [stdout] test renderer::tests::errors::error_location_base_template ... ok
[INFO] [stdout] test renderer::tests::basic::stateful_global_fn ... ok
[INFO] [stdout] test renderer::tests::errors::error_location_basic ... ok
[INFO] [stdout] test renderer::tests::errors::error_gives_source_on_tests ... ok
[INFO] [stdout] test renderer::tests::errors::error_location_inside_macro ... ok
[INFO] [stdout] test renderer::tests::errors::error_location_in_parent_block ... ok
[INFO] [stdout] test renderer::tests::basic::render_tests ... ok
[INFO] [stdout] test renderer::tests::errors::error_location_in_parent_in_macro ... ok
[INFO] [stdout] test renderer::tests::errors::error_out_of_range_index ... ok
[INFO] [stdout] test renderer::tests::basic::safe_function_works ... ok
[INFO] [stdout] test renderer::tests::basic::render_for ... ok
[INFO] [stdout] test renderer::tests::errors::error_string_concat_math_logic ... ok
[INFO] [stdout] test renderer::tests::errors::error_when_missing_macro_templates ... ok
[INFO] [stdout] test renderer::tests::errors::error_unknown_index_variable ... ok
[INFO] [stdout] test renderer::tests::errors::error_when_using_variable_set_in_included_templates_outside ... ok
[INFO] [stdout] test renderer::tests::basic::filter_on_array_literal_works ... ok
[INFO] [stdout] test renderer::tests::basic::render_include_array_tag ... ok
[INFO] [stdout] test renderer::tests::basic::render_variable_block_lit_expr ... ok
[INFO] [stdout] test renderer::tests::errors::error_loading_macro_from_unloaded_namespace ... ok
[INFO] [stdout] test renderer::tests::basic::ok_many_variable_blocks ... ok
[INFO] [stdout] test renderer::tests::errors::errors_when_calling_macros_defined_in_file ... ok
[INFO] [stdout] test renderer::tests::inheritance::render_filter_section_inheritance ... ok
[INFO] [stdout] test renderer::tests::inheritance::render_multiple_inheritance_with_super ... ok
[INFO] [stdout] test renderer::tests::inheritance::render_super_in_grandchild_without_redefining_in_parent_works ... ok
[INFO] [stdout] test renderer::tests::inheritance::render_multiple_inheritance ... ok
[INFO] [stdout] test renderer::tests::inheritance::render_simple_inheritance ... ok
[INFO] [stdout] test renderer::tests::inheritance::render_super_in_grandchild_without_redefining_works ... ok
[INFO] [stdout] test renderer::tests::inheritance::render_super_in_top_block_errors ... ok
[INFO] [stdout] test renderer::tests::inheritance::render_nested_block_multiple_inheritance_no_super ... ok
[INFO] [stdout] test renderer::tests::basic::render_variable_block_logic_expr ... ok
[INFO] [stdout] test renderer::tests::inheritance::render_simple_inheritance_super ... ok
[INFO] [stdout] test renderer::tests::macros::macro_can_load_macro_from_macro_files ... ok
[INFO] [stdout] test renderer::tests::macros::macro_param_arent_escaped ... ok
[INFO] [stdout] test renderer::tests::macros::can_load_macro_in_child ... ok
[INFO] [stdout] test renderer::tests::macros::parent_macro_cant_access_child_macro_context ... ok
[INFO] [stdout] test renderer::tests::macros::can_load_macro_in_parent_with_grandparent ... ok
[INFO] [stdout] test renderer::tests::macros::can_load_parent_macro_in_child ... ok
[INFO] [stdout] test renderer::tests::macros::macro_can_access_global_context ... ok
[INFO] [stdout] test renderer::tests::inheritance::render_super_multiple_inheritance_nested_block ... ok
[INFO] [stdout] test renderer::tests::macros::render_macros ... ok
[INFO] [stdout] test renderer::tests::macros::can_inherit_macro_import_from_grandparent ... ok
[INFO] [stdout] test renderer::tests::macros::render_macros_expression_arg ... ok
[INFO] [stdout] test renderer::tests::macros::render_macros_in_child_templates_different_namespace ... ok
[INFO] [stdout] test renderer::tests::macros::import_macros_into_other_macro_files ... ok
[INFO] [stdout] test renderer::tests::basic::filter_args_are_not_escaped ... ok
[INFO] [stdout] test renderer::tests::basic::render_variable_block_ident ... ok
[INFO] [stdout] test renderer::tests::errors::errors_with_inheritance_in_included_template ... ok
[INFO] [stdout] test renderer::tests::macros::recursive_macro_with_loops ... ok
[INFO] [stdout] test renderer::tests::macros::can_inherit_macro_import_from_parent ... ok
[INFO] [stdout] test renderer::tests::macros::render_set_tag_macro ... ok
[INFO] [stdout] test renderer::tests::macros::render_macros_with_default_args ... ok
[INFO] [stdout] test renderer::tests::macros::render_macros_override_default_args ... ok
[INFO] [stdout] test renderer::tests::macros::template_cant_access_macros_context ... ok
[INFO] [stdout] test renderer::tests::macros::render_macros_in_child_templates_same_namespace ... ok
[INFO] [stdout] test renderer::tests::macros::render_macros_in_included ... ok
[INFO] [stdout] test renderer::tests::macros::render_recursive_macro ... ok
[INFO] [stdout] test renderer::tests::basic::render_if_elif_else ... ok
[INFO] [stdout] test renderer::tests::inheritance::render_filter_section_inheritance_no_override ... ok
[INFO] [stdout] test renderer::tests::whitespace::can_remove_whitespace_macros ... ok
[INFO] [stdout] test renderer::tests::square_brackets::var_access_by_square_brackets_errors ... ok
[INFO] [stdout] test template::tests::can_find_imported_macros ... ok
[INFO] [stdout] test renderer::tests::square_brackets::var_access_by_loop_index ... ok
[INFO] [stdout] test renderer::tests::whitespace::can_remove_whitespace_inheritance ... ok
[INFO] [stdout] test template::tests::can_find_parent_template ... ok
[INFO] [stdout] test template::tests::can_find_nested_blocks ... ok
[INFO] [stdout] test template::tests::can_parse_ok_template ... ok
[INFO] [stdout] test renderer::tests::square_brackets::var_access_by_loop_index_with_set ... ok
[INFO] [stdout] test renderer::tests::whitespace::can_remove_whitespace_basic ... ok
[INFO] [stdout] test renderer::tests::whitespace::make_sure_not_to_delete_whitespaces ... ok
[INFO] [stdout] test template::tests::can_find_blocks ... ok
[INFO] [stdout] test renderer::tests::whitespace::can_remove_whitespace_include ... ok
[INFO] [stdout] test renderer::tests::square_brackets::var_access_by_square_brackets ... ok
[INFO] [stdout] test renderer::tests::errors::right_variable_name_is_needed_in_for_loop ... ok
[INFO] [stdout] test renderer::tests::whitespace::works_with_filter_section ... ok
[INFO] [stdout] test template::tests::can_find_macros ... ok
[INFO] [stdout] test renderer::tests::macros::render_macros_in_parent_template_with_inheritance ... ok
[INFO] [stdout] test tera::tests::glob_work_with_absolute_paths_and_double_star ... ok
[INFO] [stdout] test tera::tests::issues_found_fuzzing_conditions_are_fixed ... ok
[INFO] [stdout] test tera::tests::issues_found_fuzzing_expressions_are_fixed ... ok
[INFO] [stdout] test tera::tests::test_extend_new_tester ... ok
[INFO] [stdout] test tera::tests::glob_work_with_absolute_paths ... ok
[INFO] [stdout] test tera::tests::test_can_autoescape_one_off_template ... ok
[INFO] [stdout] test tera::tests::test_can_disable_autoescape_one_off_template ... ok
[INFO] [stdout] test tera::tests::test_extend_new_filter ... ok
[INFO] [stdout] test tera::tests::test_get_parent_blocks_definition_nested_block ... ok
[INFO] [stdout] test tera::tests::test_missing_parent_template ... ok
[INFO] [stdout] test tera::tests::test_reset_escape_function ... ok
[INFO] [stdout] test tera::tests::test_render_map_with_dotted_keys ... ok
[INFO] [stdout] test utils::tests::test_escape_html ... ok
[INFO] [stdout] test tera::tests::test_circular_extends ... ok
[INFO] [stdout] test utils::tests::test_render_to_string ... ok
[INFO] [stdout] test tera::tests::test_value_one_off_template ... ok
[INFO] [stdout] test tera::tests::test_get_inheritance_chain ... ok
[INFO] [stdout] test tera::tests::test_extend_no_overlap ... ok
[INFO] [stdout] test tera::tests::test_get_parent_blocks_definition ... ok
[INFO] [stdout] test tera::tests::test_extend_with_overlap ... ok
[INFO] [stdout] test tera::tests::test_set_escape_function ... ok
[INFO] [stdout] test tera::tests::test_render_str_with_custom_function ... ok
[INFO] [stdout] test renderer::tests::basic::render_filter_section ... ok
[INFO] [stdout] test tera::tests::test_can_only_parse_templates - should panic ... FAILED
[INFO] [stdout] test tera::tests::can_load_from_glob_with_patterns ... FAILED
[INFO] [stdout] test tera::tests::can_load_from_glob ... FAILED
[INFO] [stdout] test tera::tests::full_reload_with_glob ... FAILED
[INFO] [stdout] test tera::tests::full_reload_with_glob_after_extending ... FAILED
[INFO] [stdout] 
[INFO] [stdout] failures:
[INFO] [stdout] 
[INFO] [stdout] ---- tera::tests::test_can_only_parse_templates stdout ----
[INFO] [stdout] note: test did not panic as expected
[INFO] [stdout] ---- tera::tests::can_load_from_glob_with_patterns stdout ----
[INFO] [stdout] thread 'tera::tests::can_load_from_glob_with_patterns' panicked at 'assertion failed: tera.get_template(\"base.html\").is_ok()', src/tera.rs:1069:9
[INFO] [stdout] stack backtrace:
[INFO] [stdout]    0:     0x55cd63ec6720 - std::backtrace_rs::backtrace::libunwind::trace::hff4d1766e93f64f1
[INFO] [stdout]                                at /rustc/53fd98ca776cb875bc9e5514f56b52eb74f9e7a9/library/std/src/../../backtrace/src/backtrace/libunwind.rs:90:5
[INFO] [stdout]    1:     0x55cd63ec6720 - std::backtrace_rs::backtrace::trace_unsynchronized::h56bbc8eb78770bcb
[INFO] [stdout]                                at /rustc/53fd98ca776cb875bc9e5514f56b52eb74f9e7a9/library/std/src/../../backtrace/src/backtrace/mod.rs:66:5
[INFO] [stdout]    2:     0x55cd63ec6720 - std::sys_common::backtrace::_print_fmt::h5c8e75464faca780
[INFO] [stdout]                                at /rustc/53fd98ca776cb875bc9e5514f56b52eb74f9e7a9/library/std/src/sys_common/backtrace.rs:67:5
[INFO] [stdout]    3:     0x55cd63ec6720 - <std::sys_common::backtrace::_print::DisplayBacktrace as core::fmt::Display>::fmt::h48b88277def8b362
[INFO] [stdout]                                at /rustc/53fd98ca776cb875bc9e5514f56b52eb74f9e7a9/library/std/src/sys_common/backtrace.rs:46:22
[INFO] [stdout]    4:     0x55cd63eec04c - core::fmt::write::h3381b3176fe2b3d3
[INFO] [stdout]                                at /rustc/53fd98ca776cb875bc9e5514f56b52eb74f9e7a9/library/core/src/fmt/mod.rs:1115:17
[INFO] [stdout]    5:     0x55cd63ec2fd5 - std::io::Write::write_fmt::h5f34a676f60246b5
[INFO] [stdout]                                at /rustc/53fd98ca776cb875bc9e5514f56b52eb74f9e7a9/library/std/src/io/mod.rs:1665:15
[INFO] [stdout]    6:     0x55cd63ec8e7b - std::sys_common::backtrace::_print::ha537687d6c17dd0d
[INFO] [stdout]                                at /rustc/53fd98ca776cb875bc9e5514f56b52eb74f9e7a9/library/std/src/sys_common/backtrace.rs:49:5
[INFO] [stdout]    7:     0x55cd63ec8e7b - std::sys_common::backtrace::print::h61376ae57d131d72
[INFO] [stdout]                                at /rustc/53fd98ca776cb875bc9e5514f56b52eb74f9e7a9/library/std/src/sys_common/backtrace.rs:36:9
[INFO] [stdout]    8:     0x55cd63ec8e7b - std::panicking::default_hook::{{closure}}::h0f7208c0b9644a54
[INFO] [stdout]                                at /rustc/53fd98ca776cb875bc9e5514f56b52eb74f9e7a9/library/std/src/panicking.rs:208:50
[INFO] [stdout]    9:     0x55cd63ec898c - std::panicking::default_hook::hdac7fc06578c14ce
[INFO] [stdout]                                at /rustc/53fd98ca776cb875bc9e5514f56b52eb74f9e7a9/library/std/src/panicking.rs:222:9
[INFO] [stdout]   10:     0x55cd63ec9544 - std::panicking::rust_panic_with_hook::h72b21c283da3d1ef
[INFO] [stdout]                                at /rustc/53fd98ca776cb875bc9e5514f56b52eb74f9e7a9/library/std/src/panicking.rs:622:17
[INFO] [stdout]   11:     0x55cd63ec8ff7 - std::panicking::begin_panic_handler::{{closure}}::he5778f1729cff84a
[INFO] [stdout]                                at /rustc/53fd98ca776cb875bc9e5514f56b52eb74f9e7a9/library/std/src/panicking.rs:517:13
[INFO] [stdout]   12:     0x55cd63ec6bfc - std::sys_common::backtrace::__rust_end_short_backtrace::h2d11ca8b453b4b1d
[INFO] [stdout]                                at /rustc/53fd98ca776cb875bc9e5514f56b52eb74f9e7a9/library/std/src/sys_common/backtrace.rs:141:18
[INFO] [stdout]   13:     0x55cd63ec8f89 - rust_begin_unwind
[INFO] [stdout]                                at /rustc/53fd98ca776cb875bc9e5514f56b52eb74f9e7a9/library/std/src/panicking.rs:515:5
[INFO] [stdout]   14:     0x55cd6385e961 - core::panicking::panic_fmt::hf9de31d4acbce4db
[INFO] [stdout]                                at /rustc/53fd98ca776cb875bc9e5514f56b52eb74f9e7a9/library/core/src/panicking.rs:92:14
[INFO] [stdout]   15:     0x55cd6385e8ad - core::panicking::panic::h8a6bc58a21c6c095
[INFO] [stdout]                                at /rustc/53fd98ca776cb875bc9e5514f56b52eb74f9e7a9/library/core/src/panicking.rs:50:5
[INFO] [stdout]   16:     0x55cd639021a4 - tera::tera::tests::can_load_from_glob_with_patterns::h6ffe0ec213ca9653
[INFO] [stdout]                                at /opt/rustwide/workdir/src/tera.rs:1069:9
[INFO] [stdout]   17:     0x55cd6390208a - tera::tera::tests::can_load_from_glob_with_patterns::{{closure}}::hf7de631b13be1647
[INFO] [stdout]                                at /opt/rustwide/workdir/src/tera.rs:1067:5
[INFO] [stdout]   18:     0x55cd639bb59e - core::ops::function::FnOnce::call_once::h1b946df2a1843551
[INFO] [stdout]                                at /rustc/53fd98ca776cb875bc9e5514f56b52eb74f9e7a9/library/core/src/ops/function.rs:227:5
[INFO] [stdout]   19:     0x55cd63b54233 - core::ops::function::FnOnce::call_once::hbb52c4519d3137b0
[INFO] [stdout]                                at /rustc/53fd98ca776cb875bc9e5514f56b52eb74f9e7a9/library/core/src/ops/function.rs:227:5
[INFO] [stdout]   20:     0x55cd63b54233 - test::__rust_begin_short_backtrace::h86fe3a2a5a5121af
[INFO] [stdout]                                at /rustc/53fd98ca776cb875bc9e5514f56b52eb74f9e7a9/library/test/src/lib.rs:578:5
[INFO] [stdout]   21:     0x55cd63b52ce8 - <alloc::boxed::Box<F,A> as core::ops::function::FnOnce<Args>>::call_once::hfd956bc3d57399be
[INFO] [stdout]                                at /rustc/53fd98ca776cb875bc9e5514f56b52eb74f9e7a9/library/alloc/src/boxed.rs:1572:9
[INFO] [stdout]   22:     0x55cd63b52ce8 - <std::panic::AssertUnwindSafe<F> as core::ops::function::FnOnce<()>>::call_once::h40dc93e0ddb5938a
[INFO] [stdout]                                at /rustc/53fd98ca776cb875bc9e5514f56b52eb74f9e7a9/library/std/src/panic.rs:347:9
[INFO] [stdout]   23:     0x55cd63b52ce8 - std::panicking::try::do_call::h90d07750cb47c562
[INFO] [stdout]                                at /rustc/53fd98ca776cb875bc9e5514f56b52eb74f9e7a9/library/std/src/panicking.rs:401:40
[INFO] [stdout]   24:     0x55cd63b52ce8 - std::panicking::try::h063c84733ad2a629
[INFO] [stdout]                                at /rustc/53fd98ca776cb875bc9e5514f56b52eb74f9e7a9/library/std/src/panicking.rs:365:19
[INFO] [stdout]   25:     0x55cd63b52ce8 - std::panic::catch_unwind::h0c464836a84e7c08
[INFO] [stdout]                                at /rustc/53fd98ca776cb875bc9e5514f56b52eb74f9e7a9/library/std/src/panic.rs:434:14
[INFO] [stdout]   26:     0x55cd63b52ce8 - test::run_test_in_process::h5cb06ef620b157fc
[INFO] [stdout]                                at /rustc/53fd98ca776cb875bc9e5514f56b52eb74f9e7a9/library/test/src/lib.rs:601:18
[INFO] [stdout]   27:     0x55cd63b52ce8 - test::run_test::run_test_inner::{{closure}}::h76f677f4b93f9828
[INFO] [stdout]                                at /rustc/53fd98ca776cb875bc9e5514f56b52eb74f9e7a9/library/test/src/lib.rs:493:39
[INFO] [stdout]   28:     0x55cd63b2147d - test::run_test::run_test_inner::{{closure}}::h366d01fe04f4d67a
[INFO] [stdout]                                at /rustc/53fd98ca776cb875bc9e5514f56b52eb74f9e7a9/library/test/src/lib.rs:520:37
[INFO] [stdout]   29:     0x55cd63b2147d - std::sys_common::backtrace::__rust_begin_short_backtrace::h7dfa0de4eb395af2
[INFO] [stdout]                                at /rustc/53fd98ca776cb875bc9e5514f56b52eb74f9e7a9/library/std/src/sys_common/backtrace.rs:125:18
[INFO] [stdout]   30:     0x55cd63b25c48 - std::thread::Builder::spawn_unchecked::{{closure}}::{{closure}}::hf0a74bb58798037f
[INFO] [stdout]                                at /rustc/53fd98ca776cb875bc9e5514f56b52eb74f9e7a9/library/std/src/thread/mod.rs:476:17
[INFO] [stdout]   31:     0x55cd63b25c48 - <std::panic::AssertUnwindSafe<F> as core::ops::function::FnOnce<()>>::call_once::hb024e854818586ac
[INFO] [stdout]                                at /rustc/53fd98ca776cb875bc9e5514f56b52eb74f9e7a9/library/std/src/panic.rs:347:9
[INFO] [stdout]   32:     0x55cd63b25c48 - std::panicking::try::do_call::hb2dd9f1d0d48e41d
[INFO] [stdout]                                at /rustc/53fd98ca776cb875bc9e5514f56b52eb74f9e7a9/library/std/src/panicking.rs:401:40
[INFO] [stdout]   33:     0x55cd63b25c48 - std::panicking::try::h4717ae7bac8b2bf3
[INFO] [stdout]                                at /rustc/53fd98ca776cb875bc9e5514f56b52eb74f9e7a9/library/std/src/panicking.rs:365:19
[INFO] [stdout]   34:     0x55cd63b25c48 - std::panic::catch_unwind::h0dc8a061326ce8d8
[INFO] [stdout]                                at /rustc/53fd98ca776cb875bc9e5514f56b52eb74f9e7a9/library/std/src/panic.rs:434:14
[INFO] [stdout]   35:     0x55cd63b25c48 - std::thread::Builder::spawn_unchecked::{{closure}}::haa369e2d6fd00aa1
[INFO] [stdout]                                at /rustc/53fd98ca776cb875bc9e5514f56b52eb74f9e7a9/library/std/src/thread/mod.rs:475:30
[INFO] [stdout]   36:     0x55cd63b25c48 - core::ops::function::FnOnce::call_once{{vtable.shim}}::h36dcf3de8b056f17
[INFO] [stdout]                                at /rustc/53fd98ca776cb875bc9e5514f56b52eb74f9e7a9/library/core/src/ops/function.rs:227:5
[INFO] [stdout]   37:     0x55cd63ecef37 - <alloc::boxed::Box<F,A> as core::ops::function::FnOnce<Args>>::call_once::h65c29e4642be2358
[INFO] [stdout]                                at /rustc/53fd98ca776cb875bc9e5514f56b52eb74f9e7a9/library/alloc/src/boxed.rs:1572:9
[INFO] [stdout]   38:     0x55cd63ecef37 - <alloc::boxed::Box<F,A> as core::ops::function::FnOnce<Args>>::call_once::hd0f8f7fbbd9fffbf
[INFO] [stdout]                                at /rustc/53fd98ca776cb875bc9e5514f56b52eb74f9e7a9/library/alloc/src/boxed.rs:1572:9
[INFO] [stdout]   39:     0x55cd63ecef37 - std::sys::unix::thread::Thread::new::thread_start::h2fd22fee3ca77b65
[INFO] [stdout]                                at /rustc/53fd98ca776cb875bc9e5514f56b52eb74f9e7a9/library/std/src/sys/unix/thread.rs:74:17
[INFO] [stdout]   40:     0x7efcae7c7609 - start_thread
[INFO] [stdout]   41:     0x7efcae599293 - clone
[INFO] [stdout]   42:                0x0 - <unknown>
[INFO] [stdout] 
[INFO] [stdout] ---- tera::tests::can_load_from_glob stdout ----
[INFO] [stdout] thread 'tera::tests::can_load_from_glob' panicked at 'assertion failed: tera.get_template(\"base.html\").is_ok()', src/tera.rs:1063:9
[INFO] [stdout] stack backtrace:
[INFO] [stdout]    0:     0x55cd63ec6720 - std::backtrace_rs::backtrace::libunwind::trace::hff4d1766e93f64f1
[INFO] [stdout]                                at /rustc/53fd98ca776cb875bc9e5514f56b52eb74f9e7a9/library/std/src/../../backtrace/src/backtrace/libunwind.rs:90:5
[INFO] [stdout]    1:     0x55cd63ec6720 - std::backtrace_rs::backtrace::trace_unsynchronized::h56bbc8eb78770bcb
[INFO] [stdout]                                at /rustc/53fd98ca776cb875bc9e5514f56b52eb74f9e7a9/library/std/src/../../backtrace/src/backtrace/mod.rs:66:5
[INFO] [stdout]    2:     0x55cd63ec6720 - std::sys_common::backtrace::_print_fmt::h5c8e75464faca780
[INFO] [stdout]                                at /rustc/53fd98ca776cb875bc9e5514f56b52eb74f9e7a9/library/std/src/sys_common/backtrace.rs:67:5
[INFO] [stdout]    3:     0x55cd63ec6720 - <std::sys_common::backtrace::_print::DisplayBacktrace as core::fmt::Display>::fmt::h48b88277def8b362
[INFO] [stdout]                                at /rustc/53fd98ca776cb875bc9e5514f56b52eb74f9e7a9/library/std/src/sys_common/backtrace.rs:46:22
[INFO] [stdout]    4:     0x55cd63eec04c - core::fmt::write::h3381b3176fe2b3d3
[INFO] [stdout]                                at /rustc/53fd98ca776cb875bc9e5514f56b52eb74f9e7a9/library/core/src/fmt/mod.rs:1115:17
[INFO] [stdout]    5:     0x55cd63ec2fd5 - std::io::Write::write_fmt::h5f34a676f60246b5
[INFO] [stdout]                                at /rustc/53fd98ca776cb875bc9e5514f56b52eb74f9e7a9/library/std/src/io/mod.rs:1665:15
[INFO] [stdout]    6:     0x55cd63ec8e7b - std::sys_common::backtrace::_print::ha537687d6c17dd0d
[INFO] [stdout]                                at /rustc/53fd98ca776cb875bc9e5514f56b52eb74f9e7a9/library/std/src/sys_common/backtrace.rs:49:5
[INFO] [stdout]    7:     0x55cd63ec8e7b - std::sys_common::backtrace::print::h61376ae57d131d72
[INFO] [stdout]                                at /rustc/53fd98ca776cb875bc9e5514f56b52eb74f9e7a9/library/std/src/sys_common/backtrace.rs:36:9
[INFO] [stdout]    8:     0x55cd63ec8e7b - std::panicking::default_hook::{{closure}}::h0f7208c0b9644a54
[INFO] [stdout]                                at /rustc/53fd98ca776cb875bc9e5514f56b52eb74f9e7a9/library/std/src/panicking.rs:208:50
[INFO] [stdout]    9:     0x55cd63ec898c - std::panicking::default_hook::hdac7fc06578c14ce
[INFO] [stdout]                                at /rustc/53fd98ca776cb875bc9e5514f56b52eb74f9e7a9/library/std/src/panicking.rs:222:9
[INFO] [stdout]   10:     0x55cd63ec9544 - std::panicking::rust_panic_with_hook::h72b21c283da3d1ef
[INFO] [stdout]                                at /rustc/53fd98ca776cb875bc9e5514f56b52eb74f9e7a9/library/std/src/panicking.rs:622:17
[INFO] [stdout]   11:     0x55cd63ec8ff7 - std::panicking::begin_panic_handler::{{closure}}::he5778f1729cff84a
[INFO] [stdout]                                at /rustc/53fd98ca776cb875bc9e5514f56b52eb74f9e7a9/library/std/src/panicking.rs:517:13
[INFO] [stdout]   12:     0x55cd63ec6bfc - std::sys_common::backtrace::__rust_end_short_backtrace::h2d11ca8b453b4b1d
[INFO] [stdout]                                at /rustc/53fd98ca776cb875bc9e5514f56b52eb74f9e7a9/library/std/src/sys_common/backtrace.rs:141:18
[INFO] [stdout]   13:     0x55cd63ec8f89 - rust_begin_unwind
[INFO] [stdout]                                at /rustc/53fd98ca776cb875bc9e5514f56b52eb74f9e7a9/library/std/src/panicking.rs:515:5
[INFO] [stdout]   14:     0x55cd6385e961 - core::panicking::panic_fmt::hf9de31d4acbce4db
[INFO] [stdout]                                at /rustc/53fd98ca776cb875bc9e5514f56b52eb74f9e7a9/library/core/src/panicking.rs:92:14
[INFO] [stdout]   15:     0x55cd6385e8ad - core::panicking::panic::h8a6bc58a21c6c095
[INFO] [stdout]                                at /rustc/53fd98ca776cb875bc9e5514f56b52eb74f9e7a9/library/core/src/panicking.rs:50:5
[INFO] [stdout]   16:     0x55cd63902064 - tera::tera::tests::can_load_from_glob::h18c7e7992418dcb8
[INFO] [stdout]                                at /opt/rustwide/workdir/src/tera.rs:1063:9
[INFO] [stdout]   17:     0x55cd63901f4a - tera::tera::tests::can_load_from_glob::{{closure}}::h1fcaeebb9f15c836
[INFO] [stdout]                                at /opt/rustwide/workdir/src/tera.rs:1061:5
[INFO] [stdout]   18:     0x55cd639c1a3e - core::ops::function::FnOnce::call_once::he4fb5a39b8999eb1
[INFO] [stdout]                                at /rustc/53fd98ca776cb875bc9e5514f56b52eb74f9e7a9/library/core/src/ops/function.rs:227:5
[INFO] [stdout]   19:     0x55cd63b54233 - core::ops::function::FnOnce::call_once::hbb52c4519d3137b0
[INFO] [stdout]                                at /rustc/53fd98ca776cb875bc9e5514f56b52eb74f9e7a9/library/core/src/ops/function.rs:227:5
[INFO] [stdout]   20:     0x55cd63b54233 - test::__rust_begin_short_backtrace::h86fe3a2a5a5121af
[INFO] [stdout]                                at /rustc/53fd98ca776cb875bc9e5514f56b52eb74f9e7a9/library/test/src/lib.rs:578:5
[INFO] [stdout]   21:     0x55cd63b52ce8 - <alloc::boxed::Box<F,A> as core::ops::function::FnOnce<Args>>::call_once::hfd956bc3d57399be
[INFO] [stdout]                                at /rustc/53fd98ca776cb875bc9e5514f56b52eb74f9e7a9/library/alloc/src/boxed.rs:1572:9
[INFO] [stdout]   22:     0x55cd63b52ce8 - <std::panic::AssertUnwindSafe<F> as core::ops::function::FnOnce<()>>::call_once::h40dc93e0ddb5938a
[INFO] [stdout]                                at /rustc/53fd98ca776cb875bc9e5514f56b52eb74f9e7a9/library/std/src/panic.rs:347:9
[INFO] [stdout]   23:     0x55cd63b52ce8 - std::panicking::try::do_call::h90d07750cb47c562
[INFO] [stdout]                                at /rustc/53fd98ca776cb875bc9e5514f56b52eb74f9e7a9/library/std/src/panicking.rs:401:40
[INFO] [stdout]   24:     0x55cd63b52ce8 - std::panicking::try::h063c84733ad2a629
[INFO] [stdout]                                at /rustc/53fd98ca776cb875bc9e5514f56b52eb74f9e7a9/library/std/src/panicking.rs:365:19
[INFO] [stdout]   25:     0x55cd63b52ce8 - std::panic::catch_unwind::h0c464836a84e7c08
[INFO] [stdout]                                at /rustc/53fd98ca776cb875bc9e5514f56b52eb74f9e7a9/library/std/src/panic.rs:434:14
[INFO] [stdout]   26:     0x55cd63b52ce8 - test::run_test_in_process::h5cb06ef620b157fc
[INFO] [stdout]                                at /rustc/53fd98ca776cb875bc9e5514f56b52eb74f9e7a9/library/test/src/lib.rs:601:18
[INFO] [stdout]   27:     0x55cd63b52ce8 - test::run_test::run_test_inner::{{closure}}::h76f677f4b93f9828
[INFO] [stdout]                                at /rustc/53fd98ca776cb875bc9e5514f56b52eb74f9e7a9/library/test/src/lib.rs:493:39
[INFO] [stdout]   28:     0x55cd63b2147d - test::run_test::run_test_inner::{{closure}}::h366d01fe04f4d67a
[INFO] [stdout]                                at /rustc/53fd98ca776cb875bc9e5514f56b52eb74f9e7a9/library/test/src/lib.rs:520:37
[INFO] [stdout]   29:     0x55cd63b2147d - std::sys_common::backtrace::__rust_begin_short_backtrace::h7dfa0de4eb395af2
[INFO] [stdout]                                at /rustc/53fd98ca776cb875bc9e5514f56b52eb74f9e7a9/library/std/src/sys_common/backtrace.rs:125:18
[INFO] [stdout]   30:     0x55cd63b25c48 - std::thread::Builder::spawn_unchecked::{{closure}}::{{closure}}::hf0a74bb58798037f
[INFO] [stdout]                                at /rustc/53fd98ca776cb875bc9e5514f56b52eb74f9e7a9/library/std/src/thread/mod.rs:476:17
[INFO] [stdout]   31:     0x55cd63b25c48 - <std::panic::AssertUnwindSafe<F> as core::ops::function::FnOnce<()>>::call_once::hb024e854818586ac
[INFO] [stdout]                                at /rustc/53fd98ca776cb875bc9e5514f56b52eb74f9e7a9/library/std/src/panic.rs:347:9
[INFO] [stdout]   32:     0x55cd63b25c48 - std::panicking::try::do_call::hb2dd9f1d0d48e41d
[INFO] [stdout]                                at /rustc/53fd98ca776cb875bc9e5514f56b52eb74f9e7a9/library/std/src/panicking.rs:401:40
[INFO] [stdout]   33:     0x55cd63b25c48 - std::panicking::try::h4717ae7bac8b2bf3
[INFO] [stdout]                                at /rustc/53fd98ca776cb875bc9e5514f56b52eb74f9e7a9/library/std/src/panicking.rs:365:19
[INFO] [stdout]   34:     0x55cd63b25c48 - std::panic::catch_unwind::h0dc8a061326ce8d8
[INFO] [stdout]                                at /rustc/53fd98ca776cb875bc9e5514f56b52eb74f9e7a9/library/std/src/panic.rs:434:14
[INFO] [stdout]   35:     0x55cd63b25c48 - std::thread::Builder::spawn_unchecked::{{closure}}::haa369e2d6fd00aa1
[INFO] [stdout]                                at /rustc/53fd98ca776cb875bc9e5514f56b52eb74f9e7a9/library/std/src/thread/mod.rs:475:30
[INFO] [stdout]   36:     0x55cd63b25c48 - core::ops::function::FnOnce::call_once{{vtable.shim}}::h36dcf3de8b056f17
[INFO] [stdout]                                at /rustc/53fd98ca776cb875bc9e5514f56b52eb74f9e7a9/library/core/src/ops/function.rs:227:5
[INFO] [stdout]   37:     0x55cd63ecef37 - <alloc::boxed::Box<F,A> as core::ops::function::FnOnce<Args>>::call_once::h65c29e4642be2358
[INFO] [stdout]                                at /rustc/53fd98ca776cb875bc9e5514f56b52eb74f9e7a9/library/alloc/src/boxed.rs:1572:9
[INFO] [stdout]   38:     0x55cd63ecef37 - <alloc::boxed::Box<F,A> as core::ops::function::FnOnce<Args>>::call_once::hd0f8f7fbbd9fffbf
[INFO] [stdout]                                at /rustc/53fd98ca776cb875bc9e5514f56b52eb74f9e7a9/library/alloc/src/boxed.rs:1572:9
[INFO] [stdout]   39:     0x55cd63ecef37 - std::sys::unix::thread::Thread::new::thread_start::h2fd22fee3ca77b65
[INFO] [stdout]                                at /rustc/53fd98ca776cb875bc9e5514f56b52eb74f9e7a9/library/std/src/sys/unix/thread.rs:74:17
[INFO] [stdout]   40:     0x7efcae7c7609 - start_thread
[INFO] [stdout]   41:     0x7efcae599293 - clone
[INFO] [stdout]   42:                0x0 - <unknown>
[INFO] [stdout] 
[INFO] [stdout] ---- tera::tests::full_reload_with_glob stdout ----
[INFO] [stdout] thread 'tera::tests::full_reload_with_glob' panicked at 'assertion failed: tera.get_template(\"base.html\").is_ok()', src/tera.rs:1077:9
[INFO] [stdout] stack backtrace:
[INFO] [stdout]    0:     0x55cd63ec6720 - std::backtrace_rs::backtrace::libunwind::trace::hff4d1766e93f64f1
[INFO] [stdout]                                at /rustc/53fd98ca776cb875bc9e5514f56b52eb74f9e7a9/library/std/src/../../backtrace/src/backtrace/libunwind.rs:90:5
[INFO] [stdout]    1:     0x55cd63ec6720 - std::backtrace_rs::backtrace::trace_unsynchronized::h56bbc8eb78770bcb
[INFO] [stdout]                                at /rustc/53fd98ca776cb875bc9e5514f56b52eb74f9e7a9/library/std/src/../../backtrace/src/backtrace/mod.rs:66:5
[INFO] [stdout]    2:     0x55cd63ec6720 - std::sys_common::backtrace::_print_fmt::h5c8e75464faca780
[INFO] [stdout]                                at /rustc/53fd98ca776cb875bc9e5514f56b52eb74f9e7a9/library/std/src/sys_common/backtrace.rs:67:5
[INFO] [stdout]    3:     0x55cd63ec6720 - <std::sys_common::backtrace::_print::DisplayBacktrace as core::fmt::Display>::fmt::h48b88277def8b362
[INFO] [stdout]                                at /rustc/53fd98ca776cb875bc9e5514f56b52eb74f9e7a9/library/std/src/sys_common/backtrace.rs:46:22
[INFO] [stdout]    4:     0x55cd63eec04c - core::fmt::write::h3381b3176fe2b3d3
[INFO] [stdout]                                at /rustc/53fd98ca776cb875bc9e5514f56b52eb74f9e7a9/library/core/src/fmt/mod.rs:1115:17
[INFO] [stdout]    5:     0x55cd63ec2fd5 - std::io::Write::write_fmt::h5f34a676f60246b5
[INFO] [stdout]                                at /rustc/53fd98ca776cb875bc9e5514f56b52eb74f9e7a9/library/std/src/io/mod.rs:1665:15
[INFO] [stdout]    6:     0x55cd63ec8e7b - std::sys_common::backtrace::_print::ha537687d6c17dd0d
[INFO] [stdout]                                at /rustc/53fd98ca776cb875bc9e5514f56b52eb74f9e7a9/library/std/src/sys_common/backtrace.rs:49:5
[INFO] [stdout]    7:     0x55cd63ec8e7b - std::sys_common::backtrace::print::h61376ae57d131d72
[INFO] [stdout]                                at /rustc/53fd98ca776cb875bc9e5514f56b52eb74f9e7a9/library/std/src/sys_common/backtrace.rs:36:9
[INFO] [stdout]    8:     0x55cd63ec8e7b - std::panicking::default_hook::{{closure}}::h0f7208c0b9644a54
[INFO] [stdout]                                at /rustc/53fd98ca776cb875bc9e5514f56b52eb74f9e7a9/library/std/src/panicking.rs:208:50
[INFO] [stdout]    9:     0x55cd63ec898c - std::panicking::default_hook::hdac7fc06578c14ce
[INFO] [stdout]                                at /rustc/53fd98ca776cb875bc9e5514f56b52eb74f9e7a9/library/std/src/panicking.rs:222:9
[INFO] [stdout]   10:     0x55cd63ec9544 - std::panicking::rust_panic_with_hook::h72b21c283da3d1ef
[INFO] [stdout]                                at /rustc/53fd98ca776cb875bc9e5514f56b52eb74f9e7a9/library/std/src/panicking.rs:622:17
[INFO] [stdout]   11:     0x55cd63ec8ff7 - std::panicking::begin_panic_handler::{{closure}}::he5778f1729cff84a
[INFO] [stdout]                                at /rustc/53fd98ca776cb875bc9e5514f56b52eb74f9e7a9/library/std/src/panicking.rs:517:13
[INFO] [stdout]   12:     0x55cd63ec6bfc - std::sys_common::backtrace::__rust_end_short_backtrace::h2d11ca8b453b4b1d
[INFO] [stdout]                                at /rustc/53fd98ca776cb875bc9e5514f56b52eb74f9e7a9/library/std/src/sys_common/backtrace.rs:141:18
[INFO] [stdout]   13:     0x55cd63ec8f89 - rust_begin_unwind
[INFO] [stdout]                                at /rustc/53fd98ca776cb875bc9e5514f56b52eb74f9e7a9/library/std/src/panicking.rs:515:5
[INFO] [stdout]   14:     0x55cd6385e961 - core::panicking::panic_fmt::hf9de31d4acbce4db
[INFO] [stdout]                                at /rustc/53fd98ca776cb875bc9e5514f56b52eb74f9e7a9/library/core/src/panicking.rs:92:14
[INFO] [stdout]   15:     0x55cd6385e8ad - core::panicking::panic::h8a6bc58a21c6c095
[INFO] [stdout]                                at /rustc/53fd98ca776cb875bc9e5514f56b52eb74f9e7a9/library/core/src/panicking.rs:50:5
[INFO] [stdout]   16:     0x55cd63902311 - tera::tera::tests::full_reload_with_glob::he55120432317ff6f
[INFO] [stdout]                                at /opt/rustwide/workdir/src/tera.rs:1077:9
[INFO] [stdout]   17:     0x55cd639021ca - tera::tera::tests::full_reload_with_glob::{{closure}}::h62e5e0fa0de53335
[INFO] [stdout]                                at /opt/rustwide/workdir/src/tera.rs:1073:5
[INFO] [stdout]   18:     0x55cd639c099e - core::ops::function::FnOnce::call_once::hbe1aad682e96a6d6
[INFO] [stdout]                                at /rustc/53fd98ca776cb875bc9e5514f56b52eb74f9e7a9/library/core/src/ops/function.rs:227:5
[INFO] [stdout]   19:     0x55cd63b54233 - core::ops::function::FnOnce::call_once::hbb52c4519d3137b0
[INFO] [stdout]                                at /rustc/53fd98ca776cb875bc9e5514f56b52eb74f9e7a9/library/core/src/ops/function.rs:227:5
[INFO] [stdout]   20:     0x55cd63b54233 - test::__rust_begin_short_backtrace::h86fe3a2a5a5121af
[INFO] [stdout]                                at /rustc/53fd98ca776cb875bc9e5514f56b52eb74f9e7a9/library/test/src/lib.rs:578:5
[INFO] [stdout]   21:     0x55cd63b52ce8 - <alloc::boxed::Box<F,A> as core::ops::function::FnOnce<Args>>::call_once::hfd956bc3d57399be
[INFO] [stdout]                                at /rustc/53fd98ca776cb875bc9e5514f56b52eb74f9e7a9/library/alloc/src/boxed.rs:1572:9
[INFO] [stdout]   22:     0x55cd63b52ce8 - <std::panic::AssertUnwindSafe<F> as core::ops::function::FnOnce<()>>::call_once::h40dc93e0ddb5938a
[INFO] [stdout]                                at /rustc/53fd98ca776cb875bc9e5514f56b52eb74f9e7a9/library/std/src/panic.rs:347:9
[INFO] [stdout]   23:     0x55cd63b52ce8 - std::panicking::try::do_call::h90d07750cb47c562
[INFO] [stdout]                                at /rustc/53fd98ca776cb875bc9e5514f56b52eb74f9e7a9/library/std/src/panicking.rs:401:40
[INFO] [stdout]   24:     0x55cd63b52ce8 - std::panicking::try::h063c84733ad2a629
[INFO] [stdout]                                at /rustc/53fd98ca776cb875bc9e5514f56b52eb74f9e7a9/library/std/src/panicking.rs:365:19
[INFO] [stdout]   25:     0x55cd63b52ce8 - std::panic::catch_unwind::h0c464836a84e7c08
[INFO] [stdout]                                at /rustc/53fd98ca776cb875bc9e5514f56b52eb74f9e7a9/library/std/src/panic.rs:434:14
[INFO] [stdout]   26:     0x55cd63b52ce8 - test::run_test_in_process::h5cb06ef620b157fc
[INFO] [stdout]                                at /rustc/53fd98ca776cb875bc9e5514f56b52eb74f9e7a9/library/test/src/lib.rs:601:18
[INFO] [stdout]   27:     0x55cd63b52ce8 - test::run_test::run_test_inner::{{closure}}::h76f677f4b93f9828
[INFO] [stdout]                                at /rustc/53fd98ca776cb875bc9e5514f56b52eb74f9e7a9/library/test/src/lib.rs:493:39
[INFO] [stdout]   28:     0x55cd63b2147d - test::run_test::run_test_inner::{{closure}}::h366d01fe04f4d67a
[INFO] [stdout]                                at /rustc/53fd98ca776cb875bc9e5514f56b52eb74f9e7a9/library/test/src/lib.rs:520:37
[INFO] [stdout]   29:     0x55cd63b2147d - std::sys_common::backtrace::__rust_begin_short_backtrace::h7dfa0de4eb395af2
[INFO] [stdout]                                at /rustc/53fd98ca776cb875bc9e5514f56b52eb74f9e7a9/library/std/src/sys_common/backtrace.rs:125:18
[INFO] [stdout]   30:     0x55cd63b25c48 - std::thread::Builder::spawn_unchecked::{{closure}}::{{closure}}::hf0a74bb58798037f
[INFO] [stdout]                                at /rustc/53fd98ca776cb875bc9e5514f56b52eb74f9e7a9/library/std/src/thread/mod.rs:476:17
[INFO] [stdout]   31:     0x55cd63b25c48 - <std::panic::AssertUnwindSafe<F> as core::ops::function::FnOnce<()>>::call_once::hb024e854818586ac
[INFO] [stdout]                                at /rustc/53fd98ca776cb875bc9e5514f56b52eb74f9e7a9/library/std/src/panic.rs:347:9
[INFO] [stdout]   32:     0x55cd63b25c48 - std::panicking::try::do_call::hb2dd9f1d0d48e41d
[INFO] [stdout]                                at /rustc/53fd98ca776cb875bc9e5514f56b52eb74f9e7a9/library/std/src/panicking.rs:401:40
[INFO] [stdout]   33:     0x55cd63b25c48 - std::panicking::try::h4717ae7bac8b2bf3
[INFO] [stdout]                                at /rustc/53fd98ca776cb875bc9e5514f56b52eb74f9e7a9/library/std/src/panicking.rs:365:19
[INFO] [stdout]   34:     0x55cd63b25c48 - std::panic::catch_unwind::h0dc8a061326ce8d8
[INFO] [stdout]                                at /rustc/53fd98ca776cb875bc9e5514f56b52eb74f9e7a9/library/std/src/panic.rs:434:14
[INFO] [stdout]   35:     0x55cd63b25c48 - std::thread::Builder::spawn_unchecked::{{closure}}::haa369e2d6fd00aa1
[INFO] [stdout]                                at /rustc/53fd98ca776cb875bc9e5514f56b52eb74f9e7a9/library/std/src/thread/mod.rs:475:30
[INFO] [stdout]   36:     0x55cd63b25c48 - core::ops::function::FnOnce::call_once{{vtable.shim}}::h36dcf3de8b056f17
[INFO] [stdout]                                at /rustc/53fd98ca776cb875bc9e5514f56b52eb74f9e7a9/library/core/src/ops/function.rs:227:5
[INFO] [stdout]   37:     0x55cd63ecef37 - <alloc::boxed::Box<F,A> as core::ops::function::FnOnce<Args>>::call_once::h65c29e4642be2358
[INFO] [stdout]                                at /rustc/53fd98ca776cb875bc9e5514f56b52eb74f9e7a9/library/alloc/src/boxed.rs:1572:9
[INFO] [stdout]   38:     0x55cd63ecef37 - <alloc::boxed::Box<F,A> as core::ops::function::FnOnce<Args>>::call_once::hd0f8f7fbbd9fffbf
[INFO] [stdout]                                at /rustc/53fd98ca776cb875bc9e5514f56b52eb74f9e7a9/library/alloc/src/boxed.rs:1572:9
[INFO] [stdout]   39:     0x55cd63ecef37 - std::sys::unix::thread::Thread::new::thread_start::h2fd22fee3ca77b65
[INFO] [stdout]                                at /rustc/53fd98ca776cb875bc9e5514f56b52eb74f9e7a9/library/std/src/sys/unix/thread.rs:74:17
[INFO] [stdout]   40:     0x7efcae7c7609 - start_thread
[INFO] [stdout]   41:     0x7efcae599293 - clone
[INFO] [stdout]   42:                0x0 - <unknown>
[INFO] [stdout] 
[INFO] [stdout] ---- tera::tests::full_reload_with_glob_after_extending stdout ----
[INFO] [stdout] thread 'tera::tests::full_reload_with_glob_after_extending' panicked at 'assertion failed: tera.get_template(\"base.html\").is_ok()', src/tera.rs:1090:9
[INFO] [stdout] stack backtrace:
[INFO] [stdout]    0:     0x55cd63ec6720 - std::backtrace_rs::backtrace::libunwind::trace::hff4d1766e93f64f1
[INFO] [stdout]                                at /rustc/53fd98ca776cb875bc9e5514f56b52eb74f9e7a9/library/std/src/../../backtrace/src/backtrace/libunwind.rs:90:5
[INFO] [stdout]    1:     0x55cd63ec6720 - std::backtrace_rs::backtrace::trace_unsynchronized::h56bbc8eb78770bcb
[INFO] [stdout]                                at /rustc/53fd98ca776cb875bc9e5514f56b52eb74f9e7a9/library/std/src/../../backtrace/src/backtrace/mod.rs:66:5
[INFO] [stdout]    2:     0x55cd63ec6720 - std::sys_common::backtrace::_print_fmt::h5c8e75464faca780
[INFO] [stdout]                                at /rustc/53fd98ca776cb875bc9e5514f56b52eb74f9e7a9/library/std/src/sys_common/backtrace.rs:67:5
[INFO] [stdout]    3:     0x55cd63ec6720 - <std::sys_common::backtrace::_print::DisplayBacktrace as core::fmt::Display>::fmt::h48b88277def8b362
[INFO] [stdout]                                at /rustc/53fd98ca776cb875bc9e5514f56b52eb74f9e7a9/library/std/src/sys_common/backtrace.rs:46:22
[INFO] [stdout]    4:     0x55cd63eec04c - core::fmt::write::h3381b3176fe2b3d3
[INFO] [stdout]                                at /rustc/53fd98ca776cb875bc9e5514f56b52eb74f9e7a9/library/core/src/fmt/mod.rs:1115:17
[INFO] [stdout]    5:     0x55cd63ec2fd5 - std::io::Write::write_fmt::h5f34a676f60246b5
[INFO] [stdout]                                at /rustc/53fd98ca776cb875bc9e5514f56b52eb74f9e7a9/library/std/src/io/mod.rs:1665:15
[INFO] [stdout]    6:     0x55cd63ec8e7b - std::sys_common::backtrace::_print::ha537687d6c17dd0d
[INFO] [stdout]                                at /rustc/53fd98ca776cb875bc9e5514f56b52eb74f9e7a9/library/std/src/sys_common/backtrace.rs:49:5
[INFO] [stdout]    7:     0x55cd63ec8e7b - std::sys_common::backtrace::print::h61376ae57d131d72
[INFO] [stdout]                                at /rustc/53fd98ca776cb875bc9e5514f56b52eb74f9e7a9/library/std/src/sys_common/backtrace.rs:36:9
[INFO] [stdout]    8:     0x55cd63ec8e7b - std::panicking::default_hook::{{closure}}::h0f7208c0b9644a54
[INFO] [stdout]                                at /rustc/53fd98ca776cb875bc9e5514f56b52eb74f9e7a9/library/std/src/panicking.rs:208:50
[INFO] [stdout]    9:     0x55cd63ec898c - std::panicking::default_hook::hdac7fc06578c14ce
[INFO] [stdout]                                at /rustc/53fd98ca776cb875bc9e5514f56b52eb74f9e7a9/library/std/src/panicking.rs:222:9
[INFO] [stdout]   10:     0x55cd63ec9544 - std::panicking::rust_panic_with_hook::h72b21c283da3d1ef
[INFO] [stdout]                                at /rustc/53fd98ca776cb875bc9e5514f56b52eb74f9e7a9/library/std/src/panicking.rs:622:17
[INFO] [stdout]   11:     0x55cd63ec8ff7 - std::panicking::begin_panic_handler::{{closure}}::he5778f1729cff84a
[INFO] [stdout]                                at /rustc/53fd98ca776cb875bc9e5514f56b52eb74f9e7a9/library/std/src/panicking.rs:517:13
[INFO] [stdout]   12:     0x55cd63ec6bfc - std::sys_common::backtrace::__rust_end_short_backtrace::h2d11ca8b453b4b1d
[INFO] [stdout]                                at /rustc/53fd98ca776cb875bc9e5514f56b52eb74f9e7a9/library/std/src/sys_common/backtrace.rs:141:18
[INFO] [stdout]   13:     0x55cd63ec8f89 - rust_begin_unwind
[INFO] [stdout]                                at /rustc/53fd98ca776cb875bc9e5514f56b52eb74f9e7a9/library/std/src/panicking.rs:515:5
[INFO] [stdout]   14:     0x55cd6385e961 - core::panicking::panic_fmt::hf9de31d4acbce4db
[INFO] [stdout]                                at /rustc/53fd98ca776cb875bc9e5514f56b52eb74f9e7a9/library/core/src/panicking.rs:92:14
[INFO] [stdout]   15:     0x55cd6385e8ad - core::panicking::panic::h8a6bc58a21c6c095
[INFO] [stdout]                                at /rustc/53fd98ca776cb875bc9e5514f56b52eb74f9e7a9/library/core/src/panicking.rs:50:5
[INFO] [stdout]   16:     0x55cd639025f1 - tera::tera::tests::full_reload_with_glob_after_extending::h743d505656347782
[INFO] [stdout]                                at /opt/rustwide/workdir/src/tera.rs:1090:9
[INFO] [stdout]   17:     0x55cd6390233a - tera::tera::tests::full_reload_with_glob_after_extending::{{closure}}::h94a1852f418c2aff
[INFO] [stdout]                                at /opt/rustwide/workdir/src/tera.rs:1081:5
[INFO] [stdout]   18:     0x55cd639c1e8e - core::ops::function::FnOnce::call_once::heee15e5faff74d4d
[INFO] [stdout]                                at /rustc/53fd98ca776cb875bc9e5514f56b52eb74f9e7a9/library/core/src/ops/function.rs:227:5
[INFO] [stdout]   19:     0x55cd63b54233 - core::ops::function::FnOnce::call_once::hbb52c4519d3137b0
[INFO] [stdout]                                at /rustc/53fd98ca776cb875bc9e5514f56b52eb74f9e7a9/library/core/src/ops/function.rs:227:5
[INFO] [stdout]   20:     0x55cd63b54233 - test::__rust_begin_short_backtrace::h86fe3a2a5a5121af
[INFO] [stdout]                                at /rustc/53fd98ca776cb875bc9e5514f56b52eb74f9e7a9/library/test/src/lib.rs:578:5
[INFO] [stdout]   21:     0x55cd63b52ce8 - <alloc::boxed::Box<F,A> as core::ops::function::FnOnce<Args>>::call_once::hfd956bc3d57399be
[INFO] [stdout]                                at /rustc/53fd98ca776cb875bc9e5514f56b52eb74f9e7a9/library/alloc/src/boxed.rs:1572:9
[INFO] [stdout]   22:     0x55cd63b52ce8 - <std::panic::AssertUnwindSafe<F> as core::ops::function::FnOnce<()>>::call_once::h40dc93e0ddb5938a
[INFO] [stdout]                                at /rustc/53fd98ca776cb875bc9e5514f56b52eb74f9e7a9/library/std/src/panic.rs:347:9
[INFO] [stdout]   23:     0x55cd63b52ce8 - std::panicking::try::do_call::h90d07750cb47c562
[INFO] [stdout]                                at /rustc/53fd98ca776cb875bc9e5514f56b52eb74f9e7a9/library/std/src/panicking.rs:401:40
[INFO] [stdout]   24:     0x55cd63b52ce8 - std::panicking::try::h063c84733ad2a629
[INFO] [stdout]                                at /rustc/53fd98ca776cb875bc9e5514f56b52eb74f9e7a9/library/std/src/panicking.rs:365:19
[INFO] [stdout]   25:     0x55cd63b52ce8 - std::panic::catch_unwind::h0c464836a84e7c08
[INFO] [stdout]                                at /rustc/53fd98ca776cb875bc9e5514f56b52eb74f9e7a9/library/std/src/panic.rs:434:14
[INFO] [stdout]   26:     0x55cd63b52ce8 - test::run_test_in_process::h5cb06ef620b157fc
[INFO] [stdout]                                at /rustc/53fd98ca776cb875bc9e5514f56b52eb74f9e7a9/library/test/src/lib.rs:601:18
[INFO] [stdout]   27:     0x55cd63b52ce8 - test::run_test::run_test_inner::{{closure}}::h76f677f4b93f9828
[INFO] [stdout]                                at /rustc/53fd98ca776cb875bc9e5514f56b52eb74f9e7a9/library/test/src/lib.rs:493:39
[INFO] [stdout]   28:     0x55cd63b2147d - test::run_test::run_test_inner::{{closure}}::h366d01fe04f4d67a
[INFO] [stdout]                                at /rustc/53fd98ca776cb875bc9e5514f56b52eb74f9e7a9/library/test/src/lib.rs:520:37
[INFO] [stdout]   29:     0x55cd63b2147d - std::sys_common::backtrace::__rust_begin_short_backtrace::h7dfa0de4eb395af2
[INFO] [stdout]                                at /rustc/53fd98ca776cb875bc9e5514f56b52eb74f9e7a9/library/std/src/sys_common/backtrace.rs:125:18
[INFO] [stdout]   30:     0x55cd63b25c48 - std::thread::Builder::spawn_unchecked::{{closure}}::{{closure}}::hf0a74bb58798037f
[INFO] [stdout]                                at /rustc/53fd98ca776cb875bc9e5514f56b52eb74f9e7a9/library/std/src/thread/mod.rs:476:17
[INFO] [stdout]   31:     0x55cd63b25c48 - <std::panic::AssertUnwindSafe<F> as core::ops::function::FnOnce<()>>::call_once::hb024e854818586ac
[INFO] [stdout]                                at /rustc/53fd98ca776cb875bc9e5514f56b52eb74f9e7a9/library/std/src/panic.rs:347:9
[INFO] [stdout]   32:     0x55cd63b25c48 - std::panicking::try::do_call::hb2dd9f1d0d48e41d
[INFO] [stdout]                                at /rustc/53fd98ca776cb875bc9e5514f56b52eb74f9e7a9/library/std/src/panicking.rs:401:40
[INFO] [stdout]   33:     0x55cd63b25c48 - std::panicking::try::h4717ae7bac8b2bf3
[INFO] [stdout]                                at /rustc/53fd98ca776cb875bc9e5514f56b52eb74f9e7a9/library/std/src/panicking.rs:365:19
[INFO] [stdout]   34:     0x55cd63b25c48 - std::panic::catch_unwind::h0dc8a061326ce8d8
[INFO] [stdout]                                at /rustc/53fd98ca776cb875bc9e5514f56b52eb74f9e7a9/library/std/src/panic.rs:434:14
[INFO] [stdout]   35:     0x55cd63b25c48 - std::thread::Builder::spawn_unchecked::{{closure}}::haa369e2d6fd00aa1
[INFO] [stdout]                                at /rustc/53fd98ca776cb875bc9e5514f56b52eb74f9e7a9/library/std/src/thread/mod.rs:475:30
[INFO] [stdout]   36:     0x55cd63b25c48 - core::ops::function::FnOnce::call_once{{vtable.shim}}::h36dcf3de8b056f17
[INFO] [stdout]                                at /rustc/53fd98ca776cb875bc9e5514f56b52eb74f9e7a9/library/core/src/ops/function.rs:227:5
[INFO] [stdout]   37:     0x55cd63ecef37 - <alloc::boxed::Box<F,A> as core::ops::function::FnOnce<Args>>::call_once::h65c29e4642be2358
[INFO] [stdout]                                at /rustc/53fd98ca776cb875bc9e5514f56b52eb74f9e7a9/library/alloc/src/boxed.rs:1572:9
[INFO] [stdout]   38:     0x55cd63ecef37 - <alloc::boxed::Box<F,A> as core::ops::function::FnOnce<Args>>::call_once::hd0f8f7fbbd9fffbf
[INFO] [stdout]                                at /rustc/53fd98ca776cb875bc9e5514f56b52eb74f9e7a9/library/alloc/src/boxed.rs:1572:9
[INFO] [stdout]   39:     0x55cd63ecef37 - std::sys::unix::thread::Thread::new::thread_start::h2fd22fee3ca77b65
[INFO] [stdout]                                at /rustc/53fd98ca776cb875bc9e5514f56b52eb74f9e7a9/library/std/src/sys/unix/thread.rs:74:17
[INFO] [stdout]   40:     0x7efcae7c7609 - start_thread
[INFO] [stdout]   41:     0x7efcae599293 - clone
[INFO] [stdout]   42:                0x0 - <unknown>
[INFO] [stdout] 
[INFO] [stdout] 
[INFO] [stdout] failures:
[INFO] [stdout]     tera::tests::can_load_from_glob
[INFO] [stdout]     tera::tests::can_load_from_glob_with_patterns
[INFO] [stdout]     tera::tests::full_reload_with_glob
[INFO] [stdout]     tera::tests::full_reload_with_glob_after_extending
[INFO] [stdout]     tera::tests::test_can_only_parse_templates
[INFO] [stdout] 
[INFO] [stdout] test result: FAILED. 402 passed; 5 failed; 0 ignored; 0 measured; 0 filtered out; finished in 0.85s
[INFO] [stdout] 
[INFO] [stderr] error: test failed, to rerun pass '--lib'
[INFO] running `Command { std: "docker" "inspect" "8d52b67ea447ad32960380d37c1d0df199212c1fc94951527062e7c666b55b6a", kill_on_drop: false }`
[INFO] running `Command { std: "docker" "rm" "-f" "8d52b67ea447ad32960380d37c1d0df199212c1fc94951527062e7c666b55b6a", kill_on_drop: false }`
[INFO] [stdout] 8d52b67ea447ad32960380d37c1d0df199212c1fc94951527062e7c666b55b6a
