[INFO] fetching crate tendermint-abci 0.21.0...
[INFO] testing tendermint-abci-0.21.0 against 1.54.0 for beta-1.55-1
[INFO] extracting crate tendermint-abci 0.21.0 into /workspace/builds/worker-12/source
[INFO] validating manifest of crates.io crate tendermint-abci 0.21.0 on toolchain 1.54.0
[INFO] running `Command { std: "/workspace/cargo-home/bin/cargo" "+1.54.0" "metadata" "--manifest-path" "Cargo.toml" "--no-deps", kill_on_drop: false }`
[INFO] started tweaking crates.io crate tendermint-abci 0.21.0
[INFO] finished tweaking crates.io crate tendermint-abci 0.21.0
[INFO] tweaked toml for crates.io crate tendermint-abci 0.21.0 written to /workspace/builds/worker-12/source/Cargo.toml
[INFO] crate crates.io crate tendermint-abci 0.21.0 already has a lockfile, it will not be regenerated
[INFO] running `Command { std: "/workspace/cargo-home/bin/cargo" "+1.54.0" "fetch" "--manifest-path" "Cargo.toml", kill_on_drop: false }`
[INFO] running `Command { std: "docker" "create" "-v" "/var/lib/crater-agent-workspace/builds/worker-12/target:/opt/rustwide/target:rw,Z" "-v" "/var/lib/crater-agent-workspace/builds/worker-12/source:/opt/rustwide/workdir:ro,Z" "-v" "/var/lib/crater-agent-workspace/cargo-home:/opt/rustwide/cargo-home:ro,Z" "-v" "/var/lib/crater-agent-workspace/rustup-home:/opt/rustwide/rustup-home:ro,Z" "-e" "SOURCE_DIR=/opt/rustwide/workdir" "-e" "CARGO_TARGET_DIR=/opt/rustwide/target" "-e" "CARGO_HOME=/opt/rustwide/cargo-home" "-e" "RUSTUP_HOME=/opt/rustwide/rustup-home" "-w" "/opt/rustwide/workdir" "-m" "1610612736" "--user" "0:0" "--network" "none" "ghcr.io/rust-lang/crates-build-env/linux@sha256:34b6a614d2c27851fe6cbf88fbd1137609cefab8b10d0615aaeb6fd47975d74e" "/opt/rustwide/cargo-home/bin/cargo" "+1.54.0" "metadata" "--no-deps" "--format-version=1", kill_on_drop: false }`
[INFO] [stdout] 3556c469d16474374eb233424555c7874667fc266fca77d7baa2a45fd6ae0d0d
[INFO] [stderr] WARNING: Your kernel does not support swap limit capabilities or the cgroup is not mounted. Memory limited without swap.
[INFO] running `Command { std: "docker" "start" "-a" "3556c469d16474374eb233424555c7874667fc266fca77d7baa2a45fd6ae0d0d", kill_on_drop: false }`
[INFO] running `Command { std: "docker" "inspect" "3556c469d16474374eb233424555c7874667fc266fca77d7baa2a45fd6ae0d0d", kill_on_drop: false }`
[INFO] running `Command { std: "docker" "rm" "-f" "3556c469d16474374eb233424555c7874667fc266fca77d7baa2a45fd6ae0d0d", kill_on_drop: false }`
[INFO] [stdout] 3556c469d16474374eb233424555c7874667fc266fca77d7baa2a45fd6ae0d0d
[INFO] running `Command { std: "docker" "create" "-v" "/var/lib/crater-agent-workspace/builds/worker-12/target:/opt/rustwide/target:rw,Z" "-v" "/var/lib/crater-agent-workspace/builds/worker-12/source:/opt/rustwide/workdir:ro,Z" "-v" "/var/lib/crater-agent-workspace/cargo-home:/opt/rustwide/cargo-home:ro,Z" "-v" "/var/lib/crater-agent-workspace/rustup-home:/opt/rustwide/rustup-home:ro,Z" "-e" "SOURCE_DIR=/opt/rustwide/workdir" "-e" "CARGO_TARGET_DIR=/opt/rustwide/target" "-e" "CARGO_INCREMENTAL=0" "-e" "RUST_BACKTRACE=full" "-e" "RUSTFLAGS=--cap-lints=warn" "-e" "CARGO_HOME=/opt/rustwide/cargo-home" "-e" "RUSTUP_HOME=/opt/rustwide/rustup-home" "-w" "/opt/rustwide/workdir" "-m" "1610612736" "--user" "0:0" "--network" "none" "ghcr.io/rust-lang/crates-build-env/linux@sha256:34b6a614d2c27851fe6cbf88fbd1137609cefab8b10d0615aaeb6fd47975d74e" "/opt/rustwide/cargo-home/bin/cargo" "+1.54.0" "build" "--frozen" "--message-format=json", kill_on_drop: false }`
[INFO] [stdout] a43014c6b4157bdcaab70c9fbe6a0ebc3d00b7fc03dc3551a17eb99472a3656b
[INFO] [stderr] WARNING: Your kernel does not support swap limit capabilities or the cgroup is not mounted. Memory limited without swap.
[INFO] running `Command { std: "docker" "start" "-a" "a43014c6b4157bdcaab70c9fbe6a0ebc3d00b7fc03dc3551a17eb99472a3656b", kill_on_drop: false }`
[INFO] [stderr]    Compiling syn v1.0.73
[INFO] [stderr]    Compiling zeroize v1.4.1
[INFO] [stderr]    Compiling object v0.25.3
[INFO] [stderr]    Compiling subtle-encoding v0.5.1
[INFO] [stderr]    Compiling backtrace v0.3.60
[INFO] [stderr]    Compiling anomaly v0.2.0
[INFO] [stderr]    Compiling serde_derive v1.0.126
[INFO] [stderr]    Compiling prost-derive v0.7.0
[INFO] [stderr]    Compiling thiserror-impl v1.0.26
[INFO] [stderr]    Compiling num-derive v0.3.3
[INFO] [stderr]    Compiling tracing-attributes v0.1.15
[INFO] [stderr]    Compiling thiserror v1.0.26
[INFO] [stderr]    Compiling tracing v0.1.26
[INFO] [stderr]    Compiling prost v0.7.0
[INFO] [stderr]    Compiling prost-types v0.7.0
[INFO] [stderr]    Compiling serde v1.0.126
[INFO] [stderr]    Compiling chrono v0.4.19
[INFO] [stderr]    Compiling serde_bytes v0.11.5
[INFO] [stderr]    Compiling tendermint-proto v0.21.0
[INFO] [stderr]    Compiling tendermint-abci v0.21.0 (/opt/rustwide/workdir)
[INFO] [stderr]     Finished dev [unoptimized + debuginfo] target(s) in 1m 18s
[INFO] running `Command { std: "docker" "inspect" "a43014c6b4157bdcaab70c9fbe6a0ebc3d00b7fc03dc3551a17eb99472a3656b", kill_on_drop: false }`
[INFO] running `Command { std: "docker" "rm" "-f" "a43014c6b4157bdcaab70c9fbe6a0ebc3d00b7fc03dc3551a17eb99472a3656b", kill_on_drop: false }`
[INFO] [stdout] a43014c6b4157bdcaab70c9fbe6a0ebc3d00b7fc03dc3551a17eb99472a3656b
[INFO] running `Command { std: "docker" "create" "-v" "/var/lib/crater-agent-workspace/builds/worker-12/target:/opt/rustwide/target:rw,Z" "-v" "/var/lib/crater-agent-workspace/builds/worker-12/source:/opt/rustwide/workdir:ro,Z" "-v" "/var/lib/crater-agent-workspace/cargo-home:/opt/rustwide/cargo-home:ro,Z" "-v" "/var/lib/crater-agent-workspace/rustup-home:/opt/rustwide/rustup-home:ro,Z" "-e" "SOURCE_DIR=/opt/rustwide/workdir" "-e" "CARGO_TARGET_DIR=/opt/rustwide/target" "-e" "CARGO_INCREMENTAL=0" "-e" "RUST_BACKTRACE=full" "-e" "RUSTFLAGS=--cap-lints=warn" "-e" "CARGO_HOME=/opt/rustwide/cargo-home" "-e" "RUSTUP_HOME=/opt/rustwide/rustup-home" "-w" "/opt/rustwide/workdir" "-m" "1610612736" "--user" "0:0" "--network" "none" "ghcr.io/rust-lang/crates-build-env/linux@sha256:34b6a614d2c27851fe6cbf88fbd1137609cefab8b10d0615aaeb6fd47975d74e" "/opt/rustwide/cargo-home/bin/cargo" "+1.54.0" "test" "--frozen" "--no-run" "--message-format=json", kill_on_drop: false }`
[INFO] [stdout] 088dd7d87051745f08d1768cd0cc9ed54fff4e953c17f7ce52536a01a26c3551
[INFO] [stderr] WARNING: Your kernel does not support swap limit capabilities or the cgroup is not mounted. Memory limited without swap.
[INFO] running `Command { std: "docker" "start" "-a" "088dd7d87051745f08d1768cd0cc9ed54fff4e953c17f7ce52536a01a26c3551", kill_on_drop: false }`
[INFO] [stderr]    Compiling tendermint-abci v0.21.0 (/opt/rustwide/workdir)
[INFO] [stderr]     Finished test [unoptimized + debuginfo] target(s) in 2.37s
[INFO] running `Command { std: "docker" "inspect" "088dd7d87051745f08d1768cd0cc9ed54fff4e953c17f7ce52536a01a26c3551", kill_on_drop: false }`
[INFO] running `Command { std: "docker" "rm" "-f" "088dd7d87051745f08d1768cd0cc9ed54fff4e953c17f7ce52536a01a26c3551", kill_on_drop: false }`
[INFO] [stdout] 088dd7d87051745f08d1768cd0cc9ed54fff4e953c17f7ce52536a01a26c3551
[INFO] running `Command { std: "docker" "create" "-v" "/var/lib/crater-agent-workspace/builds/worker-12/target:/opt/rustwide/target:rw,Z" "-v" "/var/lib/crater-agent-workspace/builds/worker-12/source:/opt/rustwide/workdir:ro,Z" "-v" "/var/lib/crater-agent-workspace/cargo-home:/opt/rustwide/cargo-home:ro,Z" "-v" "/var/lib/crater-agent-workspace/rustup-home:/opt/rustwide/rustup-home:ro,Z" "-e" "SOURCE_DIR=/opt/rustwide/workdir" "-e" "CARGO_TARGET_DIR=/opt/rustwide/target" "-e" "CARGO_INCREMENTAL=0" "-e" "RUST_BACKTRACE=full" "-e" "RUSTFLAGS=--cap-lints=warn" "-e" "CARGO_HOME=/opt/rustwide/cargo-home" "-e" "RUSTUP_HOME=/opt/rustwide/rustup-home" "-w" "/opt/rustwide/workdir" "-m" "1610612736" "--user" "0:0" "--network" "none" "ghcr.io/rust-lang/crates-build-env/linux@sha256:34b6a614d2c27851fe6cbf88fbd1137609cefab8b10d0615aaeb6fd47975d74e" "/opt/rustwide/cargo-home/bin/cargo" "+1.54.0" "test" "--frozen", kill_on_drop: false }`
[INFO] [stdout] cce79f60fff2654d6177bef364893bfd1f4e3a3357ed40cc5122afbf18dc4036
[INFO] [stderr] WARNING: Your kernel does not support swap limit capabilities or the cgroup is not mounted. Memory limited without swap.
[INFO] running `Command { std: "docker" "start" "-a" "cce79f60fff2654d6177bef364893bfd1f4e3a3357ed40cc5122afbf18dc4036", kill_on_drop: false }`
[INFO] [stderr]     Finished test [unoptimized + debuginfo] target(s) in 0.09s
[INFO] [stderr]      Running unittests (/opt/rustwide/target/debug/deps/tendermint_abci-df8da0784580ae35)
[INFO] [stdout] 
[INFO] [stderr]      Running tests/echo_app.rs (/opt/rustwide/target/debug/deps/echo_app-7da48252fac6ec94)
[INFO] [stdout] running 0 tests
[INFO] [stdout] 
[INFO] [stdout] test result: ok. 0 passed; 0 failed; 0 ignored; 0 measured; 0 filtered out; finished in 0.00s
[INFO] [stdout] 
[INFO] [stdout] 
[INFO] [stdout] running 0 tests
[INFO] [stdout] 
[INFO] [stdout] test result: ok. 0 passed; 0 failed; 0 ignored; 0 measured; 0 filtered out; finished in 0.00s
[INFO] [stdout] 
[INFO] [stderr]      Running tests/kvstore_app.rs (/opt/rustwide/target/debug/deps/kvstore_app-dc973c38446ca204)
[INFO] [stdout] 
[INFO] [stderr]    Doc-tests tendermint-abci
[INFO] [stdout] running 0 tests
[INFO] [stdout] 
[INFO] [stdout] test result: ok. 0 passed; 0 failed; 0 ignored; 0 measured; 0 filtered out; finished in 0.00s
[INFO] [stdout] 
[INFO] [stdout] 
[INFO] [stdout] running 1 test
[INFO] [stdout] test src/lib.rs - (line 12) ... FAILED
[INFO] [stdout] 
[INFO] [stdout] failures:
[INFO] [stdout] 
[INFO] [stdout] ---- src/lib.rs - (line 12) stdout ----
[INFO] [stdout] error[E0432]: unresolved imports `tendermint_abci::KeyValueStoreApp`, `tendermint_abci::ClientBuilder`
[INFO] [stdout]  --> src/lib.rs:13:23
[INFO] [stdout]   |
[INFO] [stdout] 4 | use tendermint_abci::{KeyValueStoreApp, ServerBuilder, ClientBuilder};
[INFO] [stdout]   |                       ^^^^^^^^^^^^^^^^                 ^^^^^^^^^^^^^ no `ClientBuilder` in the root
[INFO] [stdout]   |                       |
[INFO] [stdout]   |                       no `KeyValueStoreApp` in the root
[INFO] [stdout] 
[INFO] [stdout] error: aborting due to previous error
[INFO] [stdout] 
[INFO] [stdout] For more information about this error, try `rustc --explain E0432`.
[INFO] [stdout] Couldn't compile the test.
[INFO] [stdout] 
[INFO] [stdout] failures:
[INFO] [stdout]     src/lib.rs - (line 12)
[INFO] [stdout] 
[INFO] [stdout] test result: FAILED. 0 passed; 1 failed; 0 ignored; 0 measured; 0 filtered out; finished in 0.41s
[INFO] [stdout] 
[INFO] [stderr] error: test failed, to rerun pass '--doc'
[INFO] running `Command { std: "docker" "inspect" "cce79f60fff2654d6177bef364893bfd1f4e3a3357ed40cc5122afbf18dc4036", kill_on_drop: false }`
[INFO] running `Command { std: "docker" "rm" "-f" "cce79f60fff2654d6177bef364893bfd1f4e3a3357ed40cc5122afbf18dc4036", kill_on_drop: false }`
[INFO] [stdout] cce79f60fff2654d6177bef364893bfd1f4e3a3357ed40cc5122afbf18dc4036
