[INFO] fetching crate tempfile 3.2.0...
[INFO] testing tempfile-3.2.0 against beta-2021-08-01 for beta-1.55-1
[INFO] extracting crate tempfile 3.2.0 into /workspace/builds/worker-4/source
[INFO] validating manifest of crates.io crate tempfile 3.2.0 on toolchain beta-2021-08-01
[INFO] running `Command { std: "/workspace/cargo-home/bin/cargo" "+beta-2021-08-01" "metadata" "--manifest-path" "Cargo.toml" "--no-deps", kill_on_drop: false }`
[INFO] started tweaking crates.io crate tempfile 3.2.0
[INFO] finished tweaking crates.io crate tempfile 3.2.0
[INFO] tweaked toml for crates.io crate tempfile 3.2.0 written to /workspace/builds/worker-4/source/Cargo.toml
[INFO] running `Command { std: "/workspace/cargo-home/bin/cargo" "+beta-2021-08-01" "generate-lockfile" "--manifest-path" "Cargo.toml" "-Zno-index-update", kill_on_drop: false }`
[INFO] running `Command { std: "/workspace/cargo-home/bin/cargo" "+beta-2021-08-01" "fetch" "--manifest-path" "Cargo.toml", kill_on_drop: false }`
[INFO] running `Command { std: "docker" "create" "-v" "/var/lib/crater-agent-workspace/builds/worker-4/target:/opt/rustwide/target:rw,Z" "-v" "/var/lib/crater-agent-workspace/builds/worker-4/source:/opt/rustwide/workdir:ro,Z" "-v" "/var/lib/crater-agent-workspace/cargo-home:/opt/rustwide/cargo-home:ro,Z" "-v" "/var/lib/crater-agent-workspace/rustup-home:/opt/rustwide/rustup-home:ro,Z" "-e" "SOURCE_DIR=/opt/rustwide/workdir" "-e" "CARGO_TARGET_DIR=/opt/rustwide/target" "-e" "CARGO_HOME=/opt/rustwide/cargo-home" "-e" "RUSTUP_HOME=/opt/rustwide/rustup-home" "-w" "/opt/rustwide/workdir" "-m" "1610612736" "--user" "0:0" "--network" "none" "ghcr.io/rust-lang/crates-build-env/linux@sha256:34b6a614d2c27851fe6cbf88fbd1137609cefab8b10d0615aaeb6fd47975d74e" "/opt/rustwide/cargo-home/bin/cargo" "+beta-2021-08-01" "metadata" "--no-deps" "--format-version=1", kill_on_drop: false }`
[INFO] [stdout] 938965e8e13b7573ea32d1f7c7b38d7a6e2c8734fe82bceeaa1a8c76d1dfa742
[INFO] [stderr] WARNING: Your kernel does not support swap limit capabilities or the cgroup is not mounted. Memory limited without swap.
[INFO] running `Command { std: "docker" "start" "-a" "938965e8e13b7573ea32d1f7c7b38d7a6e2c8734fe82bceeaa1a8c76d1dfa742", kill_on_drop: false }`
[INFO] running `Command { std: "docker" "inspect" "938965e8e13b7573ea32d1f7c7b38d7a6e2c8734fe82bceeaa1a8c76d1dfa742", kill_on_drop: false }`
[INFO] running `Command { std: "docker" "rm" "-f" "938965e8e13b7573ea32d1f7c7b38d7a6e2c8734fe82bceeaa1a8c76d1dfa742", kill_on_drop: false }`
[INFO] [stdout] 938965e8e13b7573ea32d1f7c7b38d7a6e2c8734fe82bceeaa1a8c76d1dfa742
[INFO] running `Command { std: "docker" "create" "-v" "/var/lib/crater-agent-workspace/builds/worker-4/target:/opt/rustwide/target:rw,Z" "-v" "/var/lib/crater-agent-workspace/builds/worker-4/source:/opt/rustwide/workdir:ro,Z" "-v" "/var/lib/crater-agent-workspace/cargo-home:/opt/rustwide/cargo-home:ro,Z" "-v" "/var/lib/crater-agent-workspace/rustup-home:/opt/rustwide/rustup-home:ro,Z" "-e" "SOURCE_DIR=/opt/rustwide/workdir" "-e" "CARGO_TARGET_DIR=/opt/rustwide/target" "-e" "CARGO_INCREMENTAL=0" "-e" "RUST_BACKTRACE=full" "-e" "RUSTFLAGS=--cap-lints=warn" "-e" "CARGO_HOME=/opt/rustwide/cargo-home" "-e" "RUSTUP_HOME=/opt/rustwide/rustup-home" "-w" "/opt/rustwide/workdir" "-m" "1610612736" "--user" "0:0" "--network" "none" "ghcr.io/rust-lang/crates-build-env/linux@sha256:34b6a614d2c27851fe6cbf88fbd1137609cefab8b10d0615aaeb6fd47975d74e" "/opt/rustwide/cargo-home/bin/cargo" "+beta-2021-08-01" "build" "--frozen" "--message-format=json", kill_on_drop: false }`
[INFO] [stdout] dcbdffbafc70d7267dff59e4d19b6f533cef1005fe42ad781764fb31006670af
[INFO] [stderr] WARNING: Your kernel does not support swap limit capabilities or the cgroup is not mounted. Memory limited without swap.
[INFO] running `Command { std: "docker" "start" "-a" "dcbdffbafc70d7267dff59e4d19b6f533cef1005fe42ad781764fb31006670af", kill_on_drop: false }`
[INFO] [stderr]    Compiling tempfile v3.2.0 (/opt/rustwide/workdir)
[INFO] [stderr]     Finished dev [unoptimized + debuginfo] target(s) in 0.90s
[INFO] running `Command { std: "docker" "inspect" "dcbdffbafc70d7267dff59e4d19b6f533cef1005fe42ad781764fb31006670af", kill_on_drop: false }`
[INFO] running `Command { std: "docker" "rm" "-f" "dcbdffbafc70d7267dff59e4d19b6f533cef1005fe42ad781764fb31006670af", kill_on_drop: false }`
[INFO] [stdout] dcbdffbafc70d7267dff59e4d19b6f533cef1005fe42ad781764fb31006670af
[INFO] running `Command { std: "docker" "create" "-v" "/var/lib/crater-agent-workspace/builds/worker-4/target:/opt/rustwide/target:rw,Z" "-v" "/var/lib/crater-agent-workspace/builds/worker-4/source:/opt/rustwide/workdir:ro,Z" "-v" "/var/lib/crater-agent-workspace/cargo-home:/opt/rustwide/cargo-home:ro,Z" "-v" "/var/lib/crater-agent-workspace/rustup-home:/opt/rustwide/rustup-home:ro,Z" "-e" "SOURCE_DIR=/opt/rustwide/workdir" "-e" "CARGO_TARGET_DIR=/opt/rustwide/target" "-e" "CARGO_INCREMENTAL=0" "-e" "RUST_BACKTRACE=full" "-e" "RUSTFLAGS=--cap-lints=warn" "-e" "CARGO_HOME=/opt/rustwide/cargo-home" "-e" "RUSTUP_HOME=/opt/rustwide/rustup-home" "-w" "/opt/rustwide/workdir" "-m" "1610612736" "--user" "0:0" "--network" "none" "ghcr.io/rust-lang/crates-build-env/linux@sha256:34b6a614d2c27851fe6cbf88fbd1137609cefab8b10d0615aaeb6fd47975d74e" "/opt/rustwide/cargo-home/bin/cargo" "+beta-2021-08-01" "test" "--frozen" "--no-run" "--message-format=json", kill_on_drop: false }`
[INFO] [stdout] 905250b12be7d23c0c4ae79deb039dfc7c6c771b206abb8c4c3eadc4dcc7fb0b
[INFO] [stderr] WARNING: Your kernel does not support swap limit capabilities or the cgroup is not mounted. Memory limited without swap.
[INFO] running `Command { std: "docker" "start" "-a" "905250b12be7d23c0c4ae79deb039dfc7c6c771b206abb8c4c3eadc4dcc7fb0b", kill_on_drop: false }`
[INFO] [stderr]    Compiling tempfile v3.2.0 (/opt/rustwide/workdir)
[INFO] [stderr]     Finished test [unoptimized + debuginfo] target(s) in 4.21s
[INFO] running `Command { std: "docker" "inspect" "905250b12be7d23c0c4ae79deb039dfc7c6c771b206abb8c4c3eadc4dcc7fb0b", kill_on_drop: false }`
[INFO] running `Command { std: "docker" "rm" "-f" "905250b12be7d23c0c4ae79deb039dfc7c6c771b206abb8c4c3eadc4dcc7fb0b", kill_on_drop: false }`
[INFO] [stdout] 905250b12be7d23c0c4ae79deb039dfc7c6c771b206abb8c4c3eadc4dcc7fb0b
[INFO] running `Command { std: "docker" "create" "-v" "/var/lib/crater-agent-workspace/builds/worker-4/target:/opt/rustwide/target:rw,Z" "-v" "/var/lib/crater-agent-workspace/builds/worker-4/source:/opt/rustwide/workdir:ro,Z" "-v" "/var/lib/crater-agent-workspace/cargo-home:/opt/rustwide/cargo-home:ro,Z" "-v" "/var/lib/crater-agent-workspace/rustup-home:/opt/rustwide/rustup-home:ro,Z" "-e" "SOURCE_DIR=/opt/rustwide/workdir" "-e" "CARGO_TARGET_DIR=/opt/rustwide/target" "-e" "CARGO_INCREMENTAL=0" "-e" "RUST_BACKTRACE=full" "-e" "RUSTFLAGS=--cap-lints=warn" "-e" "CARGO_HOME=/opt/rustwide/cargo-home" "-e" "RUSTUP_HOME=/opt/rustwide/rustup-home" "-w" "/opt/rustwide/workdir" "-m" "1610612736" "--user" "0:0" "--network" "none" "ghcr.io/rust-lang/crates-build-env/linux@sha256:34b6a614d2c27851fe6cbf88fbd1137609cefab8b10d0615aaeb6fd47975d74e" "/opt/rustwide/cargo-home/bin/cargo" "+beta-2021-08-01" "test" "--frozen", kill_on_drop: false }`
[INFO] [stdout] 12532cd21e241ce5a2fc38d0747797c8eb29dae7dec5e3b4c5b9e63208972664
[INFO] [stderr] WARNING: Your kernel does not support swap limit capabilities or the cgroup is not mounted. Memory limited without swap.
[INFO] running `Command { std: "docker" "start" "-a" "12532cd21e241ce5a2fc38d0747797c8eb29dae7dec5e3b4c5b9e63208972664", kill_on_drop: false }`
[INFO] [stderr]     Finished test [unoptimized + debuginfo] target(s) in 0.03s
[INFO] [stderr]      Running unittests (/opt/rustwide/target/debug/deps/tempfile-7aba4376e6505283)
[INFO] [stdout] 
[INFO] [stdout] running 0 tests
[INFO] [stdout] 
[INFO] [stdout] test result: ok. 0 passed; 0 failed; 0 ignored; 0 measured; 0 filtered out; finished in 0.00s
[INFO] [stdout] 
[INFO] [stderr]      Running tests/namedtempfile.rs (/opt/rustwide/target/debug/deps/namedtempfile-82e9cb7863b88b01)
[INFO] [stdout] 
[INFO] [stdout] running 16 tests
[INFO] [stdout] test test_keep ... ok
[INFO] [stdout] test test_persist ... ok
[INFO] [stdout] test test_change_dir ... ok
[INFO] [stdout] test test_into_file ... ok
[INFO] [stdout] test test_into_parts ... ok
[INFO] [stdout] test test_reopen ... ok
[INFO] [stdout] test test_immut ... ok
[INFO] [stdout] test test_basic ... ok
[INFO] [stdout] test test_append ... ok
[INFO] [stdout] test test_persist_noclobber ... ok
[INFO] [stdout] test test_temppath ... ok
[INFO] [stdout] test test_write_after_close ... ok
[INFO] [stdout] test test_temppath_persist_noclobber ... ok
[INFO] [stdout] test test_temppath_persist ... ok
[INFO] [stdout] test test_customnamed ... ok
[INFO] [stdout] test test_deleted ... ok
[INFO] [stdout] 
[INFO] [stdout] test result: ok. 16 passed; 0 failed; 0 ignored; 0 measured; 0 filtered out; finished in 0.01s
[INFO] [stdout] 
[INFO] [stderr]      Running tests/spooled.rs (/opt/rustwide/target/debug/deps/spooled-1ff90637fa0edf23)
[INFO] [stdout] 
[INFO] [stdout] running 16 tests
[INFO] [stdout] test test_explicit_rollover ... ok
[INFO] [stdout] test test_set_len_buffer ... ok
[INFO] [stdout] test test_overwrite_and_extend_buffer ... ok
[INFO] [stdout] test test_set_len_file ... ok
[INFO] [stdout] test test_overwrite_and_extend_rollover ... ok
[INFO] [stdout] test test_overwrite_middle_of_buffer ... ok
[INFO] [stdout] test test_set_len_rollover ... ok
[INFO] [stdout] test test_seek_read_buffer ... ok
[INFO] [stdout] test test_seek_read_file ... ok
[INFO] [stdout] test test_sparse_file ... ok
[INFO] [stdout] test test_sparse_write_rollover ... ok
[INFO] [stdout] test test_seek_buffer ... ok
[INFO] [stdout] test test_sparse_buffer ... ok
[INFO] [stdout] test test_automatic_rollover ... ok
[INFO] [stdout] test test_seek_file ... ok
[INFO] [stderr]      Running tests/tempdir.rs (/opt/rustwide/target/debug/deps/tempdir-cfd6aec9866cf05c)
[INFO] [stdout] test test_overwrite_middle_of_file ... ok
[INFO] [stdout] 
[INFO] [stdout] test result: ok. 16 passed; 0 failed; 0 ignored; 0 measured; 0 filtered out; finished in 0.01s
[INFO] [stdout] 
[INFO] [stdout] 
[INFO] [stdout] running 2 tests
[INFO] [stdout] test test_customnamed ... ok
[INFO] [stdout] test main ... ok
[INFO] [stdout] 
[INFO] [stdout] test result: ok. 2 passed; 0 failed; 0 ignored; 0 measured; 0 filtered out; finished in 0.08s
[INFO] [stdout] 
[INFO] [stderr]      Running tests/tempfile.rs (/opt/rustwide/target/debug/deps/tempfile-d28e30e4c7697175)
[INFO] [stdout] 
[INFO] [stdout] running 3 tests
[INFO] [stdout] test test_basic ... ok
[INFO] [stdout] test test_cleanup ... ok
[INFO] [stderr]    Doc-tests tempfile
[INFO] [stdout] test test_pathological_cleaner ... ok
[INFO] [stdout] 
[INFO] [stdout] test result: ok. 3 passed; 0 failed; 0 ignored; 0 measured; 0 filtered out; finished in 1.17s
[INFO] [stdout] 
[INFO] [stdout] 
[INFO] [stdout] running 36 tests
[INFO] [stdout] test src/file/mod.rs - file::NamedTempFile::path (line 603) - compile ... ok
[INFO] [stdout] test src/file/mod.rs - file::NamedTempFile::new (line 562) - compile ... ok
[INFO] [stdout] test src/file/mod.rs - file::NamedTempFile::keep (line 780) - compile ... ok
[INFO] [stdout] test src/file/mod.rs - file::NamedTempFile::reopen (line 829) - compile ... ok
[INFO] [stdout] test src/file/mod.rs - file::NamedTempFile::persist_noclobber (line 738) - compile ... ok
[INFO] [stdout] test src/file/mod.rs - file::NamedTempFile::persist (line 683) - compile ... ok
[INFO] [stdout] test src/file/mod.rs - file::NamedTempFile::close (line 634) - compile ... ok
[INFO] [stdout] test src/file/mod.rs - file::TempPath::keep (line 318) - compile ... ok
[INFO] [stdout] test src/file/mod.rs - file::TempPath::close (line 155) - compile ... ok
[INFO] [stdout] test src/dir.rs - dir::tempdir_in (line 84) ... ok
[INFO] [stdout] test src/file/mod.rs - file::TempPath::persist (line 208) - compile ... ok
[INFO] [stdout] test src/file/mod.rs - file::TempPath::persist_noclobber (line 267) - compile ... ok
[INFO] [stdout] test src/dir.rs - dir::TempDir::path (line 272) ... ok
[INFO] [stdout] test src/dir.rs - dir::tempdir (line 35) ... ok
[INFO] [stdout] test src/dir.rs - dir::TempDir (line 154) ... ok
[INFO] [stdout] test src/dir.rs - dir::TempDir::close (line 346) ... ok
[INFO] [stdout] test src/dir.rs - dir::TempDir::into_path (line 308) ... ok
[INFO] [stdout] test src/dir.rs - dir::TempDir::new_in (line 247) ... ok
[INFO] [stdout] test src/dir.rs - dir::TempDir (line 169) ... ok
[INFO] [stdout] test src/dir.rs - dir::TempDir::new (line 212) ... ok
[INFO] [stdout] test src/lib.rs - (line 34) ... ok
[INFO] [stdout] test src/lib.rs - Builder::new (line 179) ... ok
[INFO] [stdout] test src/file/mod.rs - file::tempfile (line 35) ... ok
[INFO] [stdout] test src/file/mod.rs - file::tempfile_in (line 76) ... FAILED
[INFO] [stdout] test src/lib.rs - (line 85) ... ok
[INFO] [stdout] test src/lib.rs - Builder::new (line 211) ... ok
[INFO] [stdout] test src/lib.rs - Builder::rand_bytes (line 306) ... ok
[INFO] [stdout] test src/lib.rs - (line 54) ... ok
[INFO] [stdout] test src/lib.rs - Builder::append (line 332) ... ok
[INFO] [stdout] test src/lib.rs - Builder::tempdir_in (line 476) ... ok
[INFO] [stdout] test src/lib.rs - Builder::prefix (line 253) ... ok
[INFO] [stdout] test src/lib.rs - Builder::tempfile_in (line 404) ... FAILED
[INFO] [stdout] test src/lib.rs - Builder::tempfile (line 368) ... ok
[INFO] [stdout] test src/lib.rs - Builder::suffix (line 280) ... ok
[INFO] [stdout] test src/spooled.rs - spooled::spooled_tempfile (line 36) ... ok
[INFO] [stdout] test src/lib.rs - Builder::tempdir (line 445) ... ok
[INFO] [stdout] 
[INFO] [stdout] failures:
[INFO] [stdout] 
[INFO] [stdout] ---- src/file/mod.rs - file::tempfile_in (line 76) stdout ----
[INFO] [stdout] Test executable failed (exit code 1).
[INFO] [stdout] 
[INFO] [stdout] ---- src/lib.rs - Builder::tempfile_in (line 404) stdout ----
[INFO] [stdout] Test executable failed (exit code 1).
[INFO] [stdout] 
[INFO] [stdout] 
[INFO] [stdout] failures:
[INFO] [stdout]     src/file/mod.rs - file::tempfile_in (line 76)
[INFO] [stdout]     src/lib.rs - Builder::tempfile_in (line 404)
[INFO] [stdout] 
[INFO] [stdout] test result: FAILED. 34 passed; 2 failed; 0 ignored; 0 measured; 0 filtered out; finished in 10.93s
[INFO] [stdout] 
[INFO] [stderr] error: test failed, to rerun pass '--doc'
[INFO] running `Command { std: "docker" "inspect" "12532cd21e241ce5a2fc38d0747797c8eb29dae7dec5e3b4c5b9e63208972664", kill_on_drop: false }`
[INFO] running `Command { std: "docker" "rm" "-f" "12532cd21e241ce5a2fc38d0747797c8eb29dae7dec5e3b4c5b9e63208972664", kill_on_drop: false }`
[INFO] [stdout] 12532cd21e241ce5a2fc38d0747797c8eb29dae7dec5e3b4c5b9e63208972664
