[INFO] fetching crate teloxide 0.5.0...
[INFO] testing teloxide-0.5.0 against 1.54.0 for beta-1.55-1
[INFO] extracting crate teloxide 0.5.0 into /workspace/builds/worker-6/source
[INFO] validating manifest of crates.io crate teloxide 0.5.0 on toolchain 1.54.0
[INFO] running `Command { std: "/workspace/cargo-home/bin/cargo" "+1.54.0" "metadata" "--manifest-path" "Cargo.toml" "--no-deps", kill_on_drop: false }`
[INFO] started tweaking crates.io crate teloxide 0.5.0
[INFO] removed 0 missing tests
[INFO] finished tweaking crates.io crate teloxide 0.5.0
[INFO] tweaked toml for crates.io crate teloxide 0.5.0 written to /workspace/builds/worker-6/source/Cargo.toml
[INFO] running `Command { std: "/workspace/cargo-home/bin/cargo" "+1.54.0" "generate-lockfile" "--manifest-path" "Cargo.toml" "-Zno-index-update", kill_on_drop: false }`
[INFO] [stderr]     Blocking waiting for file lock on package cache
[INFO] running `Command { std: "/workspace/cargo-home/bin/cargo" "+1.54.0" "fetch" "--manifest-path" "Cargo.toml", kill_on_drop: false }`
[INFO] [stderr]     Blocking waiting for file lock on package cache
[INFO] [stderr]     Blocking waiting for file lock on package cache
[INFO] running `Command { std: "docker" "create" "-v" "/var/lib/crater-agent-workspace/builds/worker-6/target:/opt/rustwide/target:rw,Z" "-v" "/var/lib/crater-agent-workspace/builds/worker-6/source:/opt/rustwide/workdir:ro,Z" "-v" "/var/lib/crater-agent-workspace/cargo-home:/opt/rustwide/cargo-home:ro,Z" "-v" "/var/lib/crater-agent-workspace/rustup-home:/opt/rustwide/rustup-home:ro,Z" "-e" "SOURCE_DIR=/opt/rustwide/workdir" "-e" "CARGO_TARGET_DIR=/opt/rustwide/target" "-e" "CARGO_HOME=/opt/rustwide/cargo-home" "-e" "RUSTUP_HOME=/opt/rustwide/rustup-home" "-w" "/opt/rustwide/workdir" "-m" "1610612736" "--user" "0:0" "--network" "none" "ghcr.io/rust-lang/crates-build-env/linux@sha256:34b6a614d2c27851fe6cbf88fbd1137609cefab8b10d0615aaeb6fd47975d74e" "/opt/rustwide/cargo-home/bin/cargo" "+1.54.0" "metadata" "--no-deps" "--format-version=1", kill_on_drop: false }`
[INFO] [stdout] 7763f51f83d9931fe64b8c0c88507d023c6ef97bbe905cb1f85abce40975d0a2
[INFO] [stderr] WARNING: Your kernel does not support swap limit capabilities or the cgroup is not mounted. Memory limited without swap.
[INFO] running `Command { std: "docker" "start" "-a" "7763f51f83d9931fe64b8c0c88507d023c6ef97bbe905cb1f85abce40975d0a2", kill_on_drop: false }`
[INFO] running `Command { std: "docker" "inspect" "7763f51f83d9931fe64b8c0c88507d023c6ef97bbe905cb1f85abce40975d0a2", kill_on_drop: false }`
[INFO] running `Command { std: "docker" "rm" "-f" "7763f51f83d9931fe64b8c0c88507d023c6ef97bbe905cb1f85abce40975d0a2", kill_on_drop: false }`
[INFO] [stdout] 7763f51f83d9931fe64b8c0c88507d023c6ef97bbe905cb1f85abce40975d0a2
[INFO] running `Command { std: "docker" "create" "-v" "/var/lib/crater-agent-workspace/builds/worker-6/target:/opt/rustwide/target:rw,Z" "-v" "/var/lib/crater-agent-workspace/builds/worker-6/source:/opt/rustwide/workdir:ro,Z" "-v" "/var/lib/crater-agent-workspace/cargo-home:/opt/rustwide/cargo-home:ro,Z" "-v" "/var/lib/crater-agent-workspace/rustup-home:/opt/rustwide/rustup-home:ro,Z" "-e" "SOURCE_DIR=/opt/rustwide/workdir" "-e" "CARGO_TARGET_DIR=/opt/rustwide/target" "-e" "CARGO_INCREMENTAL=0" "-e" "RUST_BACKTRACE=full" "-e" "RUSTFLAGS=--cap-lints=warn" "-e" "CARGO_HOME=/opt/rustwide/cargo-home" "-e" "RUSTUP_HOME=/opt/rustwide/rustup-home" "-w" "/opt/rustwide/workdir" "-m" "1610612736" "--user" "0:0" "--network" "none" "ghcr.io/rust-lang/crates-build-env/linux@sha256:34b6a614d2c27851fe6cbf88fbd1137609cefab8b10d0615aaeb6fd47975d74e" "/opt/rustwide/cargo-home/bin/cargo" "+1.54.0" "build" "--frozen" "--message-format=json", kill_on_drop: false }`
[INFO] [stdout] a328a1aaf0a10063a0e6ee953cab773dfd82f3d6abefbef2f0a53b3b5dfe3ed6
[INFO] [stderr] WARNING: Your kernel does not support swap limit capabilities or the cgroup is not mounted. Memory limited without swap.
[INFO] running `Command { std: "docker" "start" "-a" "a328a1aaf0a10063a0e6ee953cab773dfd82f3d6abefbef2f0a53b3b5dfe3ed6", kill_on_drop: false }`
[INFO] [stderr]    Compiling never v0.1.0
[INFO] [stderr]    Compiling ahash v0.3.8
[INFO] [stderr]    Compiling tokio v1.9.0
[INFO] [stderr]    Compiling darling_core v0.13.0
[INFO] [stderr]    Compiling crossbeam-epoch v0.8.2
[INFO] [stderr]    Compiling native-tls v0.2.7
[INFO] [stderr]    Compiling url v2.2.2
[INFO] [stderr]    Compiling flurry v0.3.1
[INFO] [stderr]    Compiling darling_macro v0.13.0
[INFO] [stderr]    Compiling tokio-util v0.6.7
[INFO] [stderr]    Compiling tokio-native-tls v0.3.0
[INFO] [stderr]    Compiling tokio-stream v0.1.7
[INFO] [stderr]    Compiling darling v0.13.0
[INFO] [stderr]    Compiling serde_with_macros v1.4.2
[INFO] [stderr]    Compiling h2 v0.3.3
[INFO] [stderr]    Compiling hyper v0.14.11
[INFO] [stderr]    Compiling hyper-tls v0.5.0
[INFO] [stderr]    Compiling reqwest v0.11.4
[INFO] [stderr]    Compiling teloxide-core v0.3.3
[INFO] [stderr]    Compiling teloxide v0.5.0 (/opt/rustwide/workdir)
[INFO] [stderr]     Finished dev [unoptimized + debuginfo] target(s) in 1m 01s
[INFO] running `Command { std: "docker" "inspect" "a328a1aaf0a10063a0e6ee953cab773dfd82f3d6abefbef2f0a53b3b5dfe3ed6", kill_on_drop: false }`
[INFO] running `Command { std: "docker" "rm" "-f" "a328a1aaf0a10063a0e6ee953cab773dfd82f3d6abefbef2f0a53b3b5dfe3ed6", kill_on_drop: false }`
[INFO] [stdout] a328a1aaf0a10063a0e6ee953cab773dfd82f3d6abefbef2f0a53b3b5dfe3ed6
[INFO] running `Command { std: "docker" "create" "-v" "/var/lib/crater-agent-workspace/builds/worker-6/target:/opt/rustwide/target:rw,Z" "-v" "/var/lib/crater-agent-workspace/builds/worker-6/source:/opt/rustwide/workdir:ro,Z" "-v" "/var/lib/crater-agent-workspace/cargo-home:/opt/rustwide/cargo-home:ro,Z" "-v" "/var/lib/crater-agent-workspace/rustup-home:/opt/rustwide/rustup-home:ro,Z" "-e" "SOURCE_DIR=/opt/rustwide/workdir" "-e" "CARGO_TARGET_DIR=/opt/rustwide/target" "-e" "CARGO_INCREMENTAL=0" "-e" "RUST_BACKTRACE=full" "-e" "RUSTFLAGS=--cap-lints=warn" "-e" "CARGO_HOME=/opt/rustwide/cargo-home" "-e" "RUSTUP_HOME=/opt/rustwide/rustup-home" "-w" "/opt/rustwide/workdir" "-m" "1610612736" "--user" "0:0" "--network" "none" "ghcr.io/rust-lang/crates-build-env/linux@sha256:34b6a614d2c27851fe6cbf88fbd1137609cefab8b10d0615aaeb6fd47975d74e" "/opt/rustwide/cargo-home/bin/cargo" "+1.54.0" "test" "--frozen" "--no-run" "--message-format=json", kill_on_drop: false }`
[INFO] [stderr] WARNING: Your kernel does not support swap limit capabilities or the cgroup is not mounted. Memory limited without swap.
[INFO] [stdout] b7579e41f9cfd25c45a95738226c76b522e87431bde70009b0fe7b943bbbc2e8
[INFO] running `Command { std: "docker" "start" "-a" "b7579e41f9cfd25c45a95738226c76b522e87431bde70009b0fe7b943bbbc2e8", kill_on_drop: false }`
[INFO] [stderr]    Compiling smart-default v0.6.0
[INFO] [stderr]    Compiling pretty_env_logger v0.4.0
[INFO] [stderr]    Compiling teloxide v0.5.0 (/opt/rustwide/workdir)
[INFO] [stderr]     Finished test [unoptimized + debuginfo] target(s) in 8.78s
[INFO] running `Command { std: "docker" "inspect" "b7579e41f9cfd25c45a95738226c76b522e87431bde70009b0fe7b943bbbc2e8", kill_on_drop: false }`
[INFO] running `Command { std: "docker" "rm" "-f" "b7579e41f9cfd25c45a95738226c76b522e87431bde70009b0fe7b943bbbc2e8", kill_on_drop: false }`
[INFO] [stdout] b7579e41f9cfd25c45a95738226c76b522e87431bde70009b0fe7b943bbbc2e8
[INFO] running `Command { std: "docker" "create" "-v" "/var/lib/crater-agent-workspace/builds/worker-6/target:/opt/rustwide/target:rw,Z" "-v" "/var/lib/crater-agent-workspace/builds/worker-6/source:/opt/rustwide/workdir:ro,Z" "-v" "/var/lib/crater-agent-workspace/cargo-home:/opt/rustwide/cargo-home:ro,Z" "-v" "/var/lib/crater-agent-workspace/rustup-home:/opt/rustwide/rustup-home:ro,Z" "-e" "SOURCE_DIR=/opt/rustwide/workdir" "-e" "CARGO_TARGET_DIR=/opt/rustwide/target" "-e" "CARGO_INCREMENTAL=0" "-e" "RUST_BACKTRACE=full" "-e" "RUSTFLAGS=--cap-lints=warn" "-e" "CARGO_HOME=/opt/rustwide/cargo-home" "-e" "RUSTUP_HOME=/opt/rustwide/rustup-home" "-w" "/opt/rustwide/workdir" "-m" "1610612736" "--user" "0:0" "--network" "none" "ghcr.io/rust-lang/crates-build-env/linux@sha256:34b6a614d2c27851fe6cbf88fbd1137609cefab8b10d0615aaeb6fd47975d74e" "/opt/rustwide/cargo-home/bin/cargo" "+1.54.0" "test" "--frozen", kill_on_drop: false }`
[INFO] [stdout] 2577754152c8d01a54242a1d25041123b06522cb6a5114bfdd67f5fbf365f1ad
[INFO] [stderr] WARNING: Your kernel does not support swap limit capabilities or the cgroup is not mounted. Memory limited without swap.
[INFO] running `Command { std: "docker" "start" "-a" "2577754152c8d01a54242a1d25041123b06522cb6a5114bfdd67f5fbf365f1ad", kill_on_drop: false }`
[INFO] [stderr]     Finished test [unoptimized + debuginfo] target(s) in 0.16s
[INFO] [stderr]      Running unittests (/opt/rustwide/target/debug/deps/teloxide-290a20bc0e5db288)
[INFO] [stdout] 
[INFO] [stdout] running 28 tests
[INFO] [stdout] test utils::command::tests::parse_command_with_args_without_args ... ok
[INFO] [stdout] test utils::html::tests::test_bold ... ok
[INFO] [stdout] test utils::html::tests::test_italic ... ok
[INFO] [stdout] test utils::html::tests::test_link ... ok
[INFO] [stdout] test utils::html::tests::test_strike ... ok
[INFO] [stdout] test utils::html::tests::test_underline ... ok
[INFO] [stdout] test utils::html::tests::test_user_mention ... ok
[INFO] [stdout] test utils::html::tests::user_mention_link ... ok
[INFO] [stdout] test utils::markdown::tests::test_code_block ... ok
[INFO] [stdout] test utils::markdown::tests::test_code_block_with_lang ... ok
[INFO] [stdout] test utils::markdown::tests::test_code_inline ... ok
[INFO] [stdout] test utils::markdown::tests::test_escape ... ok
[INFO] [stdout] test utils::markdown::tests::test_italic ... ok
[INFO] [stdout] test utils::command::tests::parse_command_with_args_ ... ok
[INFO] [stdout] test utils::markdown::tests::test_bold ... ok
[INFO] [stdout] test utils::html::tests::test_escape ... ok
[INFO] [stdout] test utils::markdown::tests::test_italic_with_underline ... ok
[INFO] [stdout] test utils::html::tests::test_code_block ... ok
[INFO] [stdout] test utils::markdown::tests::test_escape_link_url ... ok
[INFO] [stdout] test utils::markdown::tests::test_link ... ok
[INFO] [stdout] test utils::markdown::tests::test_strike ... ok
[INFO] [stdout] test utils::markdown::tests::test_escape_code ... ok
[INFO] [stdout] test utils::html::tests::test_code_block_with_lang ... ok
[INFO] [stdout] test utils::markdown::tests::test_underline ... ok
[INFO] [stdout] test utils::html::tests::test_code_inline ... ok
[INFO] [stdout] test utils::markdown::tests::user_mention_link ... ok
[INFO] [stdout] test utils::markdown::tests::test_user_mention ... ok
[INFO] [stderr]      Running tests/command.rs (/opt/rustwide/target/debug/deps/command-bdfbaa8097076171)
[INFO] [stdout] test dispatching::dialogue::dialogue_dispatcher::tests::updates_from_same_chat_executed_sequentially ... ok
[INFO] [stderr]    Doc-tests teloxide
[INFO] [stdout] 
[INFO] [stdout] test result: ok. 28 passed; 0 failed; 0 ignored; 0 measured; 0 filtered out; finished in 3.27s
[INFO] [stdout] 
[INFO] [stdout] 
[INFO] [stdout] running 0 tests
[INFO] [stdout] 
[INFO] [stdout] test result: ok. 0 passed; 0 failed; 0 ignored; 0 measured; 0 filtered out; finished in 0.00s
[INFO] [stdout] 
[INFO] [stdout] 
[INFO] [stdout] running 21 tests
[INFO] [stdout] test src/error_handlers.rs - error_handlers::IgnoringErrorHandlerSafe (line 142) - compile fail ... ok
[INFO] [stdout] test src/dispatching/dialogue/mod.rs - dispatching::dialogue (line 32) - compile ... ok
[INFO] [stdout] test src/dispatching/mod.rs - dispatching (line 10) ... FAILED
[INFO] [stdout] test src/error_handlers.rs - error_handlers::OnError (line 29) ... ok
[INFO] [stdout] test src/utils/command.rs - utils::command::BotCommand (line 117) ... ok
[INFO] [stdout] test src/lib.rs - (line 8) - compile ... FAILED
[INFO] [stdout] test src/utils/command.rs - utils::command::BotCommand (line 137) ... ok
[INFO] [stdout] test src/utils/command.rs - utils::command (line 8) ... ok
[INFO] [stdout] test src/error_handlers.rs - error_handlers::OnError (line 45) ... ok
[INFO] [stdout] test src/utils/command.rs - utils::command::BotCommand (line 170) ... ok
[INFO] [stdout] test src/error_handlers.rs - error_handlers::LoggingErrorHandler (line 170) ... ok
[INFO] [stdout] test src/utils/command.rs - utils::command::BotCommand (line 61) ... ok
[INFO] [stdout] test src/error_handlers.rs - error_handlers::IgnoringErrorHandler (line 95) ... ok
[INFO] [stdout] test src/error_handlers.rs - error_handlers::IgnoringErrorHandlerSafe (line 125) ... ok
[INFO] [stdout] test src/utils/command.rs - utils::command::BotCommand (line 97) ... ok
[INFO] [stdout] test src/utils/command.rs - utils::command (line 36) ... FAILED
[INFO] [stdout] test src/utils/command.rs - utils::command (line 27) ... ok
[INFO] [stdout] test src/utils/command.rs - utils::command::parse_command_with_prefix (line 304) ... ok
[INFO] [stdout] test src/utils/command.rs - utils::command::parse_command (line 273) ... ok
[INFO] [stdout] test src/utils/command.rs - utils::command::parse_command (line 283) ... ok
[INFO] [stdout] test src/utils/command.rs - utils::command::parse_command_with_prefix (line 314) ... ok
[INFO] [stdout] 
[INFO] [stdout] failures:
[INFO] [stdout] 
[INFO] [stdout] ---- src/dispatching/mod.rs - dispatching (line 10) stdout ----
[INFO] [stdout] error[E0412]: cannot find type `AutoSend` in this scope
[INFO] [stdout]  --> src/dispatching/mod.rs:14:50
[INFO] [stdout]   |
[INFO] [stdout] 7 | async fn handle_messages(rx: DispatcherHandlerRx<AutoSend<Bot>, Message>) {
[INFO] [stdout]   |                                                  ^^^^^^^^ not found in this scope
[INFO] [stdout] 
[INFO] [stdout] error: aborting due to previous error
[INFO] [stdout] 
[INFO] [stdout] For more information about this error, try `rustc --explain E0412`.
[INFO] [stdout] Couldn't compile the test.
[INFO] [stdout] ---- src/lib.rs - (line 8) stdout ----
[INFO] [stdout] error[E0599]: no method named `auto_send` found for struct `teloxide::Bot` in the current scope
[INFO] [stdout]   --> src/lib.rs:16:27
[INFO] [stdout]    |
[INFO] [stdout] 11 | let bot = Bot::from_env().auto_send();
[INFO] [stdout]    |                           ^^^^^^^^^ method not found in `teloxide::Bot`
[INFO] [stdout] 
[INFO] [stdout] error: aborting due to previous error
[INFO] [stdout] 
[INFO] [stdout] For more information about this error, try `rustc --explain E0599`.
[INFO] [stdout] Couldn't compile the test.
[INFO] [stdout] ---- src/utils/command.rs - utils::command (line 36) stdout ----
[INFO] [stdout] error: linking with `cc` failed: exit status: 1
[INFO] [stdout]   |
[INFO] [stdout]   = note: "cc" "-m64" "/tmp/rustdoctestsvDDdH/rust_out.rust_out.7rcbfp3g-cgu.0.rcgu.o" "/tmp/rustdoctestsvDDdH/rust_out.33dyzt1ekirinwy8.rcgu.o" "-Wl,--as-needed" "-L" "/opt/rustwide/target/debug/deps" "-L" "/opt/rustwide/target/debug/deps" "-L" "/opt/rustwide/rustup-home/toolchains/1.54.0-x86_64-unknown-linux-gnu/lib/rustlib/x86_64-unknown-linux-gnu/lib" "-Wl,-Bstatic" "/opt/rustwide/target/debug/deps/libteloxide-13b35b554944ad8c.rlib" "/opt/rustwide/target/debug/deps/libtokio_stream-776ec1cd2c7d5919.rlib" "/opt/rustwide/target/debug/deps/libteloxide_core-6c2e7d3f72403cab.rlib" "/opt/rustwide/target/debug/deps/libuuid-25c33816983525c4.rlib" "/opt/rustwide/target/debug/deps/libgetrandom-d801f701964b43b4.rlib" "/opt/rustwide/target/debug/deps/libpin_project-8016d0ae28c8bcde.rlib" "/opt/rustwide/target/debug/deps/libthiserror-7d8a94aa91ca06f8.rlib" "/opt/rustwide/target/debug/deps/libeither-a4aed9cad0e06bb2.rlib" "/opt/rustwide/target/debug/deps/libchrono-3216538e2e9355ae.rlib" "/opt/rustwide/target/debug/deps/libnum_integer-016eaeb10a6f0eb9.rlib" "/opt/rustwide/target/debug/deps/libnum_traits-3ea67f5534c2ade7.rlib" "/opt/rustwide/target/debug/deps/libtime-f4cd161e736888a0.rlib" "/opt/rustwide/target/debug/deps/libreqwest-bc06bb3ad6fb342a.rlib" "/opt/rustwide/target/debug/deps/libhyper_tls-3a490af70116a0fe.rlib" "/opt/rustwide/target/debug/deps/libserde_urlencoded-172f7378a1591fdf.rlib" "/opt/rustwide/target/debug/deps/libipnet-6757a43fea3f5c50.rlib" "/opt/rustwide/target/debug/deps/libtokio_native_tls-70f71d054f1db076.rlib" "/opt/rustwide/target/debug/deps/libencoding_rs-51e21ce37bda7a9c.rlib" "/opt/rustwide/target/debug/deps/libserde_json-83a4a0038f10f81b.rlib" "/opt/rustwide/target/debug/deps/libryu-059aa1fbb24cd15e.rlib" "/opt/rustwide/target/debug/deps/libbase64-5c7414cfb92860e8.rlib" "/opt/rustwide/target/debug/deps/libmime_guess-b87d2e4d5cd8c18e.rlib" "/opt/rustwide/target/debug/deps/libunicase-3712d2bec500204b.rlib" "/opt/rustwide/target/debug/deps/libmime-12522ef5c2462da9.rlib" "/opt/rustwide/target/debug/deps/libnative_tls-30534d131f584f31.rlib" "/opt/rustwide/target/debug/deps/libopenssl_probe-a7953e41b0152cb3.rlib" "/opt/rustwide/target/debug/deps/libopenssl-e78f95034d8ce49e.rlib" "/opt/rustwide/target/debug/deps/libbitflags-f89ae4b715176e2d.rlib" "/opt/rustwide/target/debug/deps/libforeign_types-6dd7ccee81750d2f.rlib" "/opt/rustwide/target/debug/deps/libforeign_types_shared-1812f2e1ab1a4883.rlib" "/opt/rustwide/target/debug/deps/libopenssl_sys-01352ca891cb3f6a.rlib" "/opt/rustwide/target/debug/deps/libhyper-f73da1a24ae0141b.rlib" "/opt/rustwide/target/debug/deps/libwant-8923efe3d72ddbe3.rlib" "/opt/rustwide/target/debug/deps/libtry_lock-a39996d6fbbee158.rlib" "/opt/rustwide/target/debug/deps/libsocket2-da2d8f53b0eae62c.rlib" "/opt/rustwide/target/debug/deps/libh2-16f43e9532f134a4.rlib" "/opt/rustwide/target/debug/deps/libindexmap-0db8233feb291027.rlib" "/opt/rustwide/target/debug/deps/libhashbrown-8c5395ff9e9a0462.rlib" "/opt/rustwide/target/debug/deps/libtokio_util-9f48a0576cb66b59.rlib" "/opt/rustwide/target/debug/deps/libhttparse-1c870db38feb2e5b.rlib" "/opt/rustwide/target/debug/deps/libtower_service-6686e1e00a5b1c4a.rlib" "/opt/rustwide/target/debug/deps/libtracing-883ff2a8782a115c.rlib" "/opt/rustwide/target/debug/deps/libtracing_core-0e11f0c341661672.rlib" "/opt/rustwide/target/debug/deps/libhttp_body-c26cb3c30835db9b.rlib" "/opt/rustwide/target/debug/deps/libhttp-f934d99aebf29821.rlib" "/opt/rustwide/target/debug/deps/libitoa-9ccdb0b3e3d11258.rlib" "/opt/rustwide/target/debug/deps/libfnv-56e05e18a5751d51.rlib" "/opt/rustwide/target/debug/deps/liburl-540a5e640c72b3f8.rlib" "/opt/rustwide/target/debug/deps/libidna-144743a1c87fc8e9.rlib" "/opt/rustwide/target/debug/deps/libunicode_normalization-f88ccced2be4bc93.rlib" "/opt/rustwide/target/debug/deps/libtinyvec-b0b99c866aca13aa.rlib" "/opt/rustwide/target/debug/deps/libtinyvec_macros-f6b5563d3767ea26.rlib" "/opt/rustwide/target/debug/deps/libunicode_bidi-cd5d16f1476c6336.rlib" "/opt/rustwide/target/debug/deps/libform_urlencoded-64c48050f569228e.rlib" "/opt/rustwide/target/debug/deps/libpercent_encoding-549c334c22432c49.rlib" "/opt/rustwide/target/debug/deps/libserde-c39ce3e6ac5d8adf.rlib" "/opt/rustwide/target/debug/deps/libmatches-5bfcef5685786a07.rlib" "/opt/rustwide/target/debug/deps/libflurry-71602e2bece7aac2.rlib" "/opt/rustwide/target/debug/deps/libahash-9f64fe9df7f17f95.rlib" "/opt/rustwide/target/debug/deps/libparking_lot-e7db1782ed7e7af6.rlib" "/opt/rustwide/target/debug/deps/libparking_lot_core-615167a6baddaefb.rlib" "/opt/rustwide/target/debug/deps/libsmallvec-cd9632e27e802452.rlib" "/opt/rustwide/target/debug/deps/liblock_api-dc263642307a5f06.rlib" "/opt/rustwide/target/debug/deps/libcrossbeam_epoch-9c429e36980aee1d.rlib" "/opt/rustwide/target/debug/deps/libscopeguard-7a1710762e6687e9.rlib" "/opt/rustwide/target/debug/deps/libmemoffset-2824ef9595d5db8e.rlib" "/opt/rustwide/target/debug/deps/libcrossbeam_utils-e3cfd5a65df37bf5.rlib" "/opt/rustwide/target/debug/deps/liblazy_static-5c53d641eb010a81.rlib" "/opt/rustwide/target/debug/deps/libmaybe_uninit-17ac005437abed86.rlib" "/opt/rustwide/target/debug/deps/libcfg_if-e7a28af79b261e75.rlib" "/opt/rustwide/target/debug/deps/libtokio-b7da676b98cd1b7f.rlib" "/opt/rustwide/target/debug/deps/libsignal_hook_registry-73321e025c961684.rlib" "/opt/rustwide/target/debug/deps/libnum_cpus-69b489850d458ebd.rlib" "/opt/rustwide/target/debug/deps/libonce_cell-a76c90beb999d50a.rlib" "/opt/rustwide/target/debug/deps/libbytes-df7cac8fc38da202.rlib" "/opt/rustwide/target/debug/deps/libmio-10769dff3cf3410c.rlib" "/opt/rustwide/target/debug/deps/liblibc-ef703b7b559de845.rlib" "/opt/rustwide/target/debug/deps/liblog-c7a6438e9780af3a.rlib" "/opt/rustwide/target/debug/deps/libcfg_if-38c8a3e888ecb06a.rlib" "/opt/rustwide/target/debug/deps/libfutures-660eb3b6b8def6de.rlib" "/opt/rustwide/target/debug/deps/libfutures_executor-220c2c19323257e7.rlib" "/opt/rustwide/target/debug/deps/libfutures_util-464ecf31afeb74c5.rlib" "/opt/rustwide/target/debug/deps/libmemchr-1f0d97dc9aa3dd56.rlib" "/opt/rustwide/target/debug/deps/libfutures_io-12ff95146a6896b4.rlib" "/opt/rustwide/target/debug/deps/libslab-f0931e7482d64922.rlib" "/opt/rustwide/target/debug/deps/libfutures_channel-123298ef293e503a.rlib" "/opt/rustwide/target/debug/deps/libpin_project_lite-ed06e07546a7102f.rlib" "/opt/rustwide/target/debug/deps/libfutures_sink-888229fc48e582a3.rlib" "/opt/rustwide/target/debug/deps/libfutures_task-5b8f6133e14601aa.rlib" "/opt/rustwide/target/debug/deps/libpin_utils-576e633f12357c97.rlib" "/opt/rustwide/target/debug/deps/libfutures_core-28804fd28ce97755.rlib" "-Wl,--start-group" "/opt/rustwide/rustup-home/toolchains/1.54.0-x86_64-unknown-linux-gnu/lib/rustlib/x86_64-unknown-linux-gnu/lib/libstd-2420485b9e5ef5e1.rlib" "/opt/rustwide/rustup-home/toolchains/1.54.0-x86_64-unknown-linux-gnu/lib/rustlib/x86_64-unknown-linux-gnu/lib/libpanic_unwind-785e3cb61c4b1960.rlib" "/opt/rustwide/rustup-home/toolchains/1.54.0-x86_64-unknown-linux-gnu/lib/rustlib/x86_64-unknown-linux-gnu/lib/libminiz_oxide-087191a88bdaa22d.rlib" "/opt/rustwide/rustup-home/toolchains/1.54.0-x86_64-unknown-linux-gnu/lib/rustlib/x86_64-unknown-linux-gnu/lib/libadler-9981842c02975178.rlib" "/opt/rustwide/rustup-home/toolchains/1.54.0-x86_64-unknown-linux-gnu/lib/rustlib/x86_64-unknown-linux-gnu/lib/libobject-6fb405869b015fde.rlib" "/opt/rustwide/rustup-home/toolchains/1.54.0-x86_64-unknown-linux-gnu/lib/rustlib/x86_64-unknown-linux-gnu/lib/libaddr2line-d05c5c3c56004b7b.rlib" "/opt/rustwide/rustup-home/toolchains/1.54.0-x86_64-unknown-linux-gnu/lib/rustlib/x86_64-unknown-linux-gnu/lib/libgimli-42d74d2097528b38.rlib" "/opt/rustwide/rustup-home/toolchains/1.54.0-x86_64-unknown-linux-gnu/lib/rustlib/x86_64-unknown-linux-gnu/lib/libstd_detect-fb36534c113d2209.rlib" "/opt/rustwide/rustup-home/toolchains/1.54.0-x86_64-unknown-linux-gnu/lib/rustlib/x86_64-unknown-linux-gnu/lib/librustc_demangle-b56b9042c12b6535.rlib" "/opt/rustwide/rustup-home/toolchains/1.54.0-x86_64-unknown-linux-gnu/lib/rustlib/x86_64-unknown-linux-gnu/lib/libhashbrown-491902d6cb3e76df.rlib" "/opt/rustwide/rustup-home/toolchains/1.54.0-x86_64-unknown-linux-gnu/lib/rustlib/x86_64-unknown-linux-gnu/lib/librustc_std_workspace_alloc-61834e0981b8c367.rlib" "/opt/rustwide/rustup-home/toolchains/1.54.0-x86_64-unknown-linux-gnu/lib/rustlib/x86_64-unknown-linux-gnu/lib/libunwind-f78aa99d613a55bc.rlib" "/opt/rustwide/rustup-home/toolchains/1.54.0-x86_64-unknown-linux-gnu/lib/rustlib/x86_64-unknown-linux-gnu/lib/libcfg_if-53ee54cd7fed2c57.rlib" "/opt/rustwide/rustup-home/toolchains/1.54.0-x86_64-unknown-linux-gnu/lib/rustlib/x86_64-unknown-linux-gnu/lib/liblibc-544ecdbd6cda3c58.rlib" "/opt/rustwide/rustup-home/toolchains/1.54.0-x86_64-unknown-linux-gnu/lib/rustlib/x86_64-unknown-linux-gnu/lib/liballoc-379cc252b6943a79.rlib" "/opt/rustwide/rustup-home/toolchains/1.54.0-x86_64-unknown-linux-gnu/lib/rustlib/x86_64-unknown-linux-gnu/lib/librustc_std_workspace_core-8063eea38dcc5e62.rlib" "/opt/rustwide/rustup-home/toolchains/1.54.0-x86_64-unknown-linux-gnu/lib/rustlib/x86_64-unknown-linux-gnu/lib/libcore-5b228734afae15ee.rlib" "-Wl,--end-group" "/opt/rustwide/rustup-home/toolchains/1.54.0-x86_64-unknown-linux-gnu/lib/rustlib/x86_64-unknown-linux-gnu/lib/libcompiler_builtins-d6c7a399d95d173f.rlib" "-Wl,-Bdynamic" "-lssl" "-lcrypto" "-lgcc_s" "-lutil" "-lrt" "-lpthread" "-lm" "-ldl" "-lc" "-Wl,--eh-frame-hdr" "-Wl,-znoexecstack" "-L" "/opt/rustwide/rustup-home/toolchains/1.54.0-x86_64-unknown-linux-gnu/lib/rustlib/x86_64-unknown-linux-gnu/lib" "-o" "/tmp/rustdoctestsvDDdH/rust_out" "-Wl,--gc-sections" "-pie" "-Wl,-zrelro" "-Wl,-znow" "-nodefaultlibs"
[INFO] [stdout]   = note: collect2: fatal error: ld terminated with signal 9 [Killed]
[INFO] [stdout]           compilation terminated.
[INFO] [stdout]           
[INFO] [stdout] 
[INFO] [stdout] error: aborting due to previous error
[INFO] [stdout] 
[INFO] [stdout] Couldn't compile the test.
[INFO] [stdout] 
[INFO] [stdout] failures:
[INFO] [stdout]     src/dispatching/mod.rs - dispatching (line 10)
[INFO] [stdout]     src/lib.rs - (line 8)
[INFO] [stdout]     src/utils/command.rs - utils::command (line 36)
[INFO] [stdout] 
[INFO] [stdout] test result: FAILED. 18 passed; 3 failed; 0 ignored; 0 measured; 0 filtered out; finished in 22.26s
[INFO] [stdout] 
[INFO] [stderr] error: test failed, to rerun pass '--doc'
[INFO] running `Command { std: "docker" "inspect" "2577754152c8d01a54242a1d25041123b06522cb6a5114bfdd67f5fbf365f1ad", kill_on_drop: false }`
[INFO] running `Command { std: "docker" "rm" "-f" "2577754152c8d01a54242a1d25041123b06522cb6a5114bfdd67f5fbf365f1ad", kill_on_drop: false }`
[INFO] [stdout] 2577754152c8d01a54242a1d25041123b06522cb6a5114bfdd67f5fbf365f1ad
