[INFO] fetching crate telegraf 0.3.0...
[INFO] testing telegraf-0.3.0 against 1.54.0 for beta-1.55-1
[INFO] extracting crate telegraf 0.3.0 into /workspace/builds/worker-7/source
[INFO] validating manifest of crates.io crate telegraf 0.3.0 on toolchain 1.54.0
[INFO] running `Command { std: "/workspace/cargo-home/bin/cargo" "+1.54.0" "metadata" "--manifest-path" "Cargo.toml" "--no-deps", kill_on_drop: false }`
[INFO] started tweaking crates.io crate telegraf 0.3.0
[INFO] finished tweaking crates.io crate telegraf 0.3.0
[INFO] tweaked toml for crates.io crate telegraf 0.3.0 written to /workspace/builds/worker-7/source/Cargo.toml
[INFO] running `Command { std: "/workspace/cargo-home/bin/cargo" "+1.54.0" "generate-lockfile" "--manifest-path" "Cargo.toml" "-Zno-index-update", kill_on_drop: false }`
[INFO] running `Command { std: "/workspace/cargo-home/bin/cargo" "+1.54.0" "fetch" "--manifest-path" "Cargo.toml", kill_on_drop: false }`
[INFO] running `Command { std: "docker" "create" "-v" "/var/lib/crater-agent-workspace/builds/worker-7/target:/opt/rustwide/target:rw,Z" "-v" "/var/lib/crater-agent-workspace/builds/worker-7/source:/opt/rustwide/workdir:ro,Z" "-v" "/var/lib/crater-agent-workspace/cargo-home:/opt/rustwide/cargo-home:ro,Z" "-v" "/var/lib/crater-agent-workspace/rustup-home:/opt/rustwide/rustup-home:ro,Z" "-e" "SOURCE_DIR=/opt/rustwide/workdir" "-e" "CARGO_TARGET_DIR=/opt/rustwide/target" "-e" "CARGO_HOME=/opt/rustwide/cargo-home" "-e" "RUSTUP_HOME=/opt/rustwide/rustup-home" "-w" "/opt/rustwide/workdir" "-m" "1610612736" "--user" "0:0" "--network" "none" "ghcr.io/rust-lang/crates-build-env/linux@sha256:34b6a614d2c27851fe6cbf88fbd1137609cefab8b10d0615aaeb6fd47975d74e" "/opt/rustwide/cargo-home/bin/cargo" "+1.54.0" "metadata" "--no-deps" "--format-version=1", kill_on_drop: false }`
[INFO] [stderr] WARNING: Your kernel does not support swap limit capabilities or the cgroup is not mounted. Memory limited without swap.
[INFO] [stdout] 9f44c829e38a45a9455fa76a7adf06ddf62f839055c3d06b13c74305b709c057
[INFO] running `Command { std: "docker" "start" "-a" "9f44c829e38a45a9455fa76a7adf06ddf62f839055c3d06b13c74305b709c057", kill_on_drop: false }`
[INFO] running `Command { std: "docker" "inspect" "9f44c829e38a45a9455fa76a7adf06ddf62f839055c3d06b13c74305b709c057", kill_on_drop: false }`
[INFO] running `Command { std: "docker" "rm" "-f" "9f44c829e38a45a9455fa76a7adf06ddf62f839055c3d06b13c74305b709c057", kill_on_drop: false }`
[INFO] [stdout] 9f44c829e38a45a9455fa76a7adf06ddf62f839055c3d06b13c74305b709c057
[INFO] running `Command { std: "docker" "create" "-v" "/var/lib/crater-agent-workspace/builds/worker-7/target:/opt/rustwide/target:rw,Z" "-v" "/var/lib/crater-agent-workspace/builds/worker-7/source:/opt/rustwide/workdir:ro,Z" "-v" "/var/lib/crater-agent-workspace/cargo-home:/opt/rustwide/cargo-home:ro,Z" "-v" "/var/lib/crater-agent-workspace/rustup-home:/opt/rustwide/rustup-home:ro,Z" "-e" "SOURCE_DIR=/opt/rustwide/workdir" "-e" "CARGO_TARGET_DIR=/opt/rustwide/target" "-e" "CARGO_INCREMENTAL=0" "-e" "RUST_BACKTRACE=full" "-e" "RUSTFLAGS=--cap-lints=warn" "-e" "CARGO_HOME=/opt/rustwide/cargo-home" "-e" "RUSTUP_HOME=/opt/rustwide/rustup-home" "-w" "/opt/rustwide/workdir" "-m" "1610612736" "--user" "0:0" "--network" "none" "ghcr.io/rust-lang/crates-build-env/linux@sha256:34b6a614d2c27851fe6cbf88fbd1137609cefab8b10d0615aaeb6fd47975d74e" "/opt/rustwide/cargo-home/bin/cargo" "+1.54.0" "build" "--frozen" "--message-format=json", kill_on_drop: false }`
[INFO] [stdout] fe45315b3e4f47a9390d546995cc51d8d00cdafab0e661dc301f3c60f3e323c0
[INFO] [stderr] WARNING: Your kernel does not support swap limit capabilities or the cgroup is not mounted. Memory limited without swap.
[INFO] running `Command { std: "docker" "start" "-a" "fe45315b3e4f47a9390d546995cc51d8d00cdafab0e661dc301f3c60f3e323c0", kill_on_drop: false }`
[INFO] [stderr]     Blocking waiting for file lock on package cache
[INFO] [stderr]    Compiling telegraf v0.3.0 (/opt/rustwide/workdir)
[INFO] [stderr]     Finished dev [unoptimized + debuginfo] target(s) in 2.23s
[INFO] running `Command { std: "docker" "inspect" "fe45315b3e4f47a9390d546995cc51d8d00cdafab0e661dc301f3c60f3e323c0", kill_on_drop: false }`
[INFO] running `Command { std: "docker" "rm" "-f" "fe45315b3e4f47a9390d546995cc51d8d00cdafab0e661dc301f3c60f3e323c0", kill_on_drop: false }`
[INFO] [stdout] fe45315b3e4f47a9390d546995cc51d8d00cdafab0e661dc301f3c60f3e323c0
[INFO] running `Command { std: "docker" "create" "-v" "/var/lib/crater-agent-workspace/builds/worker-7/target:/opt/rustwide/target:rw,Z" "-v" "/var/lib/crater-agent-workspace/builds/worker-7/source:/opt/rustwide/workdir:ro,Z" "-v" "/var/lib/crater-agent-workspace/cargo-home:/opt/rustwide/cargo-home:ro,Z" "-v" "/var/lib/crater-agent-workspace/rustup-home:/opt/rustwide/rustup-home:ro,Z" "-e" "SOURCE_DIR=/opt/rustwide/workdir" "-e" "CARGO_TARGET_DIR=/opt/rustwide/target" "-e" "CARGO_INCREMENTAL=0" "-e" "RUST_BACKTRACE=full" "-e" "RUSTFLAGS=--cap-lints=warn" "-e" "CARGO_HOME=/opt/rustwide/cargo-home" "-e" "RUSTUP_HOME=/opt/rustwide/rustup-home" "-w" "/opt/rustwide/workdir" "-m" "1610612736" "--user" "0:0" "--network" "none" "ghcr.io/rust-lang/crates-build-env/linux@sha256:34b6a614d2c27851fe6cbf88fbd1137609cefab8b10d0615aaeb6fd47975d74e" "/opt/rustwide/cargo-home/bin/cargo" "+1.54.0" "test" "--frozen" "--no-run" "--message-format=json", kill_on_drop: false }`
[INFO] [stdout] 9e84613978694c39b23fb85b83b807334b864bc6be7266e93d3ed46233be29a3
[INFO] [stderr] WARNING: Your kernel does not support swap limit capabilities or the cgroup is not mounted. Memory limited without swap.
[INFO] running `Command { std: "docker" "start" "-a" "9e84613978694c39b23fb85b83b807334b864bc6be7266e93d3ed46233be29a3", kill_on_drop: false }`
[INFO] [stderr]    Compiling telegraf v0.3.0 (/opt/rustwide/workdir)
[INFO] [stderr]     Finished test [unoptimized + debuginfo] target(s) in 2.07s
[INFO] running `Command { std: "docker" "inspect" "9e84613978694c39b23fb85b83b807334b864bc6be7266e93d3ed46233be29a3", kill_on_drop: false }`
[INFO] running `Command { std: "docker" "rm" "-f" "9e84613978694c39b23fb85b83b807334b864bc6be7266e93d3ed46233be29a3", kill_on_drop: false }`
[INFO] [stdout] 9e84613978694c39b23fb85b83b807334b864bc6be7266e93d3ed46233be29a3
[INFO] running `Command { std: "docker" "create" "-v" "/var/lib/crater-agent-workspace/builds/worker-7/target:/opt/rustwide/target:rw,Z" "-v" "/var/lib/crater-agent-workspace/builds/worker-7/source:/opt/rustwide/workdir:ro,Z" "-v" "/var/lib/crater-agent-workspace/cargo-home:/opt/rustwide/cargo-home:ro,Z" "-v" "/var/lib/crater-agent-workspace/rustup-home:/opt/rustwide/rustup-home:ro,Z" "-e" "SOURCE_DIR=/opt/rustwide/workdir" "-e" "CARGO_TARGET_DIR=/opt/rustwide/target" "-e" "CARGO_INCREMENTAL=0" "-e" "RUST_BACKTRACE=full" "-e" "RUSTFLAGS=--cap-lints=warn" "-e" "CARGO_HOME=/opt/rustwide/cargo-home" "-e" "RUSTUP_HOME=/opt/rustwide/rustup-home" "-w" "/opt/rustwide/workdir" "-m" "1610612736" "--user" "0:0" "--network" "none" "ghcr.io/rust-lang/crates-build-env/linux@sha256:34b6a614d2c27851fe6cbf88fbd1137609cefab8b10d0615aaeb6fd47975d74e" "/opt/rustwide/cargo-home/bin/cargo" "+1.54.0" "test" "--frozen", kill_on_drop: false }`
[INFO] [stderr] WARNING: Your kernel does not support swap limit capabilities or the cgroup is not mounted. Memory limited without swap.
[INFO] [stdout] 3ef4295a1990a16b0322d3044aa2c90599ce06a94125bac01376ed349c7b3640
[INFO] running `Command { std: "docker" "start" "-a" "3ef4295a1990a16b0322d3044aa2c90599ce06a94125bac01376ed349c7b3640", kill_on_drop: false }`
[INFO] [stderr]     Finished test [unoptimized + debuginfo] target(s) in 0.03s
[INFO] [stderr]      Running unittests (/opt/rustwide/target/debug/deps/telegraf-737dceb520c85d4a)
[INFO] [stdout] 
[INFO] [stderr]    Doc-tests telegraf
[INFO] [stdout] running 5 tests
[INFO] [stdout] test macros::tests::can_create_whtout_tag ... ok
[INFO] [stdout] test protocol::tests::can_format_field_attr ... ok
[INFO] [stdout] test macros::tests::can_create_with_tag ... ok
[INFO] [stdout] test protocol::tests::can_get_string_field_string ... ok
[INFO] [stdout] test tests::can_create_point_lp ... ok
[INFO] [stdout] 
[INFO] [stdout] test result: ok. 5 passed; 0 failed; 0 ignored; 0 measured; 0 filtered out; finished in 0.01s
[INFO] [stdout] 
[INFO] [stdout] 
[INFO] [stdout] running 3 tests
[INFO] [stdout] test src/macros.rs - point (line 11) ... FAILED
[INFO] [stdout] test src/macros.rs - point (line 28) ... FAILED
[INFO] [stdout] test src/macros.rs - point (line 22) ... FAILED
[INFO] [stdout] 
[INFO] [stdout] failures:
[INFO] [stdout] 
[INFO] [stdout] ---- src/macros.rs - point (line 11) stdout ----
[INFO] [stdout] error: expected `::`, found `,`
[INFO] [stdout]  --> src/macros.rs:12:15
[INFO] [stdout]   |
[INFO] [stdout] 3 | (<measurement>, [(<tagName>, <tagVal>)], [(<fieldName>, <fieldVal>)])
[INFO] [stdout]   |               ^ expected `::`
[INFO] [stdout] 
[INFO] [stdout] error: aborting due to previous error
[INFO] [stdout] 
[INFO] [stdout] Couldn't compile the test.
[INFO] [stdout] ---- src/macros.rs - point (line 28) stdout ----
[INFO] [stdout] error: expected `;`, found `}`
[INFO] [stdout]  --> src/macros.rs:29:41
[INFO] [stdout]   |
[INFO] [stdout] 3 | let p = point!("measure", ("f1", "f1v"))
[INFO] [stdout]   |                                         ^ help: add `;` here
[INFO] [stdout] 4 | } _doctest_main_src_macros_rs_28_0() }
[INFO] [stdout]   | - unexpected token
[INFO] [stdout] 
[INFO] [stdout] error: cannot find macro `point` in this scope
[INFO] [stdout]   --> src/macros.rs:29:9
[INFO] [stdout]    |
[INFO] [stdout] 3  |   let p = point!("measure", ("f1", "f1v"))
[INFO] [stdout]    |           ^^^^^ help: a macro with a similar name exists: `print`
[INFO] [stdout]    |
[INFO] [stdout]    = note: consider importing this macro:
[INFO] [stdout]            telegraf::point
[INFO] [stdout] 
[INFO] [stdout] error: aborting due to 2 previous errors
[INFO] [stdout] 
[INFO] [stdout] Couldn't compile the test.
[INFO] [stdout] ---- src/macros.rs - point (line 22) stdout ----
[INFO] [stdout] error: expected `;`, found `}`
[INFO] [stdout]  --> src/macros.rs:23:70
[INFO] [stdout]   |
[INFO] [stdout] 3 | let p = point!("measure", ("t1", "t1v"), ("f1", "f1v") ("f2", "f2v"))
[INFO] [stdout]   |                                                                      ^ help: add `;` here
[INFO] [stdout] 4 | } _doctest_main_src_macros_rs_22_0() }
[INFO] [stdout]   | - unexpected token
[INFO] [stdout] 
[INFO] [stdout] error: cannot find macro `point` in this scope
[INFO] [stdout]   --> src/macros.rs:23:9
[INFO] [stdout]    |
[INFO] [stdout] 3  |   let p = point!("measure", ("t1", "t1v"), ("f1", "f1v") ("f2", "f2v"))
[INFO] [stdout]    |           ^^^^^ help: a macro with a similar name exists: `print`
[INFO] [stdout]    |
[INFO] [stdout]    = note: consider importing this macro:
[INFO] [stdout]            telegraf::point
[INFO] [stdout] 
[INFO] [stdout] error: aborting due to 2 previous errors
[INFO] [stdout] 
[INFO] [stdout] Couldn't compile the test.
[INFO] [stdout] 
[INFO] [stdout] failures:
[INFO] [stdout]     src/macros.rs - point (line 11)
[INFO] [stdout]     src/macros.rs - point (line 22)
[INFO] [stdout]     src/macros.rs - point (line 28)
[INFO] [stdout] 
[INFO] [stdout] test result: FAILED. 0 passed; 3 failed; 0 ignored; 0 measured; 0 filtered out; finished in 0.51s
[INFO] [stdout] 
[INFO] [stderr] error: test failed, to rerun pass '--doc'
[INFO] running `Command { std: "docker" "inspect" "3ef4295a1990a16b0322d3044aa2c90599ce06a94125bac01376ed349c7b3640", kill_on_drop: false }`
[INFO] running `Command { std: "docker" "rm" "-f" "3ef4295a1990a16b0322d3044aa2c90599ce06a94125bac01376ed349c7b3640", kill_on_drop: false }`
[INFO] [stdout] 3ef4295a1990a16b0322d3044aa2c90599ce06a94125bac01376ed349c7b3640
