[INFO] fetching crate tealr 0.6.0-preview3...
[INFO] testing tealr-0.6.0-preview3 against 1.54.0 for beta-1.55-1
[INFO] extracting crate tealr 0.6.0-preview3 into /workspace/builds/worker-101/source
[INFO] validating manifest of crates.io crate tealr 0.6.0-preview3 on toolchain 1.54.0
[INFO] running `Command { std: "/workspace/cargo-home/bin/cargo" "+1.54.0" "metadata" "--manifest-path" "Cargo.toml" "--no-deps", kill_on_drop: false }`
[INFO] started tweaking crates.io crate tealr 0.6.0-preview3
[INFO] removed 0 missing examples
[INFO] removed 0 missing tests
[INFO] finished tweaking crates.io crate tealr 0.6.0-preview3
[INFO] tweaked toml for crates.io crate tealr 0.6.0-preview3 written to /workspace/builds/worker-101/source/Cargo.toml
[INFO] crate crates.io crate tealr 0.6.0-preview3 already has a lockfile, it will not be regenerated
[INFO] running `Command { std: "/workspace/cargo-home/bin/cargo" "+1.54.0" "fetch" "--manifest-path" "Cargo.toml", kill_on_drop: false }`
[INFO] [stderr]     Blocking waiting for file lock on package cache
[INFO] [stderr]     Blocking waiting for file lock on package cache
[INFO] running `Command { std: "docker" "create" "-v" "/var/lib/crater-agent-workspace/builds/worker-101/target:/opt/rustwide/target:rw,Z" "-v" "/var/lib/crater-agent-workspace/builds/worker-101/source:/opt/rustwide/workdir:ro,Z" "-v" "/var/lib/crater-agent-workspace/cargo-home:/opt/rustwide/cargo-home:ro,Z" "-v" "/var/lib/crater-agent-workspace/rustup-home:/opt/rustwide/rustup-home:ro,Z" "-e" "SOURCE_DIR=/opt/rustwide/workdir" "-e" "CARGO_TARGET_DIR=/opt/rustwide/target" "-e" "CARGO_HOME=/opt/rustwide/cargo-home" "-e" "RUSTUP_HOME=/opt/rustwide/rustup-home" "-w" "/opt/rustwide/workdir" "-m" "1610612736" "--user" "0:0" "--network" "none" "ghcr.io/rust-lang/crates-build-env/linux@sha256:34b6a614d2c27851fe6cbf88fbd1137609cefab8b10d0615aaeb6fd47975d74e" "/opt/rustwide/cargo-home/bin/cargo" "+1.54.0" "metadata" "--no-deps" "--format-version=1", kill_on_drop: false }`
[INFO] [stdout] 305db537c3232a4e2baac80b18dcb2b9a7988ee3e5caa2573b3b8d5aee31e6a4
[INFO] running `Command { std: "docker" "start" "-a" "305db537c3232a4e2baac80b18dcb2b9a7988ee3e5caa2573b3b8d5aee31e6a4", kill_on_drop: false }`
[INFO] running `Command { std: "docker" "inspect" "305db537c3232a4e2baac80b18dcb2b9a7988ee3e5caa2573b3b8d5aee31e6a4", kill_on_drop: false }`
[INFO] running `Command { std: "docker" "rm" "-f" "305db537c3232a4e2baac80b18dcb2b9a7988ee3e5caa2573b3b8d5aee31e6a4", kill_on_drop: false }`
[INFO] [stdout] 305db537c3232a4e2baac80b18dcb2b9a7988ee3e5caa2573b3b8d5aee31e6a4
[INFO] running `Command { std: "docker" "create" "-v" "/var/lib/crater-agent-workspace/builds/worker-101/target:/opt/rustwide/target:rw,Z" "-v" "/var/lib/crater-agent-workspace/builds/worker-101/source:/opt/rustwide/workdir:ro,Z" "-v" "/var/lib/crater-agent-workspace/cargo-home:/opt/rustwide/cargo-home:ro,Z" "-v" "/var/lib/crater-agent-workspace/rustup-home:/opt/rustwide/rustup-home:ro,Z" "-e" "SOURCE_DIR=/opt/rustwide/workdir" "-e" "CARGO_TARGET_DIR=/opt/rustwide/target" "-e" "CARGO_INCREMENTAL=0" "-e" "RUST_BACKTRACE=full" "-e" "RUSTFLAGS=--cap-lints=warn" "-e" "CARGO_HOME=/opt/rustwide/cargo-home" "-e" "RUSTUP_HOME=/opt/rustwide/rustup-home" "-w" "/opt/rustwide/workdir" "-m" "1610612736" "--user" "0:0" "--network" "none" "ghcr.io/rust-lang/crates-build-env/linux@sha256:34b6a614d2c27851fe6cbf88fbd1137609cefab8b10d0615aaeb6fd47975d74e" "/opt/rustwide/cargo-home/bin/cargo" "+1.54.0" "build" "--frozen" "--message-format=json", kill_on_drop: false }`
[INFO] [stdout] d914ab829e34fc490a0cc4eadc57fea4ce3f06e805f0558f1b703962d360f214
[INFO] running `Command { std: "docker" "start" "-a" "d914ab829e34fc490a0cc4eadc57fea4ce3f06e805f0558f1b703962d360f214", kill_on_drop: false }`
[INFO] [stderr]     Blocking waiting for file lock on package cache
[INFO] [stderr]    Compiling libc v0.2.95
[INFO] [stderr]    Compiling syn v1.0.72
[INFO] [stderr]    Compiling cc v1.0.68
[INFO] [stderr]    Compiling proc-macro-hack v0.5.19
[INFO] [stderr]    Compiling matches v0.1.8
[INFO] [stderr]    Compiling tinyvec_macros v0.1.0
[INFO] [stderr]    Compiling untrusted v0.7.1
[INFO] [stderr]    Compiling const_fn v0.4.8
[INFO] [stderr]    Compiling once_cell v1.7.2
[INFO] [stderr]    Compiling pkg-config v0.3.19
[INFO] [stderr]    Compiling log v0.4.14
[INFO] [stderr]    Compiling crc32fast v1.2.1
[INFO] [stderr]    Compiling adler v1.0.2
[INFO] [stderr]    Compiling memchr v2.3.3
[INFO] [stderr]    Compiling base64 v0.13.0
[INFO] [stderr]    Compiling byteorder v1.4.3
[INFO] [stderr]    Compiling chunked_transfer v1.4.0
[INFO] [stderr]    Compiling standback v0.2.17
[INFO] [stderr]    Compiling time v0.2.26
[INFO] [stderr]    Compiling miniz_oxide v0.4.4
[INFO] [stderr]    Compiling cookie v0.14.4
[INFO] [stderr]    Compiling qstring v0.7.2
[INFO] [stderr]    Compiling tinyvec v1.2.0
[INFO] [stderr]    Compiling unicode-bidi v0.3.5
[INFO] [stderr]    Compiling form_urlencoded v1.0.1
[INFO] [stderr]    Compiling unicode-normalization v0.1.17
[INFO] [stderr]    Compiling bstr v0.2.13
[INFO] [stderr]    Compiling getrandom v0.2.3
[INFO] [stderr]    Compiling time v0.1.43
[INFO] [stderr]    Compiling flate2 v1.0.20
[INFO] [stderr]    Compiling ring v0.16.20
[INFO] [stderr]    Compiling bzip2-sys v0.1.10+1.0.8
[INFO] [stderr]    Compiling rand_core v0.6.2
[INFO] [stderr]    Compiling rand_chacha v0.3.0
[INFO] [stderr]    Compiling idna v0.2.3
[INFO] [stderr]    Compiling rand v0.8.3
[INFO] [stderr]    Compiling url v2.2.2
[INFO] [stderr]    Compiling bzip2 v0.3.3
[INFO] [stderr]    Compiling time-macros-impl v0.1.1
[INFO] [stderr]    Compiling serde_derive v1.0.126
[INFO] [stderr]    Compiling thiserror-impl v1.0.25
[INFO] [stderr]    Compiling tempfile v3.2.0
[INFO] [stderr]    Compiling publicsuffix v1.5.6
[INFO] [stderr]    Compiling time-macros v0.1.1
[INFO] [stderr]    Compiling thiserror v1.0.25
[INFO] [stderr]    Compiling zip v0.5.12
[INFO] [stderr]    Compiling webpki v0.21.4
[INFO] [stderr]    Compiling sct v0.6.1
[INFO] [stderr]    Compiling webpki-roots v0.21.1
[INFO] [stderr]    Compiling rustls v0.19.1
[INFO] [stderr]    Compiling serde v1.0.126
[INFO] [stderr]    Compiling serde_json v1.0.64
[INFO] [stderr]    Compiling cookie_store v0.12.0
[INFO] [stderr]    Compiling ureq v1.5.5
[INFO] [stderr]    Compiling tealr_derive v0.6.0-preview1
[INFO] [stderr]    Compiling tealr v0.6.0-preview3 (/opt/rustwide/workdir)
[INFO] [stderr]     Finished dev [unoptimized + debuginfo] target(s) in 50.88s
[INFO] running `Command { std: "docker" "inspect" "d914ab829e34fc490a0cc4eadc57fea4ce3f06e805f0558f1b703962d360f214", kill_on_drop: false }`
[INFO] running `Command { std: "docker" "rm" "-f" "d914ab829e34fc490a0cc4eadc57fea4ce3f06e805f0558f1b703962d360f214", kill_on_drop: false }`
[INFO] [stdout] d914ab829e34fc490a0cc4eadc57fea4ce3f06e805f0558f1b703962d360f214
[INFO] running `Command { std: "docker" "create" "-v" "/var/lib/crater-agent-workspace/builds/worker-101/target:/opt/rustwide/target:rw,Z" "-v" "/var/lib/crater-agent-workspace/builds/worker-101/source:/opt/rustwide/workdir:ro,Z" "-v" "/var/lib/crater-agent-workspace/cargo-home:/opt/rustwide/cargo-home:ro,Z" "-v" "/var/lib/crater-agent-workspace/rustup-home:/opt/rustwide/rustup-home:ro,Z" "-e" "SOURCE_DIR=/opt/rustwide/workdir" "-e" "CARGO_TARGET_DIR=/opt/rustwide/target" "-e" "CARGO_INCREMENTAL=0" "-e" "RUST_BACKTRACE=full" "-e" "RUSTFLAGS=--cap-lints=warn" "-e" "CARGO_HOME=/opt/rustwide/cargo-home" "-e" "RUSTUP_HOME=/opt/rustwide/rustup-home" "-w" "/opt/rustwide/workdir" "-m" "1610612736" "--user" "0:0" "--network" "none" "ghcr.io/rust-lang/crates-build-env/linux@sha256:34b6a614d2c27851fe6cbf88fbd1137609cefab8b10d0615aaeb6fd47975d74e" "/opt/rustwide/cargo-home/bin/cargo" "+1.54.0" "test" "--frozen" "--no-run" "--message-format=json", kill_on_drop: false }`
[INFO] [stdout] 322fef55912a6caa56fcac8afcd007bcb3e338db52997d38cc0fac343cd63fed
[INFO] running `Command { std: "docker" "start" "-a" "322fef55912a6caa56fcac8afcd007bcb3e338db52997d38cc0fac343cd63fed", kill_on_drop: false }`
[INFO] [stderr]    Compiling tealr v0.6.0-preview3 (/opt/rustwide/workdir)
[INFO] [stderr]     Finished test [unoptimized + debuginfo] target(s) in 0.56s
[INFO] running `Command { std: "docker" "inspect" "322fef55912a6caa56fcac8afcd007bcb3e338db52997d38cc0fac343cd63fed", kill_on_drop: false }`
[INFO] running `Command { std: "docker" "rm" "-f" "322fef55912a6caa56fcac8afcd007bcb3e338db52997d38cc0fac343cd63fed", kill_on_drop: false }`
[INFO] [stdout] 322fef55912a6caa56fcac8afcd007bcb3e338db52997d38cc0fac343cd63fed
[INFO] running `Command { std: "docker" "create" "-v" "/var/lib/crater-agent-workspace/builds/worker-101/target:/opt/rustwide/target:rw,Z" "-v" "/var/lib/crater-agent-workspace/builds/worker-101/source:/opt/rustwide/workdir:ro,Z" "-v" "/var/lib/crater-agent-workspace/cargo-home:/opt/rustwide/cargo-home:ro,Z" "-v" "/var/lib/crater-agent-workspace/rustup-home:/opt/rustwide/rustup-home:ro,Z" "-e" "SOURCE_DIR=/opt/rustwide/workdir" "-e" "CARGO_TARGET_DIR=/opt/rustwide/target" "-e" "CARGO_INCREMENTAL=0" "-e" "RUST_BACKTRACE=full" "-e" "RUSTFLAGS=--cap-lints=warn" "-e" "CARGO_HOME=/opt/rustwide/cargo-home" "-e" "RUSTUP_HOME=/opt/rustwide/rustup-home" "-w" "/opt/rustwide/workdir" "-m" "1610612736" "--user" "0:0" "--network" "none" "ghcr.io/rust-lang/crates-build-env/linux@sha256:34b6a614d2c27851fe6cbf88fbd1137609cefab8b10d0615aaeb6fd47975d74e" "/opt/rustwide/cargo-home/bin/cargo" "+1.54.0" "test" "--frozen", kill_on_drop: false }`
[INFO] [stdout] 142315e84ac8d2dd42d89c27d0129671f2f85e88e88f5683f80962454892d683
[INFO] running `Command { std: "docker" "start" "-a" "142315e84ac8d2dd42d89c27d0129671f2f85e88e88f5683f80962454892d683", kill_on_drop: false }`
[INFO] [stderr]     Finished test [unoptimized + debuginfo] target(s) in 0.16s
[INFO] [stderr]      Running unittests (/opt/rustwide/target/debug/deps/tealr-97e85cf215e6dca2)
[INFO] [stdout] 
[INFO] [stdout] running 0 tests
[INFO] [stdout] 
[INFO] [stdout] test result: ok. 0 passed; 0 failed; 0 ignored; 0 measured; 0 filtered out; finished in 0.00s
[INFO] [stdout] 
[INFO] [stderr]    Doc-tests tealr
[INFO] [stdout] 
[INFO] [stdout] running 10 tests
[INFO] [stdout] test src/lib.rs - (line 15) ... ignored
[INFO] [stdout] test src/lib.rs - (line 36) ... ignored
[INFO] [stdout] test src/type_walker.rs - type_walker::TypeWalker::generate (line 26) ... ignored
[INFO] [stdout] test src/type_walker.rs - type_walker::TypeWalker::generate_global (line 63) ... ignored
[INFO] [stdout] test src/type_walker.rs - type_walker::TypeWalker::generate_local (line 84) ... ignored
[INFO] [stdout] test src/lib.rs - (line 97) - compile ... FAILED
[INFO] [stdout] "/opt/rustwide/workdir"
[INFO] [stdout] test src/lib.rs - (line 80) - compile ... FAILED
[INFO] [stdout] test src/lib.rs - (line 54) ... FAILED
[INFO] [stdout] test src/lib.rs - (line 73) ... FAILED
[INFO] [stdout] test src/teal_multivalue.rs - teal_multivalue::TealType::from (line 16) ... ok
[INFO] [stdout] 
[INFO] [stdout] failures:
[INFO] [stdout] 
[INFO] [stdout] ---- src/lib.rs - (line 97) stdout ----
[INFO] [stdout] error[E0308]: mismatched types
[INFO] [stdout]  --> src/lib.rs:97:76
[INFO] [stdout]   |
[INFO] [stdout] 3 | fn main() { #[allow(non_snake_case)] fn _doctest_main_src_lib_rs_97_0() -> Result<(), impl core::fmt::Debug> {
[INFO] [stdout]   |                                         -----------------------------      ^^^^^^^^^^^^^^^^^^^^^^^^^^^^^^^^^ expected enum `Result`, found `()`
[INFO] [stdout]   |                                         |
[INFO] [stdout]   |                                         implicitly returns `()` as its body has no tail or `return` expression
[INFO] [stdout]   |
[INFO] [stdout]   = note:   expected enum `Result<(), _>`
[INFO] [stdout]           found unit type `()`
[INFO] [stdout] 
[INFO] [stdout] error: aborting due to previous error
[INFO] [stdout] 
[INFO] [stdout] For more information about this error, try `rustc --explain E0308`.
[INFO] [stdout] Couldn't compile the test.
[INFO] [stdout] ---- src/lib.rs - (line 80) stdout ----
[INFO] [stdout] error[E0308]: mismatched types
[INFO] [stdout]  --> src/lib.rs:80:76
[INFO] [stdout]   |
[INFO] [stdout] 3 | fn main() { #[allow(non_snake_case)] fn _doctest_main_src_lib_rs_80_0() -> Result<(), impl core::fmt::Debug> {
[INFO] [stdout]   |                                         -----------------------------      ^^^^^^^^^^^^^^^^^^^^^^^^^^^^^^^^^ expected enum `Result`, found `()`
[INFO] [stdout]   |                                         |
[INFO] [stdout]   |                                         implicitly returns `()` as its body has no tail or `return` expression
[INFO] [stdout]   |
[INFO] [stdout]   = note:   expected enum `Result<(), _>`
[INFO] [stdout]           found unit type `()`
[INFO] [stdout] 
[INFO] [stdout] error: aborting due to previous error
[INFO] [stdout] 
[INFO] [stdout] For more information about this error, try `rustc --explain E0308`.
[INFO] [stdout] Couldn't compile the test.
[INFO] [stdout] ---- src/lib.rs - (line 54) stdout ----
[INFO] [stdout] error[E0405]: cannot find trait `TealData` in this scope
[INFO] [stdout]   --> src/lib.rs:63:6
[INFO] [stdout]    |
[INFO] [stdout] 12 | impl TealData for Example {};
[INFO] [stdout]    |      ^^^^^^^^ not found in this scope
[INFO] [stdout] 
[INFO] [stdout] error: aborting due to previous error
[INFO] [stdout] 
[INFO] [stdout] For more information about this error, try `rustc --explain E0405`.
[INFO] [stdout] Couldn't compile the test.
[INFO] [stdout] ---- src/lib.rs - (line 73) stdout ----
[INFO] [stdout] error: proc macro panicked
[INFO] [stdout]  --> src/lib.rs:75:12
[INFO] [stdout]   |
[INFO] [stdout] 5 | let code = compile_inline_teal!("local x : number = 5 return x");
[INFO] [stdout]   |            ^^^^^^^^^^^^^^^^^^^^^^^^^^^^^^^^^^^^^^^^^^^^^^^^^^^^^
[INFO] [stdout]   |
[INFO] [stdout]   = help: message: Could not run `tl check`. Make sure it is available in the path: Os { code: 2, kind: NotFound, message: "No such file or directory" }
[INFO] [stdout] 
[INFO] [stdout] error: aborting due to previous error
[INFO] [stdout] 
[INFO] [stdout] Couldn't compile the test.
[INFO] [stdout] 
[INFO] [stdout] failures:
[INFO] [stdout]     src/lib.rs - (line 54)
[INFO] [stdout]     src/lib.rs - (line 73)
[INFO] [stdout]     src/lib.rs - (line 80)
[INFO] [stdout]     src/lib.rs - (line 97)
[INFO] [stdout] 
[INFO] [stdout] test result: FAILED. 1 passed; 4 failed; 5 ignored; 0 measured; 0 filtered out; finished in 0.50s
[INFO] [stdout] 
[INFO] [stderr] error: test failed, to rerun pass '--doc'
[INFO] running `Command { std: "docker" "inspect" "142315e84ac8d2dd42d89c27d0129671f2f85e88e88f5683f80962454892d683", kill_on_drop: false }`
[INFO] running `Command { std: "docker" "rm" "-f" "142315e84ac8d2dd42d89c27d0129671f2f85e88e88f5683f80962454892d683", kill_on_drop: false }`
[INFO] [stdout] 142315e84ac8d2dd42d89c27d0129671f2f85e88e88f5683f80962454892d683
