[INFO] fetching crate tdn_types 0.2.1...
[INFO] testing tdn_types-0.2.1 against 1.54.0 for beta-1.55-1
[INFO] extracting crate tdn_types 0.2.1 into /workspace/builds/worker-84/source
[INFO] validating manifest of crates.io crate tdn_types 0.2.1 on toolchain 1.54.0
[INFO] running `Command { std: "/workspace/cargo-home/bin/cargo" "+1.54.0" "metadata" "--manifest-path" "Cargo.toml" "--no-deps", kill_on_drop: false }`
[INFO] started tweaking crates.io crate tdn_types 0.2.1
[INFO] finished tweaking crates.io crate tdn_types 0.2.1
[INFO] tweaked toml for crates.io crate tdn_types 0.2.1 written to /workspace/builds/worker-84/source/Cargo.toml
[INFO] running `Command { std: "/workspace/cargo-home/bin/cargo" "+1.54.0" "generate-lockfile" "--manifest-path" "Cargo.toml" "-Zno-index-update", kill_on_drop: false }`
[INFO] [stderr]     Blocking waiting for file lock on package cache
[INFO] running `Command { std: "/workspace/cargo-home/bin/cargo" "+1.54.0" "fetch" "--manifest-path" "Cargo.toml", kill_on_drop: false }`
[INFO] [stderr]     Blocking waiting for file lock on package cache
[INFO] [stderr]     Blocking waiting for file lock on package cache
[INFO] running `Command { std: "docker" "create" "-v" "/var/lib/crater-agent-workspace/builds/worker-84/target:/opt/rustwide/target:rw,Z" "-v" "/var/lib/crater-agent-workspace/builds/worker-84/source:/opt/rustwide/workdir:ro,Z" "-v" "/var/lib/crater-agent-workspace/cargo-home:/opt/rustwide/cargo-home:ro,Z" "-v" "/var/lib/crater-agent-workspace/rustup-home:/opt/rustwide/rustup-home:ro,Z" "-e" "SOURCE_DIR=/opt/rustwide/workdir" "-e" "CARGO_TARGET_DIR=/opt/rustwide/target" "-e" "CARGO_HOME=/opt/rustwide/cargo-home" "-e" "RUSTUP_HOME=/opt/rustwide/rustup-home" "-w" "/opt/rustwide/workdir" "-m" "1610612736" "--user" "0:0" "--network" "none" "ghcr.io/rust-lang/crates-build-env/linux@sha256:34b6a614d2c27851fe6cbf88fbd1137609cefab8b10d0615aaeb6fd47975d74e" "/opt/rustwide/cargo-home/bin/cargo" "+1.54.0" "metadata" "--no-deps" "--format-version=1", kill_on_drop: false }`
[INFO] [stdout] 7d82bd5523032bd3afe8ad31e37694f5ecdf82f545495f4ac719970812651b24
[INFO] running `Command { std: "docker" "start" "-a" "7d82bd5523032bd3afe8ad31e37694f5ecdf82f545495f4ac719970812651b24", kill_on_drop: false }`
[INFO] running `Command { std: "docker" "inspect" "7d82bd5523032bd3afe8ad31e37694f5ecdf82f545495f4ac719970812651b24", kill_on_drop: false }`
[INFO] running `Command { std: "docker" "rm" "-f" "7d82bd5523032bd3afe8ad31e37694f5ecdf82f545495f4ac719970812651b24", kill_on_drop: false }`
[INFO] [stdout] 7d82bd5523032bd3afe8ad31e37694f5ecdf82f545495f4ac719970812651b24
[INFO] running `Command { std: "docker" "create" "-v" "/var/lib/crater-agent-workspace/builds/worker-84/target:/opt/rustwide/target:rw,Z" "-v" "/var/lib/crater-agent-workspace/builds/worker-84/source:/opt/rustwide/workdir:ro,Z" "-v" "/var/lib/crater-agent-workspace/cargo-home:/opt/rustwide/cargo-home:ro,Z" "-v" "/var/lib/crater-agent-workspace/rustup-home:/opt/rustwide/rustup-home:ro,Z" "-e" "SOURCE_DIR=/opt/rustwide/workdir" "-e" "CARGO_TARGET_DIR=/opt/rustwide/target" "-e" "CARGO_INCREMENTAL=0" "-e" "RUST_BACKTRACE=full" "-e" "RUSTFLAGS=--cap-lints=warn" "-e" "CARGO_HOME=/opt/rustwide/cargo-home" "-e" "RUSTUP_HOME=/opt/rustwide/rustup-home" "-w" "/opt/rustwide/workdir" "-m" "1610612736" "--user" "0:0" "--network" "none" "ghcr.io/rust-lang/crates-build-env/linux@sha256:34b6a614d2c27851fe6cbf88fbd1137609cefab8b10d0615aaeb6fd47975d74e" "/opt/rustwide/cargo-home/bin/cargo" "+1.54.0" "build" "--frozen" "--message-format=json", kill_on_drop: false }`
[INFO] [stdout] 613afd160c34a2281ca7e26c95178a6d0aed7e6325400016c119c705128bb699
[INFO] running `Command { std: "docker" "start" "-a" "613afd160c34a2281ca7e26c95178a6d0aed7e6325400016c119c705128bb699", kill_on_drop: false }`
[INFO] [stderr]     Blocking waiting for file lock on package cache
[INFO] [stderr]    Compiling proc-macro2 v1.0.28
[INFO] [stderr]    Compiling typenum v1.13.0
[INFO] [stderr]    Compiling syn v1.0.74
[INFO] [stderr]    Compiling serde_derive v1.0.127
[INFO] [stderr]    Compiling serde v1.0.127
[INFO] [stderr]    Compiling futures-core v0.3.16
[INFO] [stderr]    Compiling cache-padded v1.1.1
[INFO] [stderr]    Compiling block-padding v0.2.1
[INFO] [stderr]    Compiling event-listener v2.5.1
[INFO] [stderr]    Compiling serde_json v1.0.66
[INFO] [stderr]    Compiling itoa v0.4.7
[INFO] [stderr]    Compiling keccak v0.1.0
[INFO] [stderr]    Compiling generic-array v0.14.4
[INFO] [stderr]    Compiling dirs-sys v0.3.6
[INFO] [stderr]    Compiling dirs v2.0.2
[INFO] [stderr]    Compiling concurrent-queue v1.2.2
[INFO] [stderr]    Compiling async-channel v1.6.1
[INFO] [stderr]    Compiling quote v1.0.9
[INFO] [stderr]    Compiling block-buffer v0.9.0
[INFO] [stderr]    Compiling digest v0.9.0
[INFO] [stderr]    Compiling sha3 v0.9.1
[INFO] [stderr]    Compiling chamomile_types v0.2.0
[INFO] [stderr]    Compiling tdn_types v0.2.1 (/opt/rustwide/workdir)
[INFO] [stderr]     Finished dev [unoptimized + debuginfo] target(s) in 25.27s
[INFO] running `Command { std: "docker" "inspect" "613afd160c34a2281ca7e26c95178a6d0aed7e6325400016c119c705128bb699", kill_on_drop: false }`
[INFO] running `Command { std: "docker" "rm" "-f" "613afd160c34a2281ca7e26c95178a6d0aed7e6325400016c119c705128bb699", kill_on_drop: false }`
[INFO] [stdout] 613afd160c34a2281ca7e26c95178a6d0aed7e6325400016c119c705128bb699
[INFO] running `Command { std: "docker" "create" "-v" "/var/lib/crater-agent-workspace/builds/worker-84/target:/opt/rustwide/target:rw,Z" "-v" "/var/lib/crater-agent-workspace/builds/worker-84/source:/opt/rustwide/workdir:ro,Z" "-v" "/var/lib/crater-agent-workspace/cargo-home:/opt/rustwide/cargo-home:ro,Z" "-v" "/var/lib/crater-agent-workspace/rustup-home:/opt/rustwide/rustup-home:ro,Z" "-e" "SOURCE_DIR=/opt/rustwide/workdir" "-e" "CARGO_TARGET_DIR=/opt/rustwide/target" "-e" "CARGO_INCREMENTAL=0" "-e" "RUST_BACKTRACE=full" "-e" "RUSTFLAGS=--cap-lints=warn" "-e" "CARGO_HOME=/opt/rustwide/cargo-home" "-e" "RUSTUP_HOME=/opt/rustwide/rustup-home" "-w" "/opt/rustwide/workdir" "-m" "1610612736" "--user" "0:0" "--network" "none" "ghcr.io/rust-lang/crates-build-env/linux@sha256:34b6a614d2c27851fe6cbf88fbd1137609cefab8b10d0615aaeb6fd47975d74e" "/opt/rustwide/cargo-home/bin/cargo" "+1.54.0" "test" "--frozen" "--no-run" "--message-format=json", kill_on_drop: false }`
[INFO] [stdout] 20eae06d085c78b61198675f926160cb177d8458aae796905e98c4bfac39d180
[INFO] running `Command { std: "docker" "start" "-a" "20eae06d085c78b61198675f926160cb177d8458aae796905e98c4bfac39d180", kill_on_drop: false }`
[INFO] [stderr]    Compiling tdn_types v0.2.1 (/opt/rustwide/workdir)
[INFO] [stderr]     Finished test [unoptimized + debuginfo] target(s) in 1.20s
[INFO] running `Command { std: "docker" "inspect" "20eae06d085c78b61198675f926160cb177d8458aae796905e98c4bfac39d180", kill_on_drop: false }`
[INFO] running `Command { std: "docker" "rm" "-f" "20eae06d085c78b61198675f926160cb177d8458aae796905e98c4bfac39d180", kill_on_drop: false }`
[INFO] [stdout] 20eae06d085c78b61198675f926160cb177d8458aae796905e98c4bfac39d180
[INFO] running `Command { std: "docker" "create" "-v" "/var/lib/crater-agent-workspace/builds/worker-84/target:/opt/rustwide/target:rw,Z" "-v" "/var/lib/crater-agent-workspace/builds/worker-84/source:/opt/rustwide/workdir:ro,Z" "-v" "/var/lib/crater-agent-workspace/cargo-home:/opt/rustwide/cargo-home:ro,Z" "-v" "/var/lib/crater-agent-workspace/rustup-home:/opt/rustwide/rustup-home:ro,Z" "-e" "SOURCE_DIR=/opt/rustwide/workdir" "-e" "CARGO_TARGET_DIR=/opt/rustwide/target" "-e" "CARGO_INCREMENTAL=0" "-e" "RUST_BACKTRACE=full" "-e" "RUSTFLAGS=--cap-lints=warn" "-e" "CARGO_HOME=/opt/rustwide/cargo-home" "-e" "RUSTUP_HOME=/opt/rustwide/rustup-home" "-w" "/opt/rustwide/workdir" "-m" "1610612736" "--user" "0:0" "--network" "none" "ghcr.io/rust-lang/crates-build-env/linux@sha256:34b6a614d2c27851fe6cbf88fbd1137609cefab8b10d0615aaeb6fd47975d74e" "/opt/rustwide/cargo-home/bin/cargo" "+1.54.0" "test" "--frozen", kill_on_drop: false }`
[INFO] [stdout] 67c3adbfe8d137c6f8843347834a61835f65fcacd283b57bbfa3860d7591583a
[INFO] running `Command { std: "docker" "start" "-a" "67c3adbfe8d137c6f8843347834a61835f65fcacd283b57bbfa3860d7591583a", kill_on_drop: false }`
[INFO] [stdout] 
[INFO] [stderr]     Finished test [unoptimized + debuginfo] target(s) in 0.05s
[INFO] [stdout] running 0 tests
[INFO] [stderr]      Running unittests (/opt/rustwide/target/debug/deps/tdn_types-64d5ce4fa6f4acca)
[INFO] [stdout] 
[INFO] [stderr]    Doc-tests tdn_types
[INFO] [stdout] test result: ok. 0 passed; 0 failed; 0 ignored; 0 measured; 0 filtered out; finished in 0.00s
[INFO] [stdout] 
[INFO] [stdout] 
[INFO] [stdout] running 1 test
[INFO] [stdout] test src/rpc.rs - rpc::RpcHandler (line 134) ... FAILED
[INFO] [stdout] 
[INFO] [stdout] failures:
[INFO] [stdout] 
[INFO] [stdout] ---- src/rpc.rs - rpc::RpcHandler (line 134) stdout ----
[INFO] [stdout] error: this file contains an unclosed delimiter
[INFO] [stdout]   --> src/rpc.rs:168:37
[INFO] [stdout]    |
[INFO] [stdout] 3  | fn main() { #[allow(non_snake_case)] fn _doctest_main_src_rpc_rs_134_0() {
[INFO] [stdout]    |           - unclosed delimiter
[INFO] [stdout] ...
[INFO] [stdout] 11 |     async move {
[INFO] [stdout]    |                - this delimiter might not be properly closed...
[INFO] [stdout] ...
[INFO] [stdout] 14 |    }
[INFO] [stderr] error: test failed, to rerun pass '--doc'
[INFO] [stdout]    |    - ...as it matches this but it has different indentation
[INFO] [stdout] ...
[INFO] [stdout] 37 | } _doctest_main_src_rpc_rs_134_0() }
[INFO] [stdout]    |                                     ^
[INFO] [stdout] 
[INFO] [stdout] error: expected one of `,`, `.`, `?`, `}`, or an operator, found `=>`
[INFO] [stdout]   --> src/rpc.rs:155:60
[INFO] [stdout]    |
[INFO] [stdout] 3  | fn main() { #[allow(non_snake_case)] fn _doctest_main_src_rpc_rs_134_0() {
[INFO] [stdout]    |           - unclosed delimiter
[INFO] [stdout] ...
[INFO] [stdout] 24 |     Message::Rpc(uid, params) => Message::Rpc(uid, params) => {
[INFO] [stdout]    |                               --                          -^^ expected one of `,`, `.`, `?`, `}`, or an operator
[INFO] [stdout]    |                               |                           |
[INFO] [stdout]    |                               |                           help: `}` may belong here
[INFO] [stdout]    |                               while parsing the `match` arm starting here
[INFO] [stdout] 
[INFO] [stdout] error[E0425]: cannot find value `msg` in this scope
[INFO] [stdout]   --> src/rpc.rs:154:7
[INFO] [stdout]    |
[INFO] [stdout] 23 | match msg {
[INFO] [stdout]    |       ^^^ not found in this scope
[INFO] [stdout] 
[INFO] [stdout] error: aborting due to 3 previous errors
[INFO] [stdout] 
[INFO] [stdout] For more information about this error, try `rustc --explain E0425`.
[INFO] [stdout] Couldn't compile the test.
[INFO] [stdout] 
[INFO] [stdout] failures:
[INFO] [stdout]     src/rpc.rs - rpc::RpcHandler (line 134)
[INFO] [stdout] 
[INFO] [stdout] test result: FAILED. 0 passed; 1 failed; 0 ignored; 0 measured; 0 filtered out; finished in 0.18s
[INFO] [stdout] 
[INFO] running `Command { std: "docker" "inspect" "67c3adbfe8d137c6f8843347834a61835f65fcacd283b57bbfa3860d7591583a", kill_on_drop: false }`
[INFO] running `Command { std: "docker" "rm" "-f" "67c3adbfe8d137c6f8843347834a61835f65fcacd283b57bbfa3860d7591583a", kill_on_drop: false }`
[INFO] [stdout] 67c3adbfe8d137c6f8843347834a61835f65fcacd283b57bbfa3860d7591583a
