[INFO] fetching crate tcgeneric 0.1.9...
[INFO] testing tcgeneric-0.1.9 against beta-2021-08-01 for beta-1.55-1
[INFO] extracting crate tcgeneric 0.1.9 into /workspace/builds/worker-117/source
[INFO] validating manifest of crates.io crate tcgeneric 0.1.9 on toolchain beta-2021-08-01
[INFO] running `Command { std: "/workspace/cargo-home/bin/cargo" "+beta-2021-08-01" "metadata" "--manifest-path" "Cargo.toml" "--no-deps", kill_on_drop: false }`
[INFO] started tweaking crates.io crate tcgeneric 0.1.9
[INFO] finished tweaking crates.io crate tcgeneric 0.1.9
[INFO] tweaked toml for crates.io crate tcgeneric 0.1.9 written to /workspace/builds/worker-117/source/Cargo.toml
[INFO] running `Command { std: "/workspace/cargo-home/bin/cargo" "+beta-2021-08-01" "generate-lockfile" "--manifest-path" "Cargo.toml" "-Zno-index-update", kill_on_drop: false }`
[INFO] running `Command { std: "/workspace/cargo-home/bin/cargo" "+beta-2021-08-01" "fetch" "--manifest-path" "Cargo.toml", kill_on_drop: false }`
[INFO] [stderr]     Blocking waiting for file lock on package cache
[INFO] [stderr]  Downloading crates ...
[INFO] [stderr]   Downloaded safecast v0.1.1
[INFO] [stderr]   Downloaded destream v0.5.0
[INFO] [stderr]   Downloaded tc-error v0.2.4
[INFO] running `Command { std: "docker" "create" "-v" "/var/lib/crater-agent-workspace/builds/worker-117/target:/opt/rustwide/target:rw,Z" "-v" "/var/lib/crater-agent-workspace/builds/worker-117/source:/opt/rustwide/workdir:ro,Z" "-v" "/var/lib/crater-agent-workspace/cargo-home:/opt/rustwide/cargo-home:ro,Z" "-v" "/var/lib/crater-agent-workspace/rustup-home:/opt/rustwide/rustup-home:ro,Z" "-e" "SOURCE_DIR=/opt/rustwide/workdir" "-e" "CARGO_TARGET_DIR=/opt/rustwide/target" "-e" "CARGO_HOME=/opt/rustwide/cargo-home" "-e" "RUSTUP_HOME=/opt/rustwide/rustup-home" "-w" "/opt/rustwide/workdir" "-m" "1610612736" "--user" "0:0" "--network" "none" "ghcr.io/rust-lang/crates-build-env/linux@sha256:34b6a614d2c27851fe6cbf88fbd1137609cefab8b10d0615aaeb6fd47975d74e" "/opt/rustwide/cargo-home/bin/cargo" "+beta-2021-08-01" "metadata" "--no-deps" "--format-version=1", kill_on_drop: false }`
[INFO] [stdout] e8b4028784bb9857f5b64ed76931fe2894a45fa0ed29fe6e1dc4e338fe35d279
[INFO] running `Command { std: "docker" "start" "-a" "e8b4028784bb9857f5b64ed76931fe2894a45fa0ed29fe6e1dc4e338fe35d279", kill_on_drop: false }`
[INFO] running `Command { std: "docker" "inspect" "e8b4028784bb9857f5b64ed76931fe2894a45fa0ed29fe6e1dc4e338fe35d279", kill_on_drop: false }`
[INFO] running `Command { std: "docker" "rm" "-f" "e8b4028784bb9857f5b64ed76931fe2894a45fa0ed29fe6e1dc4e338fe35d279", kill_on_drop: false }`
[INFO] [stdout] e8b4028784bb9857f5b64ed76931fe2894a45fa0ed29fe6e1dc4e338fe35d279
[INFO] running `Command { std: "docker" "create" "-v" "/var/lib/crater-agent-workspace/builds/worker-117/target:/opt/rustwide/target:rw,Z" "-v" "/var/lib/crater-agent-workspace/builds/worker-117/source:/opt/rustwide/workdir:ro,Z" "-v" "/var/lib/crater-agent-workspace/cargo-home:/opt/rustwide/cargo-home:ro,Z" "-v" "/var/lib/crater-agent-workspace/rustup-home:/opt/rustwide/rustup-home:ro,Z" "-e" "SOURCE_DIR=/opt/rustwide/workdir" "-e" "CARGO_TARGET_DIR=/opt/rustwide/target" "-e" "CARGO_INCREMENTAL=0" "-e" "RUST_BACKTRACE=full" "-e" "RUSTFLAGS=--cap-lints=warn" "-e" "CARGO_HOME=/opt/rustwide/cargo-home" "-e" "RUSTUP_HOME=/opt/rustwide/rustup-home" "-w" "/opt/rustwide/workdir" "-m" "1610612736" "--user" "0:0" "--network" "none" "ghcr.io/rust-lang/crates-build-env/linux@sha256:34b6a614d2c27851fe6cbf88fbd1137609cefab8b10d0615aaeb6fd47975d74e" "/opt/rustwide/cargo-home/bin/cargo" "+beta-2021-08-01" "build" "--frozen" "--message-format=json", kill_on_drop: false }`
[INFO] [stdout] 6744b09049b6e40b642e91332db36145b0a0058b76f2e235169ede4f28eda2eb
[INFO] running `Command { std: "docker" "start" "-a" "6744b09049b6e40b642e91332db36145b0a0058b76f2e235169ede4f28eda2eb", kill_on_drop: false }`
[INFO] [stderr]     Blocking waiting for file lock on package cache
[INFO] [stderr]    Compiling syn v1.0.74
[INFO] [stderr]    Compiling memchr v2.4.0
[INFO] [stderr]    Compiling futures-core v0.3.16
[INFO] [stderr]    Compiling futures-channel v0.3.16
[INFO] [stderr]    Compiling futures-task v0.3.16
[INFO] [stderr]    Compiling futures-sink v0.3.16
[INFO] [stderr]    Compiling futures-io v0.3.16
[INFO] [stderr]    Compiling pin-project-lite v0.2.7
[INFO] [stderr]    Compiling slab v0.4.4
[INFO] [stderr]    Compiling serde v1.0.127
[INFO] [stderr]    Compiling async-trait v0.1.51
[INFO] [stderr]    Compiling regex-syntax v0.6.25
[INFO] [stderr]    Compiling uuid v0.8.2
[INFO] [stderr]    Compiling safecast v0.1.1
[INFO] [stderr]    Compiling futures-macro v0.3.16
[INFO] [stderr]    Compiling futures-util v0.3.16
[INFO] [stderr]    Compiling aho-corasick v0.7.18
[INFO] [stderr]    Compiling regex v1.5.4
[INFO] [stderr]    Compiling pin-project-internal v1.0.8
[INFO] [stderr]    Compiling pin-project v1.0.8
[INFO] [stderr]    Compiling futures-executor v0.3.16
[INFO] [stderr]    Compiling futures v0.3.16
[INFO] [stderr]    Compiling destream v0.5.0
[INFO] [stderr]    Compiling tc-error v0.2.4
[INFO] [stderr]    Compiling tcgeneric v0.1.9 (/opt/rustwide/workdir)
[INFO] [stderr]     Finished dev [unoptimized + debuginfo] target(s) in 46.33s
[INFO] running `Command { std: "docker" "inspect" "6744b09049b6e40b642e91332db36145b0a0058b76f2e235169ede4f28eda2eb", kill_on_drop: false }`
[INFO] running `Command { std: "docker" "rm" "-f" "6744b09049b6e40b642e91332db36145b0a0058b76f2e235169ede4f28eda2eb", kill_on_drop: false }`
[INFO] [stdout] 6744b09049b6e40b642e91332db36145b0a0058b76f2e235169ede4f28eda2eb
[INFO] running `Command { std: "docker" "create" "-v" "/var/lib/crater-agent-workspace/builds/worker-117/target:/opt/rustwide/target:rw,Z" "-v" "/var/lib/crater-agent-workspace/builds/worker-117/source:/opt/rustwide/workdir:ro,Z" "-v" "/var/lib/crater-agent-workspace/cargo-home:/opt/rustwide/cargo-home:ro,Z" "-v" "/var/lib/crater-agent-workspace/rustup-home:/opt/rustwide/rustup-home:ro,Z" "-e" "SOURCE_DIR=/opt/rustwide/workdir" "-e" "CARGO_TARGET_DIR=/opt/rustwide/target" "-e" "CARGO_INCREMENTAL=0" "-e" "RUST_BACKTRACE=full" "-e" "RUSTFLAGS=--cap-lints=warn" "-e" "CARGO_HOME=/opt/rustwide/cargo-home" "-e" "RUSTUP_HOME=/opt/rustwide/rustup-home" "-w" "/opt/rustwide/workdir" "-m" "1610612736" "--user" "0:0" "--network" "none" "ghcr.io/rust-lang/crates-build-env/linux@sha256:34b6a614d2c27851fe6cbf88fbd1137609cefab8b10d0615aaeb6fd47975d74e" "/opt/rustwide/cargo-home/bin/cargo" "+beta-2021-08-01" "test" "--frozen" "--no-run" "--message-format=json", kill_on_drop: false }`
[INFO] [stdout] d1f8e73941b3cbd017a744456f4f046cc92edeaded5fd04079150fe67c344c22
[INFO] running `Command { std: "docker" "start" "-a" "d1f8e73941b3cbd017a744456f4f046cc92edeaded5fd04079150fe67c344c22", kill_on_drop: false }`
[INFO] [stderr]    Compiling tcgeneric v0.1.9 (/opt/rustwide/workdir)
[INFO] [stderr]     Finished test [unoptimized + debuginfo] target(s) in 2.22s
[INFO] running `Command { std: "docker" "inspect" "d1f8e73941b3cbd017a744456f4f046cc92edeaded5fd04079150fe67c344c22", kill_on_drop: false }`
[INFO] running `Command { std: "docker" "rm" "-f" "d1f8e73941b3cbd017a744456f4f046cc92edeaded5fd04079150fe67c344c22", kill_on_drop: false }`
[INFO] [stdout] d1f8e73941b3cbd017a744456f4f046cc92edeaded5fd04079150fe67c344c22
[INFO] running `Command { std: "docker" "create" "-v" "/var/lib/crater-agent-workspace/builds/worker-117/target:/opt/rustwide/target:rw,Z" "-v" "/var/lib/crater-agent-workspace/builds/worker-117/source:/opt/rustwide/workdir:ro,Z" "-v" "/var/lib/crater-agent-workspace/cargo-home:/opt/rustwide/cargo-home:ro,Z" "-v" "/var/lib/crater-agent-workspace/rustup-home:/opt/rustwide/rustup-home:ro,Z" "-e" "SOURCE_DIR=/opt/rustwide/workdir" "-e" "CARGO_TARGET_DIR=/opt/rustwide/target" "-e" "CARGO_INCREMENTAL=0" "-e" "RUST_BACKTRACE=full" "-e" "RUSTFLAGS=--cap-lints=warn" "-e" "CARGO_HOME=/opt/rustwide/cargo-home" "-e" "RUSTUP_HOME=/opt/rustwide/rustup-home" "-w" "/opt/rustwide/workdir" "-m" "1610612736" "--user" "0:0" "--network" "none" "ghcr.io/rust-lang/crates-build-env/linux@sha256:34b6a614d2c27851fe6cbf88fbd1137609cefab8b10d0615aaeb6fd47975d74e" "/opt/rustwide/cargo-home/bin/cargo" "+beta-2021-08-01" "test" "--frozen", kill_on_drop: false }`
[INFO] [stdout] f3b910a4eb86f8b2df22906208d209d42701acf77cd9aaa85a522d12fb221915
[INFO] running `Command { std: "docker" "start" "-a" "f3b910a4eb86f8b2df22906208d209d42701acf77cd9aaa85a522d12fb221915", kill_on_drop: false }`
[INFO] [stderr]     Finished test [unoptimized + debuginfo] target(s) in 0.08s
[INFO] [stderr]      Running unittests (/opt/rustwide/target/debug/deps/tcgeneric-47e3d1d4618e5e60)
[INFO] [stdout] 
[INFO] [stdout] running 0 tests
[INFO] [stdout] 
[INFO] [stdout] test result: ok. 0 passed; 0 failed; 0 ignored; 0 measured; 0 filtered out; finished in 0.00s
[INFO] [stdout] 
[INFO] [stderr]    Doc-tests tcgeneric
[INFO] [stdout] 
[INFO] [stdout] running 1 test
[INFO] [stdout] test src/lib.rs - NativeClass::from_path (line 41) - compile ... FAILED
[INFO] [stdout] 
[INFO] [stdout] failures:
[INFO] [stdout] 
[INFO] [stdout] ---- src/lib.rs - NativeClass::from_path (line 41) stdout ----
[INFO] [stdout] error[E0433]: failed to resolve: use of undeclared type `NumberType`
[INFO] [stdout]  --> src/lib.rs:44:5
[INFO] [stdout]   |
[INFO] [stdout] 5 |     NumberType::Int(IntType::I32));
[INFO] [stdout]   |     ^^^^^^^^^^ use of undeclared type `NumberType`
[INFO] [stdout] 
[INFO] [stdout] error[E0433]: failed to resolve: use of undeclared type `IntType`
[INFO] [stdout]  --> src/lib.rs:44:21
[INFO] [stdout]   |
[INFO] [stdout] 5 |     NumberType::Int(IntType::I32));
[INFO] [stdout]   |                     ^^^^^^^ use of undeclared type `IntType`
[INFO] [stdout] 
[INFO] [stdout] error[E0433]: failed to resolve: use of undeclared type `Number`
[INFO] [stdout]  --> src/lib.rs:43:5
[INFO] [stdout]   |
[INFO] [stdout] 4 |     Number::from_path("/state/scalar/value/number/int/32"),
[INFO] [stdout]   |     ^^^^^^ not found in this scope
[INFO] [stdout]   |
[INFO] [stdout] help: consider importing this struct
[INFO] [stdout]   |
[INFO] [stdout] 2 | use core::num::dec2flt::number::Number;
[INFO] [stdout]   |
[INFO] [stdout] 
[INFO] [stdout] error: aborting due to 3 previous errors
[INFO] [stdout] 
[INFO] [stdout] For more information about this error, try `rustc --explain E0433`.
[INFO] [stdout] Couldn't compile the test.
[INFO] [stdout] 
[INFO] [stdout] failures:
[INFO] [stdout]     src/lib.rs - NativeClass::from_path (line 41)
[INFO] [stdout] 
[INFO] [stdout] test result: FAILED. 0 passed; 1 failed; 0 ignored; 0 measured; 0 filtered out; finished in 0.10s
[INFO] [stdout] 
[INFO] [stderr] error: test failed, to rerun pass '--doc'
[INFO] running `Command { std: "docker" "inspect" "f3b910a4eb86f8b2df22906208d209d42701acf77cd9aaa85a522d12fb221915", kill_on_drop: false }`
[INFO] running `Command { std: "docker" "rm" "-f" "f3b910a4eb86f8b2df22906208d209d42701acf77cd9aaa85a522d12fb221915", kill_on_drop: false }`
[INFO] [stdout] f3b910a4eb86f8b2df22906208d209d42701acf77cd9aaa85a522d12fb221915
