[INFO] fetching crate tarantool 0.4.1...
[INFO] testing tarantool-0.4.1 against 1.54.0 for beta-1.55-1
[INFO] extracting crate tarantool 0.4.1 into /workspace/builds/worker-114/source
[INFO] validating manifest of crates.io crate tarantool 0.4.1 on toolchain 1.54.0
[INFO] running `Command { std: "/workspace/cargo-home/bin/cargo" "+1.54.0" "metadata" "--manifest-path" "Cargo.toml" "--no-deps", kill_on_drop: false }`
[INFO] started tweaking crates.io crate tarantool 0.4.1
[INFO] finished tweaking crates.io crate tarantool 0.4.1
[INFO] tweaked toml for crates.io crate tarantool 0.4.1 written to /workspace/builds/worker-114/source/Cargo.toml
[INFO] running `Command { std: "/workspace/cargo-home/bin/cargo" "+1.54.0" "generate-lockfile" "--manifest-path" "Cargo.toml" "-Zno-index-update", kill_on_drop: false }`
[INFO] [stderr]     Blocking waiting for file lock on package cache
[INFO] running `Command { std: "/workspace/cargo-home/bin/cargo" "+1.54.0" "fetch" "--manifest-path" "Cargo.toml", kill_on_drop: false }`
[INFO] [stderr]  Downloading crates ...
[INFO] [stderr]   Downloaded slog-envlogger v2.2.0
[INFO] [stderr]   Downloaded refpool v0.4.3
[INFO] [stderr]   Downloaded slog-stdlog v4.1.0
[INFO] [stderr]   Downloaded ipnetwork v0.18.0
[INFO] [stderr]   Downloaded raft-proto v0.6.0
[INFO] [stderr]   Downloaded protobuf-build v0.12.3
[INFO] [stderr]   Downloaded raft v0.6.0
[INFO] running `Command { std: "docker" "create" "-v" "/var/lib/crater-agent-workspace/builds/worker-114/target:/opt/rustwide/target:rw,Z" "-v" "/var/lib/crater-agent-workspace/builds/worker-114/source:/opt/rustwide/workdir:ro,Z" "-v" "/var/lib/crater-agent-workspace/cargo-home:/opt/rustwide/cargo-home:ro,Z" "-v" "/var/lib/crater-agent-workspace/rustup-home:/opt/rustwide/rustup-home:ro,Z" "-e" "SOURCE_DIR=/opt/rustwide/workdir" "-e" "CARGO_TARGET_DIR=/opt/rustwide/target" "-e" "CARGO_HOME=/opt/rustwide/cargo-home" "-e" "RUSTUP_HOME=/opt/rustwide/rustup-home" "-w" "/opt/rustwide/workdir" "-m" "1610612736" "--user" "0:0" "--network" "none" "ghcr.io/rust-lang/crates-build-env/linux@sha256:34b6a614d2c27851fe6cbf88fbd1137609cefab8b10d0615aaeb6fd47975d74e" "/opt/rustwide/cargo-home/bin/cargo" "+1.54.0" "metadata" "--no-deps" "--format-version=1", kill_on_drop: false }`
[INFO] [stdout] 336dddbbab7a34fa09b5e51cf5cab9e13dc9c18eae201cee6547e831bef0c328
[INFO] running `Command { std: "docker" "start" "-a" "336dddbbab7a34fa09b5e51cf5cab9e13dc9c18eae201cee6547e831bef0c328", kill_on_drop: false }`
[INFO] running `Command { std: "docker" "inspect" "336dddbbab7a34fa09b5e51cf5cab9e13dc9c18eae201cee6547e831bef0c328", kill_on_drop: false }`
[INFO] running `Command { std: "docker" "rm" "-f" "336dddbbab7a34fa09b5e51cf5cab9e13dc9c18eae201cee6547e831bef0c328", kill_on_drop: false }`
[INFO] [stdout] 336dddbbab7a34fa09b5e51cf5cab9e13dc9c18eae201cee6547e831bef0c328
[INFO] running `Command { std: "docker" "create" "-v" "/var/lib/crater-agent-workspace/builds/worker-114/target:/opt/rustwide/target:rw,Z" "-v" "/var/lib/crater-agent-workspace/builds/worker-114/source:/opt/rustwide/workdir:ro,Z" "-v" "/var/lib/crater-agent-workspace/cargo-home:/opt/rustwide/cargo-home:ro,Z" "-v" "/var/lib/crater-agent-workspace/rustup-home:/opt/rustwide/rustup-home:ro,Z" "-e" "SOURCE_DIR=/opt/rustwide/workdir" "-e" "CARGO_TARGET_DIR=/opt/rustwide/target" "-e" "CARGO_INCREMENTAL=0" "-e" "RUST_BACKTRACE=full" "-e" "RUSTFLAGS=--cap-lints=warn" "-e" "CARGO_HOME=/opt/rustwide/cargo-home" "-e" "RUSTUP_HOME=/opt/rustwide/rustup-home" "-w" "/opt/rustwide/workdir" "-m" "1610612736" "--user" "0:0" "--network" "none" "ghcr.io/rust-lang/crates-build-env/linux@sha256:34b6a614d2c27851fe6cbf88fbd1137609cefab8b10d0615aaeb6fd47975d74e" "/opt/rustwide/cargo-home/bin/cargo" "+1.54.0" "build" "--frozen" "--message-format=json", kill_on_drop: false }`
[INFO] [stdout] 3d250a0a6d813b9cabc819994777268d30b8c24a87067f6e0a3759e82ad88fca
[INFO] running `Command { std: "docker" "start" "-a" "3d250a0a6d813b9cabc819994777268d30b8c24a87067f6e0a3759e82ad88fca", kill_on_drop: false }`
[INFO] [stderr]    Compiling proc-macro2 v1.0.28
[INFO] [stderr]    Compiling syn v1.0.74
[INFO] [stderr]    Compiling autocfg v1.0.1
[INFO] [stderr]    Compiling version_check v0.9.3
[INFO] [stderr]    Compiling typenum v1.13.0
[INFO] [stderr]    Compiling serde_derive v1.0.127
[INFO] [stderr]    Compiling memchr v2.4.0
[INFO] [stderr]    Compiling serde v1.0.127
[INFO] [stderr]    Compiling libc v0.2.98
[INFO] [stderr]    Compiling cc v1.0.69
[INFO] [stderr]    Compiling cfg-if v1.0.0
[INFO] [stderr]    Compiling failure_derive v0.1.8
[INFO] [stderr]    Compiling ryu v1.0.5
[INFO] [stderr]    Compiling adler v1.0.2
[INFO] [stderr]    Compiling gimli v0.25.0
[INFO] [stderr]    Compiling bitflags v1.2.1
[INFO] [stderr]    Compiling serde_json v1.0.66
[INFO] [stderr]    Compiling byteorder v1.4.3
[INFO] [stderr]    Compiling rustc-demangle v0.1.20
[INFO] [stderr]    Compiling log v0.4.14
[INFO] [stderr]    Compiling itoa v0.4.7
[INFO] [stderr]    Compiling opaque-debug v0.3.0
[INFO] [stderr]    Compiling cpufeatures v0.1.5
[INFO] [stderr]    Compiling va_list v0.1.3
[INFO] [stderr]    Compiling refpool v0.4.3
[INFO] [stderr]    Compiling base64 v0.13.0
[INFO] [stderr]    Compiling generic-array v0.14.4
[INFO] [stderr]    Compiling object v0.26.0
[INFO] [stderr]    Compiling miniz_oxide v0.4.4
[INFO] [stderr]    Compiling num-traits v0.2.14
[INFO] [stderr]    Compiling backtrace v0.3.61
[INFO] [stderr]    Compiling quote v1.0.9
[INFO] [stderr]    Compiling addr2line v0.16.0
[INFO] [stderr]    Compiling block-buffer v0.9.0
[INFO] [stderr]    Compiling digest v0.9.0
[INFO] [stderr]    Compiling sha-1 v0.9.7
[INFO] [stderr]    Compiling rmp v0.8.10
[INFO] [stderr]    Compiling synstructure v0.12.5
[INFO] [stderr]    Compiling derivative v2.2.0
[INFO] [stderr]    Compiling num-derive v0.3.3
[INFO] [stderr]    Compiling failure v0.1.8
[INFO] [stderr]    Compiling rmp-serde v0.14.4
[INFO] [stderr]    Compiling tarantool v0.4.1 (/opt/rustwide/workdir)
[INFO] [stderr]     Finished dev [unoptimized + debuginfo] target(s) in 32.29s
[INFO] running `Command { std: "docker" "inspect" "3d250a0a6d813b9cabc819994777268d30b8c24a87067f6e0a3759e82ad88fca", kill_on_drop: false }`
[INFO] running `Command { std: "docker" "rm" "-f" "3d250a0a6d813b9cabc819994777268d30b8c24a87067f6e0a3759e82ad88fca", kill_on_drop: false }`
[INFO] [stdout] 3d250a0a6d813b9cabc819994777268d30b8c24a87067f6e0a3759e82ad88fca
[INFO] running `Command { std: "docker" "create" "-v" "/var/lib/crater-agent-workspace/builds/worker-114/target:/opt/rustwide/target:rw,Z" "-v" "/var/lib/crater-agent-workspace/builds/worker-114/source:/opt/rustwide/workdir:ro,Z" "-v" "/var/lib/crater-agent-workspace/cargo-home:/opt/rustwide/cargo-home:ro,Z" "-v" "/var/lib/crater-agent-workspace/rustup-home:/opt/rustwide/rustup-home:ro,Z" "-e" "SOURCE_DIR=/opt/rustwide/workdir" "-e" "CARGO_TARGET_DIR=/opt/rustwide/target" "-e" "CARGO_INCREMENTAL=0" "-e" "RUST_BACKTRACE=full" "-e" "RUSTFLAGS=--cap-lints=warn" "-e" "CARGO_HOME=/opt/rustwide/cargo-home" "-e" "RUSTUP_HOME=/opt/rustwide/rustup-home" "-w" "/opt/rustwide/workdir" "-m" "1610612736" "--user" "0:0" "--network" "none" "ghcr.io/rust-lang/crates-build-env/linux@sha256:34b6a614d2c27851fe6cbf88fbd1137609cefab8b10d0615aaeb6fd47975d74e" "/opt/rustwide/cargo-home/bin/cargo" "+1.54.0" "test" "--frozen" "--no-run" "--message-format=json", kill_on_drop: false }`
[INFO] [stdout] f7fac65954808eee4fa4437cc3f4102e660218653e4597834f3e0b3da735fd13
[INFO] running `Command { std: "docker" "start" "-a" "f7fac65954808eee4fa4437cc3f4102e660218653e4597834f3e0b3da735fd13", kill_on_drop: false }`
[INFO] [stderr]     Blocking waiting for file lock on package cache
[INFO] [stderr]    Compiling tarantool v0.4.1 (/opt/rustwide/workdir)
[INFO] [stderr]     Finished test [unoptimized + debuginfo] target(s) in 3.09s
[INFO] running `Command { std: "docker" "inspect" "f7fac65954808eee4fa4437cc3f4102e660218653e4597834f3e0b3da735fd13", kill_on_drop: false }`
[INFO] running `Command { std: "docker" "rm" "-f" "f7fac65954808eee4fa4437cc3f4102e660218653e4597834f3e0b3da735fd13", kill_on_drop: false }`
[INFO] [stdout] f7fac65954808eee4fa4437cc3f4102e660218653e4597834f3e0b3da735fd13
[INFO] running `Command { std: "docker" "create" "-v" "/var/lib/crater-agent-workspace/builds/worker-114/target:/opt/rustwide/target:rw,Z" "-v" "/var/lib/crater-agent-workspace/builds/worker-114/source:/opt/rustwide/workdir:ro,Z" "-v" "/var/lib/crater-agent-workspace/cargo-home:/opt/rustwide/cargo-home:ro,Z" "-v" "/var/lib/crater-agent-workspace/rustup-home:/opt/rustwide/rustup-home:ro,Z" "-e" "SOURCE_DIR=/opt/rustwide/workdir" "-e" "CARGO_TARGET_DIR=/opt/rustwide/target" "-e" "CARGO_INCREMENTAL=0" "-e" "RUST_BACKTRACE=full" "-e" "RUSTFLAGS=--cap-lints=warn" "-e" "CARGO_HOME=/opt/rustwide/cargo-home" "-e" "RUSTUP_HOME=/opt/rustwide/rustup-home" "-w" "/opt/rustwide/workdir" "-m" "1610612736" "--user" "0:0" "--network" "none" "ghcr.io/rust-lang/crates-build-env/linux@sha256:34b6a614d2c27851fe6cbf88fbd1137609cefab8b10d0615aaeb6fd47975d74e" "/opt/rustwide/cargo-home/bin/cargo" "+1.54.0" "test" "--frozen", kill_on_drop: false }`
[INFO] [stdout] 276495168b946870776adf7b957d80ad0e789e264256f1c94852d30ac266b0c7
[INFO] running `Command { std: "docker" "start" "-a" "276495168b946870776adf7b957d80ad0e789e264256f1c94852d30ac266b0c7", kill_on_drop: false }`
[INFO] [stderr]     Finished test [unoptimized + debuginfo] target(s) in 0.08s
[INFO] [stderr]      Running unittests (/opt/rustwide/target/debug/deps/tarantool-9e7ef48748e7dc0c)
[INFO] [stdout] 
[INFO] [stdout] running 0 tests
[INFO] [stdout] 
[INFO] [stdout] test result: ok. 0 passed; 0 failed; 0 ignored; 0 measured; 0 filtered out; finished in 0.00s
[INFO] [stdout] 
[INFO] [stderr]    Doc-tests tarantool
[INFO] [stdout] 
[INFO] [stdout] running 13 tests
[INFO] [stdout] test src/fiber.rs - fiber::Cond (line 294) ... FAILED
[INFO] [stdout] test src/coio.rs - coio::coio_call (line 187) ... FAILED
[INFO] [stdout] test src/space.rs - space::SystemSpace (line 28) ... FAILED
[INFO] [stdout] test src/log.rs - log (line 4) ... FAILED
[INFO] [stdout] test src/tuple.rs - tuple::Tuple::iter (line 93) ... FAILED
[INFO] [stdout] test src/fiber.rs - fiber::Cond (line 286) ... FAILED
[INFO] [stdout] test src/clock.rs - clock::time (line 31) ... FAILED
[INFO] [stdout] test src/clock.rs - clock::process (line 84) ... FAILED
[INFO] [stdout] test src/lib.rs - (line 91) ... ok
[INFO] [stdout] test src/clock.rs - clock::monotonic (line 59) ... FAILED
[INFO] [stdout] test src/clock.rs - clock::thread (line 110) ... FAILED
[INFO] [stdout] test src/fiber.rs - fiber::Fiber (line 43) ... FAILED
[INFO] [stdout] test src/net_box/options.rs - net_box::options::ConnOptions::user (line 39) ... FAILED
[INFO] [stdout] 
[INFO] [stdout] failures:
[INFO] [stdout] 
[INFO] [stdout] ---- src/fiber.rs - fiber::Cond (line 294) stdout ----
[INFO] [stdout] error[E0425]: cannot find value `cond` in this scope
[INFO] [stdout]  --> src/fiber.rs:296:1
[INFO] [stdout]   |
[INFO] [stdout] 4 | cond.signal();
[INFO] [stdout]   | ^^^^ not found in this scope
[INFO] [stdout] 
[INFO] [stdout] error: aborting due to previous error
[INFO] [stdout] 
[INFO] [stdout] For more information about this error, try `rustc --explain E0425`.
[INFO] [stdout] Couldn't compile the test.
[INFO] [stdout] ---- src/coio.rs - coio::coio_call (line 187) stdout ----
[INFO] [stdout] error[E0425]: cannot find function `coio_call` in this scope
[INFO] [stdout]  --> src/coio.rs:192:4
[INFO] [stdout]   |
[INFO] [stdout] 7 | if coio_call(func, FuncArgs{}) == -1 {
[INFO] [stdout]   |    ^^^^^^^^^ not found in this scope
[INFO] [stdout]   |
[INFO] [stdout] help: consider importing one of these items
[INFO] [stdout]   |
[INFO] [stdout] 2 | use tarantool::coio::coio_call;
[INFO] [stdout]   |
[INFO] [stdout] 2 | use tarantool::ffi::tarantool::coio_call;
[INFO] [stdout]   |
[INFO] [stdout] 
[INFO] [stdout] error[E0308]: mismatched types
[INFO] [stdout]  --> src/coio.rs:190:28
[INFO] [stdout]   |
[INFO] [stdout] 5 | fn func(args: FuncArgs) -> i32 {}
[INFO] [stdout]   |    ----                    ^^^ expected `i32`, found `()`
[INFO] [stdout]   |    |
[INFO] [stdout]   |    implicitly returns `()` as its body has no tail or `return` expression
[INFO] [stdout] 
[INFO] [stdout] error: aborting due to 2 previous errors
[INFO] [stdout] 
[INFO] [stdout] Some errors have detailed explanations: E0308, E0425.
[INFO] [stdout] For more information about an error, try `rustc --explain E0308`.
[INFO] [stdout] Couldn't compile the test.
[INFO] [stdout] ---- src/space.rs - space::SystemSpace (line 28) stdout ----
[INFO] [stdout] error[E0282]: type annotations needed
[INFO] [stdout]  --> src/space.rs:30:5
[INFO] [stdout]   |
[INFO] [stdout] 5 | let schema_space = SystemSpace::Schema.into();
[INFO] [stdout]   |     ^^^^^^^^^^^^ consider giving `schema_space` a type
[INFO] [stdout] 
[INFO] [stdout] error: aborting due to previous error
[INFO] [stdout] 
[INFO] [stdout] For more information about this error, try `rustc --explain E0282`.
[INFO] [stdout] Couldn't compile the test.
[INFO] [stdout] ---- src/log.rs - log (line 4) stdout ----
[INFO] [stdout] error[E0425]: cannot find value `username` in this scope
[INFO] [stdout]  --> src/log.rs:10:19
[INFO] [stdout]   |
[INFO] [stdout] 9 | info!("Hello {}", username);
[INFO] [stdout]   |                   ^^^^^^^^ not found in this scope
[INFO] [stdout] 
[INFO] [stdout] error: aborting due to previous error
[INFO] [stdout] 
[INFO] [stdout] For more information about this error, try `rustc --explain E0425`.
[INFO] [stdout] Couldn't compile the test.
[INFO] [stdout] ---- src/tuple.rs - tuple::Tuple::iter (line 93) stdout ----
[INFO] [stdout] error[E0425]: cannot find value `tuple` in this scope
[INFO] [stdout]  --> src/tuple.rs:94:14
[INFO] [stdout]   |
[INFO] [stdout] 3 | let mut it = tuple.iter().unwrap();
[INFO] [stdout]   |              ^^^^^ not found in this scope
[INFO] [stdout] 
[INFO] [stdout] error[E0425]: cannot find value `field` in this scope
[INFO] [stdout]   --> src/tuple.rs:105:1
[INFO] [stdout]    |
[INFO] [stdout] 14 | field = it.seek(3).unwrap();
[INFO] [stdout]    | ^^^^^ not found in this scope
[INFO] [stdout] 
[INFO] [stdout] error: aborting due to 2 previous errors
[INFO] [stdout] 
[INFO] [stdout] For more information about this error, try `rustc --explain E0425`.
[INFO] [stdout] Couldn't compile the test.
[INFO] [stdout] ---- src/fiber.rs - fiber::Cond (line 286) stdout ----
[INFO] [stdout] error[E0425]: cannot find value `fiber` in this scope
[INFO] [stdout]  --> src/fiber.rs:288:12
[INFO] [stdout]   |
[INFO] [stdout] 5 | let cond = fiber.cond();
[INFO] [stdout]   |            ^^^^^ not found in this scope
[INFO] [stdout] 
[INFO] [stdout] error: aborting due to previous error
[INFO] [stdout] 
[INFO] [stdout] For more information about this error, try `rustc --explain E0425`.
[INFO] [stdout] Couldn't compile the test.
[INFO] [stdout] ---- src/clock.rs - clock::time (line 31) stdout ----
[INFO] [stdout] error[E0277]: cannot divide `f64` by `{integer}`
[INFO] [stdout]  --> src/clock.rs:34:23
[INFO] [stdout]   |
[INFO] [stdout] 6 | println!("{}", time() / (365 * 24 * 60 * 60));
[INFO] [stdout]   |                       ^ no implementation for `f64 / {integer}`
[INFO] [stdout]   |
[INFO] [stdout]   = help: the trait `Div<{integer}>` is not implemented for `f64`
[INFO] [stdout] 
[INFO] [stdout] error: aborting due to previous error
[INFO] [stdout] 
[INFO] [stdout] For more information about this error, try `rustc --explain E0277`.
[INFO] [stdout] Couldn't compile the test.
[INFO] [stdout] ---- src/clock.rs - clock::process (line 84) stdout ----
[INFO] [stdout] error: linking with `cc` failed: exit status: 1
[INFO] [stdout]   |
[INFO] [stdout]   = note: "cc" "-m64" "/tmp/rustdoctestSx08jc/rust_out.rust_out.7rcbfp3g-cgu.0.rcgu.o" "/tmp/rustdoctestSx08jc/rust_out.33dyzt1ekirinwy8.rcgu.o" "-Wl,--as-needed" "-L" "/opt/rustwide/target/debug/deps" "-L" "/opt/rustwide/target/debug/deps" "-L" "/opt/rustwide/rustup-home/toolchains/1.54.0-x86_64-unknown-linux-gnu/lib/rustlib/x86_64-unknown-linux-gnu/lib" "-Wl,-Bstatic" "/opt/rustwide/target/debug/deps/libtarantool-c3e1ffd44b7c918e.rlib" "/opt/rustwide/target/debug/deps/libbase64-5c7414cfb92860e8.rlib" "/opt/rustwide/target/debug/deps/librmp_serde-ef5fe0751bd7aa40.rlib" "/opt/rustwide/target/debug/deps/libserde_json-c8525e0b62e9c5db.rlib" "/opt/rustwide/target/debug/deps/libryu-059aa1fbb24cd15e.rlib" "/opt/rustwide/target/debug/deps/libitoa-e8b11f69ec08d8ae.rlib" "/opt/rustwide/target/debug/deps/librefpool-4ddc5a4d297533e7.rlib" "/opt/rustwide/target/debug/deps/libsha1-e9fb0c2a88e30ed4.rlib" "/opt/rustwide/target/debug/deps/libopaque_debug-45a15423c8ac1fee.rlib" "/opt/rustwide/target/debug/deps/libcpufeatures-bd8ae1a522dceefd.rlib" "/opt/rustwide/target/debug/deps/libblock_buffer-ca98df5ecfb40ab8.rlib" "/opt/rustwide/target/debug/deps/libdigest-cee9498d46fe27c0.rlib" "/opt/rustwide/target/debug/deps/libgeneric_array-7ec1671be0b15994.rlib" "/opt/rustwide/target/debug/deps/libtypenum-9959a671b08afc70.rlib" "/opt/rustwide/target/debug/deps/liblog-975203197fcf8dc1.rlib" "/opt/rustwide/target/debug/deps/libva_list-5dec9af5f4467ae7.rlib" "/opt/rustwide/target/debug/deps/librmp-290cd54fe39aa0ca.rlib" "/opt/rustwide/target/debug/deps/libbyteorder-0c03c404070d92e6.rlib" "/opt/rustwide/target/debug/deps/libnum_traits-d2f26dc32356e531.rlib" "/opt/rustwide/target/debug/deps/libserde-adac14dde6069e70.rlib" "/opt/rustwide/target/debug/deps/liblazy_static-5c53d641eb010a81.rlib" "/opt/rustwide/target/debug/deps/libfailure-66d2acebe5fa320f.rlib" "/opt/rustwide/target/debug/deps/libbacktrace-e119fc91d732db51.rlib" "/opt/rustwide/target/debug/deps/libminiz_oxide-6d1f5d22fe94ee7f.rlib" "/opt/rustwide/target/debug/deps/libadler-21b6e26b0dda2395.rlib" "/opt/rustwide/target/debug/deps/libobject-91b4957805867c57.rlib" "/opt/rustwide/target/debug/deps/libmemchr-b59ce5dd3869dcfb.rlib" "/opt/rustwide/target/debug/deps/liblibc-ef703b7b559de845.rlib" "/opt/rustwide/target/debug/deps/libaddr2line-a0888bec23d11c8b.rlib" "/opt/rustwide/target/debug/deps/libgimli-bbd8ab25c1d8d237.rlib" "/opt/rustwide/target/debug/deps/libcfg_if-38c8a3e888ecb06a.rlib" "/opt/rustwide/target/debug/deps/librustc_demangle-aabcf204434227f1.rlib" "/opt/rustwide/target/debug/deps/libbitflags-f89ae4b715176e2d.rlib" "-Wl,--start-group" "/opt/rustwide/rustup-home/toolchains/1.54.0-x86_64-unknown-linux-gnu/lib/rustlib/x86_64-unknown-linux-gnu/lib/libstd-2420485b9e5ef5e1.rlib" "/opt/rustwide/rustup-home/toolchains/1.54.0-x86_64-unknown-linux-gnu/lib/rustlib/x86_64-unknown-linux-gnu/lib/libpanic_unwind-785e3cb61c4b1960.rlib" "/opt/rustwide/rustup-home/toolchains/1.54.0-x86_64-unknown-linux-gnu/lib/rustlib/x86_64-unknown-linux-gnu/lib/libminiz_oxide-087191a88bdaa22d.rlib" "/opt/rustwide/rustup-home/toolchains/1.54.0-x86_64-unknown-linux-gnu/lib/rustlib/x86_64-unknown-linux-gnu/lib/libadler-9981842c02975178.rlib" "/opt/rustwide/rustup-home/toolchains/1.54.0-x86_64-unknown-linux-gnu/lib/rustlib/x86_64-unknown-linux-gnu/lib/libobject-6fb405869b015fde.rlib" "/opt/rustwide/rustup-home/toolchains/1.54.0-x86_64-unknown-linux-gnu/lib/rustlib/x86_64-unknown-linux-gnu/lib/libaddr2line-d05c5c3c56004b7b.rlib" "/opt/rustwide/rustup-home/toolchains/1.54.0-x86_64-unknown-linux-gnu/lib/rustlib/x86_64-unknown-linux-gnu/lib/libgimli-42d74d2097528b38.rlib" "/opt/rustwide/rustup-home/toolchains/1.54.0-x86_64-unknown-linux-gnu/lib/rustlib/x86_64-unknown-linux-gnu/lib/libstd_detect-fb36534c113d2209.rlib" "/opt/rustwide/rustup-home/toolchains/1.54.0-x86_64-unknown-linux-gnu/lib/rustlib/x86_64-unknown-linux-gnu/lib/librustc_demangle-b56b9042c12b6535.rlib" "/opt/rustwide/rustup-home/toolchains/1.54.0-x86_64-unknown-linux-gnu/lib/rustlib/x86_64-unknown-linux-gnu/lib/libhashbrown-491902d6cb3e76df.rlib" "/opt/rustwide/rustup-home/toolchains/1.54.0-x86_64-unknown-linux-gnu/lib/rustlib/x86_64-unknown-linux-gnu/lib/librustc_std_workspace_alloc-61834e0981b8c367.rlib" "/opt/rustwide/rustup-home/toolchains/1.54.0-x86_64-unknown-linux-gnu/lib/rustlib/x86_64-unknown-linux-gnu/lib/libunwind-f78aa99d613a55bc.rlib" "/opt/rustwide/rustup-home/toolchains/1.54.0-x86_64-unknown-linux-gnu/lib/rustlib/x86_64-unknown-linux-gnu/lib/libcfg_if-53ee54cd7fed2c57.rlib" "/opt/rustwide/rustup-home/toolchains/1.54.0-x86_64-unknown-linux-gnu/lib/rustlib/x86_64-unknown-linux-gnu/lib/liblibc-544ecdbd6cda3c58.rlib" "/opt/rustwide/rustup-home/toolchains/1.54.0-x86_64-unknown-linux-gnu/lib/rustlib/x86_64-unknown-linux-gnu/lib/liballoc-379cc252b6943a79.rlib" "/opt/rustwide/rustup-home/toolchains/1.54.0-x86_64-unknown-linux-gnu/lib/rustlib/x86_64-unknown-linux-gnu/lib/librustc_std_workspace_core-8063eea38dcc5e62.rlib" "/opt/rustwide/rustup-home/toolchains/1.54.0-x86_64-unknown-linux-gnu/lib/rustlib/x86_64-unknown-linux-gnu/lib/libcore-5b228734afae15ee.rlib" "-Wl,--end-group" "/opt/rustwide/rustup-home/toolchains/1.54.0-x86_64-unknown-linux-gnu/lib/rustlib/x86_64-unknown-linux-gnu/lib/libcompiler_builtins-d6c7a399d95d173f.rlib" "-Wl,-Bdynamic" "-lgcc_s" "-lutil" "-lrt" "-lpthread" "-lm" "-ldl" "-lc" "-Wl,--eh-frame-hdr" "-Wl,-znoexecstack" "-L" "/opt/rustwide/rustup-home/toolchains/1.54.0-x86_64-unknown-linux-gnu/lib/rustlib/x86_64-unknown-linux-gnu/lib" "-o" "/tmp/rustdoctestSx08jc/rust_out" "-Wl,--gc-sections" "-pie" "-Wl,-zrelro" "-Wl,-znow" "-nodefaultlibs"
[INFO] [stdout]   = note: /usr/bin/ld: /tmp/rustdoctestSx08jc/rust_out.rust_out.7rcbfp3g-cgu.0.rcgu.o: in function `rust_out::main::_doctest_main_src_clock_rs_84_0':
[INFO] [stdout]           rust_out.7rcbfp3g-cgu.0:(.text._ZN8rust_out4main31_doctest_main_src_clock_rs_84_017h31199185262086c3E+0x6): undefined reference to `clock_process64'
[INFO] [stdout]           collect2: error: ld returned 1 exit status
[INFO] [stdout]           
[INFO] [stdout] 
[INFO] [stdout] error: aborting due to previous error
[INFO] [stdout] 
[INFO] [stdout] Couldn't compile the test.
[INFO] [stdout] ---- src/clock.rs - clock::monotonic (line 59) stdout ----
[INFO] [stdout] error: linking with `cc` failed: exit status: 1
[INFO] [stdout]   |
[INFO] [stdout]   = note: "cc" "-m64" "/tmp/rustdoctestTSGV3d/rust_out.rust_out.7rcbfp3g-cgu.0.rcgu.o" "/tmp/rustdoctestTSGV3d/rust_out.33dyzt1ekirinwy8.rcgu.o" "-Wl,--as-needed" "-L" "/opt/rustwide/target/debug/deps" "-L" "/opt/rustwide/target/debug/deps" "-L" "/opt/rustwide/rustup-home/toolchains/1.54.0-x86_64-unknown-linux-gnu/lib/rustlib/x86_64-unknown-linux-gnu/lib" "-Wl,-Bstatic" "/opt/rustwide/target/debug/deps/libtarantool-c3e1ffd44b7c918e.rlib" "/opt/rustwide/target/debug/deps/libbase64-5c7414cfb92860e8.rlib" "/opt/rustwide/target/debug/deps/librmp_serde-ef5fe0751bd7aa40.rlib" "/opt/rustwide/target/debug/deps/libserde_json-c8525e0b62e9c5db.rlib" "/opt/rustwide/target/debug/deps/libryu-059aa1fbb24cd15e.rlib" "/opt/rustwide/target/debug/deps/libitoa-e8b11f69ec08d8ae.rlib" "/opt/rustwide/target/debug/deps/librefpool-4ddc5a4d297533e7.rlib" "/opt/rustwide/target/debug/deps/libsha1-e9fb0c2a88e30ed4.rlib" "/opt/rustwide/target/debug/deps/libopaque_debug-45a15423c8ac1fee.rlib" "/opt/rustwide/target/debug/deps/libcpufeatures-bd8ae1a522dceefd.rlib" "/opt/rustwide/target/debug/deps/libblock_buffer-ca98df5ecfb40ab8.rlib" "/opt/rustwide/target/debug/deps/libdigest-cee9498d46fe27c0.rlib" "/opt/rustwide/target/debug/deps/libgeneric_array-7ec1671be0b15994.rlib" "/opt/rustwide/target/debug/deps/libtypenum-9959a671b08afc70.rlib" "/opt/rustwide/target/debug/deps/liblog-975203197fcf8dc1.rlib" "/opt/rustwide/target/debug/deps/libva_list-5dec9af5f4467ae7.rlib" "/opt/rustwide/target/debug/deps/librmp-290cd54fe39aa0ca.rlib" "/opt/rustwide/target/debug/deps/libbyteorder-0c03c404070d92e6.rlib" "/opt/rustwide/target/debug/deps/libnum_traits-d2f26dc32356e531.rlib" "/opt/rustwide/target/debug/deps/libserde-adac14dde6069e70.rlib" "/opt/rustwide/target/debug/deps/liblazy_static-5c53d641eb010a81.rlib" "/opt/rustwide/target/debug/deps/libfailure-66d2acebe5fa320f.rlib" "/opt/rustwide/target/debug/deps/libbacktrace-e119fc91d732db51.rlib" "/opt/rustwide/target/debug/deps/libminiz_oxide-6d1f5d22fe94ee7f.rlib" "/opt/rustwide/target/debug/deps/libadler-21b6e26b0dda2395.rlib" "/opt/rustwide/target/debug/deps/libobject-91b4957805867c57.rlib" "/opt/rustwide/target/debug/deps/libmemchr-b59ce5dd3869dcfb.rlib" "/opt/rustwide/target/debug/deps/liblibc-ef703b7b559de845.rlib" "/opt/rustwide/target/debug/deps/libaddr2line-a0888bec23d11c8b.rlib" "/opt/rustwide/target/debug/deps/libgimli-bbd8ab25c1d8d237.rlib" "/opt/rustwide/target/debug/deps/libcfg_if-38c8a3e888ecb06a.rlib" "/opt/rustwide/target/debug/deps/librustc_demangle-aabcf204434227f1.rlib" "/opt/rustwide/target/debug/deps/libbitflags-f89ae4b715176e2d.rlib" "-Wl,--start-group" "/opt/rustwide/rustup-home/toolchains/1.54.0-x86_64-unknown-linux-gnu/lib/rustlib/x86_64-unknown-linux-gnu/lib/libstd-2420485b9e5ef5e1.rlib" "/opt/rustwide/rustup-home/toolchains/1.54.0-x86_64-unknown-linux-gnu/lib/rustlib/x86_64-unknown-linux-gnu/lib/libpanic_unwind-785e3cb61c4b1960.rlib" "/opt/rustwide/rustup-home/toolchains/1.54.0-x86_64-unknown-linux-gnu/lib/rustlib/x86_64-unknown-linux-gnu/lib/libminiz_oxide-087191a88bdaa22d.rlib" "/opt/rustwide/rustup-home/toolchains/1.54.0-x86_64-unknown-linux-gnu/lib/rustlib/x86_64-unknown-linux-gnu/lib/libadler-9981842c02975178.rlib" "/opt/rustwide/rustup-home/toolchains/1.54.0-x86_64-unknown-linux-gnu/lib/rustlib/x86_64-unknown-linux-gnu/lib/libobject-6fb405869b015fde.rlib" "/opt/rustwide/rustup-home/toolchains/1.54.0-x86_64-unknown-linux-gnu/lib/rustlib/x86_64-unknown-linux-gnu/lib/libaddr2line-d05c5c3c56004b7b.rlib" "/opt/rustwide/rustup-home/toolchains/1.54.0-x86_64-unknown-linux-gnu/lib/rustlib/x86_64-unknown-linux-gnu/lib/libgimli-42d74d2097528b38.rlib" "/opt/rustwide/rustup-home/toolchains/1.54.0-x86_64-unknown-linux-gnu/lib/rustlib/x86_64-unknown-linux-gnu/lib/libstd_detect-fb36534c113d2209.rlib" "/opt/rustwide/rustup-home/toolchains/1.54.0-x86_64-unknown-linux-gnu/lib/rustlib/x86_64-unknown-linux-gnu/lib/librustc_demangle-b56b9042c12b6535.rlib" "/opt/rustwide/rustup-home/toolchains/1.54.0-x86_64-unknown-linux-gnu/lib/rustlib/x86_64-unknown-linux-gnu/lib/libhashbrown-491902d6cb3e76df.rlib" "/opt/rustwide/rustup-home/toolchains/1.54.0-x86_64-unknown-linux-gnu/lib/rustlib/x86_64-unknown-linux-gnu/lib/librustc_std_workspace_alloc-61834e0981b8c367.rlib" "/opt/rustwide/rustup-home/toolchains/1.54.0-x86_64-unknown-linux-gnu/lib/rustlib/x86_64-unknown-linux-gnu/lib/libunwind-f78aa99d613a55bc.rlib" "/opt/rustwide/rustup-home/toolchains/1.54.0-x86_64-unknown-linux-gnu/lib/rustlib/x86_64-unknown-linux-gnu/lib/libcfg_if-53ee54cd7fed2c57.rlib" "/opt/rustwide/rustup-home/toolchains/1.54.0-x86_64-unknown-linux-gnu/lib/rustlib/x86_64-unknown-linux-gnu/lib/liblibc-544ecdbd6cda3c58.rlib" "/opt/rustwide/rustup-home/toolchains/1.54.0-x86_64-unknown-linux-gnu/lib/rustlib/x86_64-unknown-linux-gnu/lib/liballoc-379cc252b6943a79.rlib" "/opt/rustwide/rustup-home/toolchains/1.54.0-x86_64-unknown-linux-gnu/lib/rustlib/x86_64-unknown-linux-gnu/lib/librustc_std_workspace_core-8063eea38dcc5e62.rlib" "/opt/rustwide/rustup-home/toolchains/1.54.0-x86_64-unknown-linux-gnu/lib/rustlib/x86_64-unknown-linux-gnu/lib/libcore-5b228734afae15ee.rlib" "-Wl,--end-group" "/opt/rustwide/rustup-home/toolchains/1.54.0-x86_64-unknown-linux-gnu/lib/rustlib/x86_64-unknown-linux-gnu/lib/libcompiler_builtins-d6c7a399d95d173f.rlib" "-Wl,-Bdynamic" "-lgcc_s" "-lutil" "-lrt" "-lpthread" "-lm" "-ldl" "-lc" "-Wl,--eh-frame-hdr" "-Wl,-znoexecstack" "-L" "/opt/rustwide/rustup-home/toolchains/1.54.0-x86_64-unknown-linux-gnu/lib/rustlib/x86_64-unknown-linux-gnu/lib" "-o" "/tmp/rustdoctestTSGV3d/rust_out" "-Wl,--gc-sections" "-pie" "-Wl,-zrelro" "-Wl,-znow" "-nodefaultlibs"
[INFO] [stdout]   = note: /usr/bin/ld: /tmp/rustdoctestTSGV3d/rust_out.rust_out.7rcbfp3g-cgu.0.rcgu.o: in function `rust_out::main::_doctest_main_src_clock_rs_59_0':
[INFO] [stdout]           rust_out.7rcbfp3g-cgu.0:(.text._ZN8rust_out4main31_doctest_main_src_clock_rs_59_017hd8662616013f2150E+0x6): undefined reference to `clock_monotonic64'
[INFO] [stdout]           collect2: error: ld returned 1 exit status
[INFO] [stdout]           
[INFO] [stdout] 
[INFO] [stdout] error: aborting due to previous error
[INFO] [stdout] 
[INFO] [stdout] Couldn't compile the test.
[INFO] [stdout] ---- src/clock.rs - clock::thread (line 110) stdout ----
[INFO] [stdout] error: linking with `cc` failed: exit status: 1
[INFO] [stdout]   |
[INFO] [stdout]   = note: "cc" "-m64" "/tmp/rustdoctestgdKvHd/rust_out.rust_out.7rcbfp3g-cgu.0.rcgu.o" "/tmp/rustdoctestgdKvHd/rust_out.33dyzt1ekirinwy8.rcgu.o" "-Wl,--as-needed" "-L" "/opt/rustwide/target/debug/deps" "-L" "/opt/rustwide/target/debug/deps" "-L" "/opt/rustwide/rustup-home/toolchains/1.54.0-x86_64-unknown-linux-gnu/lib/rustlib/x86_64-unknown-linux-gnu/lib" "-Wl,-Bstatic" "/opt/rustwide/target/debug/deps/libtarantool-c3e1ffd44b7c918e.rlib" "/opt/rustwide/target/debug/deps/libbase64-5c7414cfb92860e8.rlib" "/opt/rustwide/target/debug/deps/librmp_serde-ef5fe0751bd7aa40.rlib" "/opt/rustwide/target/debug/deps/libserde_json-c8525e0b62e9c5db.rlib" "/opt/rustwide/target/debug/deps/libryu-059aa1fbb24cd15e.rlib" "/opt/rustwide/target/debug/deps/libitoa-e8b11f69ec08d8ae.rlib" "/opt/rustwide/target/debug/deps/librefpool-4ddc5a4d297533e7.rlib" "/opt/rustwide/target/debug/deps/libsha1-e9fb0c2a88e30ed4.rlib" "/opt/rustwide/target/debug/deps/libopaque_debug-45a15423c8ac1fee.rlib" "/opt/rustwide/target/debug/deps/libcpufeatures-bd8ae1a522dceefd.rlib" "/opt/rustwide/target/debug/deps/libblock_buffer-ca98df5ecfb40ab8.rlib" "/opt/rustwide/target/debug/deps/libdigest-cee9498d46fe27c0.rlib" "/opt/rustwide/target/debug/deps/libgeneric_array-7ec1671be0b15994.rlib" "/opt/rustwide/target/debug/deps/libtypenum-9959a671b08afc70.rlib" "/opt/rustwide/target/debug/deps/liblog-975203197fcf8dc1.rlib" "/opt/rustwide/target/debug/deps/libva_list-5dec9af5f4467ae7.rlib" "/opt/rustwide/target/debug/deps/librmp-290cd54fe39aa0ca.rlib" "/opt/rustwide/target/debug/deps/libbyteorder-0c03c404070d92e6.rlib" "/opt/rustwide/target/debug/deps/libnum_traits-d2f26dc32356e531.rlib" "/opt/rustwide/target/debug/deps/libserde-adac14dde6069e70.rlib" "/opt/rustwide/target/debug/deps/liblazy_static-5c53d641eb010a81.rlib" "/opt/rustwide/target/debug/deps/libfailure-66d2acebe5fa320f.rlib" "/opt/rustwide/target/debug/deps/libbacktrace-e119fc91d732db51.rlib" "/opt/rustwide/target/debug/deps/libminiz_oxide-6d1f5d22fe94ee7f.rlib" "/opt/rustwide/target/debug/deps/libadler-21b6e26b0dda2395.rlib" "/opt/rustwide/target/debug/deps/libobject-91b4957805867c57.rlib" "/opt/rustwide/target/debug/deps/libmemchr-b59ce5dd3869dcfb.rlib" "/opt/rustwide/target/debug/deps/liblibc-ef703b7b559de845.rlib" "/opt/rustwide/target/debug/deps/libaddr2line-a0888bec23d11c8b.rlib" "/opt/rustwide/target/debug/deps/libgimli-bbd8ab25c1d8d237.rlib" "/opt/rustwide/target/debug/deps/libcfg_if-38c8a3e888ecb06a.rlib" "/opt/rustwide/target/debug/deps/librustc_demangle-aabcf204434227f1.rlib" "/opt/rustwide/target/debug/deps/libbitflags-f89ae4b715176e2d.rlib" "-Wl,--start-group" "/opt/rustwide/rustup-home/toolchains/1.54.0-x86_64-unknown-linux-gnu/lib/rustlib/x86_64-unknown-linux-gnu/lib/libstd-2420485b9e5ef5e1.rlib" "/opt/rustwide/rustup-home/toolchains/1.54.0-x86_64-unknown-linux-gnu/lib/rustlib/x86_64-unknown-linux-gnu/lib/libpanic_unwind-785e3cb61c4b1960.rlib" "/opt/rustwide/rustup-home/toolchains/1.54.0-x86_64-unknown-linux-gnu/lib/rustlib/x86_64-unknown-linux-gnu/lib/libminiz_oxide-087191a88bdaa22d.rlib" "/opt/rustwide/rustup-home/toolchains/1.54.0-x86_64-unknown-linux-gnu/lib/rustlib/x86_64-unknown-linux-gnu/lib/libadler-9981842c02975178.rlib" "/opt/rustwide/rustup-home/toolchains/1.54.0-x86_64-unknown-linux-gnu/lib/rustlib/x86_64-unknown-linux-gnu/lib/libobject-6fb405869b015fde.rlib" "/opt/rustwide/rustup-home/toolchains/1.54.0-x86_64-unknown-linux-gnu/lib/rustlib/x86_64-unknown-linux-gnu/lib/libaddr2line-d05c5c3c56004b7b.rlib" "/opt/rustwide/rustup-home/toolchains/1.54.0-x86_64-unknown-linux-gnu/lib/rustlib/x86_64-unknown-linux-gnu/lib/libgimli-42d74d2097528b38.rlib" "/opt/rustwide/rustup-home/toolchains/1.54.0-x86_64-unknown-linux-gnu/lib/rustlib/x86_64-unknown-linux-gnu/lib/libstd_detect-fb36534c113d2209.rlib" "/opt/rustwide/rustup-home/toolchains/1.54.0-x86_64-unknown-linux-gnu/lib/rustlib/x86_64-unknown-linux-gnu/lib/librustc_demangle-b56b9042c12b6535.rlib" "/opt/rustwide/rustup-home/toolchains/1.54.0-x86_64-unknown-linux-gnu/lib/rustlib/x86_64-unknown-linux-gnu/lib/libhashbrown-491902d6cb3e76df.rlib" "/opt/rustwide/rustup-home/toolchains/1.54.0-x86_64-unknown-linux-gnu/lib/rustlib/x86_64-unknown-linux-gnu/lib/librustc_std_workspace_alloc-61834e0981b8c367.rlib" "/opt/rustwide/rustup-home/toolchains/1.54.0-x86_64-unknown-linux-gnu/lib/rustlib/x86_64-unknown-linux-gnu/lib/libunwind-f78aa99d613a55bc.rlib" "/opt/rustwide/rustup-home/toolchains/1.54.0-x86_64-unknown-linux-gnu/lib/rustlib/x86_64-unknown-linux-gnu/lib/libcfg_if-53ee54cd7fed2c57.rlib" "/opt/rustwide/rustup-home/toolchains/1.54.0-x86_64-unknown-linux-gnu/lib/rustlib/x86_64-unknown-linux-gnu/lib/liblibc-544ecdbd6cda3c58.rlib" "/opt/rustwide/rustup-home/toolchains/1.54.0-x86_64-unknown-linux-gnu/lib/rustlib/x86_64-unknown-linux-gnu/lib/liballoc-379cc252b6943a79.rlib" "/opt/rustwide/rustup-home/toolchains/1.54.0-x86_64-unknown-linux-gnu/lib/rustlib/x86_64-unknown-linux-gnu/lib/librustc_std_workspace_core-8063eea38dcc5e62.rlib" "/opt/rustwide/rustup-home/toolchains/1.54.0-x86_64-unknown-linux-gnu/lib/rustlib/x86_64-unknown-linux-gnu/lib/libcore-5b228734afae15ee.rlib" "-Wl,--end-group" "/opt/rustwide/rustup-home/toolchains/1.54.0-x86_64-unknown-linux-gnu/lib/rustlib/x86_64-unknown-linux-gnu/lib/libcompiler_builtins-d6c7a399d95d173f.rlib" "-Wl,-Bdynamic" "-lgcc_s" "-lutil" "-lrt" "-lpthread" "-lm" "-ldl" "-lc" "-Wl,--eh-frame-hdr" "-Wl,-znoexecstack" "-L" "/opt/rustwide/rustup-home/toolchains/1.54.0-x86_64-unknown-linux-gnu/lib/rustlib/x86_64-unknown-linux-gnu/lib" "-o" "/tmp/rustdoctestgdKvHd/rust_out" "-Wl,--gc-sections" "-pie" "-Wl,-zrelro" "-Wl,-znow" "-nodefaultlibs"
[INFO] [stdout]   = note: /usr/bin/ld: /tmp/rustdoctestgdKvHd/rust_out.rust_out.7rcbfp3g-cgu.0.rcgu.o: in function `rust_out::main::_doctest_main_src_clock_rs_110_0':
[INFO] [stdout]           rust_out.7rcbfp3g-cgu.0:(.text._ZN8rust_out4main32_doctest_main_src_clock_rs_110_017h49a16530bbc29e67E+0x6): undefined reference to `clock_thread64'
[INFO] [stdout]           collect2: error: ld returned 1 exit status
[INFO] [stdout]           
[INFO] [stdout] 
[INFO] [stdout] error: aborting due to previous error
[INFO] [stdout] 
[INFO] [stdout] Couldn't compile the test.
[INFO] [stdout] ---- src/fiber.rs - fiber::Fiber (line 43) stdout ----
[INFO] [stdout] error: linking with `cc` failed: exit status: 1
[INFO] [stdout]   |
[INFO] [stdout]   = note: "cc" "-m64" "/tmp/rustdoctestQJWr61/rust_out.rust_out.7rcbfp3g-cgu.0.rcgu.o" "/tmp/rustdoctestQJWr61/rust_out.33dyzt1ekirinwy8.rcgu.o" "-Wl,--as-needed" "-L" "/opt/rustwide/target/debug/deps" "-L" "/opt/rustwide/target/debug/deps" "-L" "/opt/rustwide/rustup-home/toolchains/1.54.0-x86_64-unknown-linux-gnu/lib/rustlib/x86_64-unknown-linux-gnu/lib" "-Wl,-Bstatic" "/opt/rustwide/target/debug/deps/libtarantool-c3e1ffd44b7c918e.rlib" "/opt/rustwide/target/debug/deps/libbase64-5c7414cfb92860e8.rlib" "/opt/rustwide/target/debug/deps/librmp_serde-ef5fe0751bd7aa40.rlib" "/opt/rustwide/target/debug/deps/libserde_json-c8525e0b62e9c5db.rlib" "/opt/rustwide/target/debug/deps/libryu-059aa1fbb24cd15e.rlib" "/opt/rustwide/target/debug/deps/libitoa-e8b11f69ec08d8ae.rlib" "/opt/rustwide/target/debug/deps/librefpool-4ddc5a4d297533e7.rlib" "/opt/rustwide/target/debug/deps/libsha1-e9fb0c2a88e30ed4.rlib" "/opt/rustwide/target/debug/deps/libopaque_debug-45a15423c8ac1fee.rlib" "/opt/rustwide/target/debug/deps/libcpufeatures-bd8ae1a522dceefd.rlib" "/opt/rustwide/target/debug/deps/libblock_buffer-ca98df5ecfb40ab8.rlib" "/opt/rustwide/target/debug/deps/libdigest-cee9498d46fe27c0.rlib" "/opt/rustwide/target/debug/deps/libgeneric_array-7ec1671be0b15994.rlib" "/opt/rustwide/target/debug/deps/libtypenum-9959a671b08afc70.rlib" "/opt/rustwide/target/debug/deps/liblog-975203197fcf8dc1.rlib" "/opt/rustwide/target/debug/deps/libva_list-5dec9af5f4467ae7.rlib" "/opt/rustwide/target/debug/deps/librmp-290cd54fe39aa0ca.rlib" "/opt/rustwide/target/debug/deps/libbyteorder-0c03c404070d92e6.rlib" "/opt/rustwide/target/debug/deps/libnum_traits-d2f26dc32356e531.rlib" "/opt/rustwide/target/debug/deps/libserde-adac14dde6069e70.rlib" "/opt/rustwide/target/debug/deps/liblazy_static-5c53d641eb010a81.rlib" "/opt/rustwide/target/debug/deps/libfailure-66d2acebe5fa320f.rlib" "/opt/rustwide/target/debug/deps/libbacktrace-e119fc91d732db51.rlib" "/opt/rustwide/target/debug/deps/libminiz_oxide-6d1f5d22fe94ee7f.rlib" "/opt/rustwide/target/debug/deps/libadler-21b6e26b0dda2395.rlib" "/opt/rustwide/target/debug/deps/libobject-91b4957805867c57.rlib" "/opt/rustwide/target/debug/deps/libmemchr-b59ce5dd3869dcfb.rlib" "/opt/rustwide/target/debug/deps/liblibc-ef703b7b559de845.rlib" "/opt/rustwide/target/debug/deps/libaddr2line-a0888bec23d11c8b.rlib" "/opt/rustwide/target/debug/deps/libgimli-bbd8ab25c1d8d237.rlib" "/opt/rustwide/target/debug/deps/libcfg_if-38c8a3e888ecb06a.rlib" "/opt/rustwide/target/debug/deps/librustc_demangle-aabcf204434227f1.rlib" "/opt/rustwide/target/debug/deps/libbitflags-f89ae4b715176e2d.rlib" "-Wl,--start-group" "/opt/rustwide/rustup-home/toolchains/1.54.0-x86_64-unknown-linux-gnu/lib/rustlib/x86_64-unknown-linux-gnu/lib/libstd-2420485b9e5ef5e1.rlib" "/opt/rustwide/rustup-home/toolchains/1.54.0-x86_64-unknown-linux-gnu/lib/rustlib/x86_64-unknown-linux-gnu/lib/libpanic_unwind-785e3cb61c4b1960.rlib" "/opt/rustwide/rustup-home/toolchains/1.54.0-x86_64-unknown-linux-gnu/lib/rustlib/x86_64-unknown-linux-gnu/lib/libminiz_oxide-087191a88bdaa22d.rlib" "/opt/rustwide/rustup-home/toolchains/1.54.0-x86_64-unknown-linux-gnu/lib/rustlib/x86_64-unknown-linux-gnu/lib/libadler-9981842c02975178.rlib" "/opt/rustwide/rustup-home/toolchains/1.54.0-x86_64-unknown-linux-gnu/lib/rustlib/x86_64-unknown-linux-gnu/lib/libobject-6fb405869b015fde.rlib" "/opt/rustwide/rustup-home/toolchains/1.54.0-x86_64-unknown-linux-gnu/lib/rustlib/x86_64-unknown-linux-gnu/lib/libaddr2line-d05c5c3c56004b7b.rlib" "/opt/rustwide/rustup-home/toolchains/1.54.0-x86_64-unknown-linux-gnu/lib/rustlib/x86_64-unknown-linux-gnu/lib/libgimli-42d74d2097528b38.rlib" "/opt/rustwide/rustup-home/toolchains/1.54.0-x86_64-unknown-linux-gnu/lib/rustlib/x86_64-unknown-linux-gnu/lib/libstd_detect-fb36534c113d2209.rlib" "/opt/rustwide/rustup-home/toolchains/1.54.0-x86_64-unknown-linux-gnu/lib/rustlib/x86_64-unknown-linux-gnu/lib/librustc_demangle-b56b9042c12b6535.rlib" "/opt/rustwide/rustup-home/toolchains/1.54.0-x86_64-unknown-linux-gnu/lib/rustlib/x86_64-unknown-linux-gnu/lib/libhashbrown-491902d6cb3e76df.rlib" "/opt/rustwide/rustup-home/toolchains/1.54.0-x86_64-unknown-linux-gnu/lib/rustlib/x86_64-unknown-linux-gnu/lib/librustc_std_workspace_alloc-61834e0981b8c367.rlib" "/opt/rustwide/rustup-home/toolchains/1.54.0-x86_64-unknown-linux-gnu/lib/rustlib/x86_64-unknown-linux-gnu/lib/libunwind-f78aa99d613a55bc.rlib" "/opt/rustwide/rustup-home/toolchains/1.54.0-x86_64-unknown-linux-gnu/lib/rustlib/x86_64-unknown-linux-gnu/lib/libcfg_if-53ee54cd7fed2c57.rlib" "/opt/rustwide/rustup-home/toolchains/1.54.0-x86_64-unknown-linux-gnu/lib/rustlib/x86_64-unknown-linux-gnu/lib/liblibc-544ecdbd6cda3c58.rlib" "/opt/rustwide/rustup-home/toolchains/1.54.0-x86_64-unknown-linux-gnu/lib/rustlib/x86_64-unknown-linux-gnu/lib/liballoc-379cc252b6943a79.rlib" "/opt/rustwide/rustup-home/toolchains/1.54.0-x86_64-unknown-linux-gnu/lib/rustlib/x86_64-unknown-linux-gnu/lib/librustc_std_workspace_core-8063eea38dcc5e62.rlib" "/opt/rustwide/rustup-home/toolchains/1.54.0-x86_64-unknown-linux-gnu/lib/rustlib/x86_64-unknown-linux-gnu/lib/libcore-5b228734afae15ee.rlib" "-Wl,--end-group" "/opt/rustwide/rustup-home/toolchains/1.54.0-x86_64-unknown-linux-gnu/lib/rustlib/x86_64-unknown-linux-gnu/lib/libcompiler_builtins-d6c7a399d95d173f.rlib" "-Wl,-Bdynamic" "-lgcc_s" "-lutil" "-lrt" "-lpthread" "-lm" "-ldl" "-lc" "-Wl,--eh-frame-hdr" "-Wl,-znoexecstack" "-L" "/opt/rustwide/rustup-home/toolchains/1.54.0-x86_64-unknown-linux-gnu/lib/rustlib/x86_64-unknown-linux-gnu/lib" "-o" "/tmp/rustdoctestQJWr61/rust_out" "-Wl,--gc-sections" "-pie" "-Wl,-zrelro" "-Wl,-znow" "-nodefaultlibs"
[INFO] [stdout]   = note: /usr/bin/ld: /tmp/rustdoctestQJWr61/rust_out.rust_out.7rcbfp3g-cgu.0.rcgu.o: in function `tarantool::fiber::Fiber<T>::new':
[INFO] [stdout]           rust_out.7rcbfp3g-cgu.0:(.text._ZN9tarantool5fiber14Fiber$LT$T$GT$3new17h6153e102dd9ee8cbE+0x7e): undefined reference to `fiber_new'
[INFO] [stdout]           /usr/bin/ld: /tmp/rustdoctestQJWr61/rust_out.rust_out.7rcbfp3g-cgu.0.rcgu.o: in function `tarantool::fiber::Fiber<T>::start':
[INFO] [stdout]           rust_out.7rcbfp3g-cgu.0:(.text._ZN9tarantool5fiber14Fiber$LT$T$GT$5start17h5b49d760a1d69103E+0x4a): undefined reference to `fiber_start'
[INFO] [stdout]           collect2: error: ld returned 1 exit status
[INFO] [stdout]           
[INFO] [stdout] 
[INFO] [stdout] error: aborting due to previous error
[INFO] [stdout] 
[INFO] [stdout] Couldn't compile the test.
[INFO] [stdout] ---- src/net_box/options.rs - net_box::options::ConnOptions::user (line 39) stdout ----
[INFO] [stdout] error: linking with `cc` failed: exit status: 1
[INFO] [stdout]   |
[INFO] [stdout]   = note: "cc" "-m64" "/tmp/rustdoctest7eKHXn/rust_out.rust_out.7rcbfp3g-cgu.0.rcgu.o" "/tmp/rustdoctest7eKHXn/rust_out.33dyzt1ekirinwy8.rcgu.o" "-Wl,--as-needed" "-L" "/opt/rustwide/target/debug/deps" "-L" "/opt/rustwide/target/debug/deps" "-L" "/opt/rustwide/rustup-home/toolchains/1.54.0-x86_64-unknown-linux-gnu/lib/rustlib/x86_64-unknown-linux-gnu/lib" "-Wl,-Bstatic" "/opt/rustwide/target/debug/deps/libtarantool-c3e1ffd44b7c918e.rlib" "/opt/rustwide/target/debug/deps/libbase64-5c7414cfb92860e8.rlib" "/opt/rustwide/target/debug/deps/librmp_serde-ef5fe0751bd7aa40.rlib" "/opt/rustwide/target/debug/deps/libserde_json-c8525e0b62e9c5db.rlib" "/opt/rustwide/target/debug/deps/libryu-059aa1fbb24cd15e.rlib" "/opt/rustwide/target/debug/deps/libitoa-e8b11f69ec08d8ae.rlib" "/opt/rustwide/target/debug/deps/librefpool-4ddc5a4d297533e7.rlib" "/opt/rustwide/target/debug/deps/libsha1-e9fb0c2a88e30ed4.rlib" "/opt/rustwide/target/debug/deps/libopaque_debug-45a15423c8ac1fee.rlib" "/opt/rustwide/target/debug/deps/libcpufeatures-bd8ae1a522dceefd.rlib" "/opt/rustwide/target/debug/deps/libblock_buffer-ca98df5ecfb40ab8.rlib" "/opt/rustwide/target/debug/deps/libdigest-cee9498d46fe27c0.rlib" "/opt/rustwide/target/debug/deps/libgeneric_array-7ec1671be0b15994.rlib" "/opt/rustwide/target/debug/deps/libtypenum-9959a671b08afc70.rlib" "/opt/rustwide/target/debug/deps/liblog-975203197fcf8dc1.rlib" "/opt/rustwide/target/debug/deps/libva_list-5dec9af5f4467ae7.rlib" "/opt/rustwide/target/debug/deps/librmp-290cd54fe39aa0ca.rlib" "/opt/rustwide/target/debug/deps/libbyteorder-0c03c404070d92e6.rlib" "/opt/rustwide/target/debug/deps/libnum_traits-d2f26dc32356e531.rlib" "/opt/rustwide/target/debug/deps/libserde-adac14dde6069e70.rlib" "/opt/rustwide/target/debug/deps/liblazy_static-5c53d641eb010a81.rlib" "/opt/rustwide/target/debug/deps/libfailure-66d2acebe5fa320f.rlib" "/opt/rustwide/target/debug/deps/libbacktrace-e119fc91d732db51.rlib" "/opt/rustwide/target/debug/deps/libminiz_oxide-6d1f5d22fe94ee7f.rlib" "/opt/rustwide/target/debug/deps/libadler-21b6e26b0dda2395.rlib" "/opt/rustwide/target/debug/deps/libobject-91b4957805867c57.rlib" "/opt/rustwide/target/debug/deps/libmemchr-b59ce5dd3869dcfb.rlib" "/opt/rustwide/target/debug/deps/liblibc-ef703b7b559de845.rlib" "/opt/rustwide/target/debug/deps/libaddr2line-a0888bec23d11c8b.rlib" "/opt/rustwide/target/debug/deps/libgimli-bbd8ab25c1d8d237.rlib" "/opt/rustwide/target/debug/deps/libcfg_if-38c8a3e888ecb06a.rlib" "/opt/rustwide/target/debug/deps/librustc_demangle-aabcf204434227f1.rlib" "/opt/rustwide/target/debug/deps/libbitflags-f89ae4b715176e2d.rlib" "-Wl,--start-group" "/opt/rustwide/rustup-home/toolchains/1.54.0-x86_64-unknown-linux-gnu/lib/rustlib/x86_64-unknown-linux-gnu/lib/libstd-2420485b9e5ef5e1.rlib" "/opt/rustwide/rustup-home/toolchains/1.54.0-x86_64-unknown-linux-gnu/lib/rustlib/x86_64-unknown-linux-gnu/lib/libpanic_unwind-785e3cb61c4b1960.rlib" "/opt/rustwide/rustup-home/toolchains/1.54.0-x86_64-unknown-linux-gnu/lib/rustlib/x86_64-unknown-linux-gnu/lib/libminiz_oxide-087191a88bdaa22d.rlib" "/opt/rustwide/rustup-home/toolchains/1.54.0-x86_64-unknown-linux-gnu/lib/rustlib/x86_64-unknown-linux-gnu/lib/libadler-9981842c02975178.rlib" "/opt/rustwide/rustup-home/toolchains/1.54.0-x86_64-unknown-linux-gnu/lib/rustlib/x86_64-unknown-linux-gnu/lib/libobject-6fb405869b015fde.rlib" "/opt/rustwide/rustup-home/toolchains/1.54.0-x86_64-unknown-linux-gnu/lib/rustlib/x86_64-unknown-linux-gnu/lib/libaddr2line-d05c5c3c56004b7b.rlib" "/opt/rustwide/rustup-home/toolchains/1.54.0-x86_64-unknown-linux-gnu/lib/rustlib/x86_64-unknown-linux-gnu/lib/libgimli-42d74d2097528b38.rlib" "/opt/rustwide/rustup-home/toolchains/1.54.0-x86_64-unknown-linux-gnu/lib/rustlib/x86_64-unknown-linux-gnu/lib/libstd_detect-fb36534c113d2209.rlib" "/opt/rustwide/rustup-home/toolchains/1.54.0-x86_64-unknown-linux-gnu/lib/rustlib/x86_64-unknown-linux-gnu/lib/librustc_demangle-b56b9042c12b6535.rlib" "/opt/rustwide/rustup-home/toolchains/1.54.0-x86_64-unknown-linux-gnu/lib/rustlib/x86_64-unknown-linux-gnu/lib/libhashbrown-491902d6cb3e76df.rlib" "/opt/rustwide/rustup-home/toolchains/1.54.0-x86_64-unknown-linux-gnu/lib/rustlib/x86_64-unknown-linux-gnu/lib/librustc_std_workspace_alloc-61834e0981b8c367.rlib" "/opt/rustwide/rustup-home/toolchains/1.54.0-x86_64-unknown-linux-gnu/lib/rustlib/x86_64-unknown-linux-gnu/lib/libunwind-f78aa99d613a55bc.rlib" "/opt/rustwide/rustup-home/toolchains/1.54.0-x86_64-unknown-linux-gnu/lib/rustlib/x86_64-unknown-linux-gnu/lib/libcfg_if-53ee54cd7fed2c57.rlib" "/opt/rustwide/rustup-home/toolchains/1.54.0-x86_64-unknown-linux-gnu/lib/rustlib/x86_64-unknown-linux-gnu/lib/liblibc-544ecdbd6cda3c58.rlib" "/opt/rustwide/rustup-home/toolchains/1.54.0-x86_64-unknown-linux-gnu/lib/rustlib/x86_64-unknown-linux-gnu/lib/liballoc-379cc252b6943a79.rlib" "/opt/rustwide/rustup-home/toolchains/1.54.0-x86_64-unknown-linux-gnu/lib/rustlib/x86_64-unknown-linux-gnu/lib/librustc_std_workspace_core-8063eea38dcc5e62.rlib" "/opt/rustwide/rustup-home/toolchains/1.54.0-x86_64-unknown-linux-gnu/lib/rustlib/x86_64-unknown-linux-gnu/lib/libcore-5b228734afae15ee.rlib" "-Wl,--end-group" "/opt/rustwide/rustup-home/toolchains/1.54.0-x86_64-unknown-linux-gnu/lib/rustlib/x86_64-unknown-linux-gnu/lib/libcompiler_builtins-d6c7a399d95d173f.rlib" "-Wl,-Bdynamic" "-lgcc_s" "-lutil" "-lrt" "-lpthread" "-lm" "-ldl" "-lc" "-Wl,--eh-frame-hdr" "-Wl,-znoexecstack" "-L" "/opt/rustwide/rustup-home/toolchains/1.54.0-x86_64-unknown-linux-gnu/lib/rustlib/x86_64-unknown-linux-gnu/lib" "-o" "/tmp/rustdoctest7eKHXn/rust_out" "-Wl,--gc-sections" "-pie" "-Wl,-zrelro" "-Wl,-znow" "-nodefaultlibs"
[INFO] [stdout]   = note: /usr/bin/ld: /opt/rustwide/target/debug/deps/libtarantool-c3e1ffd44b7c918e.rlib(tarantool-c3e1ffd44b7c918e.tarantool.479567bb-cgu.11.rcgu.o): in function `<tarantool::net_box::stream::ConnStream as core::ops::drop::Drop>::drop':
[INFO] [stdout]           /opt/rustwide/workdir/src/net_box/stream.rs:72: undefined reference to `coio_close'
[INFO] [stdout]           /usr/bin/ld: /opt/rustwide/target/debug/deps/libtarantool-c3e1ffd44b7c918e.rlib(tarantool-c3e1ffd44b7c918e.tarantool.479567bb-cgu.15.rcgu.o): in function `<tarantool::coio::CoIOStream as core::ops::drop::Drop>::drop':
[INFO] [stdout]           /opt/rustwide/workdir/src/coio.rs:116: undefined reference to `coio_close'
[INFO] [stdout]           /usr/bin/ld: /opt/rustwide/target/debug/deps/libtarantool-c3e1ffd44b7c918e.rlib(tarantool-c3e1ffd44b7c918e.tarantool.479567bb-cgu.15.rcgu.o): in function `tarantool::coio::coio_wait':
[INFO] [stdout]           /opt/rustwide/workdir/src/coio.rs:168: undefined reference to `coio_wait'
[INFO] [stdout]           /usr/bin/ld: /opt/rustwide/target/debug/deps/libtarantool-c3e1ffd44b7c918e.rlib(tarantool-c3e1ffd44b7c918e.tarantool.479567bb-cgu.15.rcgu.o): in function `tarantool::fiber::Fiber<T>::new':
[INFO] [stdout]           /opt/rustwide/workdir/src/fiber.rs:85: undefined reference to `fiber_new'
[INFO] [stdout]           /usr/bin/ld: /opt/rustwide/target/debug/deps/libtarantool-c3e1ffd44b7c918e.rlib(tarantool-c3e1ffd44b7c918e.tarantool.479567bb-cgu.15.rcgu.o): in function `tarantool::fiber::Fiber<T>::new':
[INFO] [stdout]           /opt/rustwide/workdir/src/fiber.rs:85: undefined reference to `fiber_new'
[INFO] [stdout]           /usr/bin/ld: /opt/rustwide/target/debug/deps/libtarantool-c3e1ffd44b7c918e.rlib(tarantool-c3e1ffd44b7c918e.tarantool.479567bb-cgu.15.rcgu.o): in function `tarantool::fiber::Fiber<T>::start':
[INFO] [stdout]           /opt/rustwide/workdir/src/fiber.rs:128: undefined reference to `fiber_start'
[INFO] [stdout]           /usr/bin/ld: /opt/rustwide/target/debug/deps/libtarantool-c3e1ffd44b7c918e.rlib(tarantool-c3e1ffd44b7c918e.tarantool.479567bb-cgu.15.rcgu.o): in function `tarantool::fiber::Fiber<T>::wakeup':
[INFO] [stdout]           /opt/rustwide/workdir/src/fiber.rs:134: undefined reference to `fiber_wakeup'
[INFO] [stdout]           /usr/bin/ld: /opt/rustwide/target/debug/deps/libtarantool-c3e1ffd44b7c918e.rlib(tarantool-c3e1ffd44b7c918e.tarantool.479567bb-cgu.15.rcgu.o): in function `tarantool::fiber::Fiber<T>::join':
[INFO] [stdout]           /opt/rustwide/workdir/src/fiber.rs:151: undefined reference to `fiber_join'
[INFO] [stdout]           /usr/bin/ld: /opt/rustwide/target/debug/deps/libtarantool-c3e1ffd44b7c918e.rlib(tarantool-c3e1ffd44b7c918e.tarantool.479567bb-cgu.15.rcgu.o): in function `tarantool::fiber::Fiber<T>::set_joinable':
[INFO] [stdout]           /opt/rustwide/workdir/src/fiber.rs:158: undefined reference to `fiber_set_joinable'
[INFO] [stdout]           /usr/bin/ld: /opt/rustwide/target/debug/deps/libtarantool-c3e1ffd44b7c918e.rlib(tarantool-c3e1ffd44b7c918e.tarantool.479567bb-cgu.15.rcgu.o): in function `tarantool::fiber::Fiber<T>::cancel':
[INFO] [stdout]           /opt/rustwide/workdir/src/fiber.rs:171: undefined reference to `fiber_cancel'
[INFO] [stdout]           /usr/bin/ld: /opt/rustwide/target/debug/deps/libtarantool-c3e1ffd44b7c918e.rlib(tarantool-c3e1ffd44b7c918e.tarantool.479567bb-cgu.15.rcgu.o): in function `tarantool::fiber::set_cancellable':
[INFO] [stdout]           /opt/rustwide/workdir/src/fiber.rs:182: undefined reference to `fiber_set_cancellable'
[INFO] [stdout]           /usr/bin/ld: /opt/rustwide/target/debug/deps/libtarantool-c3e1ffd44b7c918e.rlib(tarantool-c3e1ffd44b7c918e.tarantool.479567bb-cgu.15.rcgu.o): in function `tarantool::fiber::is_cancelled':
[INFO] [stdout]           /opt/rustwide/workdir/src/fiber.rs:187: undefined reference to `fiber_is_cancelled'
[INFO] [stdout]           /usr/bin/ld: /opt/rustwide/target/debug/deps/libtarantool-c3e1ffd44b7c918e.rlib(tarantool-c3e1ffd44b7c918e.tarantool.479567bb-cgu.15.rcgu.o): in function `tarantool::fiber::time':
[INFO] [stdout]           /opt/rustwide/workdir/src/fiber.rs:204: undefined reference to `fiber_time'
[INFO] [stdout]           /usr/bin/ld: /opt/rustwide/target/debug/deps/libtarantool-c3e1ffd44b7c918e.rlib(tarantool-c3e1ffd44b7c918e.tarantool.479567bb-cgu.15.rcgu.o): in function `tarantool::fiber::reschedule':
[INFO] [stdout]           /opt/rustwide/workdir/src/fiber.rs:233: undefined reference to `fiber_reschedule'
[INFO] [stdout]           /usr/bin/ld: /opt/rustwide/target/debug/deps/libtarantool-c3e1ffd44b7c918e.rlib(tarantool-c3e1ffd44b7c918e.tarantool.479567bb-cgu.15.rcgu.o): in function `tarantool::fiber::Cond::new':
[INFO] [stdout]           /opt/rustwide/workdir/src/fiber.rs:317: undefined reference to `fiber_cond_new'
[INFO] [stdout]           /usr/bin/ld: /opt/rustwide/target/debug/deps/libtarantool-c3e1ffd44b7c918e.rlib(tarantool-c3e1ffd44b7c918e.tarantool.479567bb-cgu.15.rcgu.o): in function `tarantool::fiber::Cond::signal':
[INFO] [stdout]           /opt/rustwide/workdir/src/fiber.rs:324: undefined reference to `fiber_cond_signal'
[INFO] [stdout]           /usr/bin/ld: /opt/rustwide/target/debug/deps/libtarantool-c3e1ffd44b7c918e.rlib(tarantool-c3e1ffd44b7c918e.tarantool.479567bb-cgu.15.rcgu.o): in function `tarantool::fiber::Cond::broadcast':
[INFO] [stdout]           /opt/rustwide/workdir/src/fiber.rs:330: undefined reference to `fiber_cond_broadcast'
[INFO] [stdout]           /usr/bin/ld: /opt/rustwide/target/debug/deps/libtarantool-c3e1ffd44b7c918e.rlib(tarantool-c3e1ffd44b7c918e.tarantool.479567bb-cgu.15.rcgu.o): in function `tarantool::fiber::Cond::wait_timeout':
[INFO] [stdout]           /opt/rustwide/workdir/src/fiber.rs:346: undefined reference to `fiber_cond_wait_timeout'
[INFO] [stdout]           /usr/bin/ld: /opt/rustwide/target/debug/deps/libtarantool-c3e1ffd44b7c918e.rlib(tarantool-c3e1ffd44b7c918e.tarantool.479567bb-cgu.15.rcgu.o): in function `tarantool::fiber::Cond::wait':
[INFO] [stdout]           /opt/rustwide/workdir/src/fiber.rs:351: undefined reference to `fiber_cond_wait'
[INFO] [stdout]           /usr/bin/ld: /opt/rustwide/target/debug/deps/libtarantool-c3e1ffd44b7c918e.rlib(tarantool-c3e1ffd44b7c918e.tarantool.479567bb-cgu.15.rcgu.o): in function `<tarantool::fiber::Cond as core::ops::drop::Drop>::drop':
[INFO] [stdout]           /opt/rustwide/workdir/src/fiber.rs:357: undefined reference to `fiber_cond_delete'
[INFO] [stdout]           /usr/bin/ld: /opt/rustwide/target/debug/deps/libtarantool-c3e1ffd44b7c918e.rlib(tarantool-c3e1ffd44b7c918e.tarantool.479567bb-cgu.15.rcgu.o): in function `tarantool::fiber::Latch::new':
[INFO] [stdout]           /opt/rustwide/workdir/src/fiber.rs:370: undefined reference to `box_latch_new'
[INFO] [stdout]           /usr/bin/ld: /opt/rustwide/target/debug/deps/libtarantool-c3e1ffd44b7c918e.rlib(tarantool-c3e1ffd44b7c918e.tarantool.479567bb-cgu.15.rcgu.o): in function `tarantool::fiber::Latch::lock':
[INFO] [stdout]           /opt/rustwide/workdir/src/fiber.rs:376: undefined reference to `box_latch_lock'
[INFO] [stdout]           /usr/bin/ld: /opt/rustwide/target/debug/deps/libtarantool-c3e1ffd44b7c918e.rlib(tarantool-c3e1ffd44b7c918e.tarantool.479567bb-cgu.15.rcgu.o): in function `<tarantool::fiber::Latch as core::ops::drop::Drop>::drop':
[INFO] [stdout]           /opt/rustwide/workdir/src/fiber.rs:400: undefined reference to `box_latch_delete'
[INFO] [stdout]           /usr/bin/ld: /opt/rustwide/target/debug/deps/libtarantool-c3e1ffd44b7c918e.rlib(tarantool-c3e1ffd44b7c918e.tarantool.479567bb-cgu.15.rcgu.o): in function `<tarantool::fiber::LatchGuard as core::ops::drop::Drop>::drop':
[INFO] [stdout]           /opt/rustwide/workdir/src/fiber.rs:412: undefined reference to `box_latch_unlock'
[INFO] [stdout]           collect2: error: ld returned 1 exit status
[INFO] [stdout]           
[INFO] [stdout] 
[INFO] [stdout] error: aborting due to previous error
[INFO] [stdout] 
[INFO] [stdout] Couldn't compile the test.
[INFO] [stdout] 
[INFO] [stdout] failures:
[INFO] [stdout]     src/clock.rs - clock::monotonic (line 59)
[INFO] [stdout]     src/clock.rs - clock::process (line 84)
[INFO] [stdout]     src/clock.rs - clock::thread (line 110)
[INFO] [stdout]     src/clock.rs - clock::time (line 31)
[INFO] [stdout]     src/coio.rs - coio::coio_call (line 187)
[INFO] [stdout]     src/fiber.rs - fiber::Cond (line 286)
[INFO] [stdout]     src/fiber.rs - fiber::Cond (line 294)
[INFO] [stdout]     src/fiber.rs - fiber::Fiber (line 43)
[INFO] [stdout]     src/log.rs - log (line 4)
[INFO] [stdout]     src/net_box/options.rs - net_box::options::ConnOptions::user (line 39)
[INFO] [stdout]     src/space.rs - space::SystemSpace (line 28)
[INFO] [stdout]     src/tuple.rs - tuple::Tuple::iter (line 93)
[INFO] [stdout] 
[INFO] [stdout] test result: FAILED. 1 passed; 12 failed; 0 ignored; 0 measured; 0 filtered out; finished in 2.27s
[INFO] [stdout] 
[INFO] [stderr] error: test failed, to rerun pass '--doc'
[INFO] running `Command { std: "docker" "inspect" "276495168b946870776adf7b957d80ad0e789e264256f1c94852d30ac266b0c7", kill_on_drop: false }`
[INFO] running `Command { std: "docker" "rm" "-f" "276495168b946870776adf7b957d80ad0e789e264256f1c94852d30ac266b0c7", kill_on_drop: false }`
[INFO] [stdout] 276495168b946870776adf7b957d80ad0e789e264256f1c94852d30ac266b0c7
