[INFO] fetching crate tange-collection 0.1.2...
[INFO] testing tange-collection-0.1.2 against beta-2021-08-01 for beta-1.55-1
[INFO] extracting crate tange-collection 0.1.2 into /workspace/builds/worker-64/source
[INFO] validating manifest of crates.io crate tange-collection 0.1.2 on toolchain beta-2021-08-01
[INFO] running `Command { std: "/workspace/cargo-home/bin/cargo" "+beta-2021-08-01" "metadata" "--manifest-path" "Cargo.toml" "--no-deps", kill_on_drop: false }`
[INFO] started tweaking crates.io crate tange-collection 0.1.2
[INFO] finished tweaking crates.io crate tange-collection 0.1.2
[INFO] tweaked toml for crates.io crate tange-collection 0.1.2 written to /workspace/builds/worker-64/source/Cargo.toml
[INFO] running `Command { std: "/workspace/cargo-home/bin/cargo" "+beta-2021-08-01" "generate-lockfile" "--manifest-path" "Cargo.toml" "-Zno-index-update", kill_on_drop: false }`
[INFO] running `Command { std: "/workspace/cargo-home/bin/cargo" "+beta-2021-08-01" "fetch" "--manifest-path" "Cargo.toml", kill_on_drop: false }`
[INFO] [stderr]  Downloading crates ...
[INFO] [stderr]   Downloaded indexmap v0.4.1
[INFO] [stderr]   Downloaded priority-queue v0.5.4
[INFO] [stderr]   Downloaded jobpool v0.3.8
[INFO] [stderr]   Downloaded tange v0.1.1
[INFO] running `Command { std: "docker" "create" "-v" "/var/lib/crater-agent-workspace/builds/worker-64/target:/opt/rustwide/target:rw,Z" "-v" "/var/lib/crater-agent-workspace/builds/worker-64/source:/opt/rustwide/workdir:ro,Z" "-v" "/var/lib/crater-agent-workspace/cargo-home:/opt/rustwide/cargo-home:ro,Z" "-v" "/var/lib/crater-agent-workspace/rustup-home:/opt/rustwide/rustup-home:ro,Z" "-e" "SOURCE_DIR=/opt/rustwide/workdir" "-e" "CARGO_TARGET_DIR=/opt/rustwide/target" "-e" "CARGO_HOME=/opt/rustwide/cargo-home" "-e" "RUSTUP_HOME=/opt/rustwide/rustup-home" "-w" "/opt/rustwide/workdir" "-m" "1610612736" "--user" "0:0" "--network" "none" "ghcr.io/rust-lang/crates-build-env/linux@sha256:34b6a614d2c27851fe6cbf88fbd1137609cefab8b10d0615aaeb6fd47975d74e" "/opt/rustwide/cargo-home/bin/cargo" "+beta-2021-08-01" "metadata" "--no-deps" "--format-version=1", kill_on_drop: false }`
[INFO] [stdout] e7c0b74fe19c67a0f8e172e7a0dee6346a29966a83cf3bf07cf9f616cd860580
[INFO] running `Command { std: "docker" "start" "-a" "e7c0b74fe19c67a0f8e172e7a0dee6346a29966a83cf3bf07cf9f616cd860580", kill_on_drop: false }`
[INFO] running `Command { std: "docker" "inspect" "e7c0b74fe19c67a0f8e172e7a0dee6346a29966a83cf3bf07cf9f616cd860580", kill_on_drop: false }`
[INFO] running `Command { std: "docker" "rm" "-f" "e7c0b74fe19c67a0f8e172e7a0dee6346a29966a83cf3bf07cf9f616cd860580", kill_on_drop: false }`
[INFO] [stdout] e7c0b74fe19c67a0f8e172e7a0dee6346a29966a83cf3bf07cf9f616cd860580
[INFO] running `Command { std: "docker" "create" "-v" "/var/lib/crater-agent-workspace/builds/worker-64/target:/opt/rustwide/target:rw,Z" "-v" "/var/lib/crater-agent-workspace/builds/worker-64/source:/opt/rustwide/workdir:ro,Z" "-v" "/var/lib/crater-agent-workspace/cargo-home:/opt/rustwide/cargo-home:ro,Z" "-v" "/var/lib/crater-agent-workspace/rustup-home:/opt/rustwide/rustup-home:ro,Z" "-e" "SOURCE_DIR=/opt/rustwide/workdir" "-e" "CARGO_TARGET_DIR=/opt/rustwide/target" "-e" "CARGO_INCREMENTAL=0" "-e" "RUST_BACKTRACE=full" "-e" "RUSTFLAGS=--cap-lints=warn" "-e" "CARGO_HOME=/opt/rustwide/cargo-home" "-e" "RUSTUP_HOME=/opt/rustwide/rustup-home" "-w" "/opt/rustwide/workdir" "-m" "1610612736" "--user" "0:0" "--network" "none" "ghcr.io/rust-lang/crates-build-env/linux@sha256:34b6a614d2c27851fe6cbf88fbd1137609cefab8b10d0615aaeb6fd47975d74e" "/opt/rustwide/cargo-home/bin/cargo" "+beta-2021-08-01" "build" "--frozen" "--message-format=json", kill_on_drop: false }`
[INFO] [stdout] 5c8e47bb033645513dc4758ee8a541ffaf23e29ad7c0b5a8ccebb22d6e6a50d7
[INFO] running `Command { std: "docker" "start" "-a" "5c8e47bb033645513dc4758ee8a541ffaf23e29ad7c0b5a8ccebb22d6e6a50d7", kill_on_drop: false }`
[INFO] [stderr]    Compiling serde v1.0.127
[INFO] [stderr]    Compiling log v0.4.14
[INFO] [stderr]    Compiling indexmap v0.4.1
[INFO] [stderr]    Compiling jobpool v0.3.8
[INFO] [stderr]    Compiling snap v0.2.5
[INFO] [stderr]    Compiling rand v0.4.6
[INFO] [stderr]    Compiling priority-queue v0.5.4
[INFO] [stderr]    Compiling tange v0.1.1
[INFO] [stderr]    Compiling uuid v0.6.5
[INFO] [stderr]    Compiling bincode v1.3.3
[INFO] [stderr]    Compiling tange-collection v0.1.2 (/opt/rustwide/workdir)
[INFO] [stdout] warning: trait objects without an explicit `dyn` are deprecated
[INFO] [stdout]    --> src/collection/memory.rs:169:56
[INFO] [stdout]     |
[INFO] [stdout] 169 |         F: 'static + Sync + Send + Clone + Fn(&A, &mut FnMut(B) -> ())
[INFO] [stdout]     |                                                        ^^^^^^^^^^^^^^ help: use `dyn`: `dyn FnMut(B) -> ()`
[INFO] [stdout]     |
[INFO] [stdout]     = note: `#[warn(bare_trait_objects)]` on by default
[INFO] [stdout]     = warning: this is accepted in the current edition (Rust 2015) but is a hard error in Rust 2021!
[INFO] [stdout]     = note: for more information, see issue #80165 <https://github.com/rust-lang/rust/issues/80165>
[INFO] [stdout] 
[INFO] [stdout] 
[INFO] [stdout] warning: trait objects without an explicit `dyn` are deprecated
[INFO] [stdout]    --> src/collection/memory.rs:197:56
[INFO] [stdout]     |
[INFO] [stdout] 197 |         F: 'static + Sync + Send + Clone + Fn(&A, &mut FnMut(B) -> ())
[INFO] [stdout]     |                                                        ^^^^^^^^^^^^^^ help: use `dyn`: `dyn FnMut(B) -> ()`
[INFO] [stdout]     |
[INFO] [stdout]     = warning: this is accepted in the current edition (Rust 2015) but is a hard error in Rust 2021!
[INFO] [stdout]     = note: for more information, see issue #80165 <https://github.com/rust-lang/rust/issues/80165>
[INFO] [stdout] 
[INFO] [stdout] 
[INFO] [stdout] warning: trait objects without an explicit `dyn` are deprecated
[INFO] [stdout]    --> src/collection/disk.rs:199:56
[INFO] [stdout]     |
[INFO] [stdout] 199 |         F: 'static + Sync + Send + Clone + Fn(&A, &mut FnMut(B) -> ())
[INFO] [stdout]     |                                                        ^^^^^^^^^^^^^^ help: use `dyn`: `dyn FnMut(B) -> ()`
[INFO] [stdout]     |
[INFO] [stdout]     = warning: this is accepted in the current edition (Rust 2015) but is a hard error in Rust 2021!
[INFO] [stdout]     = note: for more information, see issue #80165 <https://github.com/rust-lang/rust/issues/80165>
[INFO] [stdout] 
[INFO] [stdout] 
[INFO] [stdout] warning: trait objects without an explicit `dyn` are deprecated
[INFO] [stdout]   --> src/collection/mod.rs:18:52
[INFO] [stdout]    |
[INFO] [stdout] 18 |     F: 'static + Sync + Send + Clone + Fn(&A, &mut FnMut(B) -> ()),
[INFO] [stdout]    |                                                    ^^^^^^^^^^^^^^ help: use `dyn`: `dyn FnMut(B) -> ()`
[INFO] [stdout]    |
[INFO] [stdout]    = warning: this is accepted in the current edition (Rust 2015) but is a hard error in Rust 2021!
[INFO] [stdout]    = note: for more information, see issue #80165 <https://github.com/rust-lang/rust/issues/80165>
[INFO] [stdout] 
[INFO] [stdout] 
[INFO] [stdout] warning: 4 warnings emitted
[INFO] [stdout] 
[INFO] [stdout] 
[INFO] [stderr]     Finished dev [unoptimized + debuginfo] target(s) in 9.33s
[INFO] running `Command { std: "docker" "inspect" "5c8e47bb033645513dc4758ee8a541ffaf23e29ad7c0b5a8ccebb22d6e6a50d7", kill_on_drop: false }`
[INFO] running `Command { std: "docker" "rm" "-f" "5c8e47bb033645513dc4758ee8a541ffaf23e29ad7c0b5a8ccebb22d6e6a50d7", kill_on_drop: false }`
[INFO] [stdout] 5c8e47bb033645513dc4758ee8a541ffaf23e29ad7c0b5a8ccebb22d6e6a50d7
[INFO] running `Command { std: "docker" "create" "-v" "/var/lib/crater-agent-workspace/builds/worker-64/target:/opt/rustwide/target:rw,Z" "-v" "/var/lib/crater-agent-workspace/builds/worker-64/source:/opt/rustwide/workdir:ro,Z" "-v" "/var/lib/crater-agent-workspace/cargo-home:/opt/rustwide/cargo-home:ro,Z" "-v" "/var/lib/crater-agent-workspace/rustup-home:/opt/rustwide/rustup-home:ro,Z" "-e" "SOURCE_DIR=/opt/rustwide/workdir" "-e" "CARGO_TARGET_DIR=/opt/rustwide/target" "-e" "CARGO_INCREMENTAL=0" "-e" "RUST_BACKTRACE=full" "-e" "RUSTFLAGS=--cap-lints=warn" "-e" "CARGO_HOME=/opt/rustwide/cargo-home" "-e" "RUSTUP_HOME=/opt/rustwide/rustup-home" "-w" "/opt/rustwide/workdir" "-m" "1610612736" "--user" "0:0" "--network" "none" "ghcr.io/rust-lang/crates-build-env/linux@sha256:34b6a614d2c27851fe6cbf88fbd1137609cefab8b10d0615aaeb6fd47975d74e" "/opt/rustwide/cargo-home/bin/cargo" "+beta-2021-08-01" "test" "--frozen" "--no-run" "--message-format=json", kill_on_drop: false }`
[INFO] [stdout] 70ba9fd659895db22edbb3e67eda6f8efc34a11c316634d4f94124a8628c578c
[INFO] running `Command { std: "docker" "start" "-a" "70ba9fd659895db22edbb3e67eda6f8efc34a11c316634d4f94124a8628c578c", kill_on_drop: false }`
[INFO] [stderr]     Blocking waiting for file lock on package cache
[INFO] [stdout] warning: trait objects without an explicit `dyn` are deprecated
[INFO] [stdout]    --> src/collection/memory.rs:169:56
[INFO] [stdout]     |
[INFO] [stdout] 169 |         F: 'static + Sync + Send + Clone + Fn(&A, &mut FnMut(B) -> ())
[INFO] [stdout]     |                                                        ^^^^^^^^^^^^^^ help: use `dyn`: `dyn FnMut(B) -> ()`
[INFO] [stdout]     |
[INFO] [stdout]     = note: `#[warn(bare_trait_objects)]` on by default
[INFO] [stdout]     = warning: this is accepted in the current edition (Rust 2015) but is a hard error in Rust 2021!
[INFO] [stdout]     = note: for more information, see issue #80165 <https://github.com/rust-lang/rust/issues/80165>
[INFO] [stdout] 
[INFO] [stdout] 
[INFO] [stdout] warning: trait objects without an explicit `dyn` are deprecated
[INFO] [stdout]    --> src/collection/memory.rs:197:56
[INFO] [stdout]     |
[INFO] [stdout] 197 |         F: 'static + Sync + Send + Clone + Fn(&A, &mut FnMut(B) -> ())
[INFO] [stdout]     |                                                        ^^^^^^^^^^^^^^ help: use `dyn`: `dyn FnMut(B) -> ()`
[INFO] [stdout]     |
[INFO] [stdout]     = warning: this is accepted in the current edition (Rust 2015) but is a hard error in Rust 2021!
[INFO] [stdout]     = note: for more information, see issue #80165 <https://github.com/rust-lang/rust/issues/80165>
[INFO] [stdout] 
[INFO] [stdout] 
[INFO] [stdout] warning: trait objects without an explicit `dyn` are deprecated
[INFO] [stdout]    --> src/collection/disk.rs:199:56
[INFO] [stdout]     |
[INFO] [stdout] 199 |         F: 'static + Sync + Send + Clone + Fn(&A, &mut FnMut(B) -> ())
[INFO] [stdout]     |                                                        ^^^^^^^^^^^^^^ help: use `dyn`: `dyn FnMut(B) -> ()`
[INFO] [stdout]     |
[INFO] [stdout]     = warning: this is accepted in the current edition (Rust 2015) but is a hard error in Rust 2021!
[INFO] [stdout]     = note: for more information, see issue #80165 <https://github.com/rust-lang/rust/issues/80165>
[INFO] [stdout] 
[INFO] [stdout] 
[INFO] [stdout] warning: trait objects without an explicit `dyn` are deprecated
[INFO] [stdout]   --> src/collection/mod.rs:18:52
[INFO] [stdout]    |
[INFO] [stdout] 18 |     F: 'static + Sync + Send + Clone + Fn(&A, &mut FnMut(B) -> ()),
[INFO] [stdout]    |                                                    ^^^^^^^^^^^^^^ help: use `dyn`: `dyn FnMut(B) -> ()`
[INFO] [stdout]    |
[INFO] [stdout]    = warning: this is accepted in the current edition (Rust 2015) but is a hard error in Rust 2021!
[INFO] [stdout]    = note: for more information, see issue #80165 <https://github.com/rust-lang/rust/issues/80165>
[INFO] [stdout] 
[INFO] [stdout] 
[INFO] [stdout] warning: 4 warnings emitted
[INFO] [stdout] 
[INFO] [stdout] 
[INFO] [stderr]    Compiling tange-collection v0.1.2 (/opt/rustwide/workdir)
[INFO] [stdout] warning: trait objects without an explicit `dyn` are deprecated
[INFO] [stdout]    --> src/collection/memory.rs:169:56
[INFO] [stdout]     |
[INFO] [stdout] 169 |         F: 'static + Sync + Send + Clone + Fn(&A, &mut FnMut(B) -> ())
[INFO] [stdout]     |                                                        ^^^^^^^^^^^^^^ help: use `dyn`: `dyn FnMut(B) -> ()`
[INFO] [stdout]     |
[INFO] [stdout]     = note: `#[warn(bare_trait_objects)]` on by default
[INFO] [stdout]     = warning: this is accepted in the current edition (Rust 2015) but is a hard error in Rust 2021!
[INFO] [stdout]     = note: for more information, see issue #80165 <https://github.com/rust-lang/rust/issues/80165>
[INFO] [stdout] 
[INFO] [stdout] 
[INFO] [stdout] warning: trait objects without an explicit `dyn` are deprecated
[INFO] [stdout]    --> src/collection/memory.rs:197:56
[INFO] [stdout]     |
[INFO] [stdout] 197 |         F: 'static + Sync + Send + Clone + Fn(&A, &mut FnMut(B) -> ())
[INFO] [stdout]     |                                                        ^^^^^^^^^^^^^^ help: use `dyn`: `dyn FnMut(B) -> ()`
[INFO] [stdout]     |
[INFO] [stdout]     = warning: this is accepted in the current edition (Rust 2015) but is a hard error in Rust 2021!
[INFO] [stdout]     = note: for more information, see issue #80165 <https://github.com/rust-lang/rust/issues/80165>
[INFO] [stdout] 
[INFO] [stdout] 
[INFO] [stdout] warning: trait objects without an explicit `dyn` are deprecated
[INFO] [stdout]    --> src/collection/disk.rs:199:56
[INFO] [stdout]     |
[INFO] [stdout] 199 |         F: 'static + Sync + Send + Clone + Fn(&A, &mut FnMut(B) -> ())
[INFO] [stdout]     |                                                        ^^^^^^^^^^^^^^ help: use `dyn`: `dyn FnMut(B) -> ()`
[INFO] [stdout]     |
[INFO] [stdout]     = warning: this is accepted in the current edition (Rust 2015) but is a hard error in Rust 2021!
[INFO] [stdout]     = note: for more information, see issue #80165 <https://github.com/rust-lang/rust/issues/80165>
[INFO] [stdout] 
[INFO] [stdout] 
[INFO] [stdout] warning: trait objects without an explicit `dyn` are deprecated
[INFO] [stdout]   --> src/collection/mod.rs:18:52
[INFO] [stdout]    |
[INFO] [stdout] 18 |     F: 'static + Sync + Send + Clone + Fn(&A, &mut FnMut(B) -> ()),
[INFO] [stdout]    |                                                    ^^^^^^^^^^^^^^ help: use `dyn`: `dyn FnMut(B) -> ()`
[INFO] [stdout]    |
[INFO] [stdout]    = warning: this is accepted in the current edition (Rust 2015) but is a hard error in Rust 2021!
[INFO] [stdout]    = note: for more information, see issue #80165 <https://github.com/rust-lang/rust/issues/80165>
[INFO] [stdout] 
[INFO] [stdout] 
[INFO] [stdout] warning: 4 warnings emitted
[INFO] [stdout] 
[INFO] [stdout] 
[INFO] [stderr]     Finished test [unoptimized + debuginfo] target(s) in 7.23s
[INFO] running `Command { std: "docker" "inspect" "70ba9fd659895db22edbb3e67eda6f8efc34a11c316634d4f94124a8628c578c", kill_on_drop: false }`
[INFO] running `Command { std: "docker" "rm" "-f" "70ba9fd659895db22edbb3e67eda6f8efc34a11c316634d4f94124a8628c578c", kill_on_drop: false }`
[INFO] [stdout] 70ba9fd659895db22edbb3e67eda6f8efc34a11c316634d4f94124a8628c578c
[INFO] running `Command { std: "docker" "create" "-v" "/var/lib/crater-agent-workspace/builds/worker-64/target:/opt/rustwide/target:rw,Z" "-v" "/var/lib/crater-agent-workspace/builds/worker-64/source:/opt/rustwide/workdir:ro,Z" "-v" "/var/lib/crater-agent-workspace/cargo-home:/opt/rustwide/cargo-home:ro,Z" "-v" "/var/lib/crater-agent-workspace/rustup-home:/opt/rustwide/rustup-home:ro,Z" "-e" "SOURCE_DIR=/opt/rustwide/workdir" "-e" "CARGO_TARGET_DIR=/opt/rustwide/target" "-e" "CARGO_INCREMENTAL=0" "-e" "RUST_BACKTRACE=full" "-e" "RUSTFLAGS=--cap-lints=warn" "-e" "CARGO_HOME=/opt/rustwide/cargo-home" "-e" "RUSTUP_HOME=/opt/rustwide/rustup-home" "-w" "/opt/rustwide/workdir" "-m" "1610612736" "--user" "0:0" "--network" "none" "ghcr.io/rust-lang/crates-build-env/linux@sha256:34b6a614d2c27851fe6cbf88fbd1137609cefab8b10d0615aaeb6fd47975d74e" "/opt/rustwide/cargo-home/bin/cargo" "+beta-2021-08-01" "test" "--frozen", kill_on_drop: false }`
[INFO] [stdout] 24a6855660397dc61220cf6808652f72ec153be26cab7f258ec47c0df4474c87
[INFO] running `Command { std: "docker" "start" "-a" "24a6855660397dc61220cf6808652f72ec153be26cab7f258ec47c0df4474c87", kill_on_drop: false }`
[INFO] [stderr] warning: trait objects without an explicit `dyn` are deprecated
[INFO] [stderr]    --> src/collection/memory.rs:169:56
[INFO] [stderr]     |
[INFO] [stderr] 169 |         F: 'static + Sync + Send + Clone + Fn(&A, &mut FnMut(B) -> ())
[INFO] [stderr]     |                                                        ^^^^^^^^^^^^^^ help: use `dyn`: `dyn FnMut(B) -> ()`
[INFO] [stderr]     |
[INFO] [stderr]     = note: `#[warn(bare_trait_objects)]` on by default
[INFO] [stderr]     = warning: this is accepted in the current edition (Rust 2015) but is a hard error in Rust 2021!
[INFO] [stderr]     = note: for more information, see issue #80165 <https://github.com/rust-lang/rust/issues/80165>
[INFO] [stderr] 
[INFO] [stderr] warning: trait objects without an explicit `dyn` are deprecated
[INFO] [stderr]    --> src/collection/memory.rs:197:56
[INFO] [stderr]     |
[INFO] [stderr] 197 |         F: 'static + Sync + Send + Clone + Fn(&A, &mut FnMut(B) -> ())
[INFO] [stderr]     |                                                        ^^^^^^^^^^^^^^ help: use `dyn`: `dyn FnMut(B) -> ()`
[INFO] [stderr]     |
[INFO] [stderr]     = warning: this is accepted in the current edition (Rust 2015) but is a hard error in Rust 2021!
[INFO] [stderr]     = note: for more information, see issue #80165 <https://github.com/rust-lang/rust/issues/80165>
[INFO] [stderr] 
[INFO] [stderr] warning: trait objects without an explicit `dyn` are deprecated
[INFO] [stderr]    --> src/collection/disk.rs:199:56
[INFO] [stderr]     |
[INFO] [stderr] 199 |         F: 'static + Sync + Send + Clone + Fn(&A, &mut FnMut(B) -> ())
[INFO] [stderr]     |                                                        ^^^^^^^^^^^^^^ help: use `dyn`: `dyn FnMut(B) -> ()`
[INFO] [stderr]     |
[INFO] [stderr]     = warning: this is accepted in the current edition (Rust 2015) but is a hard error in Rust 2021!
[INFO] [stderr]     = note: for more information, see issue #80165 <https://github.com/rust-lang/rust/issues/80165>
[INFO] [stderr] 
[INFO] [stderr] warning: trait objects without an explicit `dyn` are deprecated
[INFO] [stderr]   --> src/collection/mod.rs:18:52
[INFO] [stderr]    |
[INFO] [stderr] 18 |     F: 'static + Sync + Send + Clone + Fn(&A, &mut FnMut(B) -> ()),
[INFO] [stderr]    |                                                    ^^^^^^^^^^^^^^ help: use `dyn`: `dyn FnMut(B) -> ()`
[INFO] [stderr]    |
[INFO] [stderr]    = warning: this is accepted in the current edition (Rust 2015) but is a hard error in Rust 2021!
[INFO] [stderr]    = note: for more information, see issue #80165 <https://github.com/rust-lang/rust/issues/80165>
[INFO] [stderr] 
[INFO] [stderr] warning: `tange-collection` (lib) generated 4 warnings
[INFO] [stderr] warning: `tange-collection` (lib test) generated 4 warnings (4 duplicates)
[INFO] [stderr]     Finished test [unoptimized + debuginfo] target(s) in 0.07s
[INFO] [stderr]      Running unittests (/opt/rustwide/target/debug/deps/tange_collection-00f0bd4ca5574826)
[INFO] [stdout] 
[INFO] [stdout] running 16 tests
[INFO] [stdout] test collection::memory::test_lib::test_sort ... ok
[INFO] [stdout] test collection::disk::test_lib::test_emit ... ok
[INFO] [stdout] test collection::memory::test_lib::test_fold_by ... ok
[INFO] [stdout] test collection::memory::test_lib::test_emit ... ok
[INFO] [stdout] test collection::disk::test_lib::test_partition ... ok
[INFO] [stdout] test collection::disk::test_lib::test_fold_by ... ok
[INFO] [stdout] test collection::disk::test_lib::test_sort ... ok
[INFO] [stdout] test collection::memory::test_lib::test_partition_by_key ... ok
[INFO] [stdout] test collection::disk::test_lib::test_partition_by_key ... ok
[INFO] [stdout] test collection::memory::test_lib::test_fold_by_parts ... ok
[INFO] [stdout] test collection::memory::test_lib::test_partition ... ok
[INFO] [stdout] test collection::disk::test_lib::test_fold_by_parts ... ok
[INFO] [stdout] test collection::disk::test_lib::test_count ... ok
[INFO] [stdout] test collection::memory::test_lib::test_count ... ok
[INFO] [stdout] test collection::memory::test_lib::test_join ... ok
[INFO] [stdout] test collection::disk::test_lib::test_join ... ok
[INFO] [stdout] 
[INFO] [stdout] test result: ok. 16 passed; 0 failed; 0 ignored; 0 measured; 0 filtered out; finished in 2.58s
[INFO] [stdout] 
[INFO] [stderr]    Doc-tests tange_collection
[INFO] [stdout] 
[INFO] [stdout] running 31 tests
[INFO] [stdout] test src/lib.rs - (line 15) ... ignored
[INFO] [stdout] test src/lib.rs - (line 44) ... ignored
[INFO] [stdout] test src/collection/disk.rs - collection::disk::DiskCollection<A>::frequencies (line 445) ... FAILED
[INFO] [stdout] test src/collection/disk.rs - collection::disk::DiskCollection<A>::join_on (line 331) ... FAILED
[INFO] [stdout] test src/collection/memory.rs - collection::memory::MemoryCollection<A>::emit (line 152) ... FAILED
[INFO] [stdout] test src/collection/disk.rs - collection::disk::DiskCollection<A>::fold_by (line 241) ... FAILED
[INFO] [stdout] test src/collection/memory.rs - collection::memory::MemoryCollection<A>::join_on (line 320) ... FAILED
[INFO] [stdout] test src/collection/disk.rs - collection::disk::DiskCollection<A>::count (line 418) ... FAILED
[INFO] [stdout] test src/collection/memory.rs - collection::memory::MemoryCollection<A>::frequencies (line 430) ... FAILED
[INFO] [stdout] test src/collection/memory.rs - collection::memory::MemoryCollection<A>::fold_by (line 237) ... FAILED
[INFO] [stdout] test src/collection/disk.rs - collection::disk::DiskCollection<A>::partition_by_key (line 276) ... FAILED
[INFO] [stdout] test src/collection/disk.rs - collection::disk::DiskCollection<A>::partition (line 210) ... FAILED
[INFO] [stdout] test src/collection/disk.rs - collection::disk::DiskCollection<Vec<A>>::flatten (line 397) ... FAILED
[INFO] [stdout] test src/collection/disk.rs - collection::disk::DiskCollection<A>::sort_by (line 300) ... FAILED
[INFO] [stdout] test src/collection/disk.rs - collection::disk::DiskCollection<A>::map (line 119) ... FAILED
[INFO] [stdout] test src/collection/disk.rs - collection::disk::DiskCollection<A>::emit (line 183) ... FAILED
[INFO] [stdout] test src/collection/memory.rs - collection::memory::MemoryCollection<A>::partition_by_key (line 271) ... FAILED
[INFO] [stdout] test src/collection/disk.rs - collection::disk::DiskCollection<A>::split (line 163) ... FAILED
[INFO] [stdout] test src/collection/memory.rs - collection::memory::MemoryCollection<A>::count (line 408) ... FAILED
[INFO] [stdout] test src/collection/memory.rs - collection::memory::MemoryCollection<A>::partition (line 207) ... FAILED
[INFO] [stdout] test src/collection/memory.rs - collection::memory::MemoryCollection<A>::emit_to_disk (line 180) ... FAILED
[INFO] [stdout] test src/collection/memory.rs - collection::memory::MemoryCollection<A>::split (line 135) ... FAILED
[INFO] [stdout] test src/collection/disk.rs - collection::disk::DiskCollection<A>::from_vec (line 43) ... FAILED
[INFO] [stdout] test src/collection/disk.rs - collection::disk::DiskCollection<A>::concat (line 96) ... FAILED
[INFO] [stdout] test src/collection/disk.rs - collection::disk::DiskCollection<A>::filter (line 140) ... FAILED
[INFO] [stdout] test src/collection/memory.rs - collection::memory::MemoryCollection<A>::filter (line 112) ... ok
[INFO] [stdout] test src/collection/memory.rs - collection::memory::MemoryCollection<Vec<A>>::flatten (line 385) ... ok
[INFO] [stdout] test src/collection/memory.rs - collection::memory::MemoryCollection<A>::sort_by (line 294) ... ok
[INFO] [stdout] test src/collection/memory.rs - collection::memory::MemoryCollection<A>::from_vec (line 47) ... ok
[INFO] [stdout] test src/collection/memory.rs - collection::memory::MemoryCollection<A>::map (line 91) ... ok
[INFO] [stdout] test src/collection/memory.rs - collection::memory::MemoryCollection<A>::concat (line 68) ... ok
[INFO] [stdout] 
[INFO] [stdout] failures:
[INFO] [stdout] 
[INFO] [stdout] ---- src/collection/disk.rs - collection::disk::DiskCollection<A>::frequencies (line 445) stdout ----
[INFO] [stdout] Couldn't compile the test.
[INFO] [stdout] ---- src/collection/disk.rs - collection::disk::DiskCollection<A>::join_on (line 331) stdout ----
[INFO] [stdout] Couldn't compile the test.
[INFO] [stdout] ---- src/collection/memory.rs - collection::memory::MemoryCollection<A>::emit (line 152) stdout ----
[INFO] [stdout] Couldn't compile the test.
[INFO] [stdout] ---- src/collection/disk.rs - collection::disk::DiskCollection<A>::fold_by (line 241) stdout ----
[INFO] [stdout] Couldn't compile the test.
[INFO] [stdout] ---- src/collection/memory.rs - collection::memory::MemoryCollection<A>::join_on (line 320) stdout ----
[INFO] [stdout] Couldn't compile the test.
[INFO] [stdout] ---- src/collection/disk.rs - collection::disk::DiskCollection<A>::count (line 418) stdout ----
[INFO] [stdout] Couldn't compile the test.
[INFO] [stdout] ---- src/collection/memory.rs - collection::memory::MemoryCollection<A>::frequencies (line 430) stdout ----
[INFO] [stdout] Couldn't compile the test.
[INFO] [stdout] ---- src/collection/memory.rs - collection::memory::MemoryCollection<A>::fold_by (line 237) stdout ----
[INFO] [stdout] Couldn't compile the test.
[INFO] [stdout] ---- src/collection/disk.rs - collection::disk::DiskCollection<A>::partition_by_key (line 276) stdout ----
[INFO] [stdout] Couldn't compile the test.
[INFO] [stdout] ---- src/collection/disk.rs - collection::disk::DiskCollection<A>::partition (line 210) stdout ----
[INFO] [stdout] Couldn't compile the test.
[INFO] [stdout] ---- src/collection/disk.rs - collection::disk::DiskCollection<Vec<A>>::flatten (line 397) stdout ----
[INFO] [stdout] Couldn't compile the test.
[INFO] [stdout] ---- src/collection/disk.rs - collection::disk::DiskCollection<A>::sort_by (line 300) stdout ----
[INFO] [stdout] Couldn't compile the test.
[INFO] [stdout] ---- src/collection/disk.rs - collection::disk::DiskCollection<A>::map (line 119) stdout ----
[INFO] [stdout] Couldn't compile the test.
[INFO] [stdout] ---- src/collection/disk.rs - collection::disk::DiskCollection<A>::emit (line 183) stdout ----
[INFO] [stdout] Couldn't compile the test.
[INFO] [stdout] ---- src/collection/memory.rs - collection::memory::MemoryCollection<A>::partition_by_key (line 271) stdout ----
[INFO] [stdout] Couldn't compile the test.
[INFO] [stdout] ---- src/collection/disk.rs - collection::disk::DiskCollection<A>::split (line 163) stdout ----
[INFO] [stdout] Couldn't compile the test.
[INFO] [stdout] ---- src/collection/memory.rs - collection::memory::MemoryCollection<A>::count (line 408) stdout ----
[INFO] [stdout] Couldn't compile the test.
[INFO] [stdout] ---- src/collection/memory.rs - collection::memory::MemoryCollection<A>::partition (line 207) stdout ----
[INFO] [stdout] Couldn't compile the test.
[INFO] [stdout] ---- src/collection/memory.rs - collection::memory::MemoryCollection<A>::emit_to_disk (line 180) stdout ----
[INFO] [stdout] Couldn't compile the test.
[INFO] [stdout] ---- src/collection/memory.rs - collection::memory::MemoryCollection<A>::split (line 135) stdout ----
[INFO] [stdout] Couldn't compile the test.
[INFO] [stdout] ---- src/collection/disk.rs - collection::disk::DiskCollection<A>::from_vec (line 43) stdout ----
[INFO] [stdout] Couldn't compile the test.
[INFO] [stdout] ---- src/collection/disk.rs - collection::disk::DiskCollection<A>::concat (line 96) stdout ----
[INFO] [stdout] Couldn't compile the test.
[INFO] [stdout] ---- src/collection/disk.rs - collection::disk::DiskCollection<A>::filter (line 140) stdout ----
[INFO] [stdout] Couldn't compile the test.
[INFO] [stdout] 
[INFO] [stdout] failures:
[INFO] [stdout]     src/collection/disk.rs - collection::disk::DiskCollection<A>::concat (line 96)
[INFO] [stdout]     src/collection/disk.rs - collection::disk::DiskCollection<A>::count (line 418)
[INFO] [stdout]     src/collection/disk.rs - collection::disk::DiskCollection<A>::emit (line 183)
[INFO] [stdout]     src/collection/disk.rs - collection::disk::DiskCollection<A>::filter (line 140)
[INFO] [stdout]     src/collection/disk.rs - collection::disk::DiskCollection<A>::fold_by (line 241)
[INFO] [stdout]     src/collection/disk.rs - collection::disk::DiskCollection<A>::frequencies (line 445)
[INFO] [stdout]     src/collection/disk.rs - collection::disk::DiskCollection<A>::from_vec (line 43)
[INFO] [stdout]     src/collection/disk.rs - collection::disk::DiskCollection<A>::join_on (line 331)
[INFO] [stdout]     src/collection/disk.rs - collection::disk::DiskCollection<A>::map (line 119)
[INFO] [stdout]     src/collection/disk.rs - collection::disk::DiskCollection<A>::partition (line 210)
[INFO] [stdout]     src/collection/disk.rs - collection::disk::DiskCollection<A>::partition_by_key (line 276)
[INFO] [stdout]     src/collection/disk.rs - collection::disk::DiskCollection<A>::sort_by (line 300)
[INFO] [stdout]     src/collection/disk.rs - collection::disk::DiskCollection<A>::split (line 163)
[INFO] [stdout]     src/collection/disk.rs - collection::disk::DiskCollection<Vec<A>>::flatten (line 397)
[INFO] [stdout]     src/collection/memory.rs - collection::memory::MemoryCollection<A>::count (line 408)
[INFO] [stdout]     src/collection/memory.rs - collection::memory::MemoryCollection<A>::emit (line 152)
[INFO] [stdout]     src/collection/memory.rs - collection::memory::MemoryCollection<A>::emit_to_disk (line 180)
[INFO] [stdout]     src/collection/memory.rs - collection::memory::MemoryCollection<A>::fold_by (line 237)
[INFO] [stdout]     src/collection/memory.rs - collection::memory::MemoryCollection<A>::frequencies (line 430)
[INFO] [stdout]     src/collection/memory.rs - collection::memory::MemoryCollection<A>::join_on (line 320)
[INFO] [stdout]     src/collection/memory.rs - collection::memory::MemoryCollection<A>::partition (line 207)
[INFO] [stdout]     src/collection/memory.rs - collection::memory::MemoryCollection<A>::partition_by_key (line 271)
[INFO] [stdout]     src/collection/memory.rs - collection::memory::MemoryCollection<A>::split (line 135)
[INFO] [stdout] 
[INFO] [stdout] test result: FAILED. 6 passed; 23 failed; 2 ignored; 0 measured; 0 filtered out; finished in 8.22s
[INFO] [stdout] 
[INFO] [stderr] error: test failed, to rerun pass '--doc'
[INFO] running `Command { std: "docker" "inspect" "24a6855660397dc61220cf6808652f72ec153be26cab7f258ec47c0df4474c87", kill_on_drop: false }`
[INFO] running `Command { std: "docker" "rm" "-f" "24a6855660397dc61220cf6808652f72ec153be26cab7f258ec47c0df4474c87", kill_on_drop: false }`
[INFO] [stdout] 24a6855660397dc61220cf6808652f72ec153be26cab7f258ec47c0df4474c87
