[INFO] fetching crate talktosc 0.1.1...
[INFO] testing talktosc-0.1.1 against 1.54.0 for beta-1.55-1
[INFO] extracting crate talktosc 0.1.1 into /workspace/builds/worker-75/source
[INFO] validating manifest of crates.io crate talktosc 0.1.1 on toolchain 1.54.0
[INFO] running `Command { std: "/workspace/cargo-home/bin/cargo" "+1.54.0" "metadata" "--manifest-path" "Cargo.toml" "--no-deps", kill_on_drop: false }`
[INFO] started tweaking crates.io crate talktosc 0.1.1
[INFO] finished tweaking crates.io crate talktosc 0.1.1
[INFO] tweaked toml for crates.io crate talktosc 0.1.1 written to /workspace/builds/worker-75/source/Cargo.toml
[INFO] crate crates.io crate talktosc 0.1.1 already has a lockfile, it will not be regenerated
[INFO] running `Command { std: "/workspace/cargo-home/bin/cargo" "+1.54.0" "fetch" "--manifest-path" "Cargo.toml", kill_on_drop: false }`
[INFO] [stderr]     Blocking waiting for file lock on package cache
[INFO] running `Command { std: "docker" "create" "-v" "/var/lib/crater-agent-workspace/builds/worker-75/target:/opt/rustwide/target:rw,Z" "-v" "/var/lib/crater-agent-workspace/builds/worker-75/source:/opt/rustwide/workdir:ro,Z" "-v" "/var/lib/crater-agent-workspace/cargo-home:/opt/rustwide/cargo-home:ro,Z" "-v" "/var/lib/crater-agent-workspace/rustup-home:/opt/rustwide/rustup-home:ro,Z" "-e" "SOURCE_DIR=/opt/rustwide/workdir" "-e" "CARGO_TARGET_DIR=/opt/rustwide/target" "-e" "CARGO_HOME=/opt/rustwide/cargo-home" "-e" "RUSTUP_HOME=/opt/rustwide/rustup-home" "-w" "/opt/rustwide/workdir" "-m" "1610612736" "--user" "0:0" "--network" "none" "ghcr.io/rust-lang/crates-build-env/linux@sha256:34b6a614d2c27851fe6cbf88fbd1137609cefab8b10d0615aaeb6fd47975d74e" "/opt/rustwide/cargo-home/bin/cargo" "+1.54.0" "metadata" "--no-deps" "--format-version=1", kill_on_drop: false }`
[INFO] [stdout] 4611b6c231b2e8062edbf4eaa77bb88b931485a373e9658e53e3bd8786b7a85c
[INFO] running `Command { std: "docker" "start" "-a" "4611b6c231b2e8062edbf4eaa77bb88b931485a373e9658e53e3bd8786b7a85c", kill_on_drop: false }`
[INFO] running `Command { std: "docker" "inspect" "4611b6c231b2e8062edbf4eaa77bb88b931485a373e9658e53e3bd8786b7a85c", kill_on_drop: false }`
[INFO] running `Command { std: "docker" "rm" "-f" "4611b6c231b2e8062edbf4eaa77bb88b931485a373e9658e53e3bd8786b7a85c", kill_on_drop: false }`
[INFO] [stdout] 4611b6c231b2e8062edbf4eaa77bb88b931485a373e9658e53e3bd8786b7a85c
[INFO] running `Command { std: "docker" "create" "-v" "/var/lib/crater-agent-workspace/builds/worker-75/target:/opt/rustwide/target:rw,Z" "-v" "/var/lib/crater-agent-workspace/builds/worker-75/source:/opt/rustwide/workdir:ro,Z" "-v" "/var/lib/crater-agent-workspace/cargo-home:/opt/rustwide/cargo-home:ro,Z" "-v" "/var/lib/crater-agent-workspace/rustup-home:/opt/rustwide/rustup-home:ro,Z" "-e" "SOURCE_DIR=/opt/rustwide/workdir" "-e" "CARGO_TARGET_DIR=/opt/rustwide/target" "-e" "CARGO_INCREMENTAL=0" "-e" "RUST_BACKTRACE=full" "-e" "RUSTFLAGS=--cap-lints=warn" "-e" "CARGO_HOME=/opt/rustwide/cargo-home" "-e" "RUSTUP_HOME=/opt/rustwide/rustup-home" "-w" "/opt/rustwide/workdir" "-m" "1610612736" "--user" "0:0" "--network" "none" "ghcr.io/rust-lang/crates-build-env/linux@sha256:34b6a614d2c27851fe6cbf88fbd1137609cefab8b10d0615aaeb6fd47975d74e" "/opt/rustwide/cargo-home/bin/cargo" "+1.54.0" "build" "--frozen" "--message-format=json", kill_on_drop: false }`
[INFO] [stdout] 69db1c91d06643c1472405f86e155424c803a54690d403c6eb33e9c07eff4b19
[INFO] running `Command { std: "docker" "start" "-a" "69db1c91d06643c1472405f86e155424c803a54690d403c6eb33e9c07eff4b19", kill_on_drop: false }`
[INFO] [stderr]    Compiling proc-macro2 v1.0.24
[INFO] [stderr]    Compiling syn v1.0.50
[INFO] [stderr]    Compiling pkg-config v0.3.19
[INFO] [stderr]    Compiling libc v0.2.80
[INFO] [stderr]    Compiling pcsc-sys v1.2.0
[INFO] [stderr]    Compiling pcsc v2.4.0
[INFO] [stderr]    Compiling quote v1.0.7
[INFO] [stderr]    Compiling rpassword v5.0.0
[INFO] [stderr]    Compiling thiserror-impl v1.0.22
[INFO] [stderr]    Compiling thiserror v1.0.22
[INFO] [stderr]    Compiling talktosc v0.1.1 (/opt/rustwide/workdir)
[INFO] [stdout] warning: unused import: `rpassword`
[INFO] [stdout]  --> src/main.rs:1:5
[INFO] [stdout]   |
[INFO] [stdout] 1 | use rpassword;
[INFO] [stdout]   |     ^^^^^^^^^
[INFO] [stdout]   |
[INFO] [stdout]   = note: `#[warn(unused_imports)]` on by default
[INFO] [stdout] 
[INFO] [stdout] 
[INFO] [stdout] warning: unused import: `print`
[INFO] [stdout]  --> src/main.rs:5:21
[INFO] [stdout]   |
[INFO] [stdout] 5 | use std::{fs::File, print};
[INFO] [stdout]   |                     ^^^^^
[INFO] [stdout] 
[INFO] [stdout] 
[INFO] [stdout] warning: function is never used: `get_my_tlv`
[INFO] [stdout]  --> src/main.rs:7:4
[INFO] [stdout]   |
[INFO] [stdout] 7 | fn get_my_tlv(filename: &str) -> tlvs::TLV {
[INFO] [stdout]   |    ^^^^^^^^^^
[INFO] [stdout]   |
[INFO] [stdout]   = note: `#[warn(dead_code)]` on by default
[INFO] [stdout] 
[INFO] [stdout] 
[INFO] [stdout] warning: 3 warnings emitted
[INFO] [stdout] 
[INFO] [stdout] 
[INFO] [stderr]     Finished dev [unoptimized + debuginfo] target(s) in 10.30s
[INFO] running `Command { std: "docker" "inspect" "69db1c91d06643c1472405f86e155424c803a54690d403c6eb33e9c07eff4b19", kill_on_drop: false }`
[INFO] running `Command { std: "docker" "rm" "-f" "69db1c91d06643c1472405f86e155424c803a54690d403c6eb33e9c07eff4b19", kill_on_drop: false }`
[INFO] [stdout] 69db1c91d06643c1472405f86e155424c803a54690d403c6eb33e9c07eff4b19
[INFO] running `Command { std: "docker" "create" "-v" "/var/lib/crater-agent-workspace/builds/worker-75/target:/opt/rustwide/target:rw,Z" "-v" "/var/lib/crater-agent-workspace/builds/worker-75/source:/opt/rustwide/workdir:ro,Z" "-v" "/var/lib/crater-agent-workspace/cargo-home:/opt/rustwide/cargo-home:ro,Z" "-v" "/var/lib/crater-agent-workspace/rustup-home:/opt/rustwide/rustup-home:ro,Z" "-e" "SOURCE_DIR=/opt/rustwide/workdir" "-e" "CARGO_TARGET_DIR=/opt/rustwide/target" "-e" "CARGO_INCREMENTAL=0" "-e" "RUST_BACKTRACE=full" "-e" "RUSTFLAGS=--cap-lints=warn" "-e" "CARGO_HOME=/opt/rustwide/cargo-home" "-e" "RUSTUP_HOME=/opt/rustwide/rustup-home" "-w" "/opt/rustwide/workdir" "-m" "1610612736" "--user" "0:0" "--network" "none" "ghcr.io/rust-lang/crates-build-env/linux@sha256:34b6a614d2c27851fe6cbf88fbd1137609cefab8b10d0615aaeb6fd47975d74e" "/opt/rustwide/cargo-home/bin/cargo" "+1.54.0" "test" "--frozen" "--no-run" "--message-format=json", kill_on_drop: false }`
[INFO] [stdout] f6b52c7bfc4023c8e04873876da2d080d3dc304440c6016ae29453ff8307bdaa
[INFO] running `Command { std: "docker" "start" "-a" "f6b52c7bfc4023c8e04873876da2d080d3dc304440c6016ae29453ff8307bdaa", kill_on_drop: false }`
[INFO] [stderr]    Compiling talktosc v0.1.1 (/opt/rustwide/workdir)
[INFO] [stdout] warning: unused import: `rpassword`
[INFO] [stdout]  --> src/main.rs:1:5
[INFO] [stdout]   |
[INFO] [stdout] 1 | use rpassword;
[INFO] [stdout]   |     ^^^^^^^^^
[INFO] [stdout]   |
[INFO] [stdout]   = note: `#[warn(unused_imports)]` on by default
[INFO] [stdout] 
[INFO] [stdout] 
[INFO] [stdout] warning: unused import: `print`
[INFO] [stdout]  --> src/main.rs:5:21
[INFO] [stdout]   |
[INFO] [stdout] 5 | use std::{fs::File, print};
[INFO] [stdout]   |                     ^^^^^
[INFO] [stdout] 
[INFO] [stdout] 
[INFO] [stdout] warning: function is never used: `get_my_tlv`
[INFO] [stdout]  --> src/main.rs:7:4
[INFO] [stdout]   |
[INFO] [stdout] 7 | fn get_my_tlv(filename: &str) -> tlvs::TLV {
[INFO] [stdout]   |    ^^^^^^^^^^
[INFO] [stdout]   |
[INFO] [stdout]   = note: `#[warn(dead_code)]` on by default
[INFO] [stdout] 
[INFO] [stdout] 
[INFO] [stdout] warning: 3 warnings emitted
[INFO] [stdout] 
[INFO] [stdout] 
[INFO] [stderr]     Finished test [unoptimized + debuginfo] target(s) in 0.88s
[INFO] running `Command { std: "docker" "inspect" "f6b52c7bfc4023c8e04873876da2d080d3dc304440c6016ae29453ff8307bdaa", kill_on_drop: false }`
[INFO] running `Command { std: "docker" "rm" "-f" "f6b52c7bfc4023c8e04873876da2d080d3dc304440c6016ae29453ff8307bdaa", kill_on_drop: false }`
[INFO] [stdout] f6b52c7bfc4023c8e04873876da2d080d3dc304440c6016ae29453ff8307bdaa
[INFO] running `Command { std: "docker" "create" "-v" "/var/lib/crater-agent-workspace/builds/worker-75/target:/opt/rustwide/target:rw,Z" "-v" "/var/lib/crater-agent-workspace/builds/worker-75/source:/opt/rustwide/workdir:ro,Z" "-v" "/var/lib/crater-agent-workspace/cargo-home:/opt/rustwide/cargo-home:ro,Z" "-v" "/var/lib/crater-agent-workspace/rustup-home:/opt/rustwide/rustup-home:ro,Z" "-e" "SOURCE_DIR=/opt/rustwide/workdir" "-e" "CARGO_TARGET_DIR=/opt/rustwide/target" "-e" "CARGO_INCREMENTAL=0" "-e" "RUST_BACKTRACE=full" "-e" "RUSTFLAGS=--cap-lints=warn" "-e" "CARGO_HOME=/opt/rustwide/cargo-home" "-e" "RUSTUP_HOME=/opt/rustwide/rustup-home" "-w" "/opt/rustwide/workdir" "-m" "1610612736" "--user" "0:0" "--network" "none" "ghcr.io/rust-lang/crates-build-env/linux@sha256:34b6a614d2c27851fe6cbf88fbd1137609cefab8b10d0615aaeb6fd47975d74e" "/opt/rustwide/cargo-home/bin/cargo" "+1.54.0" "test" "--frozen", kill_on_drop: false }`
[INFO] [stdout] e3dbe913df0c318108c7d9547ebbe24b10697cbe5929b28950efd6dbb8260d9f
[INFO] running `Command { std: "docker" "start" "-a" "e3dbe913df0c318108c7d9547ebbe24b10697cbe5929b28950efd6dbb8260d9f", kill_on_drop: false }`
[INFO] [stderr] warning: unused import: `rpassword`
[INFO] [stderr]  --> src/main.rs:1:5
[INFO] [stderr]   |
[INFO] [stderr] 1 | use rpassword;
[INFO] [stderr]   |     ^^^^^^^^^
[INFO] [stderr]   |
[INFO] [stderr]   = note: `#[warn(unused_imports)]` on by default
[INFO] [stderr] 
[INFO] [stderr] warning: unused import: `print`
[INFO] [stderr]  --> src/main.rs:5:21
[INFO] [stderr]   |
[INFO] [stderr] 5 | use std::{fs::File, print};
[INFO] [stderr]   |                     ^^^^^
[INFO] [stderr] 
[INFO] [stderr] warning: function is never used: `get_my_tlv`
[INFO] [stderr]  --> src/main.rs:7:4
[INFO] [stderr]   |
[INFO] [stderr] 7 | fn get_my_tlv(filename: &str) -> tlvs::TLV {
[INFO] [stderr]   |    ^^^^^^^^^^
[INFO] [stderr]   |
[INFO] [stderr]   = note: `#[warn(dead_code)]` on by default
[INFO] [stderr] 
[INFO] [stderr] warning: 3 warnings emitted
[INFO] [stderr] 
[INFO] [stderr]     Finished test [unoptimized + debuginfo] target(s) in 0.04s
[INFO] [stderr]      Running unittests (/opt/rustwide/target/debug/deps/talktosc-847e1a7fd5cf731e)
[INFO] [stdout] 
[INFO] [stdout] running 8 tests
[INFO] [stdout] test response::tests::test_more_data_response ... ok
[INFO] [stdout] test response::tests::test_two_bytes_data_response ... ok
[INFO] [stdout] test response::tests::test_no_data_response ... ok
[INFO] [stdout] test tests::test_create_newapdu ... ok
[INFO] [stdout] test tlvs::tests::test_parse_card_serial_number ... ok
[INFO] [stdout] test tlvs::tests::test_parse_name_tlv ... ok
[INFO] [stdout] test tlvs::tests::test_create_tlv ... ok
[INFO] [stdout] test tlvs::tests::test_parse_fingerprints ... ok
[INFO] [stdout] 
[INFO] [stdout] test result: ok. 8 passed; 0 failed; 0 ignored; 0 measured; 0 filtered out; finished in 0.00s
[INFO] [stdout] 
[INFO] [stderr]      Running unittests (/opt/rustwide/target/debug/deps/talktosc-a875771ed52b5e02)
[INFO] [stdout] 
[INFO] [stdout] running 0 tests
[INFO] [stdout] 
[INFO] [stdout] test result: ok. 0 passed; 0 failed; 0 ignored; 0 measured; 0 filtered out; finished in 0.00s
[INFO] [stdout] 
[INFO] [stderr]    Doc-tests talktosc
[INFO] [stdout] 
[INFO] [stdout] running 6 tests
[INFO] [stdout] test src/tlvs.rs - tlvs::hex (line 144) ... FAILED
[INFO] [stdout] test src/apdus.rs - apdus::create_apdu_get_aid (line 201) ... FAILED
[INFO] [stdout] test src/tlvs.rs - tlvs::hexify (line 156) ... FAILED
[INFO] [stdout] test src/tlvs.rs - tlvs::TLV::get_fingerprints (line 82) ... FAILED
[INFO] [stdout] test src/tlvs.rs - tlvs::read_list (line 246) ... FAILED
[INFO] [stdout] test src/lib.rs - create_connection (line 17) ... FAILED
[INFO] [stdout] 
[INFO] [stdout] failures:
[INFO] [stdout] 
[INFO] [stdout] ---- src/tlvs.rs - tlvs::hex (line 144) stdout ----
[INFO] [stdout] error: format argument must be a string literal
[INFO] [stdout]  --> src/tlvs.rs:145:10
[INFO] [stdout]   |
[INFO] [stdout] 3 | println!(tlvs::hex(16));
[INFO] [stdout]   |          ^^^^^^^^^^^^^
[INFO] [stdout]   |
[INFO] [stdout] help: you might be missing a string literal to format with
[INFO] [stdout]   |
[INFO] [stdout] 3 | println!("{}", tlvs::hex(16));
[INFO] [stdout]   |          ^^^^^
[INFO] [stdout] 
[INFO] [stdout] error: aborting due to previous error
[INFO] [stdout] 
[INFO] [stdout] Couldn't compile the test.
[INFO] [stdout] ---- src/apdus.rs - apdus::create_apdu_get_aid (line 201) stdout ----
[INFO] [stdout] error[E0433]: failed to resolve: use of undeclared crate or module `apdus`
[INFO] [stdout]  --> src/apdus.rs:202:28
[INFO] [stdout]   |
[INFO] [stdout] 3 | let resp = sendapdu(&card, apdus::create_apdu_get_aid());
[INFO] [stdout]   |                            ^^^^^ use of undeclared crate or module `apdus`
[INFO] [stdout] 
[INFO] [stdout] error[E0433]: failed to resolve: use of undeclared crate or module `tlvs`
[INFO] [stdout]  --> src/apdus.rs:203:31
[INFO] [stdout]   |
[INFO] [stdout] 4 | println!("Serial number: {}", tlvs::parse_card_serial(resp));
[INFO] [stdout]   |                               ^^^^ use of undeclared crate or module `tlvs`
[INFO] [stdout] 
[INFO] [stdout] error[E0425]: cannot find function `sendapdu` in this scope
[INFO] [stdout]  --> src/apdus.rs:202:12
[INFO] [stdout]   |
[INFO] [stdout] 3 | let resp = sendapdu(&card, apdus::create_apdu_get_aid());
[INFO] [stdout]   |            ^^^^^^^^ not found in this scope
[INFO] [stdout]   |
[INFO] [stdout] help: consider importing this function
[INFO] [stdout]   |
[INFO] [stdout] 2 | use talktosc::sendapdu;
[INFO] [stdout]   |
[INFO] [stdout] 
[INFO] [stdout] error[E0425]: cannot find value `card` in this scope
[INFO] [stdout]  --> src/apdus.rs:202:22
[INFO] [stdout]   |
[INFO] [stdout] 3 | let resp = sendapdu(&card, apdus::create_apdu_get_aid());
[INFO] [stdout]   |                      ^^^^ not found in this scope
[INFO] [stdout] 
[INFO] [stdout] error: aborting due to 4 previous errors
[INFO] [stdout] 
[INFO] [stdout] Some errors have detailed explanations: E0425, E0433.
[INFO] [stdout] For more information about an error, try `rustc --explain E0425`.
[INFO] [stdout] Couldn't compile the test.
[INFO] [stdout] ---- src/tlvs.rs - tlvs::hexify (line 156) stdout ----
[INFO] [stdout] error[E0433]: failed to resolve: use of undeclared crate or module `tlvs`
[INFO] [stdout]  --> src/tlvs.rs:158:38
[INFO] [stdout]   |
[INFO] [stdout] 4 | println!("This card's SIGN algo {}", tlvs::hexify(t.v));
[INFO] [stdout]   |                                      ^^^^ use of undeclared crate or module `tlvs`
[INFO] [stdout] 
[INFO] [stdout] error[E0425]: cannot find value `big_box` in this scope
[INFO] [stdout]  --> src/tlvs.rs:157:9
[INFO] [stdout]   |
[INFO] [stdout] 3 | let t = big_box.find_tag(0xC1_u16).unwrap();
[INFO] [stdout]   |         ^^^^^^^ not found in this scope
[INFO] [stdout] 
[INFO] [stdout] error: aborting due to 2 previous errors
[INFO] [stdout] 
[INFO] [stdout] Some errors have detailed explanations: E0425, E0433.
[INFO] [stdout] For more information about an error, try `rustc --explain E0425`.
[INFO] [stdout] Couldn't compile the test.
[INFO] [stdout] ---- src/tlvs.rs - tlvs::TLV::get_fingerprints (line 82) stdout ----
[INFO] [stdout] error[E0433]: failed to resolve: use of undeclared crate or module `tlvs`
[INFO] [stdout]  --> src/tlvs.rs:85:50
[INFO] [stdout]   |
[INFO] [stdout] 5 | println!("This card's Signature fingerprint {}", tlvs::hexify(sig_f.iter().cloned().collect()));
[INFO] [stdout]   |                                                  ^^^^ use of undeclared crate or module `tlvs`
[INFO] [stdout] 
[INFO] [stdout] error[E0425]: cannot find value `tlv` in this scope
[INFO] [stdout]  --> src/tlvs.rs:83:15
[INFO] [stdout]   |
[INFO] [stdout] 3 | let sigdata = tlv.get_fingerprints().unwrap();
[INFO] [stdout]   |               ^^^ not found in this scope
[INFO] [stdout] 
[INFO] [stdout] error[E0425]: cannot find function `parse_fingerprints` in this scope
[INFO] [stdout]  --> src/tlvs.rs:84:30
[INFO] [stdout]   |
[INFO] [stdout] 4 | let (sig_f, dec_f, auth_f) = parse_fingerprints(sigdata);
[INFO] [stdout]   |                              ^^^^^^^^^^^^^^^^^^ not found in this scope
[INFO] [stdout]   |
[INFO] [stdout] help: consider importing this function
[INFO] [stdout]   |
[INFO] [stdout] 2 | use talktosc::tlvs::parse_fingerprints;
[INFO] [stdout]   |
[INFO] [stdout] 
[INFO] [stdout] error: aborting due to 3 previous errors
[INFO] [stdout] 
[INFO] [stdout] Some errors have detailed explanations: E0425, E0433.
[INFO] [stdout] For more information about an error, try `rustc --explain E0425`.
[INFO] [stdout] Couldn't compile the test.
[INFO] [stdout] ---- src/tlvs.rs - tlvs::read_list (line 246) stdout ----
[INFO] [stdout] error[E0433]: failed to resolve: use of undeclared crate or module `tlvs`
[INFO] [stdout]   --> src/tlvs.rs:254:14
[INFO] [stdout]    |
[INFO] [stdout] 10 |         dbg!(tlvs::hex(tlv.t));
[INFO] [stdout]    |              ^^^^ use of undeclared crate or module `tlvs`
[INFO] [stdout] 
[INFO] [stdout] error[E0433]: failed to resolve: use of undeclared crate or module `tlvs`
[INFO] [stdout]   --> src/tlvs.rs:255:14
[INFO] [stdout]    |
[INFO] [stdout] 11 |         dbg!(tlvs::hex(tlv.l));
[INFO] [stdout]    |              ^^^^ use of undeclared crate or module `tlvs`
[INFO] [stdout] 
[INFO] [stdout] error[E0433]: failed to resolve: use of undeclared type `File`
[INFO] [stdout]  --> src/tlvs.rs:247:13
[INFO] [stdout]   |
[INFO] [stdout] 3 | let mut f = File::open("./data/capabilities_tlv.binary").expect("no file found");
[INFO] [stdout]   |             ^^^^ not found in this scope
[INFO] [stdout]   |
[INFO] [stdout] help: consider importing this struct
[INFO] [stdout]   |
[INFO] [stdout] 2 | use std::fs::File;
[INFO] [stdout]   |
[INFO] [stdout] 
[INFO] [stdout] error[E0425]: cannot find function `read_list` in this scope
[INFO] [stdout]  --> src/tlvs.rs:250:12
[INFO] [stdout]   |
[INFO] [stdout] 6 | let tlvs = read_list(buffer, true);
[INFO] [stdout]   |            ^^^^^^^^^ not found in this scope
[INFO] [stdout]   |
[INFO] [stdout] help: consider importing this function
[INFO] [stdout]   |
[INFO] [stdout] 2 | use talktosc::tlvs::read_list;
[INFO] [stdout]   |
[INFO] [stdout] 
[INFO] [stdout] error[E0425]: cannot find value `big_box` in this scope
[INFO] [stdout]  --> src/tlvs.rs:251:13
[INFO] [stdout]   |
[INFO] [stdout] 7 | for bigb in big_box {
[INFO] [stdout]   |             ^^^^^^^ not found in this scope
[INFO] [stdout] 
[INFO] [stdout] error: aborting due to 5 previous errors
[INFO] [stdout] 
[INFO] [stdout] Some errors have detailed explanations: E0425, E0433.
[INFO] [stdout] For more information about an error, try `rustc --explain E0425`.
[INFO] [stdout] Couldn't compile the test.
[INFO] [stdout] ---- src/lib.rs - create_connection (line 17) stdout ----
[INFO] [stdout] Test executable failed (exit code 101).
[INFO] [stdout] 
[INFO] [stdout] stderr:
[INFO] [stdout] thread 'main' panicked at 'called `Result::unwrap()` on an `Err` value: ContextError("The Smart card resource manager is not running")', src/lib.rs:6:32
[INFO] [stdout] stack backtrace:
[INFO] [stdout]    0:     0x55d261557a70 - std::backtrace_rs::backtrace::libunwind::trace::h34055254b57d8e79
[INFO] [stdout]                                at /rustc/a178d0322ce20e33eac124758e837cbd80a6f633/library/std/src/../../backtrace/src/backtrace/libunwind.rs:90:5
[INFO] [stdout]    1:     0x55d261557a70 - std::backtrace_rs::backtrace::trace_unsynchronized::h8f1e3fbd9afff6ec
[INFO] [stdout]                                at /rustc/a178d0322ce20e33eac124758e837cbd80a6f633/library/std/src/../../backtrace/src/backtrace/mod.rs:66:5
[INFO] [stdout]    2:     0x55d261557a70 - std::sys_common::backtrace::_print_fmt::h3a99a796b770c360
[INFO] [stdout]                                at /rustc/a178d0322ce20e33eac124758e837cbd80a6f633/library/std/src/sys_common/backtrace.rs:67:5
[INFO] [stdout]    3:     0x55d261557a70 - <std::sys_common::backtrace::_print::DisplayBacktrace as core::fmt::Display>::fmt::h32d1f94a80615d18
[INFO] [stdout]                                at /rustc/a178d0322ce20e33eac124758e837cbd80a6f633/library/std/src/sys_common/backtrace.rs:46:22
[INFO] [stdout]    4:     0x55d26157113c - core::fmt::write::h306731c068f7162c
[INFO] [stdout]                                at /rustc/a178d0322ce20e33eac124758e837cbd80a6f633/library/core/src/fmt/mod.rs:1110:17
[INFO] [stdout]    5:     0x55d2615564d5 - std::io::Write::write_fmt::hd2fa90334eee2a21
[INFO] [stdout]                                at /rustc/a178d0322ce20e33eac124758e837cbd80a6f633/library/std/src/io/mod.rs:1588:15
[INFO] [stdout]    6:     0x55d26155969b - std::sys_common::backtrace::_print::h5abaa2601a852287
[INFO] [stdout]                                at /rustc/a178d0322ce20e33eac124758e837cbd80a6f633/library/std/src/sys_common/backtrace.rs:49:5
[INFO] [stdout]    7:     0x55d26155969b - std::sys_common::backtrace::print::h8d81445442bb638f
[INFO] [stdout]                                at /rustc/a178d0322ce20e33eac124758e837cbd80a6f633/library/std/src/sys_common/backtrace.rs:36:9
[INFO] [stdout]    8:     0x55d26155969b - std::panicking::default_hook::{{closure}}::hcfe804496a9fa747
[INFO] [stdout]                                at /rustc/a178d0322ce20e33eac124758e837cbd80a6f633/library/std/src/panicking.rs:208:50
[INFO] [stdout]    9:     0x55d261559171 - std::panicking::default_hook::hbea8e3ccf2ba8901
[INFO] [stdout]                                at /rustc/a178d0322ce20e33eac124758e837cbd80a6f633/library/std/src/panicking.rs:225:9
[INFO] [stdout]   10:     0x55d261559d64 - std::panicking::rust_panic_with_hook::h7ee9e1a2d0f8975a
[INFO] [stdout]                                at /rustc/a178d0322ce20e33eac124758e837cbd80a6f633/library/std/src/panicking.rs:622:17
[INFO] [stdout]   11:     0x55d261559847 - std::panicking::begin_panic_handler::{{closure}}::h8ab3b4491718b2c7
[INFO] [stdout]                                at /rustc/a178d0322ce20e33eac124758e837cbd80a6f633/library/std/src/panicking.rs:519:13
[INFO] [stdout]   12:     0x55d261557f6c - std::sys_common::backtrace::__rust_end_short_backtrace::hd489062ffa586a9f
[INFO] [stdout]                                at /rustc/a178d0322ce20e33eac124758e837cbd80a6f633/library/std/src/sys_common/backtrace.rs:141:18
[INFO] [stdout]   13:     0x55d2615597a9 - rust_begin_unwind
[INFO] [stdout]                                at /rustc/a178d0322ce20e33eac124758e837cbd80a6f633/library/std/src/panicking.rs:515:5
[INFO] [stdout]   14:     0x55d261541e31 - core::panicking::panic_fmt::hca6330e3e14086b4
[INFO] [stdout]                                at /rustc/a178d0322ce20e33eac124758e837cbd80a6f633/library/core/src/panicking.rs:92:14
[INFO] [stdout]   15:     0x55d261541ec3 - core::result::unwrap_failed::h6160d2b4bfbb0e87
[INFO] [stdout]                                at /rustc/a178d0322ce20e33eac124758e837cbd80a6f633/library/core/src/result.rs:1355:5
[INFO] [stdout]   16:     0x55d261542aed - core::result::Result<T,E>::unwrap::hd544344f0f805a1e
[INFO] [stdout]                                at /rustc/a178d0322ce20e33eac124758e837cbd80a6f633/library/core/src/result.rs:1037:23
[INFO] [stdout]   17:     0x55d261542806 - rust_out::main::_doctest_main_src_lib_rs_17_0::hdadd1ab08564df2b
[INFO] [stdout]   18:     0x55d2615427d6 - rust_out::main::h2a38bb51b9580a7d
[INFO] [stdout]   19:     0x55d261542763 - core::ops::function::FnOnce::call_once::hb73b95e6982fd3f0
[INFO] [stdout]   20:     0x55d261542659 - std::sys_common::backtrace::__rust_begin_short_backtrace::h8371d112165838d3
[INFO] [stdout]   21:     0x55d2615426c9 - std::rt::lang_start::{{closure}}::h783adf50233ec5ec
[INFO] [stdout]   22:     0x55d26155a269 - core::ops::function::impls::<impl core::ops::function::FnOnce<A> for &F>::call_once::h2aabc384aab89b7b
[INFO] [stdout]                                at /rustc/a178d0322ce20e33eac124758e837cbd80a6f633/library/core/src/ops/function.rs:259:13
[INFO] [stdout]   23:     0x55d26155a269 - std::panicking::try::do_call::hc5fcacb7a85fc7b1
[INFO] [stdout]                                at /rustc/a178d0322ce20e33eac124758e837cbd80a6f633/library/std/src/panicking.rs:401:40
[INFO] [stdout]   24:     0x55d26155a269 - std::panicking::try::hb5d9603af3abbe3a
[INFO] [stdout]                                at /rustc/a178d0322ce20e33eac124758e837cbd80a6f633/library/std/src/panicking.rs:365:19
[INFO] [stdout]   25:     0x55d26155a269 - std::panic::catch_unwind::h98fe6ac3925e64b4
[INFO] [stdout]                                at /rustc/a178d0322ce20e33eac124758e837cbd80a6f633/library/std/src/panic.rs:434:14
[INFO] [stdout]   26:     0x55d26155a269 - std::rt::lang_start_internal::h22ac7383c516f93e
[INFO] [stdout]                                at /rustc/a178d0322ce20e33eac124758e837cbd80a6f633/library/std/src/rt.rs:34:21
[INFO] [stdout]   27:     0x55d2615426b1 - std::rt::lang_start::h11b9716471e37ff8
[INFO] [stdout]   28:     0x55d261542833 - main
[INFO] [stdout]   29:     0x7f1dcd8ab0b3 - __libc_start_main
[INFO] [stdout]   30:     0x55d26154258e - _start
[INFO] [stdout]   31:                0x0 - <unknown>
[INFO] [stdout] 
[INFO] [stdout] 
[INFO] [stdout] 
[INFO] [stdout] failures:
[INFO] [stdout]     src/apdus.rs - apdus::create_apdu_get_aid (line 201)
[INFO] [stdout]     src/lib.rs - create_connection (line 17)
[INFO] [stdout]     src/tlvs.rs - tlvs::TLV::get_fingerprints (line 82)
[INFO] [stdout]     src/tlvs.rs - tlvs::hex (line 144)
[INFO] [stdout]     src/tlvs.rs - tlvs::hexify (line 156)
[INFO] [stdout]     src/tlvs.rs - tlvs::read_list (line 246)
[INFO] [stdout] 
[INFO] [stdout] test result: FAILED. 0 passed; 6 failed; 0 ignored; 0 measured; 0 filtered out; finished in 0.32s
[INFO] [stdout] 
[INFO] [stderr] error: test failed, to rerun pass '--doc'
[INFO] running `Command { std: "docker" "inspect" "e3dbe913df0c318108c7d9547ebbe24b10697cbe5929b28950efd6dbb8260d9f", kill_on_drop: false }`
[INFO] running `Command { std: "docker" "rm" "-f" "e3dbe913df0c318108c7d9547ebbe24b10697cbe5929b28950efd6dbb8260d9f", kill_on_drop: false }`
[INFO] [stdout] e3dbe913df0c318108c7d9547ebbe24b10697cbe5929b28950efd6dbb8260d9f
