[INFO] fetching crate tailcall-impl 0.1.6...
[INFO] testing tailcall-impl-0.1.6 against 1.54.0 for beta-1.55-1
[INFO] extracting crate tailcall-impl 0.1.6 into /workspace/builds/worker-25/source
[INFO] validating manifest of crates.io crate tailcall-impl 0.1.6 on toolchain 1.54.0
[INFO] running `Command { std: "/workspace/cargo-home/bin/cargo" "+1.54.0" "metadata" "--manifest-path" "Cargo.toml" "--no-deps", kill_on_drop: false }`
[INFO] started tweaking crates.io crate tailcall-impl 0.1.6
[INFO] finished tweaking crates.io crate tailcall-impl 0.1.6
[INFO] tweaked toml for crates.io crate tailcall-impl 0.1.6 written to /workspace/builds/worker-25/source/Cargo.toml
[INFO] running `Command { std: "/workspace/cargo-home/bin/cargo" "+1.54.0" "generate-lockfile" "--manifest-path" "Cargo.toml" "-Zno-index-update", kill_on_drop: false }`
[INFO] [stderr]     Blocking waiting for file lock on package cache
[INFO] running `Command { std: "/workspace/cargo-home/bin/cargo" "+1.54.0" "fetch" "--manifest-path" "Cargo.toml", kill_on_drop: false }`
[INFO] [stderr]     Blocking waiting for file lock on package cache
[INFO] running `Command { std: "docker" "create" "-v" "/var/lib/crater-agent-workspace/builds/worker-25/target:/opt/rustwide/target:rw,Z" "-v" "/var/lib/crater-agent-workspace/builds/worker-25/source:/opt/rustwide/workdir:ro,Z" "-v" "/var/lib/crater-agent-workspace/cargo-home:/opt/rustwide/cargo-home:ro,Z" "-v" "/var/lib/crater-agent-workspace/rustup-home:/opt/rustwide/rustup-home:ro,Z" "-e" "SOURCE_DIR=/opt/rustwide/workdir" "-e" "CARGO_TARGET_DIR=/opt/rustwide/target" "-e" "CARGO_HOME=/opt/rustwide/cargo-home" "-e" "RUSTUP_HOME=/opt/rustwide/rustup-home" "-w" "/opt/rustwide/workdir" "-m" "1610612736" "--user" "0:0" "--network" "none" "ghcr.io/rust-lang/crates-build-env/linux@sha256:34b6a614d2c27851fe6cbf88fbd1137609cefab8b10d0615aaeb6fd47975d74e" "/opt/rustwide/cargo-home/bin/cargo" "+1.54.0" "metadata" "--no-deps" "--format-version=1", kill_on_drop: false }`
[INFO] [stdout] 26b71c3f5b25708ae7e7fa2b6f119d1eab2a34e17ba1b08550529ef5fbcaf4a9
[INFO] running `Command { std: "docker" "start" "-a" "26b71c3f5b25708ae7e7fa2b6f119d1eab2a34e17ba1b08550529ef5fbcaf4a9", kill_on_drop: false }`
[INFO] running `Command { std: "docker" "inspect" "26b71c3f5b25708ae7e7fa2b6f119d1eab2a34e17ba1b08550529ef5fbcaf4a9", kill_on_drop: false }`
[INFO] running `Command { std: "docker" "rm" "-f" "26b71c3f5b25708ae7e7fa2b6f119d1eab2a34e17ba1b08550529ef5fbcaf4a9", kill_on_drop: false }`
[INFO] [stdout] 26b71c3f5b25708ae7e7fa2b6f119d1eab2a34e17ba1b08550529ef5fbcaf4a9
[INFO] running `Command { std: "docker" "create" "-v" "/var/lib/crater-agent-workspace/builds/worker-25/target:/opt/rustwide/target:rw,Z" "-v" "/var/lib/crater-agent-workspace/builds/worker-25/source:/opt/rustwide/workdir:ro,Z" "-v" "/var/lib/crater-agent-workspace/cargo-home:/opt/rustwide/cargo-home:ro,Z" "-v" "/var/lib/crater-agent-workspace/rustup-home:/opt/rustwide/rustup-home:ro,Z" "-e" "SOURCE_DIR=/opt/rustwide/workdir" "-e" "CARGO_TARGET_DIR=/opt/rustwide/target" "-e" "CARGO_INCREMENTAL=0" "-e" "RUST_BACKTRACE=full" "-e" "RUSTFLAGS=--cap-lints=warn" "-e" "CARGO_HOME=/opt/rustwide/cargo-home" "-e" "RUSTUP_HOME=/opt/rustwide/rustup-home" "-w" "/opt/rustwide/workdir" "-m" "1610612736" "--user" "0:0" "--network" "none" "ghcr.io/rust-lang/crates-build-env/linux@sha256:34b6a614d2c27851fe6cbf88fbd1137609cefab8b10d0615aaeb6fd47975d74e" "/opt/rustwide/cargo-home/bin/cargo" "+1.54.0" "build" "--frozen" "--message-format=json", kill_on_drop: false }`
[INFO] [stdout] 727c0de14d70543c0c4d5ce591c322be258374c49ce81c455998a5569dd37d67
[INFO] running `Command { std: "docker" "start" "-a" "727c0de14d70543c0c4d5ce591c322be258374c49ce81c455998a5569dd37d67", kill_on_drop: false }`
[INFO] [stderr]    Compiling syn v1.0.74
[INFO] [stderr]    Compiling tailcall-impl v0.1.6 (/opt/rustwide/workdir)
[INFO] [stderr]     Finished dev [unoptimized + debuginfo] target(s) in 12.11s
[INFO] running `Command { std: "docker" "inspect" "727c0de14d70543c0c4d5ce591c322be258374c49ce81c455998a5569dd37d67", kill_on_drop: false }`
[INFO] running `Command { std: "docker" "rm" "-f" "727c0de14d70543c0c4d5ce591c322be258374c49ce81c455998a5569dd37d67", kill_on_drop: false }`
[INFO] [stdout] 727c0de14d70543c0c4d5ce591c322be258374c49ce81c455998a5569dd37d67
[INFO] running `Command { std: "docker" "create" "-v" "/var/lib/crater-agent-workspace/builds/worker-25/target:/opt/rustwide/target:rw,Z" "-v" "/var/lib/crater-agent-workspace/builds/worker-25/source:/opt/rustwide/workdir:ro,Z" "-v" "/var/lib/crater-agent-workspace/cargo-home:/opt/rustwide/cargo-home:ro,Z" "-v" "/var/lib/crater-agent-workspace/rustup-home:/opt/rustwide/rustup-home:ro,Z" "-e" "SOURCE_DIR=/opt/rustwide/workdir" "-e" "CARGO_TARGET_DIR=/opt/rustwide/target" "-e" "CARGO_INCREMENTAL=0" "-e" "RUST_BACKTRACE=full" "-e" "RUSTFLAGS=--cap-lints=warn" "-e" "CARGO_HOME=/opt/rustwide/cargo-home" "-e" "RUSTUP_HOME=/opt/rustwide/rustup-home" "-w" "/opt/rustwide/workdir" "-m" "1610612736" "--user" "0:0" "--network" "none" "ghcr.io/rust-lang/crates-build-env/linux@sha256:34b6a614d2c27851fe6cbf88fbd1137609cefab8b10d0615aaeb6fd47975d74e" "/opt/rustwide/cargo-home/bin/cargo" "+1.54.0" "test" "--frozen" "--no-run" "--message-format=json", kill_on_drop: false }`
[INFO] [stdout] 23d7bf95ae1725116a87a50a4b87bdd10611a5b538fa8c6b2f83ca7c24fd420e
[INFO] running `Command { std: "docker" "start" "-a" "23d7bf95ae1725116a87a50a4b87bdd10611a5b538fa8c6b2f83ca7c24fd420e", kill_on_drop: false }`
[INFO] [stderr]    Compiling tailcall-impl v0.1.6 (/opt/rustwide/workdir)
[INFO] [stderr]     Finished test [unoptimized + debuginfo] target(s) in 0.40s
[INFO] running `Command { std: "docker" "inspect" "23d7bf95ae1725116a87a50a4b87bdd10611a5b538fa8c6b2f83ca7c24fd420e", kill_on_drop: false }`
[INFO] running `Command { std: "docker" "rm" "-f" "23d7bf95ae1725116a87a50a4b87bdd10611a5b538fa8c6b2f83ca7c24fd420e", kill_on_drop: false }`
[INFO] [stdout] 23d7bf95ae1725116a87a50a4b87bdd10611a5b538fa8c6b2f83ca7c24fd420e
[INFO] running `Command { std: "docker" "create" "-v" "/var/lib/crater-agent-workspace/builds/worker-25/target:/opt/rustwide/target:rw,Z" "-v" "/var/lib/crater-agent-workspace/builds/worker-25/source:/opt/rustwide/workdir:ro,Z" "-v" "/var/lib/crater-agent-workspace/cargo-home:/opt/rustwide/cargo-home:ro,Z" "-v" "/var/lib/crater-agent-workspace/rustup-home:/opt/rustwide/rustup-home:ro,Z" "-e" "SOURCE_DIR=/opt/rustwide/workdir" "-e" "CARGO_TARGET_DIR=/opt/rustwide/target" "-e" "CARGO_INCREMENTAL=0" "-e" "RUST_BACKTRACE=full" "-e" "RUSTFLAGS=--cap-lints=warn" "-e" "CARGO_HOME=/opt/rustwide/cargo-home" "-e" "RUSTUP_HOME=/opt/rustwide/rustup-home" "-w" "/opt/rustwide/workdir" "-m" "1610612736" "--user" "0:0" "--network" "none" "ghcr.io/rust-lang/crates-build-env/linux@sha256:34b6a614d2c27851fe6cbf88fbd1137609cefab8b10d0615aaeb6fd47975d74e" "/opt/rustwide/cargo-home/bin/cargo" "+1.54.0" "test" "--frozen", kill_on_drop: false }`
[INFO] [stdout] 9970ce3c079aba95f5fdd1b72ff84deb0b1201ce06f2de560d7b2d35c8900e7c
[INFO] running `Command { std: "docker" "start" "-a" "9970ce3c079aba95f5fdd1b72ff84deb0b1201ce06f2de560d7b2d35c8900e7c", kill_on_drop: false }`
[INFO] [stderr]     Finished test [unoptimized + debuginfo] target(s) in 0.15s
[INFO] [stdout] 
[INFO] [stderr]      Running unittests (/opt/rustwide/target/debug/deps/tailcall_impl-172c0be6a97d0cbd)
[INFO] [stdout] running 0 tests
[INFO] [stdout] 
[INFO] [stdout] test result: ok. 0 passed; 0 failed; 0 ignored; 0 measured; 0 filtered out; finished in 0.00s
[INFO] [stdout] 
[INFO] [stderr]    Doc-tests tailcall-impl
[INFO] [stdout] 
[INFO] [stdout] running 3 tests
[INFO] [stdout] test src/lib.rs - tailcall (line 33) ... FAILED
[INFO] [stdout] test src/lib.rs - tailcall (line 54) - compile fail ... ok
[INFO] [stdout] test src/lib.rs - tailcall (line 70) - compile fail ... ok
[INFO] [stdout] 
[INFO] [stdout] failures:
[INFO] [stdout] 
[INFO] [stdout] ---- src/lib.rs - tailcall (line 33) stdout ----
[INFO] [stdout] error[E0432]: unresolved import `tailcall`
[INFO] [stdout]  --> src/lib.rs:34:5
[INFO] [stdout]   |
[INFO] [stdout] 3 | use tailcall::tailcall;
[INFO] [stdout]   |     ^^^^^^^^ use of undeclared crate or module `tailcall`
[INFO] [stdout] 
[INFO] [stdout] error: cannot determine resolution for the attribute macro `tailcall`
[INFO] [stdout]  --> src/lib.rs:37:7
[INFO] [stdout]   |
[INFO] [stdout] 6 |     #[tailcall]
[INFO] [stdout]   |       ^^^^^^^^
[INFO] [stdout]   |
[INFO] [stdout]   = note: import resolution is stuck, try simplifying macro imports
[INFO] [stdout] 
[INFO] [stdout] error: aborting due to 2 previous errors
[INFO] [stdout] 
[INFO] [stdout] For more information about this error, try `rustc --explain E0432`.
[INFO] [stdout] Couldn't compile the test.
[INFO] [stdout] 
[INFO] [stdout] failures:
[INFO] [stdout]     src/lib.rs - tailcall (line 33)
[INFO] [stdout] 
[INFO] [stdout] test result: FAILED. 2 passed; 1 failed; 0 ignored; 0 measured; 0 filtered out; finished in 0.35s
[INFO] [stdout] 
[INFO] [stderr] error: test failed, to rerun pass '--doc'
[INFO] running `Command { std: "docker" "inspect" "9970ce3c079aba95f5fdd1b72ff84deb0b1201ce06f2de560d7b2d35c8900e7c", kill_on_drop: false }`
[INFO] running `Command { std: "docker" "rm" "-f" "9970ce3c079aba95f5fdd1b72ff84deb0b1201ce06f2de560d7b2d35c8900e7c", kill_on_drop: false }`
[INFO] [stdout] 9970ce3c079aba95f5fdd1b72ff84deb0b1201ce06f2de560d7b2d35c8900e7c
