[INFO] fetching crate system_wide_key_state 1.1.3...
[INFO] testing system_wide_key_state-1.1.3 against 1.54.0 for beta-1.55-1
[INFO] extracting crate system_wide_key_state 1.1.3 into /workspace/builds/worker-7/source
[INFO] validating manifest of crates.io crate system_wide_key_state 1.1.3 on toolchain 1.54.0
[INFO] running `Command { std: "/workspace/cargo-home/bin/cargo" "+1.54.0" "metadata" "--manifest-path" "Cargo.toml" "--no-deps", kill_on_drop: false }`
[INFO] started tweaking crates.io crate system_wide_key_state 1.1.3
[INFO] finished tweaking crates.io crate system_wide_key_state 1.1.3
[INFO] tweaked toml for crates.io crate system_wide_key_state 1.1.3 written to /workspace/builds/worker-7/source/Cargo.toml
[INFO] running `Command { std: "/workspace/cargo-home/bin/cargo" "+1.54.0" "generate-lockfile" "--manifest-path" "Cargo.toml" "-Zno-index-update", kill_on_drop: false }`
[INFO] [stderr]     Blocking waiting for file lock on package cache
[INFO] running `Command { std: "/workspace/cargo-home/bin/cargo" "+1.54.0" "fetch" "--manifest-path" "Cargo.toml", kill_on_drop: false }`
[INFO] [stderr]     Blocking waiting for file lock on package cache
[INFO] running `Command { std: "docker" "create" "-v" "/var/lib/crater-agent-workspace/builds/worker-7/target:/opt/rustwide/target:rw,Z" "-v" "/var/lib/crater-agent-workspace/builds/worker-7/source:/opt/rustwide/workdir:ro,Z" "-v" "/var/lib/crater-agent-workspace/cargo-home:/opt/rustwide/cargo-home:ro,Z" "-v" "/var/lib/crater-agent-workspace/rustup-home:/opt/rustwide/rustup-home:ro,Z" "-e" "SOURCE_DIR=/opt/rustwide/workdir" "-e" "CARGO_TARGET_DIR=/opt/rustwide/target" "-e" "CARGO_HOME=/opt/rustwide/cargo-home" "-e" "RUSTUP_HOME=/opt/rustwide/rustup-home" "-w" "/opt/rustwide/workdir" "-m" "1610612736" "--user" "0:0" "--network" "none" "ghcr.io/rust-lang/crates-build-env/linux@sha256:34b6a614d2c27851fe6cbf88fbd1137609cefab8b10d0615aaeb6fd47975d74e" "/opt/rustwide/cargo-home/bin/cargo" "+1.54.0" "metadata" "--no-deps" "--format-version=1", kill_on_drop: false }`
[INFO] [stdout] 17cf574d8e922a3f081468bb798656e701fda6bea6bc3e875a3a1ad093567541
[INFO] running `Command { std: "docker" "start" "-a" "17cf574d8e922a3f081468bb798656e701fda6bea6bc3e875a3a1ad093567541", kill_on_drop: false }`
[INFO] running `Command { std: "docker" "inspect" "17cf574d8e922a3f081468bb798656e701fda6bea6bc3e875a3a1ad093567541", kill_on_drop: false }`
[INFO] running `Command { std: "docker" "rm" "-f" "17cf574d8e922a3f081468bb798656e701fda6bea6bc3e875a3a1ad093567541", kill_on_drop: false }`
[INFO] [stdout] 17cf574d8e922a3f081468bb798656e701fda6bea6bc3e875a3a1ad093567541
[INFO] running `Command { std: "docker" "create" "-v" "/var/lib/crater-agent-workspace/builds/worker-7/target:/opt/rustwide/target:rw,Z" "-v" "/var/lib/crater-agent-workspace/builds/worker-7/source:/opt/rustwide/workdir:ro,Z" "-v" "/var/lib/crater-agent-workspace/cargo-home:/opt/rustwide/cargo-home:ro,Z" "-v" "/var/lib/crater-agent-workspace/rustup-home:/opt/rustwide/rustup-home:ro,Z" "-e" "SOURCE_DIR=/opt/rustwide/workdir" "-e" "CARGO_TARGET_DIR=/opt/rustwide/target" "-e" "CARGO_INCREMENTAL=0" "-e" "RUST_BACKTRACE=full" "-e" "RUSTFLAGS=--cap-lints=warn" "-e" "CARGO_HOME=/opt/rustwide/cargo-home" "-e" "RUSTUP_HOME=/opt/rustwide/rustup-home" "-w" "/opt/rustwide/workdir" "-m" "1610612736" "--user" "0:0" "--network" "none" "ghcr.io/rust-lang/crates-build-env/linux@sha256:34b6a614d2c27851fe6cbf88fbd1137609cefab8b10d0615aaeb6fd47975d74e" "/opt/rustwide/cargo-home/bin/cargo" "+1.54.0" "build" "--frozen" "--message-format=json", kill_on_drop: false }`
[INFO] [stdout] 26aea131f9d8e139af0f8460d33a04e349e9a01e8ef1bd7aa178ad0c6e52e62a
[INFO] running `Command { std: "docker" "start" "-a" "26aea131f9d8e139af0f8460d33a04e349e9a01e8ef1bd7aa178ad0c6e52e62a", kill_on_drop: false }`
[INFO] [stderr]    Compiling x11 v2.18.2
[INFO] [stderr]    Compiling num-derive v0.3.3
[INFO] [stderr]    Compiling system_wide_key_state v1.1.3 (/opt/rustwide/workdir)
[INFO] [stderr]     Finished dev [unoptimized + debuginfo] target(s) in 5.86s
[INFO] running `Command { std: "docker" "inspect" "26aea131f9d8e139af0f8460d33a04e349e9a01e8ef1bd7aa178ad0c6e52e62a", kill_on_drop: false }`
[INFO] running `Command { std: "docker" "rm" "-f" "26aea131f9d8e139af0f8460d33a04e349e9a01e8ef1bd7aa178ad0c6e52e62a", kill_on_drop: false }`
[INFO] [stdout] 26aea131f9d8e139af0f8460d33a04e349e9a01e8ef1bd7aa178ad0c6e52e62a
[INFO] running `Command { std: "docker" "create" "-v" "/var/lib/crater-agent-workspace/builds/worker-7/target:/opt/rustwide/target:rw,Z" "-v" "/var/lib/crater-agent-workspace/builds/worker-7/source:/opt/rustwide/workdir:ro,Z" "-v" "/var/lib/crater-agent-workspace/cargo-home:/opt/rustwide/cargo-home:ro,Z" "-v" "/var/lib/crater-agent-workspace/rustup-home:/opt/rustwide/rustup-home:ro,Z" "-e" "SOURCE_DIR=/opt/rustwide/workdir" "-e" "CARGO_TARGET_DIR=/opt/rustwide/target" "-e" "CARGO_INCREMENTAL=0" "-e" "RUST_BACKTRACE=full" "-e" "RUSTFLAGS=--cap-lints=warn" "-e" "CARGO_HOME=/opt/rustwide/cargo-home" "-e" "RUSTUP_HOME=/opt/rustwide/rustup-home" "-w" "/opt/rustwide/workdir" "-m" "1610612736" "--user" "0:0" "--network" "none" "ghcr.io/rust-lang/crates-build-env/linux@sha256:34b6a614d2c27851fe6cbf88fbd1137609cefab8b10d0615aaeb6fd47975d74e" "/opt/rustwide/cargo-home/bin/cargo" "+1.54.0" "test" "--frozen" "--no-run" "--message-format=json", kill_on_drop: false }`
[INFO] [stdout] 73f0c3f4faff83565df52d041be1ccfc9e45e93c1187f6832019adbd304025c8
[INFO] running `Command { std: "docker" "start" "-a" "73f0c3f4faff83565df52d041be1ccfc9e45e93c1187f6832019adbd304025c8", kill_on_drop: false }`
[INFO] [stderr]    Compiling system_wide_key_state v1.1.3 (/opt/rustwide/workdir)
[INFO] [stderr]     Finished test [unoptimized + debuginfo] target(s) in 1.22s
[INFO] running `Command { std: "docker" "inspect" "73f0c3f4faff83565df52d041be1ccfc9e45e93c1187f6832019adbd304025c8", kill_on_drop: false }`
[INFO] running `Command { std: "docker" "rm" "-f" "73f0c3f4faff83565df52d041be1ccfc9e45e93c1187f6832019adbd304025c8", kill_on_drop: false }`
[INFO] [stdout] 73f0c3f4faff83565df52d041be1ccfc9e45e93c1187f6832019adbd304025c8
[INFO] running `Command { std: "docker" "create" "-v" "/var/lib/crater-agent-workspace/builds/worker-7/target:/opt/rustwide/target:rw,Z" "-v" "/var/lib/crater-agent-workspace/builds/worker-7/source:/opt/rustwide/workdir:ro,Z" "-v" "/var/lib/crater-agent-workspace/cargo-home:/opt/rustwide/cargo-home:ro,Z" "-v" "/var/lib/crater-agent-workspace/rustup-home:/opt/rustwide/rustup-home:ro,Z" "-e" "SOURCE_DIR=/opt/rustwide/workdir" "-e" "CARGO_TARGET_DIR=/opt/rustwide/target" "-e" "CARGO_INCREMENTAL=0" "-e" "RUST_BACKTRACE=full" "-e" "RUSTFLAGS=--cap-lints=warn" "-e" "CARGO_HOME=/opt/rustwide/cargo-home" "-e" "RUSTUP_HOME=/opt/rustwide/rustup-home" "-w" "/opt/rustwide/workdir" "-m" "1610612736" "--user" "0:0" "--network" "none" "ghcr.io/rust-lang/crates-build-env/linux@sha256:34b6a614d2c27851fe6cbf88fbd1137609cefab8b10d0615aaeb6fd47975d74e" "/opt/rustwide/cargo-home/bin/cargo" "+1.54.0" "test" "--frozen", kill_on_drop: false }`
[INFO] [stdout] 1615b16d36b43fc57685828c90dace0e107210a7151a5e68c5da450f39eca5a4
[INFO] running `Command { std: "docker" "start" "-a" "1615b16d36b43fc57685828c90dace0e107210a7151a5e68c5da450f39eca5a4", kill_on_drop: false }`
[INFO] [stderr]     Finished test [unoptimized + debuginfo] target(s) in 0.04s
[INFO] [stderr]      Running unittests (/opt/rustwide/target/debug/deps/system_wide_key_state-79deb31d834d4cd6)
[INFO] [stdout] 
[INFO] [stdout] running 0 tests
[INFO] [stdout] 
[INFO] [stdout] test result: ok. 0 passed; 0 failed; 0 ignored; 0 measured; 0 filtered out; finished in 0.00s
[INFO] [stdout] 
[INFO] [stderr]    Doc-tests system_wide_key_state
[INFO] [stdout] 
[INFO] [stdout] running 2 tests
[INFO] [stdout] test src/lib.rs - is_key_pressed (line 156) ... FAILED
[INFO] [stdout] test src/lib.rs - get_key_name (line 200) ... FAILED
[INFO] [stdout] 
[INFO] [stdout] failures:
[INFO] [stdout] 
[INFO] [stdout] ---- src/lib.rs - is_key_pressed (line 156) stdout ----
[INFO] [stdout] error[E0433]: failed to resolve: use of undeclared type `KeyCode`
[INFO] [stdout]  --> src/lib.rs:158:29
[INFO] [stdout]   |
[INFO] [stdout] 4 | let answer = is_key_pressed(KeyCode::KEsc);
[INFO] [stdout]   |                             ^^^^^^^ use of undeclared type `KeyCode`
[INFO] [stdout] 
[INFO] [stdout] error[E0433]: failed to resolve: use of undeclared type `KeyCode`
[INFO] [stdout]  --> src/lib.rs:161:29
[INFO] [stdout]   |
[INFO] [stdout] 7 | let answer = is_key_pressed(KeyCode::KT);
[INFO] [stdout]   |                             ^^^^^^^ use of undeclared type `KeyCode`
[INFO] [stdout] 
[INFO] [stdout] error[E0425]: cannot find function `is_key_pressed` in this scope
[INFO] [stdout]  --> src/lib.rs:158:14
[INFO] [stdout]   |
[INFO] [stdout] 4 | let answer = is_key_pressed(KeyCode::KEsc);
[INFO] [stdout]   |              ^^^^^^^^^^^^^^ not found in this scope
[INFO] [stdout]   |
[INFO] [stdout] help: consider importing this function
[INFO] [stdout]   |
[INFO] [stdout] 3 | use system_wide_key_state::is_key_pressed;
[INFO] [stdout]   |
[INFO] [stdout] 
[INFO] [stdout] error[E0425]: cannot find function `is_key_pressed` in this scope
[INFO] [stdout]  --> src/lib.rs:161:14
[INFO] [stdout]   |
[INFO] [stdout] 7 | let answer = is_key_pressed(KeyCode::KT);
[INFO] [stdout]   |              ^^^^^^^^^^^^^^ not found in this scope
[INFO] [stdout]   |
[INFO] [stdout] help: consider importing this function
[INFO] [stdout]   |
[INFO] [stdout] 3 | use system_wide_key_state::is_key_pressed;
[INFO] [stdout]   |
[INFO] [stdout] 
[INFO] [stdout] error: aborting due to 4 previous errors
[INFO] [stdout] 
[INFO] [stdout] Some errors have detailed explanations: E0425, E0433.
[INFO] [stdout] For more information about an error, try `rustc --explain E0425`.
[INFO] [stdout] Couldn't compile the test.
[INFO] [stdout] ---- src/lib.rs - get_key_name (line 200) stdout ----
[INFO] [stdout] error[E0433]: failed to resolve: use of undeclared type `KeyCode`
[INFO] [stdout]  --> src/lib.rs:201:30
[INFO] [stdout]   |
[INFO] [stdout] 3 | assert_eq!("T", get_key_name(KeyCode::KT));
[INFO] [stdout]   |                              ^^^^^^^ use of undeclared type `KeyCode`
[INFO] [stdout] 
[INFO] [stdout] error[E0425]: cannot find function `get_key_name` in this scope
[INFO] [stdout]  --> src/lib.rs:201:17
[INFO] [stdout]   |
[INFO] [stdout] 3 | assert_eq!("T", get_key_name(KeyCode::KT));
[INFO] [stdout]   |                 ^^^^^^^^^^^^ not found in this scope
[INFO] [stdout]   |
[INFO] [stdout] help: consider importing this function
[INFO] [stdout]   |
[INFO] [stdout] 2 | use system_wide_key_state::get_key_name;
[INFO] [stdout]   |
[INFO] [stdout] 
[INFO] [stdout] error: aborting due to 2 previous errors
[INFO] [stdout] 
[INFO] [stdout] Some errors have detailed explanations: E0425, E0433.
[INFO] [stdout] For more information about an error, try `rustc --explain E0425`.
[INFO] [stdout] Couldn't compile the test.
[INFO] [stdout] 
[INFO] [stdout] failures:
[INFO] [stdout]     src/lib.rs - get_key_name (line 200)
[INFO] [stdout]     src/lib.rs - is_key_pressed (line 156)
[INFO] [stdout] 
[INFO] [stdout] test result: FAILED. 0 passed; 2 failed; 0 ignored; 0 measured; 0 filtered out; finished in 0.13s
[INFO] [stdout] 
[INFO] [stderr] error: test failed, to rerun pass '--doc'
[INFO] running `Command { std: "docker" "inspect" "1615b16d36b43fc57685828c90dace0e107210a7151a5e68c5da450f39eca5a4", kill_on_drop: false }`
[INFO] running `Command { std: "docker" "rm" "-f" "1615b16d36b43fc57685828c90dace0e107210a7151a5e68c5da450f39eca5a4", kill_on_drop: false }`
[INFO] [stdout] 1615b16d36b43fc57685828c90dace0e107210a7151a5e68c5da450f39eca5a4
