[INFO] fetching crate syslog 5.0.0...
[INFO] testing syslog-5.0.0 against beta-2021-08-01 for beta-1.55-1
[INFO] extracting crate syslog 5.0.0 into /workspace/builds/worker-4/source
[INFO] validating manifest of crates.io crate syslog 5.0.0 on toolchain beta-2021-08-01
[INFO] running `Command { std: "/workspace/cargo-home/bin/cargo" "+beta-2021-08-01" "metadata" "--manifest-path" "Cargo.toml" "--no-deps", kill_on_drop: false }`
[INFO] started tweaking crates.io crate syslog 5.0.0
[INFO] finished tweaking crates.io crate syslog 5.0.0
[INFO] tweaked toml for crates.io crate syslog 5.0.0 written to /workspace/builds/worker-4/source/Cargo.toml
[INFO] crate crates.io crate syslog 5.0.0 already has a lockfile, it will not be regenerated
[INFO] running `Command { std: "/workspace/cargo-home/bin/cargo" "+beta-2021-08-01" "fetch" "--manifest-path" "Cargo.toml", kill_on_drop: false }`
[INFO] [stderr]     Blocking waiting for file lock on package cache
[INFO] [stderr]     Blocking waiting for file lock on package cache
[INFO] running `Command { std: "docker" "create" "-v" "/var/lib/crater-agent-workspace/builds/worker-4/target:/opt/rustwide/target:rw,Z" "-v" "/var/lib/crater-agent-workspace/builds/worker-4/source:/opt/rustwide/workdir:ro,Z" "-v" "/var/lib/crater-agent-workspace/cargo-home:/opt/rustwide/cargo-home:ro,Z" "-v" "/var/lib/crater-agent-workspace/rustup-home:/opt/rustwide/rustup-home:ro,Z" "-e" "SOURCE_DIR=/opt/rustwide/workdir" "-e" "CARGO_TARGET_DIR=/opt/rustwide/target" "-e" "CARGO_HOME=/opt/rustwide/cargo-home" "-e" "RUSTUP_HOME=/opt/rustwide/rustup-home" "-w" "/opt/rustwide/workdir" "-m" "1610612736" "--user" "0:0" "--network" "none" "ghcr.io/rust-lang/crates-build-env/linux@sha256:34b6a614d2c27851fe6cbf88fbd1137609cefab8b10d0615aaeb6fd47975d74e" "/opt/rustwide/cargo-home/bin/cargo" "+beta-2021-08-01" "metadata" "--no-deps" "--format-version=1", kill_on_drop: false }`
[INFO] [stdout] f893325de90a092d8539faa2464057a81da7c86f6f4d4326cee1e57822253617
[INFO] running `Command { std: "docker" "start" "-a" "f893325de90a092d8539faa2464057a81da7c86f6f4d4326cee1e57822253617", kill_on_drop: false }`
[INFO] running `Command { std: "docker" "inspect" "f893325de90a092d8539faa2464057a81da7c86f6f4d4326cee1e57822253617", kill_on_drop: false }`
[INFO] running `Command { std: "docker" "rm" "-f" "f893325de90a092d8539faa2464057a81da7c86f6f4d4326cee1e57822253617", kill_on_drop: false }`
[INFO] [stdout] f893325de90a092d8539faa2464057a81da7c86f6f4d4326cee1e57822253617
[INFO] running `Command { std: "docker" "create" "-v" "/var/lib/crater-agent-workspace/builds/worker-4/target:/opt/rustwide/target:rw,Z" "-v" "/var/lib/crater-agent-workspace/builds/worker-4/source:/opt/rustwide/workdir:ro,Z" "-v" "/var/lib/crater-agent-workspace/cargo-home:/opt/rustwide/cargo-home:ro,Z" "-v" "/var/lib/crater-agent-workspace/rustup-home:/opt/rustwide/rustup-home:ro,Z" "-e" "SOURCE_DIR=/opt/rustwide/workdir" "-e" "CARGO_TARGET_DIR=/opt/rustwide/target" "-e" "CARGO_INCREMENTAL=0" "-e" "RUST_BACKTRACE=full" "-e" "RUSTFLAGS=--cap-lints=warn" "-e" "CARGO_HOME=/opt/rustwide/cargo-home" "-e" "RUSTUP_HOME=/opt/rustwide/rustup-home" "-w" "/opt/rustwide/workdir" "-m" "1610612736" "--user" "0:0" "--network" "none" "ghcr.io/rust-lang/crates-build-env/linux@sha256:34b6a614d2c27851fe6cbf88fbd1137609cefab8b10d0615aaeb6fd47975d74e" "/opt/rustwide/cargo-home/bin/cargo" "+beta-2021-08-01" "build" "--frozen" "--message-format=json", kill_on_drop: false }`
[INFO] [stdout] a4ac199fd5e07e0a2a3c8cc3954c10a93844f263af9dca4a51d894cfa893f308
[INFO] running `Command { std: "docker" "start" "-a" "a4ac199fd5e07e0a2a3c8cc3954c10a93844f263af9dca4a51d894cfa893f308", kill_on_drop: false }`
[INFO] [stderr]    Compiling version_check v0.1.5
[INFO] [stderr]    Compiling libc v0.2.65
[INFO] [stderr]    Compiling log v0.4.8
[INFO] [stderr]    Compiling error-chain v0.12.1
[INFO] [stderr]    Compiling time v0.1.42
[INFO] [stderr]    Compiling syslog v5.0.0 (/opt/rustwide/workdir)
[INFO] [stdout] warning: use of deprecated associated function `std::error::Error::description`: use the Display impl or to_string()
[INFO] [stdout]  --> src/errors.rs:1:1
[INFO] [stdout]   |
[INFO] [stdout] 1 | / error_chain! {
[INFO] [stdout] 2 | |     errors { Initialization UnsupportedPlatform Format Write }
[INFO] [stdout] 3 | |
[INFO] [stdout] 4 | |     foreign_links {
[INFO] [stdout] 5 | |         Io(::std::io::Error) #[doc = "Link to a `std::error::Error` type."];
[INFO] [stdout] 6 | |     }
[INFO] [stdout] 7 | | }
[INFO] [stdout]   | |_^
[INFO] [stdout]   |
[INFO] [stdout]   = note: `#[warn(deprecated)]` on by default
[INFO] [stdout]   = note: this warning originates in the macro `impl_error_chain_processed` (in Nightly builds, run with -Z macro-backtrace for more info)
[INFO] [stdout] 
[INFO] [stdout] 
[INFO] [stdout] warning: 1 warning emitted
[INFO] [stdout] 
[INFO] [stdout] 
[INFO] [stderr]     Finished dev [unoptimized + debuginfo] target(s) in 3.32s
[INFO] running `Command { std: "docker" "inspect" "a4ac199fd5e07e0a2a3c8cc3954c10a93844f263af9dca4a51d894cfa893f308", kill_on_drop: false }`
[INFO] running `Command { std: "docker" "rm" "-f" "a4ac199fd5e07e0a2a3c8cc3954c10a93844f263af9dca4a51d894cfa893f308", kill_on_drop: false }`
[INFO] [stdout] a4ac199fd5e07e0a2a3c8cc3954c10a93844f263af9dca4a51d894cfa893f308
[INFO] running `Command { std: "docker" "create" "-v" "/var/lib/crater-agent-workspace/builds/worker-4/target:/opt/rustwide/target:rw,Z" "-v" "/var/lib/crater-agent-workspace/builds/worker-4/source:/opt/rustwide/workdir:ro,Z" "-v" "/var/lib/crater-agent-workspace/cargo-home:/opt/rustwide/cargo-home:ro,Z" "-v" "/var/lib/crater-agent-workspace/rustup-home:/opt/rustwide/rustup-home:ro,Z" "-e" "SOURCE_DIR=/opt/rustwide/workdir" "-e" "CARGO_TARGET_DIR=/opt/rustwide/target" "-e" "CARGO_INCREMENTAL=0" "-e" "RUST_BACKTRACE=full" "-e" "RUSTFLAGS=--cap-lints=warn" "-e" "CARGO_HOME=/opt/rustwide/cargo-home" "-e" "RUSTUP_HOME=/opt/rustwide/rustup-home" "-w" "/opt/rustwide/workdir" "-m" "1610612736" "--user" "0:0" "--network" "none" "ghcr.io/rust-lang/crates-build-env/linux@sha256:34b6a614d2c27851fe6cbf88fbd1137609cefab8b10d0615aaeb6fd47975d74e" "/opt/rustwide/cargo-home/bin/cargo" "+beta-2021-08-01" "test" "--frozen" "--no-run" "--message-format=json", kill_on_drop: false }`
[INFO] [stdout] af350e3a4348b52da2bc7e65b2e013314b163db53e3e9b74079fc12d68cb3fc5
[INFO] running `Command { std: "docker" "start" "-a" "af350e3a4348b52da2bc7e65b2e013314b163db53e3e9b74079fc12d68cb3fc5", kill_on_drop: false }`
[INFO] [stderr]    Compiling syslog v5.0.0 (/opt/rustwide/workdir)
[INFO] [stdout] warning: use of deprecated associated function `std::error::Error::description`: use the Display impl or to_string()
[INFO] [stdout]  --> src/errors.rs:1:1
[INFO] [stdout]   |
[INFO] [stdout] 1 | / error_chain! {
[INFO] [stdout] 2 | |     errors { Initialization UnsupportedPlatform Format Write }
[INFO] [stdout] 3 | |
[INFO] [stdout] 4 | |     foreign_links {
[INFO] [stdout] 5 | |         Io(::std::io::Error) #[doc = "Link to a `std::error::Error` type."];
[INFO] [stdout] 6 | |     }
[INFO] [stdout] 7 | | }
[INFO] [stdout]   | |_^
[INFO] [stdout]   |
[INFO] [stdout]   = note: `#[warn(deprecated)]` on by default
[INFO] [stdout]   = note: this warning originates in the macro `impl_error_chain_processed` (in Nightly builds, run with -Z macro-backtrace for more info)
[INFO] [stdout] 
[INFO] [stdout] 
[INFO] [stdout] warning: 1 warning emitted
[INFO] [stdout] 
[INFO] [stdout] 
[INFO] [stdout] warning: use of deprecated associated function `std::error::Error::description`: use the Display impl or to_string()
[INFO] [stdout]  --> src/errors.rs:1:1
[INFO] [stdout]   |
[INFO] [stdout] 1 | / error_chain! {
[INFO] [stdout] 2 | |     errors { Initialization UnsupportedPlatform Format Write }
[INFO] [stdout] 3 | |
[INFO] [stdout] 4 | |     foreign_links {
[INFO] [stdout] 5 | |         Io(::std::io::Error) #[doc = "Link to a `std::error::Error` type."];
[INFO] [stdout] 6 | |     }
[INFO] [stdout] 7 | | }
[INFO] [stdout]   | |_^
[INFO] [stdout]   |
[INFO] [stdout]   = note: `#[warn(deprecated)]` on by default
[INFO] [stdout]   = note: this warning originates in the macro `impl_error_chain_processed` (in Nightly builds, run with -Z macro-backtrace for more info)
[INFO] [stdout] 
[INFO] [stdout] 
[INFO] [stdout] warning: 1 warning emitted
[INFO] [stdout] 
[INFO] [stdout] 
[INFO] [stderr]     Finished test [unoptimized + debuginfo] target(s) in 0.70s
[INFO] running `Command { std: "docker" "inspect" "af350e3a4348b52da2bc7e65b2e013314b163db53e3e9b74079fc12d68cb3fc5", kill_on_drop: false }`
[INFO] running `Command { std: "docker" "rm" "-f" "af350e3a4348b52da2bc7e65b2e013314b163db53e3e9b74079fc12d68cb3fc5", kill_on_drop: false }`
[INFO] [stdout] af350e3a4348b52da2bc7e65b2e013314b163db53e3e9b74079fc12d68cb3fc5
[INFO] running `Command { std: "docker" "create" "-v" "/var/lib/crater-agent-workspace/builds/worker-4/target:/opt/rustwide/target:rw,Z" "-v" "/var/lib/crater-agent-workspace/builds/worker-4/source:/opt/rustwide/workdir:ro,Z" "-v" "/var/lib/crater-agent-workspace/cargo-home:/opt/rustwide/cargo-home:ro,Z" "-v" "/var/lib/crater-agent-workspace/rustup-home:/opt/rustwide/rustup-home:ro,Z" "-e" "SOURCE_DIR=/opt/rustwide/workdir" "-e" "CARGO_TARGET_DIR=/opt/rustwide/target" "-e" "CARGO_INCREMENTAL=0" "-e" "RUST_BACKTRACE=full" "-e" "RUSTFLAGS=--cap-lints=warn" "-e" "CARGO_HOME=/opt/rustwide/cargo-home" "-e" "RUSTUP_HOME=/opt/rustwide/rustup-home" "-w" "/opt/rustwide/workdir" "-m" "1610612736" "--user" "0:0" "--network" "none" "ghcr.io/rust-lang/crates-build-env/linux@sha256:34b6a614d2c27851fe6cbf88fbd1137609cefab8b10d0615aaeb6fd47975d74e" "/opt/rustwide/cargo-home/bin/cargo" "+beta-2021-08-01" "test" "--frozen", kill_on_drop: false }`
[INFO] [stdout] e37408203b8f76fa14ce71ffd36d9df0572e1f4bba21c7c56cc1d698e1cc1061
[INFO] running `Command { std: "docker" "start" "-a" "e37408203b8f76fa14ce71ffd36d9df0572e1f4bba21c7c56cc1d698e1cc1061", kill_on_drop: false }`
[INFO] [stderr] warning: use of deprecated associated function `std::error::Error::description`: use the Display impl or to_string()
[INFO] [stderr]  --> src/errors.rs:1:1
[INFO] [stderr]   |
[INFO] [stderr] 1 | / error_chain! {
[INFO] [stderr] 2 | |     errors { Initialization UnsupportedPlatform Format Write }
[INFO] [stderr] 3 | |
[INFO] [stderr] 4 | |     foreign_links {
[INFO] [stderr] 5 | |         Io(::std::io::Error) #[doc = "Link to a `std::error::Error` type."];
[INFO] [stderr] 6 | |     }
[INFO] [stderr] 7 | | }
[INFO] [stderr]   | |_^
[INFO] [stderr]   |
[INFO] [stderr]   = note: `#[warn(deprecated)]` on by default
[INFO] [stderr]   = note: this warning originates in the macro `impl_error_chain_processed` (in Nightly builds, run with -Z macro-backtrace for more info)
[INFO] [stderr] 
[INFO] [stderr] warning: `syslog` (lib) generated 1 warning
[INFO] [stderr] warning: `syslog` (lib test) generated 1 warning (1 duplicate)
[INFO] [stderr]     Finished test [unoptimized + debuginfo] target(s) in 0.08s
[INFO] [stderr]      Running unittests (/opt/rustwide/target/debug/deps/syslog-28626a41570e5236)
[INFO] [stdout] 
[INFO] [stderr]    Doc-tests syslog
[INFO] [stdout] running 0 tests
[INFO] [stdout] 
[INFO] [stdout] test result: ok. 0 passed; 0 failed; 0 ignored; 0 measured; 0 filtered out; finished in 0.00s
[INFO] [stdout] 
[INFO] [stdout] 
[INFO] [stdout] running 2 tests
[INFO] [stdout] test src/lib.rs - (line 12) ... ok
[INFO] [stdout] test src/lib.rs - (line 36) ... FAILED
[INFO] [stdout] 
[INFO] [stdout] failures:
[INFO] [stdout] 
[INFO] [stdout] ---- src/lib.rs - (line 36) stdout ----
[INFO] [stdout] Test executable failed (exit code 101).
[INFO] [stdout] 
[INFO] [stdout] stderr:
[INFO] [stdout] thread 'main' panicked at 'could not connect to syslog: Error(Initialization, State { next_error: Some(Error(Io(Os { code: 2, kind: NotFound, message: "No such file or directory" }), State { next_error: None, backtrace: InternalBacktrace })), backtrace: InternalBacktrace })', src/lib.rs:17:42
[INFO] [stdout] stack backtrace:
[INFO] [stdout]    0:     0x559994088e90 - std::backtrace_rs::backtrace::libunwind::trace::hff4d1766e93f64f1
[INFO] [stdout]                                at /rustc/53fd98ca776cb875bc9e5514f56b52eb74f9e7a9/library/std/src/../../backtrace/src/backtrace/libunwind.rs:90:5
[INFO] [stdout]    1:     0x559994088e90 - std::backtrace_rs::backtrace::trace_unsynchronized::h56bbc8eb78770bcb
[INFO] [stdout]                                at /rustc/53fd98ca776cb875bc9e5514f56b52eb74f9e7a9/library/std/src/../../backtrace/src/backtrace/mod.rs:66:5
[INFO] [stdout]    2:     0x559994088e90 - std::sys_common::backtrace::_print_fmt::h5c8e75464faca780
[INFO] [stdout]                                at /rustc/53fd98ca776cb875bc9e5514f56b52eb74f9e7a9/library/std/src/sys_common/backtrace.rs:67:5
[INFO] [stdout]    3:     0x559994088e90 - <std::sys_common::backtrace::_print::DisplayBacktrace as core::fmt::Display>::fmt::h48b88277def8b362
[INFO] [stdout]                                at /rustc/53fd98ca776cb875bc9e5514f56b52eb74f9e7a9/library/std/src/sys_common/backtrace.rs:46:22
[INFO] [stdout]    4:     0x5599940a2f6c - core::fmt::write::h3381b3176fe2b3d3
[INFO] [stdout]                                at /rustc/53fd98ca776cb875bc9e5514f56b52eb74f9e7a9/library/core/src/fmt/mod.rs:1115:17
[INFO] [stdout]    5:     0x559994087645 - std::io::Write::write_fmt::hd42607e5d8e44db0
[INFO] [stdout]                                at /rustc/53fd98ca776cb875bc9e5514f56b52eb74f9e7a9/library/std/src/io/mod.rs:1665:15
[INFO] [stdout]    6:     0x55999408acfb - std::sys_common::backtrace::_print::ha537687d6c17dd0d
[INFO] [stdout]                                at /rustc/53fd98ca776cb875bc9e5514f56b52eb74f9e7a9/library/std/src/sys_common/backtrace.rs:49:5
[INFO] [stdout]    7:     0x55999408acfb - std::sys_common::backtrace::print::h61376ae57d131d72
[INFO] [stdout]                                at /rustc/53fd98ca776cb875bc9e5514f56b52eb74f9e7a9/library/std/src/sys_common/backtrace.rs:36:9
[INFO] [stdout]    8:     0x55999408acfb - std::panicking::default_hook::{{closure}}::h0f7208c0b9644a54
[INFO] [stdout]                                at /rustc/53fd98ca776cb875bc9e5514f56b52eb74f9e7a9/library/std/src/panicking.rs:208:50
[INFO] [stdout]    9:     0x55999408a7d1 - std::panicking::default_hook::hdac7fc06578c14ce
[INFO] [stdout]                                at /rustc/53fd98ca776cb875bc9e5514f56b52eb74f9e7a9/library/std/src/panicking.rs:225:9
[INFO] [stdout]   10:     0x55999408b3c4 - std::panicking::rust_panic_with_hook::h72b21c283da3d1ef
[INFO] [stdout]                                at /rustc/53fd98ca776cb875bc9e5514f56b52eb74f9e7a9/library/std/src/panicking.rs:622:17
[INFO] [stdout]   11:     0x55999408aea7 - std::panicking::begin_panic_handler::{{closure}}::he5778f1729cff84a
[INFO] [stdout]                                at /rustc/53fd98ca776cb875bc9e5514f56b52eb74f9e7a9/library/std/src/panicking.rs:519:13
[INFO] [stdout]   12:     0x55999408936c - std::sys_common::backtrace::__rust_end_short_backtrace::h2d11ca8b453b4b1d
[INFO] [stdout]                                at /rustc/53fd98ca776cb875bc9e5514f56b52eb74f9e7a9/library/std/src/sys_common/backtrace.rs:141:18
[INFO] [stdout]   13:     0x55999408ae09 - rust_begin_unwind
[INFO] [stdout]                                at /rustc/53fd98ca776cb875bc9e5514f56b52eb74f9e7a9/library/std/src/panicking.rs:515:5
[INFO] [stdout]   14:     0x559994063e21 - core::panicking::panic_fmt::hf9de31d4acbce4db
[INFO] [stdout]                                at /rustc/53fd98ca776cb875bc9e5514f56b52eb74f9e7a9/library/core/src/panicking.rs:92:14
[INFO] [stdout]   15:     0x559994063eb3 - core::result::unwrap_failed::ha0c84e81219e5878
[INFO] [stdout]                                at /rustc/53fd98ca776cb875bc9e5514f56b52eb74f9e7a9/library/core/src/result.rs:1599:5
[INFO] [stdout]   16:     0x559994064a05 - core::result::Result<T,E>::expect::h858be83038702942
[INFO] [stdout]   17:     0x559994064f5a - rust_out::main::h61823b600df25383
[INFO] [stdout]   18:     0x559994064793 - core::ops::function::FnOnce::call_once::h3d07824a44777914
[INFO] [stdout]   19:     0x559994064669 - std::sys_common::backtrace::__rust_begin_short_backtrace::h1ee1ba859d3174aa
[INFO] [stdout]   20:     0x5599940646e9 - std::rt::lang_start::{{closure}}::hee9719d6b6efb7fa
[INFO] [stdout]   21:     0x55999408b8ca - core::ops::function::impls::<impl core::ops::function::FnOnce<A> for &F>::call_once::ha88a7d1a4d24e549
[INFO] [stdout]                                at /rustc/53fd98ca776cb875bc9e5514f56b52eb74f9e7a9/library/core/src/ops/function.rs:259:13
[INFO] [stdout]   22:     0x55999408b8ca - std::panicking::try::do_call::hd3b1d7740607ccc7
[INFO] [stdout]                                at /rustc/53fd98ca776cb875bc9e5514f56b52eb74f9e7a9/library/std/src/panicking.rs:401:40
[INFO] [stdout]   23:     0x55999408b8ca - std::panicking::try::h0ee8c65ac7461507
[INFO] [stdout]                                at /rustc/53fd98ca776cb875bc9e5514f56b52eb74f9e7a9/library/std/src/panicking.rs:365:19
[INFO] [stdout]   24:     0x55999408b8ca - std::panic::catch_unwind::head47f0de4ccd838
[INFO] [stdout]                                at /rustc/53fd98ca776cb875bc9e5514f56b52eb74f9e7a9/library/std/src/panic.rs:434:14
[INFO] [stdout]   25:     0x55999408b8ca - std::rt::lang_start_internal::{{closure}}::hbc7de8ec820ac085
[INFO] [stdout]                                at /rustc/53fd98ca776cb875bc9e5514f56b52eb74f9e7a9/library/std/src/rt.rs:45:48
[INFO] [stdout]   26:     0x55999408b8ca - std::panicking::try::do_call::h2609e52e8bad4a7b
[INFO] [stdout]                                at /rustc/53fd98ca776cb875bc9e5514f56b52eb74f9e7a9/library/std/src/panicking.rs:401:40
[INFO] [stdout]   27:     0x55999408b8ca - std::panicking::try::hd0929f0b603e0389
[INFO] [stdout]                                at /rustc/53fd98ca776cb875bc9e5514f56b52eb74f9e7a9/library/std/src/panicking.rs:365:19
[INFO] [stdout]   28:     0x55999408b8ca - std::panic::catch_unwind::h27902b81c3e47571
[INFO] [stdout]                                at /rustc/53fd98ca776cb875bc9e5514f56b52eb74f9e7a9/library/std/src/panic.rs:434:14
[INFO] [stdout]   29:     0x55999408b8ca - std::rt::lang_start_internal::h3fb2d794dd391e3e
[INFO] [stdout]                                at /rustc/53fd98ca776cb875bc9e5514f56b52eb74f9e7a9/library/std/src/rt.rs:45:20
[INFO] [stdout]   30:     0x5599940646c1 - std::rt::lang_start::h0745d281d96e0cdb
[INFO] [stdout]   31:     0x5599940650f3 - main
[INFO] [stdout]   32:     0x7faf405630b3 - __libc_start_main
[INFO] [stdout]   33:     0x55999406457e - _start
[INFO] [stdout]   34:                0x0 - <unknown>
[INFO] [stdout] 
[INFO] [stdout] 
[INFO] [stdout] 
[INFO] [stdout] failures:
[INFO] [stdout]     src/lib.rs - (line 36)
[INFO] [stdout] 
[INFO] [stdout] test result: FAILED. 1 passed; 1 failed; 0 ignored; 0 measured; 0 filtered out; finished in 0.67s
[INFO] [stdout] 
[INFO] [stderr] error: test failed, to rerun pass '--doc'
[INFO] running `Command { std: "docker" "inspect" "e37408203b8f76fa14ce71ffd36d9df0572e1f4bba21c7c56cc1d698e1cc1061", kill_on_drop: false }`
[INFO] running `Command { std: "docker" "rm" "-f" "e37408203b8f76fa14ce71ffd36d9df0572e1f4bba21c7c56cc1d698e1cc1061", kill_on_drop: false }`
[INFO] [stdout] e37408203b8f76fa14ce71ffd36d9df0572e1f4bba21c7c56cc1d698e1cc1061
