[INFO] fetching crate synthez-core 0.1.0...
[INFO] testing synthez-core-0.1.0 against 1.54.0 for beta-1.55-1
[INFO] extracting crate synthez-core 0.1.0 into /workspace/builds/worker-86/source
[INFO] validating manifest of crates.io crate synthez-core 0.1.0 on toolchain 1.54.0
[INFO] running `Command { std: "/workspace/cargo-home/bin/cargo" "+1.54.0" "metadata" "--manifest-path" "Cargo.toml" "--no-deps", kill_on_drop: false }`
[INFO] started tweaking crates.io crate synthez-core 0.1.0
[INFO] finished tweaking crates.io crate synthez-core 0.1.0
[INFO] tweaked toml for crates.io crate synthez-core 0.1.0 written to /workspace/builds/worker-86/source/Cargo.toml
[INFO] running `Command { std: "/workspace/cargo-home/bin/cargo" "+1.54.0" "generate-lockfile" "--manifest-path" "Cargo.toml" "-Zno-index-update", kill_on_drop: false }`
[INFO] [stderr]     Blocking waiting for file lock on package cache
[INFO] running `Command { std: "/workspace/cargo-home/bin/cargo" "+1.54.0" "fetch" "--manifest-path" "Cargo.toml", kill_on_drop: false }`
[INFO] running `Command { std: "docker" "create" "-v" "/var/lib/crater-agent-workspace/builds/worker-86/target:/opt/rustwide/target:rw,Z" "-v" "/var/lib/crater-agent-workspace/builds/worker-86/source:/opt/rustwide/workdir:ro,Z" "-v" "/var/lib/crater-agent-workspace/cargo-home:/opt/rustwide/cargo-home:ro,Z" "-v" "/var/lib/crater-agent-workspace/rustup-home:/opt/rustwide/rustup-home:ro,Z" "-e" "SOURCE_DIR=/opt/rustwide/workdir" "-e" "CARGO_TARGET_DIR=/opt/rustwide/target" "-e" "CARGO_HOME=/opt/rustwide/cargo-home" "-e" "RUSTUP_HOME=/opt/rustwide/rustup-home" "-w" "/opt/rustwide/workdir" "-m" "1610612736" "--user" "0:0" "--network" "none" "ghcr.io/rust-lang/crates-build-env/linux@sha256:34b6a614d2c27851fe6cbf88fbd1137609cefab8b10d0615aaeb6fd47975d74e" "/opt/rustwide/cargo-home/bin/cargo" "+1.54.0" "metadata" "--no-deps" "--format-version=1", kill_on_drop: false }`
[INFO] [stdout] a43642c0ea6a75844401b65576633db6b1f75dd060c96dcc97ed69f92bed6506
[INFO] running `Command { std: "docker" "start" "-a" "a43642c0ea6a75844401b65576633db6b1f75dd060c96dcc97ed69f92bed6506", kill_on_drop: false }`
[INFO] running `Command { std: "docker" "inspect" "a43642c0ea6a75844401b65576633db6b1f75dd060c96dcc97ed69f92bed6506", kill_on_drop: false }`
[INFO] running `Command { std: "docker" "rm" "-f" "a43642c0ea6a75844401b65576633db6b1f75dd060c96dcc97ed69f92bed6506", kill_on_drop: false }`
[INFO] [stdout] a43642c0ea6a75844401b65576633db6b1f75dd060c96dcc97ed69f92bed6506
[INFO] running `Command { std: "docker" "create" "-v" "/var/lib/crater-agent-workspace/builds/worker-86/target:/opt/rustwide/target:rw,Z" "-v" "/var/lib/crater-agent-workspace/builds/worker-86/source:/opt/rustwide/workdir:ro,Z" "-v" "/var/lib/crater-agent-workspace/cargo-home:/opt/rustwide/cargo-home:ro,Z" "-v" "/var/lib/crater-agent-workspace/rustup-home:/opt/rustwide/rustup-home:ro,Z" "-e" "SOURCE_DIR=/opt/rustwide/workdir" "-e" "CARGO_TARGET_DIR=/opt/rustwide/target" "-e" "CARGO_INCREMENTAL=0" "-e" "RUST_BACKTRACE=full" "-e" "RUSTFLAGS=--cap-lints=warn" "-e" "CARGO_HOME=/opt/rustwide/cargo-home" "-e" "RUSTUP_HOME=/opt/rustwide/rustup-home" "-w" "/opt/rustwide/workdir" "-m" "1610612736" "--user" "0:0" "--network" "none" "ghcr.io/rust-lang/crates-build-env/linux@sha256:34b6a614d2c27851fe6cbf88fbd1137609cefab8b10d0615aaeb6fd47975d74e" "/opt/rustwide/cargo-home/bin/cargo" "+1.54.0" "build" "--frozen" "--message-format=json", kill_on_drop: false }`
[INFO] [stdout] 19dc7d3270e77ac775ccea06aec9c52ad34b80370802748749b889a457b73733
[INFO] running `Command { std: "docker" "start" "-a" "19dc7d3270e77ac775ccea06aec9c52ad34b80370802748749b889a457b73733", kill_on_drop: false }`
[INFO] [stderr]     Blocking waiting for file lock on package cache
[INFO] [stderr]    Compiling proc-macro2 v1.0.28
[INFO] [stderr]    Compiling syn v1.0.74
[INFO] [stderr]    Compiling unicode-segmentation v1.8.0
[INFO] [stderr]    Compiling heck v0.3.3
[INFO] [stderr]    Compiling quote v1.0.9
[INFO] [stderr]    Compiling sealed v0.3.0
[INFO] [stderr]    Compiling synthez-core v0.1.0 (/opt/rustwide/workdir)
[INFO] [stderr]     Finished dev [unoptimized + debuginfo] target(s) in 13.93s
[INFO] running `Command { std: "docker" "inspect" "19dc7d3270e77ac775ccea06aec9c52ad34b80370802748749b889a457b73733", kill_on_drop: false }`
[INFO] running `Command { std: "docker" "rm" "-f" "19dc7d3270e77ac775ccea06aec9c52ad34b80370802748749b889a457b73733", kill_on_drop: false }`
[INFO] [stdout] 19dc7d3270e77ac775ccea06aec9c52ad34b80370802748749b889a457b73733
[INFO] running `Command { std: "docker" "create" "-v" "/var/lib/crater-agent-workspace/builds/worker-86/target:/opt/rustwide/target:rw,Z" "-v" "/var/lib/crater-agent-workspace/builds/worker-86/source:/opt/rustwide/workdir:ro,Z" "-v" "/var/lib/crater-agent-workspace/cargo-home:/opt/rustwide/cargo-home:ro,Z" "-v" "/var/lib/crater-agent-workspace/rustup-home:/opt/rustwide/rustup-home:ro,Z" "-e" "SOURCE_DIR=/opt/rustwide/workdir" "-e" "CARGO_TARGET_DIR=/opt/rustwide/target" "-e" "CARGO_INCREMENTAL=0" "-e" "RUST_BACKTRACE=full" "-e" "RUSTFLAGS=--cap-lints=warn" "-e" "CARGO_HOME=/opt/rustwide/cargo-home" "-e" "RUSTUP_HOME=/opt/rustwide/rustup-home" "-w" "/opt/rustwide/workdir" "-m" "1610612736" "--user" "0:0" "--network" "none" "ghcr.io/rust-lang/crates-build-env/linux@sha256:34b6a614d2c27851fe6cbf88fbd1137609cefab8b10d0615aaeb6fd47975d74e" "/opt/rustwide/cargo-home/bin/cargo" "+1.54.0" "test" "--frozen" "--no-run" "--message-format=json", kill_on_drop: false }`
[INFO] [stdout] 26ffe4455fbcb42e488f601f8a4cdeb9ffbd24619ea298ed6a6c0a201834b1aa
[INFO] running `Command { std: "docker" "start" "-a" "26ffe4455fbcb42e488f601f8a4cdeb9ffbd24619ea298ed6a6c0a201834b1aa", kill_on_drop: false }`
[INFO] [stderr]    Compiling synthez-core v0.1.0 (/opt/rustwide/workdir)
[INFO] [stderr]     Finished test [unoptimized + debuginfo] target(s) in 1.46s
[INFO] running `Command { std: "docker" "inspect" "26ffe4455fbcb42e488f601f8a4cdeb9ffbd24619ea298ed6a6c0a201834b1aa", kill_on_drop: false }`
[INFO] running `Command { std: "docker" "rm" "-f" "26ffe4455fbcb42e488f601f8a4cdeb9ffbd24619ea298ed6a6c0a201834b1aa", kill_on_drop: false }`
[INFO] [stdout] 26ffe4455fbcb42e488f601f8a4cdeb9ffbd24619ea298ed6a6c0a201834b1aa
[INFO] running `Command { std: "docker" "create" "-v" "/var/lib/crater-agent-workspace/builds/worker-86/target:/opt/rustwide/target:rw,Z" "-v" "/var/lib/crater-agent-workspace/builds/worker-86/source:/opt/rustwide/workdir:ro,Z" "-v" "/var/lib/crater-agent-workspace/cargo-home:/opt/rustwide/cargo-home:ro,Z" "-v" "/var/lib/crater-agent-workspace/rustup-home:/opt/rustwide/rustup-home:ro,Z" "-e" "SOURCE_DIR=/opt/rustwide/workdir" "-e" "CARGO_TARGET_DIR=/opt/rustwide/target" "-e" "CARGO_INCREMENTAL=0" "-e" "RUST_BACKTRACE=full" "-e" "RUSTFLAGS=--cap-lints=warn" "-e" "CARGO_HOME=/opt/rustwide/cargo-home" "-e" "RUSTUP_HOME=/opt/rustwide/rustup-home" "-w" "/opt/rustwide/workdir" "-m" "1610612736" "--user" "0:0" "--network" "none" "ghcr.io/rust-lang/crates-build-env/linux@sha256:34b6a614d2c27851fe6cbf88fbd1137609cefab8b10d0615aaeb6fd47975d74e" "/opt/rustwide/cargo-home/bin/cargo" "+1.54.0" "test" "--frozen", kill_on_drop: false }`
[INFO] [stdout] 54e528dc6ab06ab09ae619b40a26705f9e97e694682bf1c80a1484d2a8a01b9a
[INFO] running `Command { std: "docker" "start" "-a" "54e528dc6ab06ab09ae619b40a26705f9e97e694682bf1c80a1484d2a8a01b9a", kill_on_drop: false }`
[INFO] [stderr]     Finished test [unoptimized + debuginfo] target(s) in 0.03s
[INFO] [stderr]      Running unittests (/opt/rustwide/target/debug/deps/synthez_core-11f47d990456d8a7)
[INFO] [stdout] 
[INFO] [stdout] running 0 tests
[INFO] [stdout] 
[INFO] [stdout] test result: ok. 0 passed; 0 failed; 0 ignored; 0 measured; 0 filtered out; finished in 0.00s
[INFO] [stdout] 
[INFO] [stderr]    Doc-tests synthez-core
[INFO] [stdout] 
[INFO] [stdout] running 1 test
[INFO] [stdout] test src/field.rs - field::if_empty (line 21) ... FAILED
[INFO] [stdout] 
[INFO] [stdout] failures:
[INFO] [stdout] 
[INFO] [stdout] ---- src/field.rs - field::if_empty (line 21) stdout ----
[INFO] [stdout] error[E0432]: unresolved import `synthez`
[INFO] [stdout]  --> src/field.rs:22:5
[INFO] [stdout]   |
[INFO] [stdout] 3 | use synthez::{field, parse, ParseAttrs};
[INFO] [stdout]   |     ^^^^^^^ use of undeclared crate or module `synthez`
[INFO] [stdout] 
[INFO] [stdout] error: cannot determine resolution for the derive macro `ParseAttrs`
[INFO] [stdout]  --> src/field.rs:24:19
[INFO] [stdout]   |
[INFO] [stdout] 5 | #[derive(Default, ParseAttrs)]
[INFO] [stdout]   |                   ^^^^^^^^^^
[INFO] [stdout]   |
[INFO] [stdout]   = note: import resolution is stuck, try simplifying macro imports
[INFO] [stdout] 
[INFO] [stdout] error: cannot determine resolution for the attribute macro `parse`
[INFO] [stdout]  --> src/field.rs:26:7
[INFO] [stdout]   |
[INFO] [stdout] 7 |     #[parse(value, fallback = field::if_empty(parse::attr::doc))]
[INFO] [stdout]   |       ^^^^^
[INFO] [stdout]   |
[INFO] [stdout]   = note: import resolution is stuck, try simplifying macro imports
[INFO] [stdout] 
[INFO] [stdout] error: aborting due to 3 previous errors
[INFO] [stdout] 
[INFO] [stdout] For more information about this error, try `rustc --explain E0432`.
[INFO] [stdout] Couldn't compile the test.
[INFO] [stdout] 
[INFO] [stdout] failures:
[INFO] [stdout]     src/field.rs - field::if_empty (line 21)
[INFO] [stdout] 
[INFO] [stdout] test result: FAILED. 0 passed; 1 failed; 0 ignored; 0 measured; 0 filtered out; finished in 0.10s
[INFO] [stdout] 
[INFO] [stderr] error: test failed, to rerun pass '--doc'
[INFO] running `Command { std: "docker" "inspect" "54e528dc6ab06ab09ae619b40a26705f9e97e694682bf1c80a1484d2a8a01b9a", kill_on_drop: false }`
[INFO] running `Command { std: "docker" "rm" "-f" "54e528dc6ab06ab09ae619b40a26705f9e97e694682bf1c80a1484d2a8a01b9a", kill_on_drop: false }`
[INFO] [stdout] 54e528dc6ab06ab09ae619b40a26705f9e97e694682bf1c80a1484d2a8a01b9a
