[INFO] fetching crate synthez-codegen 0.1.0...
[INFO] testing synthez-codegen-0.1.0 against beta-2021-08-01 for beta-1.55-1
[INFO] extracting crate synthez-codegen 0.1.0 into /workspace/builds/worker-31/source
[INFO] validating manifest of crates.io crate synthez-codegen 0.1.0 on toolchain beta-2021-08-01
[INFO] running `Command { std: "/workspace/cargo-home/bin/cargo" "+beta-2021-08-01" "metadata" "--manifest-path" "Cargo.toml" "--no-deps", kill_on_drop: false }`
[INFO] started tweaking crates.io crate synthez-codegen 0.1.0
[INFO] finished tweaking crates.io crate synthez-codegen 0.1.0
[INFO] tweaked toml for crates.io crate synthez-codegen 0.1.0 written to /workspace/builds/worker-31/source/Cargo.toml
[INFO] running `Command { std: "/workspace/cargo-home/bin/cargo" "+beta-2021-08-01" "generate-lockfile" "--manifest-path" "Cargo.toml" "-Zno-index-update", kill_on_drop: false }`
[INFO] [stderr]     Blocking waiting for file lock on package cache
[INFO] running `Command { std: "/workspace/cargo-home/bin/cargo" "+beta-2021-08-01" "fetch" "--manifest-path" "Cargo.toml", kill_on_drop: false }`
[INFO] [stderr]     Blocking waiting for file lock on package cache
[INFO] [stderr]     Blocking waiting for file lock on package cache
[INFO] [stderr]  Downloading crates ...
[INFO] [stderr]   Downloaded synthez-core v0.1.0
[INFO] running `Command { std: "docker" "create" "-v" "/var/lib/crater-agent-workspace/builds/worker-31/target:/opt/rustwide/target:rw,Z" "-v" "/var/lib/crater-agent-workspace/builds/worker-31/source:/opt/rustwide/workdir:ro,Z" "-v" "/var/lib/crater-agent-workspace/cargo-home:/opt/rustwide/cargo-home:ro,Z" "-v" "/var/lib/crater-agent-workspace/rustup-home:/opt/rustwide/rustup-home:ro,Z" "-e" "SOURCE_DIR=/opt/rustwide/workdir" "-e" "CARGO_TARGET_DIR=/opt/rustwide/target" "-e" "CARGO_HOME=/opt/rustwide/cargo-home" "-e" "RUSTUP_HOME=/opt/rustwide/rustup-home" "-w" "/opt/rustwide/workdir" "-m" "1610612736" "--user" "0:0" "--network" "none" "ghcr.io/rust-lang/crates-build-env/linux@sha256:34b6a614d2c27851fe6cbf88fbd1137609cefab8b10d0615aaeb6fd47975d74e" "/opt/rustwide/cargo-home/bin/cargo" "+beta-2021-08-01" "metadata" "--no-deps" "--format-version=1", kill_on_drop: false }`
[INFO] [stdout] 138e6987e45d3bc306dfb8eb15a7a6895732d4f2c3a9c2a244335ad76c545d94
[INFO] running `Command { std: "docker" "start" "-a" "138e6987e45d3bc306dfb8eb15a7a6895732d4f2c3a9c2a244335ad76c545d94", kill_on_drop: false }`
[INFO] running `Command { std: "docker" "inspect" "138e6987e45d3bc306dfb8eb15a7a6895732d4f2c3a9c2a244335ad76c545d94", kill_on_drop: false }`
[INFO] running `Command { std: "docker" "rm" "-f" "138e6987e45d3bc306dfb8eb15a7a6895732d4f2c3a9c2a244335ad76c545d94", kill_on_drop: false }`
[INFO] [stdout] 138e6987e45d3bc306dfb8eb15a7a6895732d4f2c3a9c2a244335ad76c545d94
[INFO] running `Command { std: "docker" "create" "-v" "/var/lib/crater-agent-workspace/builds/worker-31/target:/opt/rustwide/target:rw,Z" "-v" "/var/lib/crater-agent-workspace/builds/worker-31/source:/opt/rustwide/workdir:ro,Z" "-v" "/var/lib/crater-agent-workspace/cargo-home:/opt/rustwide/cargo-home:ro,Z" "-v" "/var/lib/crater-agent-workspace/rustup-home:/opt/rustwide/rustup-home:ro,Z" "-e" "SOURCE_DIR=/opt/rustwide/workdir" "-e" "CARGO_TARGET_DIR=/opt/rustwide/target" "-e" "CARGO_INCREMENTAL=0" "-e" "RUST_BACKTRACE=full" "-e" "RUSTFLAGS=--cap-lints=warn" "-e" "CARGO_HOME=/opt/rustwide/cargo-home" "-e" "RUSTUP_HOME=/opt/rustwide/rustup-home" "-w" "/opt/rustwide/workdir" "-m" "1610612736" "--user" "0:0" "--network" "none" "ghcr.io/rust-lang/crates-build-env/linux@sha256:34b6a614d2c27851fe6cbf88fbd1137609cefab8b10d0615aaeb6fd47975d74e" "/opt/rustwide/cargo-home/bin/cargo" "+beta-2021-08-01" "build" "--frozen" "--message-format=json", kill_on_drop: false }`
[INFO] [stdout] 5ae39923ad358c2835b80e8b025dbb6425724ad823f0720c5fcc63681905db20
[INFO] running `Command { std: "docker" "start" "-a" "5ae39923ad358c2835b80e8b025dbb6425724ad823f0720c5fcc63681905db20", kill_on_drop: false }`
[INFO] [stderr]     Blocking waiting for file lock on package cache
[INFO] [stderr]    Compiling syn v1.0.74
[INFO] [stderr]    Compiling sealed v0.3.0
[INFO] [stderr]    Compiling synthez-core v0.1.0
[INFO] [stderr]    Compiling synthez-codegen v0.1.0 (/opt/rustwide/workdir)
[INFO] [stderr]     Finished dev [unoptimized + debuginfo] target(s) in 16.33s
[INFO] running `Command { std: "docker" "inspect" "5ae39923ad358c2835b80e8b025dbb6425724ad823f0720c5fcc63681905db20", kill_on_drop: false }`
[INFO] running `Command { std: "docker" "rm" "-f" "5ae39923ad358c2835b80e8b025dbb6425724ad823f0720c5fcc63681905db20", kill_on_drop: false }`
[INFO] [stdout] 5ae39923ad358c2835b80e8b025dbb6425724ad823f0720c5fcc63681905db20
[INFO] running `Command { std: "docker" "create" "-v" "/var/lib/crater-agent-workspace/builds/worker-31/target:/opt/rustwide/target:rw,Z" "-v" "/var/lib/crater-agent-workspace/builds/worker-31/source:/opt/rustwide/workdir:ro,Z" "-v" "/var/lib/crater-agent-workspace/cargo-home:/opt/rustwide/cargo-home:ro,Z" "-v" "/var/lib/crater-agent-workspace/rustup-home:/opt/rustwide/rustup-home:ro,Z" "-e" "SOURCE_DIR=/opt/rustwide/workdir" "-e" "CARGO_TARGET_DIR=/opt/rustwide/target" "-e" "CARGO_INCREMENTAL=0" "-e" "RUST_BACKTRACE=full" "-e" "RUSTFLAGS=--cap-lints=warn" "-e" "CARGO_HOME=/opt/rustwide/cargo-home" "-e" "RUSTUP_HOME=/opt/rustwide/rustup-home" "-w" "/opt/rustwide/workdir" "-m" "1610612736" "--user" "0:0" "--network" "none" "ghcr.io/rust-lang/crates-build-env/linux@sha256:34b6a614d2c27851fe6cbf88fbd1137609cefab8b10d0615aaeb6fd47975d74e" "/opt/rustwide/cargo-home/bin/cargo" "+beta-2021-08-01" "test" "--frozen" "--no-run" "--message-format=json", kill_on_drop: false }`
[INFO] [stdout] 29ca514fa31b972cada9fd77a19a6fe1d73359fcfaca0a4d34515f6a54da43df
[INFO] running `Command { std: "docker" "start" "-a" "29ca514fa31b972cada9fd77a19a6fe1d73359fcfaca0a4d34515f6a54da43df", kill_on_drop: false }`
[INFO] [stderr]     Blocking waiting for file lock on package cache
[INFO] [stderr]    Compiling synthez-codegen v0.1.0 (/opt/rustwide/workdir)
[INFO] [stderr]     Finished test [unoptimized + debuginfo] target(s) in 1.53s
[INFO] running `Command { std: "docker" "inspect" "29ca514fa31b972cada9fd77a19a6fe1d73359fcfaca0a4d34515f6a54da43df", kill_on_drop: false }`
[INFO] running `Command { std: "docker" "rm" "-f" "29ca514fa31b972cada9fd77a19a6fe1d73359fcfaca0a4d34515f6a54da43df", kill_on_drop: false }`
[INFO] [stdout] 29ca514fa31b972cada9fd77a19a6fe1d73359fcfaca0a4d34515f6a54da43df
[INFO] running `Command { std: "docker" "create" "-v" "/var/lib/crater-agent-workspace/builds/worker-31/target:/opt/rustwide/target:rw,Z" "-v" "/var/lib/crater-agent-workspace/builds/worker-31/source:/opt/rustwide/workdir:ro,Z" "-v" "/var/lib/crater-agent-workspace/cargo-home:/opt/rustwide/cargo-home:ro,Z" "-v" "/var/lib/crater-agent-workspace/rustup-home:/opt/rustwide/rustup-home:ro,Z" "-e" "SOURCE_DIR=/opt/rustwide/workdir" "-e" "CARGO_TARGET_DIR=/opt/rustwide/target" "-e" "CARGO_INCREMENTAL=0" "-e" "RUST_BACKTRACE=full" "-e" "RUSTFLAGS=--cap-lints=warn" "-e" "CARGO_HOME=/opt/rustwide/cargo-home" "-e" "RUSTUP_HOME=/opt/rustwide/rustup-home" "-w" "/opt/rustwide/workdir" "-m" "1610612736" "--user" "0:0" "--network" "none" "ghcr.io/rust-lang/crates-build-env/linux@sha256:34b6a614d2c27851fe6cbf88fbd1137609cefab8b10d0615aaeb6fd47975d74e" "/opt/rustwide/cargo-home/bin/cargo" "+beta-2021-08-01" "test" "--frozen", kill_on_drop: false }`
[INFO] [stdout] ba33afeed4c8ddba32b4216b40d101e39d2dd5361589d4ce0e16de3ba626be05
[INFO] running `Command { std: "docker" "start" "-a" "ba33afeed4c8ddba32b4216b40d101e39d2dd5361589d4ce0e16de3ba626be05", kill_on_drop: false }`
[INFO] [stderr]     Finished test [unoptimized + debuginfo] target(s) in 0.04s
[INFO] [stderr]      Running unittests (/opt/rustwide/target/debug/deps/synthez_codegen-860272b01faaf41b)
[INFO] [stderr]    Doc-tests synthez-codegen
[INFO] [stdout] 
[INFO] [stdout] running 0 tests
[INFO] [stdout] 
[INFO] [stdout] test result: ok. 0 passed; 0 failed; 0 ignored; 0 measured; 0 filtered out; finished in 0.00s
[INFO] [stdout] 
[INFO] [stdout] 
[INFO] [stdout] running 11 tests
[INFO] [stdout] test src/lib.rs - derive_parse_attrs (line 256) ... ignored
[INFO] [stdout] test src/lib.rs - derive_parse_attrs (line 294) ... ignored
[INFO] [stdout] test src/lib.rs - derive_parse_attrs (line 306) ... ignored
[INFO] [stdout] test src/lib.rs - derive_parse_attrs (line 117) - compile fail ... ok
[INFO] [stdout] test src/lib.rs - derive_parse_attrs (line 207) ... FAILED
[INFO] [stdout] test src/lib.rs - derive_to_tokens (line 369) ... FAILED
[INFO] [stdout] test src/lib.rs - derive_parse_attrs (line 132) ... FAILED
[INFO] [stdout] test src/lib.rs - derive_parse_attrs (line 310) ... FAILED
[INFO] [stdout] test src/lib.rs - derive_parse_attrs (line 260) ... FAILED
[INFO] [stdout] test src/lib.rs - derive_parse_attrs (line 164) ... FAILED
[INFO] [stdout] test src/lib.rs - derive_parse_attrs (line 53) ... FAILED
[INFO] [stdout] 
[INFO] [stdout] failures:
[INFO] [stdout] 
[INFO] [stdout] ---- src/lib.rs - derive_parse_attrs (line 207) stdout ----
[INFO] [stdout] error[E0432]: unresolved import `synthez`
[INFO] [stdout]  --> src/lib.rs:209:5
[INFO] [stdout]   |
[INFO] [stdout] 3 | use synthez::ParseAttrs;
[INFO] [stdout]   |     ^^^^^^^ use of undeclared crate or module `synthez`
[INFO] [stdout] 
[INFO] [stdout] error: cannot determine resolution for the derive macro `ParseAttrs`
[INFO] [stdout]  --> src/lib.rs:211:19
[INFO] [stdout]   |
[INFO] [stdout] 5 | #[derive(Default, ParseAttrs)]
[INFO] [stdout]   |                   ^^^^^^^^^^
[INFO] [stdout]   |
[INFO] [stdout]   = note: import resolution is stuck, try simplifying macro imports
[INFO] [stdout] 
[INFO] [stdout] error: cannot find attribute `parse` in this scope
[INFO] [stdout]  --> src/lib.rs:214:7
[INFO] [stdout]   |
[INFO] [stdout] 8 |     #[parse(ident, dedup = last, alias = named)]
[INFO] [stdout]   |       ^^^^^
[INFO] [stdout] 
[INFO] [stdout] error: cannot find attribute `parse` in this scope
[INFO] [stdout]   --> src/lib.rs:218:7
[INFO] [stdout]    |
[INFO] [stdout] 12 |     #[parse(value, dedup = first)]
[INFO] [stdout]    |       ^^^^^
[INFO] [stdout] 
[INFO] [stdout] error: cannot find attribute `parse` in this scope
[INFO] [stdout]   --> src/lib.rs:222:7
[INFO] [stdout]    |
[INFO] [stdout] 16 |     #[parse(ident, dedup = unique, args(foo, bar, baz))]
[INFO] [stdout]    |       ^^^^^
[INFO] [stdout] 
[INFO] [stdout] error[E0599]: no function or associated item named `parse_attrs` found for struct `MyAttrs` in the current scope
[INFO] [stdout]   --> src/lib.rs:233:25
[INFO] [stdout]    |
[INFO] [stdout] 6  | struct MyAttrs {
[INFO] [stdout]    | -------------- function or associated item `parse_attrs` not found for this
[INFO] [stdout] ...
[INFO] [stdout] 27 | let my_attrs = MyAttrs::parse_attrs("my_attr", &input);
[INFO] [stdout]    |                         ^^^^^^^^^^^ function or associated item not found in `MyAttrs`
[INFO] [stdout]    |
[INFO] [stdout]    = help: items from traits can only be used if the trait is implemented and in scope
[INFO] [stdout]    = note: the following trait defines an item `parse_attrs`, perhaps you need to implement it:
[INFO] [stdout]            candidate #1: `synthez_core::ParseAttrs`
[INFO] [stdout] 
[INFO] [stdout] error[E0599]: no function or associated item named `parse_attrs` found for struct `MyAttrs` in the current scope
[INFO] [stdout]   --> src/lib.rs:246:25
[INFO] [stdout]    |
[INFO] [stdout] 6  | struct MyAttrs {
[INFO] [stdout]    | -------------- function or associated item `parse_attrs` not found for this
[INFO] [stdout] ...
[INFO] [stdout] 40 | let my_attrs = MyAttrs::parse_attrs("my_attr", &wrong);
[INFO] [stdout]    |                         ^^^^^^^^^^^ function or associated item not found in `MyAttrs`
[INFO] [stdout]    |
[INFO] [stdout]    = help: items from traits can only be used if the trait is implemented and in scope
[INFO] [stdout]    = note: the following trait defines an item `parse_attrs`, perhaps you need to implement it:
[INFO] [stdout]            candidate #1: `synthez_core::ParseAttrs`
[INFO] [stdout] 
[INFO] [stdout] error: aborting due to 7 previous errors
[INFO] [stdout] 
[INFO] [stdout] Some errors have detailed explanations: E0432, E0599.
[INFO] [stdout] For more information about an error, try `rustc --explain E0432`.
[INFO] [stdout] Couldn't compile the test.
[INFO] [stdout] ---- src/lib.rs - derive_to_tokens (line 369) stdout ----
[INFO] [stdout] error[E0433]: failed to resolve: use of undeclared crate or module `synthez`
[INFO] [stdout]  --> src/lib.rs:370:5
[INFO] [stdout]   |
[INFO] [stdout] 2 | use synthez::{proc_macro2::TokenStream, quote::quote, ToTokens};
[INFO] [stdout]   |     ^^^^^^^ use of undeclared crate or module `synthez`
[INFO] [stdout] 
[INFO] [stdout] error[E0432]: unresolved import `synthez`
[INFO] [stdout]  --> src/lib.rs:370:5
[INFO] [stdout]   |
[INFO] [stdout] 2 | use synthez::{proc_macro2::TokenStream, quote::quote, ToTokens};
[INFO] [stdout]   |     ^^^^^^^ use of undeclared crate or module `synthez`
[INFO] [stdout] 
[INFO] [stdout] error: cannot determine resolution for the derive macro `ToTokens`
[INFO] [stdout]  --> src/lib.rs:372:10
[INFO] [stdout]   |
[INFO] [stdout] 4 | #[derive(ToTokens)]
[INFO] [stdout]   |          ^^^^^^^^
[INFO] [stdout]   |
[INFO] [stdout]   = note: import resolution is stuck, try simplifying macro imports
[INFO] [stdout] 
[INFO] [stdout] error: cannot find attribute `to_tokens` in this scope
[INFO] [stdout]  --> src/lib.rs:373:3
[INFO] [stdout]   |
[INFO] [stdout] 5 | #[to_tokens(append(foo_tokens, baz_tokens))]
[INFO] [stdout]   |   ^^^^^^^^^
[INFO] [stdout] 
[INFO] [stdout] error: cannot find macro `quote` in this scope
[INFO] [stdout]   --> src/lib.rs:378:9
[INFO] [stdout]    |
[INFO] [stdout] 10 |         quote! {
[INFO] [stdout]    |         ^^^^^
[INFO] [stdout]    |
[INFO] [stdout]    = note: consider importing this macro:
[INFO] [stdout]            proc_macro::quote
[INFO] [stdout] 
[INFO] [stdout] error: cannot find macro `quote` in this scope
[INFO] [stdout]   --> src/lib.rs:384:9
[INFO] [stdout]    |
[INFO] [stdout] 16 |         quote! {
[INFO] [stdout]    |         ^^^^^
[INFO] [stdout]    |
[INFO] [stdout]    = note: consider importing this macro:
[INFO] [stdout]            proc_macro::quote
[INFO] [stdout] 
[INFO] [stdout] error: cannot find macro `quote` in this scope
[INFO] [stdout]   --> src/lib.rs:394:5
[INFO] [stdout]    |
[INFO] [stdout] 26 |     quote! { #dummy }.to_string(),
[INFO] [stdout]    |     ^^^^^
[INFO] [stdout]    |
[INFO] [stdout]    = note: consider importing this macro:
[INFO] [stdout]            proc_macro::quote
[INFO] [stdout] 
[INFO] [stdout] error: cannot find macro `quote` in this scope
[INFO] [stdout]   --> src/lib.rs:395:5
[INFO] [stdout]    |
[INFO] [stdout] 27 |     quote! {
[INFO] [stdout]    |     ^^^^^
[INFO] [stdout]    |
[INFO] [stdout]    = note: consider importing this macro:
[INFO] [stdout]            proc_macro::quote
[INFO] [stdout] 
[INFO] [stdout] error[E0412]: cannot find type `TokenStream` in this scope
[INFO] [stdout]  --> src/lib.rs:377:29
[INFO] [stdout]   |
[INFO] [stdout] 9 |     fn foo_tokens(&self) -> TokenStream {
[INFO] [stdout]   |                             ^^^^^^^^^^^ not found in this scope
[INFO] [stdout]   |
[INFO] [stdout] help: consider importing one of these items
[INFO] [stdout]   |
[INFO] [stdout] 2 | use proc_macro2::TokenStream;
[INFO] [stdout]   |
[INFO] [stdout] 2 | use proc_macro::TokenStream;
[INFO] [stdout]   |
[INFO] [stdout] 2 | use proc_macro::bridge::server::TokenStream;
[INFO] [stdout]   |
[INFO] [stdout] 2 | use syn::__private::TokenStream;
[INFO] [stdout]   |
[INFO] [stdout] 
[INFO] [stdout] error[E0412]: cannot find type `TokenStream` in this scope
[INFO] [stdout]   --> src/lib.rs:383:29
[INFO] [stdout]    |
[INFO] [stdout] 15 |     fn baz_tokens(&self) -> TokenStream {
[INFO] [stdout]    |                             ^^^^^^^^^^^ not found in this scope
[INFO] [stdout]    |
[INFO] [stdout] help: consider importing one of these items
[INFO] [stdout]    |
[INFO] [stdout] 2  | use proc_macro2::TokenStream;
[INFO] [stdout]    |
[INFO] [stdout] 2  | use proc_macro::TokenStream;
[INFO] [stdout]    |
[INFO] [stdout] 2  | use proc_macro::bridge::server::TokenStream;
[INFO] [stdout]    |
[INFO] [stdout] 2  | use syn::__private::TokenStream;
[INFO] [stdout]    |
[INFO] [stdout] 
[INFO] [stdout] error: aborting due to 10 previous errors
[INFO] [stdout] 
[INFO] [stdout] Some errors have detailed explanations: E0412, E0432, E0433.
[INFO] [stdout] For more information about an error, try `rustc --explain E0412`.
[INFO] [stdout] Couldn't compile the test.
[INFO] [stdout] ---- src/lib.rs - derive_parse_attrs (line 132) stdout ----
[INFO] [stdout] error[E0432]: unresolved import `synthez`
[INFO] [stdout]  --> src/lib.rs:134:5
[INFO] [stdout]   |
[INFO] [stdout] 3 | use synthez::ParseAttrs;
[INFO] [stdout]   |     ^^^^^^^ use of undeclared crate or module `synthez`
[INFO] [stdout] 
[INFO] [stdout] error: cannot determine resolution for the derive macro `ParseAttrs`
[INFO] [stdout]  --> src/lib.rs:136:19
[INFO] [stdout]   |
[INFO] [stdout] 5 | #[derive(Default, ParseAttrs)]
[INFO] [stdout]   |                   ^^^^^^^^^^
[INFO] [stdout]   |
[INFO] [stdout]   = note: import resolution is stuck, try simplifying macro imports
[INFO] [stdout] 
[INFO] [stdout] error: cannot find attribute `parse` in this scope
[INFO] [stdout]  --> src/lib.rs:138:7
[INFO] [stdout]   |
[INFO] [stdout] 7 |     #[parse(value, alias = value)]
[INFO] [stdout]   |       ^^^^^
[INFO] [stdout] 
[INFO] [stdout] error: cannot find attribute `parse` in this scope
[INFO] [stdout]  --> src/lib.rs:139:7
[INFO] [stdout]   |
[INFO] [stdout] 8 |     #[parse(aliases(vals, values))]
[INFO] [stdout]   |       ^^^^^
[INFO] [stdout] 
[INFO] [stdout] error[E0599]: no function or associated item named `parse_attrs` found for struct `MyAttrs` in the current scope
[INFO] [stdout]   --> src/lib.rs:150:25
[INFO] [stdout]    |
[INFO] [stdout] 6  | struct MyAttrs {
[INFO] [stdout]    | -------------- function or associated item `parse_attrs` not found for this
[INFO] [stdout] ...
[INFO] [stdout] 19 | let my_attrs = MyAttrs::parse_attrs("my_attr", &input);
[INFO] [stdout]    |                         ^^^^^^^^^^^ function or associated item not found in `MyAttrs`
[INFO] [stdout]    |
[INFO] [stdout]    = help: items from traits can only be used if the trait is implemented and in scope
[INFO] [stdout]    = note: the following trait defines an item `parse_attrs`, perhaps you need to implement it:
[INFO] [stdout]            candidate #1: `synthez_core::ParseAttrs`
[INFO] [stdout] 
[INFO] [stdout] error: aborting due to 5 previous errors
[INFO] [stdout] 
[INFO] [stdout] Some errors have detailed explanations: E0432, E0599.
[INFO] [stdout] For more information about an error, try `rustc --explain E0432`.
[INFO] [stdout] Couldn't compile the test.
[INFO] [stdout] ---- src/lib.rs - derive_parse_attrs (line 310) stdout ----
[INFO] [stdout] error[E0432]: unresolved import `synthez`
[INFO] [stdout]  --> src/lib.rs:312:5
[INFO] [stdout]   |
[INFO] [stdout] 3 | use synthez::{field, parse, ParseAttrs};
[INFO] [stdout]   |     ^^^^^^^ use of undeclared crate or module `synthez`
[INFO] [stdout] 
[INFO] [stdout] error: cannot determine resolution for the derive macro `ParseAttrs`
[INFO] [stdout]  --> src/lib.rs:314:19
[INFO] [stdout]   |
[INFO] [stdout] 5 | #[derive(Default, ParseAttrs)]
[INFO] [stdout]   |                   ^^^^^^^^^^
[INFO] [stdout]   |
[INFO] [stdout]   = note: import resolution is stuck, try simplifying macro imports
[INFO] [stdout] 
[INFO] [stdout] error: cannot determine resolution for the attribute macro `parse`
[INFO] [stdout]  --> src/lib.rs:318:7
[INFO] [stdout]   |
[INFO] [stdout] 9 |     #[parse(value, fallback = field::if_empty(parse::attr::doc))]
[INFO] [stdout]   |       ^^^^^
[INFO] [stdout]   |
[INFO] [stdout]   = note: import resolution is stuck, try simplifying macro imports
[INFO] [stdout] 
[INFO] [stdout] error[E0599]: no function or associated item named `parse_attrs` found for struct `MyAttrs` in the current scope
[INFO] [stdout]   --> src/lib.rs:328:25
[INFO] [stdout]    |
[INFO] [stdout] 6  | struct MyAttrs {
[INFO] [stdout]    | -------------- function or associated item `parse_attrs` not found for this
[INFO] [stdout] ...
[INFO] [stdout] 19 | let my_attrs = MyAttrs::parse_attrs("my_attr", &from_attr);
[INFO] [stdout]    |                         ^^^^^^^^^^^ function or associated item not found in `MyAttrs`
[INFO] [stdout]    |
[INFO] [stdout]    = help: items from traits can only be used if the trait is implemented and in scope
[INFO] [stdout]    = note: the following trait defines an item `parse_attrs`, perhaps you need to implement it:
[INFO] [stdout]            candidate #1: `synthez_core::ParseAttrs`
[INFO] [stdout] 
[INFO] [stdout] error[E0599]: no function or associated item named `parse_attrs` found for struct `MyAttrs` in the current scope
[INFO] [stdout]   --> src/lib.rs:338:25
[INFO] [stdout]    |
[INFO] [stdout] 6  | struct MyAttrs {
[INFO] [stdout]    | -------------- function or associated item `parse_attrs` not found for this
[INFO] [stdout] ...
[INFO] [stdout] 29 | let my_attrs = MyAttrs::parse_attrs("my_attr", &from_doc);
[INFO] [stdout]    |                         ^^^^^^^^^^^ function or associated item not found in `MyAttrs`
[INFO] [stdout]    |
[INFO] [stdout]    = help: items from traits can only be used if the trait is implemented and in scope
[INFO] [stdout]    = note: the following trait defines an item `parse_attrs`, perhaps you need to implement it:
[INFO] [stdout]            candidate #1: `synthez_core::ParseAttrs`
[INFO] [stdout] 
[INFO] [stdout] error: aborting due to 5 previous errors
[INFO] [stdout] 
[INFO] [stdout] Some errors have detailed explanations: E0432, E0599.
[INFO] [stdout] For more information about an error, try `rustc --explain E0432`.
[INFO] [stdout] Couldn't compile the test.
[INFO] [stdout] ---- src/lib.rs - derive_parse_attrs (line 260) stdout ----
[INFO] [stdout] error[E0432]: unresolved import `synthez`
[INFO] [stdout]  --> src/lib.rs:263:5
[INFO] [stdout]   |
[INFO] [stdout] 4 | use synthez::ParseAttrs;
[INFO] [stdout]   |     ^^^^^^^ use of undeclared crate or module `synthez`
[INFO] [stdout] 
[INFO] [stdout] error: cannot determine resolution for the derive macro `ParseAttrs`
[INFO] [stdout]  --> src/lib.rs:265:19
[INFO] [stdout]   |
[INFO] [stdout] 6 | #[derive(Default, ParseAttrs)]
[INFO] [stdout]   |                   ^^^^^^^^^^
[INFO] [stdout]   |
[INFO] [stdout]   = note: import resolution is stuck, try simplifying macro imports
[INFO] [stdout] 
[INFO] [stdout] error: cannot find attribute `parse` in this scope
[INFO] [stdout]  --> src/lib.rs:267:7
[INFO] [stdout]   |
[INFO] [stdout] 8 |     #[parse(value, validate = not_foo)]
[INFO] [stdout]   |       ^^^^^
[INFO] [stdout] 
[INFO] [stdout] error[E0599]: no function or associated item named `parse_attrs` found for struct `MyAttrs` in the current scope
[INFO] [stdout]   --> src/lib.rs:284:25
[INFO] [stdout]    |
[INFO] [stdout] 7  | struct MyAttrs {
[INFO] [stdout]    | -------------- function or associated item `parse_attrs` not found for this
[INFO] [stdout] ...
[INFO] [stdout] 25 | let my_attrs = MyAttrs::parse_attrs("my_attr", &wrong);
[INFO] [stdout]    |                         ^^^^^^^^^^^ function or associated item not found in `MyAttrs`
[INFO] [stdout]    |
[INFO] [stdout]    = help: items from traits can only be used if the trait is implemented and in scope
[INFO] [stdout]    = note: the following trait defines an item `parse_attrs`, perhaps you need to implement it:
[INFO] [stdout]            candidate #1: `synthez_core::ParseAttrs`
[INFO] [stdout] 
[INFO] [stdout] error: aborting due to 4 previous errors
[INFO] [stdout] 
[INFO] [stdout] Some errors have detailed explanations: E0432, E0599.
[INFO] [stdout] For more information about an error, try `rustc --explain E0432`.
[INFO] [stdout] Couldn't compile the test.
[INFO] [stdout] ---- src/lib.rs - derive_parse_attrs (line 164) stdout ----
[INFO] [stdout] error[E0432]: unresolved import `synthez`
[INFO] [stdout]  --> src/lib.rs:166:5
[INFO] [stdout]   |
[INFO] [stdout] 3 | use synthez::ParseAttrs;
[INFO] [stdout]   |     ^^^^^^^ use of undeclared crate or module `synthez`
[INFO] [stdout] 
[INFO] [stdout] error: cannot determine resolution for the derive macro `ParseAttrs`
[INFO] [stdout]  --> src/lib.rs:168:19
[INFO] [stdout]   |
[INFO] [stdout] 5 | #[derive(Default, ParseAttrs)]
[INFO] [stdout]   |                   ^^^^^^^^^^
[INFO] [stdout]   |
[INFO] [stdout]   = note: import resolution is stuck, try simplifying macro imports
[INFO] [stdout] 
[INFO] [stdout] error: cannot find attribute `parse` in this scope
[INFO] [stdout]  --> src/lib.rs:170:7
[INFO] [stdout]   |
[INFO] [stdout] 7 |     #[parse(value, arg = value)]
[INFO] [stdout]   |       ^^^^^
[INFO] [stdout] 
[INFO] [stdout] error: cannot find attribute `parse` in this scope
[INFO] [stdout]  --> src/lib.rs:171:7
[INFO] [stdout]   |
[INFO] [stdout] 8 |     #[parse(args(vals, values))]
[INFO] [stdout]   |       ^^^^^
[INFO] [stdout] 
[INFO] [stdout] error: cannot find attribute `parse` in this scope
[INFO] [stdout]  --> src/lib.rs:172:7
[INFO] [stdout]   |
[INFO] [stdout] 9 |     #[parse(alias = v_a_l)]
[INFO] [stdout]   |       ^^^^^
[INFO] [stdout] 
[INFO] [stdout] error[E0599]: no function or associated item named `parse_attrs` found for struct `MyAttrs` in the current scope
[INFO] [stdout]   --> src/lib.rs:183:25
[INFO] [stdout]    |
[INFO] [stdout] 6  | struct MyAttrs {
[INFO] [stdout]    | -------------- function or associated item `parse_attrs` not found for this
[INFO] [stdout] ...
[INFO] [stdout] 20 | let my_attrs = MyAttrs::parse_attrs("my_attr", &input);
[INFO] [stdout]    |                         ^^^^^^^^^^^ function or associated item not found in `MyAttrs`
[INFO] [stdout]    |
[INFO] [stdout]    = help: items from traits can only be used if the trait is implemented and in scope
[INFO] [stdout]    = note: the following trait defines an item `parse_attrs`, perhaps you need to implement it:
[INFO] [stdout]            candidate #1: `synthez_core::ParseAttrs`
[INFO] [stdout] 
[INFO] [stdout] error[E0599]: no function or associated item named `parse_attrs` found for struct `MyAttrs` in the current scope
[INFO] [stdout]   --> src/lib.rs:193:25
[INFO] [stdout]    |
[INFO] [stdout] 6  | struct MyAttrs {
[INFO] [stdout]    | -------------- function or associated item `parse_attrs` not found for this
[INFO] [stdout] ...
[INFO] [stdout] 30 | let my_attrs = MyAttrs::parse_attrs("my_attr", &wrong);
[INFO] [stdout]    |                         ^^^^^^^^^^^ function or associated item not found in `MyAttrs`
[INFO] [stdout]    |
[INFO] [stdout]    = help: items from traits can only be used if the trait is implemented and in scope
[INFO] [stdout]    = note: the following trait defines an item `parse_attrs`, perhaps you need to implement it:
[INFO] [stdout]            candidate #1: `synthez_core::ParseAttrs`
[INFO] [stdout] 
[INFO] [stdout] error: aborting due to 7 previous errors
[INFO] [stdout] 
[INFO] [stdout] Some errors have detailed explanations: E0432, E0599.
[INFO] [stdout] For more information about an error, try `rustc --explain E0432`.
[INFO] [stdout] Couldn't compile the test.
[INFO] [stdout] ---- src/lib.rs - derive_parse_attrs (line 53) stdout ----
[INFO] [stdout] error[E0432]: unresolved import `synthez`
[INFO] [stdout]  --> src/lib.rs:57:5
[INFO] [stdout]   |
[INFO] [stdout] 5 | use synthez::{ParseAttrs, Spanning};
[INFO] [stdout]   |     ^^^^^^^ use of undeclared crate or module `synthez`
[INFO] [stdout] 
[INFO] [stdout] error: cannot determine resolution for the derive macro `ParseAttrs`
[INFO] [stdout]  --> src/lib.rs:59:26
[INFO] [stdout]   |
[INFO] [stdout] 7 | #[derive(Debug, Default, ParseAttrs, PartialEq)]
[INFO] [stdout]   |                          ^^^^^^^^^^
[INFO] [stdout]   |
[INFO] [stdout]   = note: import resolution is stuck, try simplifying macro imports
[INFO] [stdout] 
[INFO] [stdout] error: cannot find attribute `parse` in this scope
[INFO] [stdout]   --> src/lib.rs:62:7
[INFO] [stdout]    |
[INFO] [stdout] 10 |     #[parse(ident)]
[INFO] [stdout]    |       ^^^^^
[INFO] [stdout] 
[INFO] [stdout] error: cannot find attribute `parse` in this scope
[INFO] [stdout]   --> src/lib.rs:67:7
[INFO] [stdout]    |
[INFO] [stdout] 15 |     #[parse(value)]
[INFO] [stdout]    |       ^^^^^
[INFO] [stdout] 
[INFO] [stdout] error: cannot find attribute `parse` in this scope
[INFO] [stdout]   --> src/lib.rs:72:7
[INFO] [stdout]    |
[INFO] [stdout] 20 |     #[parse(value(spaced))]
[INFO] [stdout]    |       ^^^^^
[INFO] [stdout] 
[INFO] [stdout] error: cannot find attribute `parse` in this scope
[INFO] [stdout]   --> src/lib.rs:76:7
[INFO] [stdout]    |
[INFO] [stdout] 24 |     #[parse(map)]
[INFO] [stdout]    |       ^^^^^
[INFO] [stdout] 
[INFO] [stdout] error: cannot find attribute `parse` in this scope
[INFO] [stdout]   --> src/lib.rs:82:7
[INFO] [stdout]    |
[INFO] [stdout] 30 |     #[parse(nested)]
[INFO] [stdout]    |       ^^^^^
[INFO] [stdout] 
[INFO] [stdout] error[E0283]: type annotations needed
[INFO] [stdout]    --> src/lib.rs:83:5
[INFO] [stdout]     |
[INFO] [stdout] 7   | #[derive(Debug, Default, ParseAttrs, PartialEq)]
[INFO] [stdout]     |                 ------- in this derive macro expansion
[INFO] [stdout] ...
[INFO] [stdout] 31  |     nested: Option<Spanning<Box<MyAttrs>>>,
[INFO] [stdout]     |     ^^^^^^^^^^^^^^^^^^^^^^^^^^^^^^^^^^^^^^ cannot infer type
[INFO] [stdout]     |
[INFO] [stdout]     = note: cannot satisfy `_: std::default::Default`
[INFO] [stdout] note: required by `std::default::Default::default`
[INFO] [stdout]     = note: this error originates in the derive macro `Default` (in Nightly builds, run with -Z macro-backtrace for more info)
[INFO] [stdout] 
[INFO] [stdout] error[E0599]: no function or associated item named `parse_attrs` found for struct `MyAttrs` in the current scope
[INFO] [stdout]   --> src/lib.rs:95:25
[INFO] [stdout]    |
[INFO] [stdout] 8  | struct MyAttrs {
[INFO] [stdout]    | -------------- function or associated item `parse_attrs` not found for this
[INFO] [stdout] ...
[INFO] [stdout] 43 | let my_attrs = MyAttrs::parse_attrs("my_attr", &input);
[INFO] [stdout]    |                         ^^^^^^^^^^^ function or associated item not found in `MyAttrs`
[INFO] [stdout]    |
[INFO] [stdout]    = help: items from traits can only be used if the trait is implemented and in scope
[INFO] [stdout]    = note: the following trait defines an item `parse_attrs`, perhaps you need to implement it:
[INFO] [stdout]            candidate #1: `synthez_core::ParseAttrs`
[INFO] [stdout] 
[INFO] [stdout] error: aborting due to 9 previous errors
[INFO] [stdout] 
[INFO] [stdout] Some errors have detailed explanations: E0283, E0432, E0599.
[INFO] [stdout] For more information about an error, try `rustc --explain E0283`.
[INFO] [stdout] Couldn't compile the test.
[INFO] [stdout] 
[INFO] [stdout] failures:
[INFO] [stdout]     src/lib.rs - derive_parse_attrs (line 132)
[INFO] [stdout]     src/lib.rs - derive_parse_attrs (line 164)
[INFO] [stdout]     src/lib.rs - derive_parse_attrs (line 207)
[INFO] [stdout]     src/lib.rs - derive_parse_attrs (line 260)
[INFO] [stdout]     src/lib.rs - derive_parse_attrs (line 310)
[INFO] [stdout]     src/lib.rs - derive_parse_attrs (line 53)
[INFO] [stdout]     src/lib.rs - derive_to_tokens (line 369)
[INFO] [stdout] 
[INFO] [stdout] test result: FAILED. 1 passed; 7 failed; 3 ignored; 0 measured; 0 filtered out; finished in 0.37s
[INFO] [stdout] 
[INFO] [stderr] error: test failed, to rerun pass '--doc'
[INFO] running `Command { std: "docker" "inspect" "ba33afeed4c8ddba32b4216b40d101e39d2dd5361589d4ce0e16de3ba626be05", kill_on_drop: false }`
[INFO] running `Command { std: "docker" "rm" "-f" "ba33afeed4c8ddba32b4216b40d101e39d2dd5361589d4ce0e16de3ba626be05", kill_on_drop: false }`
[INFO] [stdout] ba33afeed4c8ddba32b4216b40d101e39d2dd5361589d4ce0e16de3ba626be05
