[INFO] fetching crate swf 0.1.2...
[INFO] testing swf-0.1.2 against 1.54.0 for beta-1.55-1
[INFO] extracting crate swf 0.1.2 into /workspace/builds/worker-61/source
[INFO] validating manifest of crates.io crate swf 0.1.2 on toolchain 1.54.0
[INFO] running `Command { std: "/workspace/cargo-home/bin/cargo" "+1.54.0" "metadata" "--manifest-path" "Cargo.toml" "--no-deps", kill_on_drop: false }`
[INFO] started tweaking crates.io crate swf 0.1.2
[INFO] finished tweaking crates.io crate swf 0.1.2
[INFO] tweaked toml for crates.io crate swf 0.1.2 written to /workspace/builds/worker-61/source/Cargo.toml
[INFO] running `Command { std: "/workspace/cargo-home/bin/cargo" "+1.54.0" "generate-lockfile" "--manifest-path" "Cargo.toml" "-Zno-index-update", kill_on_drop: false }`
[INFO] [stderr]     Blocking waiting for file lock on package cache
[INFO] running `Command { std: "/workspace/cargo-home/bin/cargo" "+1.54.0" "fetch" "--manifest-path" "Cargo.toml", kill_on_drop: false }`
[INFO] running `Command { std: "docker" "create" "-v" "/var/lib/crater-agent-workspace/builds/worker-61/target:/opt/rustwide/target:rw,Z" "-v" "/var/lib/crater-agent-workspace/builds/worker-61/source:/opt/rustwide/workdir:ro,Z" "-v" "/var/lib/crater-agent-workspace/cargo-home:/opt/rustwide/cargo-home:ro,Z" "-v" "/var/lib/crater-agent-workspace/rustup-home:/opt/rustwide/rustup-home:ro,Z" "-e" "SOURCE_DIR=/opt/rustwide/workdir" "-e" "CARGO_TARGET_DIR=/opt/rustwide/target" "-e" "CARGO_HOME=/opt/rustwide/cargo-home" "-e" "RUSTUP_HOME=/opt/rustwide/rustup-home" "-w" "/opt/rustwide/workdir" "-m" "1610612736" "--user" "0:0" "--network" "none" "ghcr.io/rust-lang/crates-build-env/linux@sha256:34b6a614d2c27851fe6cbf88fbd1137609cefab8b10d0615aaeb6fd47975d74e" "/opt/rustwide/cargo-home/bin/cargo" "+1.54.0" "metadata" "--no-deps" "--format-version=1", kill_on_drop: false }`
[INFO] [stdout] 0a604023dd0d42d97686e341d39abe0ef4b49debaeae4022812fdd90d13f8f5e
[INFO] running `Command { std: "docker" "start" "-a" "0a604023dd0d42d97686e341d39abe0ef4b49debaeae4022812fdd90d13f8f5e", kill_on_drop: false }`
[INFO] running `Command { std: "docker" "inspect" "0a604023dd0d42d97686e341d39abe0ef4b49debaeae4022812fdd90d13f8f5e", kill_on_drop: false }`
[INFO] running `Command { std: "docker" "rm" "-f" "0a604023dd0d42d97686e341d39abe0ef4b49debaeae4022812fdd90d13f8f5e", kill_on_drop: false }`
[INFO] [stdout] 0a604023dd0d42d97686e341d39abe0ef4b49debaeae4022812fdd90d13f8f5e
[INFO] running `Command { std: "docker" "create" "-v" "/var/lib/crater-agent-workspace/builds/worker-61/target:/opt/rustwide/target:rw,Z" "-v" "/var/lib/crater-agent-workspace/builds/worker-61/source:/opt/rustwide/workdir:ro,Z" "-v" "/var/lib/crater-agent-workspace/cargo-home:/opt/rustwide/cargo-home:ro,Z" "-v" "/var/lib/crater-agent-workspace/rustup-home:/opt/rustwide/rustup-home:ro,Z" "-e" "SOURCE_DIR=/opt/rustwide/workdir" "-e" "CARGO_TARGET_DIR=/opt/rustwide/target" "-e" "CARGO_INCREMENTAL=0" "-e" "RUST_BACKTRACE=full" "-e" "RUSTFLAGS=--cap-lints=warn" "-e" "CARGO_HOME=/opt/rustwide/cargo-home" "-e" "RUSTUP_HOME=/opt/rustwide/rustup-home" "-w" "/opt/rustwide/workdir" "-m" "1610612736" "--user" "0:0" "--network" "none" "ghcr.io/rust-lang/crates-build-env/linux@sha256:34b6a614d2c27851fe6cbf88fbd1137609cefab8b10d0615aaeb6fd47975d74e" "/opt/rustwide/cargo-home/bin/cargo" "+1.54.0" "build" "--frozen" "--message-format=json", kill_on_drop: false }`
[INFO] [stdout] 691bc58ad033e50d6a0973494672f44646dd32d5f3c8ac5d960b6a72ea9bcd0d
[INFO] running `Command { std: "docker" "start" "-a" "691bc58ad033e50d6a0973494672f44646dd32d5f3c8ac5d960b6a72ea9bcd0d", kill_on_drop: false }`
[INFO] [stderr]     Blocking waiting for file lock on package cache
[INFO] [stderr]    Compiling proc-macro2 v0.4.30
[INFO] [stderr]    Compiling syn v0.15.44
[INFO] [stderr]    Compiling num-derive v0.2.5
[INFO] [stderr]    Compiling adler32 v1.2.0
[INFO] [stderr]    Compiling take_mut v0.2.2
[INFO] [stderr]    Compiling rle-decode-fast v1.0.1
[INFO] [stderr]    Compiling libflate v0.1.27
[INFO] [stderr]    Compiling quote v0.6.13
[INFO] [stderr]    Compiling swf v0.1.2 (/opt/rustwide/workdir)
[INFO] [stdout] warning: trait objects without an explicit `dyn` are deprecated
[INFO] [stdout]    --> src/avm1/read.rs:196:59
[INFO] [stdout]     |
[INFO] [stdout] 196 |                         (&mut action_reader.inner as &mut Read).take(code_length.into()),
[INFO] [stdout]     |                                                           ^^^^ help: use `dyn`: `dyn Read`
[INFO] [stdout]     |
[INFO] [stdout]     = note: `#[warn(bare_trait_objects)]` on by default
[INFO] [stdout]     = warning: this was previously accepted by the compiler but is being phased out; it will become a hard error in the 2021 edition!
[INFO] [stdout]     = note: for more information, see issue #80165 <https://github.com/rust-lang/rust/issues/80165>
[INFO] [stdout] 
[INFO] [stdout] 
[INFO] [stdout] warning: trait objects without an explicit `dyn` are deprecated
[INFO] [stdout]    --> src/avm1/read.rs:261:38
[INFO] [stdout]     |
[INFO] [stdout] 261 |             (&mut self.inner as &mut Read).take(code_length.into()),
[INFO] [stdout]     |                                      ^^^^ help: use `dyn`: `dyn Read`
[INFO] [stdout]     |
[INFO] [stdout]     = warning: this was previously accepted by the compiler but is being phased out; it will become a hard error in the 2021 edition!
[INFO] [stdout]     = note: for more information, see issue #80165 <https://github.com/rust-lang/rust/issues/80165>
[INFO] [stdout] 
[INFO] [stdout] 
[INFO] [stdout] warning: trait objects without an explicit `dyn` are deprecated
[INFO] [stdout]    --> src/avm1/read.rs:286:38
[INFO] [stdout]     |
[INFO] [stdout] 286 |             (&mut self.inner as &mut Read).take(code_length.into()),
[INFO] [stdout]     |                                      ^^^^ help: use `dyn`: `dyn Read`
[INFO] [stdout]     |
[INFO] [stdout]     = warning: this was previously accepted by the compiler but is being phased out; it will become a hard error in the 2021 edition!
[INFO] [stdout]     = note: for more information, see issue #80165 <https://github.com/rust-lang/rust/issues/80165>
[INFO] [stdout] 
[INFO] [stdout] 
[INFO] [stdout] warning: trait objects without an explicit `dyn` are deprecated
[INFO] [stdout]    --> src/avm1/read.rs:317:42
[INFO] [stdout]     |
[INFO] [stdout] 317 |                 (&mut self.inner as &mut Read).take(try_length.into()),
[INFO] [stdout]     |                                          ^^^^ help: use `dyn`: `dyn Read`
[INFO] [stdout]     |
[INFO] [stdout]     = warning: this was previously accepted by the compiler but is being phased out; it will become a hard error in the 2021 edition!
[INFO] [stdout]     = note: for more information, see issue #80165 <https://github.com/rust-lang/rust/issues/80165>
[INFO] [stdout] 
[INFO] [stdout] 
[INFO] [stdout] warning: trait objects without an explicit `dyn` are deprecated
[INFO] [stdout]    --> src/avm1/read.rs:324:42
[INFO] [stdout]     |
[INFO] [stdout] 324 |                 (&mut self.inner as &mut Read).take(catch_length.into()),
[INFO] [stdout]     |                                          ^^^^ help: use `dyn`: `dyn Read`
[INFO] [stdout]     |
[INFO] [stdout]     = warning: this was previously accepted by the compiler but is being phased out; it will become a hard error in the 2021 edition!
[INFO] [stdout]     = note: for more information, see issue #80165 <https://github.com/rust-lang/rust/issues/80165>
[INFO] [stdout] 
[INFO] [stdout] 
[INFO] [stdout] warning: trait objects without an explicit `dyn` are deprecated
[INFO] [stdout]    --> src/avm1/read.rs:331:42
[INFO] [stdout]     |
[INFO] [stdout] 331 |                 (&mut self.inner as &mut Read).take(finally_length.into()),
[INFO] [stdout]     |                                          ^^^^ help: use `dyn`: `dyn Read`
[INFO] [stdout]     |
[INFO] [stdout]     = warning: this was previously accepted by the compiler but is being phased out; it will become a hard error in the 2021 edition!
[INFO] [stdout]     = note: for more information, see issue #80165 <https://github.com/rust-lang/rust/issues/80165>
[INFO] [stdout] 
[INFO] [stdout] 
[INFO] [stdout] warning: trait objects without an explicit `dyn` are deprecated
[INFO] [stdout]   --> src/read.rs:50:86
[INFO] [stdout]    |
[INFO] [stdout] 50 | pub fn read_swf_header<'a, R: Read + 'a>(mut input: R) -> Result<(Header, Reader<Box<Read + 'a>>)> {
[INFO] [stdout]    |                                                                                      ^^^^^^^^^ help: use `dyn`: `dyn Read + 'a`
[INFO] [stdout]    |
[INFO] [stdout]    = warning: this was previously accepted by the compiler but is being phased out; it will become a hard error in the 2021 edition!
[INFO] [stdout]    = note: for more information, see issue #80165 <https://github.com/rust-lang/rust/issues/80165>
[INFO] [stdout] 
[INFO] [stdout] 
[INFO] [stdout] warning: trait objects without an explicit `dyn` are deprecated
[INFO] [stdout]   --> src/read.rs:57:33
[INFO] [stdout]    |
[INFO] [stdout] 57 |     let decompressed_input: Box<Read> = match compression {
[INFO] [stdout]    |                                 ^^^^ help: use `dyn`: `dyn Read`
[INFO] [stdout]    |
[INFO] [stdout]    = warning: this was previously accepted by the compiler but is being phased out; it will become a hard error in the 2021 edition!
[INFO] [stdout]    = note: for more information, see issue #80165 <https://github.com/rust-lang/rust/issues/80165>
[INFO] [stdout] 
[INFO] [stdout] 
[INFO] [stdout] warning: trait objects without an explicit `dyn` are deprecated
[INFO] [stdout]   --> src/read.rs:84:63
[INFO] [stdout]    |
[INFO] [stdout] 84 | fn make_zlib_reader<'a, R: Read + 'a>(input: R) -> Result<Box<Read + 'a>> {
[INFO] [stdout]    |                                                               ^^^^^^^^^ help: use `dyn`: `dyn Read + 'a`
[INFO] [stdout]    |
[INFO] [stdout]    = warning: this was previously accepted by the compiler but is being phased out; it will become a hard error in the 2021 edition!
[INFO] [stdout]    = note: for more information, see issue #80165 <https://github.com/rust-lang/rust/issues/80165>
[INFO] [stdout] 
[INFO] [stdout] 
[INFO] [stdout] warning: trait objects without an explicit `dyn` are deprecated
[INFO] [stdout]    --> src/read.rs:117:64
[INFO] [stdout]     |
[INFO] [stdout] 117 | fn make_lzma_reader<'a, R: Read + 'a>(_input: R) -> Result<Box<Read + 'a>> {
[INFO] [stdout]     |                                                                ^^^^^^^^^ help: use `dyn`: `dyn Read + 'a`
[INFO] [stdout]     |
[INFO] [stdout]     = warning: this was previously accepted by the compiler but is being phased out; it will become a hard error in the 2021 edition!
[INFO] [stdout]     = note: for more information, see issue #80165 <https://github.com/rust-lang/rust/issues/80165>
[INFO] [stdout] 
[INFO] [stdout] 
[INFO] [stdout] warning: trait objects without an explicit `dyn` are deprecated
[INFO] [stdout]    --> src/read.rs:570:63
[INFO] [stdout]     |
[INFO] [stdout] 570 |                     Reader::new(&mut tag_reader.input as &mut Read, self.version);
[INFO] [stdout]     |                                                               ^^^^ help: use `dyn`: `dyn Read`
[INFO] [stdout]     |
[INFO] [stdout]     = warning: this was previously accepted by the compiler but is being phased out; it will become a hard error in the 2021 edition!
[INFO] [stdout]     = note: for more information, see issue #80165 <https://github.com/rust-lang/rust/issues/80165>
[INFO] [stdout] 
[INFO] [stdout] 
[INFO] [stdout] warning: `...` range patterns are deprecated
[INFO] [stdout]     --> src/read.rs:1521:17
[INFO] [stdout]      |
[INFO] [stdout] 1521 |             0x40...0x43 => {
[INFO] [stdout]      |                 ^^^ help: use `..=` for an inclusive range
[INFO] [stdout]      |
[INFO] [stdout]      = note: `#[warn(ellipsis_inclusive_range_patterns)]` on by default
[INFO] [stdout]      = warning: this was previously accepted by the compiler but is being phased out; it will become a hard error in the 2021 edition!
[INFO] [stdout]      = note: for more information, see issue #80165 <https://github.com/rust-lang/rust/issues/80165>
[INFO] [stdout] 
[INFO] [stdout] 
[INFO] [stdout] warning: `...` range patterns are deprecated
[INFO] [stdout]     --> src/read.rs:1701:17
[INFO] [stdout]      |
[INFO] [stdout] 1701 |             0x40...0x43 => FillStyle::Bitmap {
[INFO] [stdout]      |                 ^^^ help: use `..=` for an inclusive range
[INFO] [stdout]      |
[INFO] [stdout]      = warning: this was previously accepted by the compiler but is being phased out; it will become a hard error in the 2021 edition!
[INFO] [stdout]      = note: for more information, see issue #80165 <https://github.com/rust-lang/rust/issues/80165>
[INFO] [stdout] 
[INFO] [stdout] 
[INFO] [stdout] warning: 13 warnings emitted
[INFO] [stdout] 
[INFO] [stdout] 
[INFO] [stderr]     Finished dev [unoptimized + debuginfo] target(s) in 11.92s
[INFO] running `Command { std: "docker" "inspect" "691bc58ad033e50d6a0973494672f44646dd32d5f3c8ac5d960b6a72ea9bcd0d", kill_on_drop: false }`
[INFO] running `Command { std: "docker" "rm" "-f" "691bc58ad033e50d6a0973494672f44646dd32d5f3c8ac5d960b6a72ea9bcd0d", kill_on_drop: false }`
[INFO] [stdout] 691bc58ad033e50d6a0973494672f44646dd32d5f3c8ac5d960b6a72ea9bcd0d
[INFO] running `Command { std: "docker" "create" "-v" "/var/lib/crater-agent-workspace/builds/worker-61/target:/opt/rustwide/target:rw,Z" "-v" "/var/lib/crater-agent-workspace/builds/worker-61/source:/opt/rustwide/workdir:ro,Z" "-v" "/var/lib/crater-agent-workspace/cargo-home:/opt/rustwide/cargo-home:ro,Z" "-v" "/var/lib/crater-agent-workspace/rustup-home:/opt/rustwide/rustup-home:ro,Z" "-e" "SOURCE_DIR=/opt/rustwide/workdir" "-e" "CARGO_TARGET_DIR=/opt/rustwide/target" "-e" "CARGO_INCREMENTAL=0" "-e" "RUST_BACKTRACE=full" "-e" "RUSTFLAGS=--cap-lints=warn" "-e" "CARGO_HOME=/opt/rustwide/cargo-home" "-e" "RUSTUP_HOME=/opt/rustwide/rustup-home" "-w" "/opt/rustwide/workdir" "-m" "1610612736" "--user" "0:0" "--network" "none" "ghcr.io/rust-lang/crates-build-env/linux@sha256:34b6a614d2c27851fe6cbf88fbd1137609cefab8b10d0615aaeb6fd47975d74e" "/opt/rustwide/cargo-home/bin/cargo" "+1.54.0" "test" "--frozen" "--no-run" "--message-format=json", kill_on_drop: false }`
[INFO] [stdout] 7bf2ea55d61d58339a3df77726bbf3f0937dba1ce71a0b9643dafad905e98aee
[INFO] running `Command { std: "docker" "start" "-a" "7bf2ea55d61d58339a3df77726bbf3f0937dba1ce71a0b9643dafad905e98aee", kill_on_drop: false }`
[INFO] [stderr]     Blocking waiting for file lock on package cache
[INFO] [stdout] warning: trait objects without an explicit `dyn` are deprecated
[INFO] [stdout]    --> src/avm1/read.rs:196:59
[INFO] [stdout]     |
[INFO] [stdout] 196 |                         (&mut action_reader.inner as &mut Read).take(code_length.into()),
[INFO] [stdout]     |                                                           ^^^^ help: use `dyn`: `dyn Read`
[INFO] [stdout]     |
[INFO] [stdout]     = note: `#[warn(bare_trait_objects)]` on by default
[INFO] [stdout]     = warning: this was previously accepted by the compiler but is being phased out; it will become a hard error in the 2021 edition!
[INFO] [stdout]     = note: for more information, see issue #80165 <https://github.com/rust-lang/rust/issues/80165>
[INFO] [stdout] 
[INFO] [stdout] 
[INFO] [stderr]    Compiling swf v0.1.2 (/opt/rustwide/workdir)
[INFO] [stdout] warning: trait objects without an explicit `dyn` are deprecated
[INFO] [stdout]    --> src/avm1/read.rs:261:38
[INFO] [stdout]     |
[INFO] [stdout] 261 |             (&mut self.inner as &mut Read).take(code_length.into()),
[INFO] [stdout]     |                                      ^^^^ help: use `dyn`: `dyn Read`
[INFO] [stdout]     |
[INFO] [stdout]     = warning: this was previously accepted by the compiler but is being phased out; it will become a hard error in the 2021 edition!
[INFO] [stdout]     = note: for more information, see issue #80165 <https://github.com/rust-lang/rust/issues/80165>
[INFO] [stdout] 
[INFO] [stdout] 
[INFO] [stdout] warning: trait objects without an explicit `dyn` are deprecated
[INFO] [stdout]    --> src/avm1/read.rs:286:38
[INFO] [stdout]     |
[INFO] [stdout] 286 |             (&mut self.inner as &mut Read).take(code_length.into()),
[INFO] [stdout]     |                                      ^^^^ help: use `dyn`: `dyn Read`
[INFO] [stdout]     |
[INFO] [stdout]     = warning: this was previously accepted by the compiler but is being phased out; it will become a hard error in the 2021 edition!
[INFO] [stdout]     = note: for more information, see issue #80165 <https://github.com/rust-lang/rust/issues/80165>
[INFO] [stdout] 
[INFO] [stdout] 
[INFO] [stdout] warning: trait objects without an explicit `dyn` are deprecated
[INFO] [stdout]    --> src/avm1/read.rs:317:42
[INFO] [stdout]     |
[INFO] [stdout] 317 |                 (&mut self.inner as &mut Read).take(try_length.into()),
[INFO] [stdout]     |                                          ^^^^ help: use `dyn`: `dyn Read`
[INFO] [stdout]     |
[INFO] [stdout]     = warning: this was previously accepted by the compiler but is being phased out; it will become a hard error in the 2021 edition!
[INFO] [stdout]     = note: for more information, see issue #80165 <https://github.com/rust-lang/rust/issues/80165>
[INFO] [stdout] 
[INFO] [stdout] 
[INFO] [stdout] warning: trait objects without an explicit `dyn` are deprecated
[INFO] [stdout]    --> src/avm1/read.rs:324:42
[INFO] [stdout]     |
[INFO] [stdout] 324 |                 (&mut self.inner as &mut Read).take(catch_length.into()),
[INFO] [stdout]     |                                          ^^^^ help: use `dyn`: `dyn Read`
[INFO] [stdout]     |
[INFO] [stdout]     = warning: this was previously accepted by the compiler but is being phased out; it will become a hard error in the 2021 edition!
[INFO] [stdout]     = note: for more information, see issue #80165 <https://github.com/rust-lang/rust/issues/80165>
[INFO] [stdout] 
[INFO] [stdout] 
[INFO] [stdout] warning: trait objects without an explicit `dyn` are deprecated
[INFO] [stdout]    --> src/avm1/read.rs:331:42
[INFO] [stdout]     |
[INFO] [stdout] 331 |                 (&mut self.inner as &mut Read).take(finally_length.into()),
[INFO] [stdout]     |                                          ^^^^ help: use `dyn`: `dyn Read`
[INFO] [stdout]     |
[INFO] [stdout]     = warning: this was previously accepted by the compiler but is being phased out; it will become a hard error in the 2021 edition!
[INFO] [stdout]     = note: for more information, see issue #80165 <https://github.com/rust-lang/rust/issues/80165>
[INFO] [stdout] 
[INFO] [stdout] 
[INFO] [stdout] warning: trait objects without an explicit `dyn` are deprecated
[INFO] [stdout]   --> src/read.rs:50:86
[INFO] [stdout]    |
[INFO] [stdout] 50 | pub fn read_swf_header<'a, R: Read + 'a>(mut input: R) -> Result<(Header, Reader<Box<Read + 'a>>)> {
[INFO] [stdout]    |                                                                                      ^^^^^^^^^ help: use `dyn`: `dyn Read + 'a`
[INFO] [stdout]    |
[INFO] [stdout]    = warning: this was previously accepted by the compiler but is being phased out; it will become a hard error in the 2021 edition!
[INFO] [stdout]    = note: for more information, see issue #80165 <https://github.com/rust-lang/rust/issues/80165>
[INFO] [stdout] 
[INFO] [stdout] 
[INFO] [stdout] warning: trait objects without an explicit `dyn` are deprecated
[INFO] [stdout]   --> src/read.rs:57:33
[INFO] [stdout]    |
[INFO] [stdout] 57 |     let decompressed_input: Box<Read> = match compression {
[INFO] [stdout]    |                                 ^^^^ help: use `dyn`: `dyn Read`
[INFO] [stdout]    |
[INFO] [stdout]    = warning: this was previously accepted by the compiler but is being phased out; it will become a hard error in the 2021 edition!
[INFO] [stdout]    = note: for more information, see issue #80165 <https://github.com/rust-lang/rust/issues/80165>
[INFO] [stdout] 
[INFO] [stdout] 
[INFO] [stdout] warning: trait objects without an explicit `dyn` are deprecated
[INFO] [stdout]   --> src/read.rs:84:63
[INFO] [stdout]    |
[INFO] [stdout] 84 | fn make_zlib_reader<'a, R: Read + 'a>(input: R) -> Result<Box<Read + 'a>> {
[INFO] [stdout]    |                                                               ^^^^^^^^^ help: use `dyn`: `dyn Read + 'a`
[INFO] [stdout]    |
[INFO] [stdout]    = warning: this was previously accepted by the compiler but is being phased out; it will become a hard error in the 2021 edition!
[INFO] [stdout]    = note: for more information, see issue #80165 <https://github.com/rust-lang/rust/issues/80165>
[INFO] [stdout] 
[INFO] [stdout] 
[INFO] [stdout] warning: trait objects without an explicit `dyn` are deprecated
[INFO] [stdout]    --> src/read.rs:117:64
[INFO] [stdout]     |
[INFO] [stdout] 117 | fn make_lzma_reader<'a, R: Read + 'a>(_input: R) -> Result<Box<Read + 'a>> {
[INFO] [stdout]     |                                                                ^^^^^^^^^ help: use `dyn`: `dyn Read + 'a`
[INFO] [stdout]     |
[INFO] [stdout]     = warning: this was previously accepted by the compiler but is being phased out; it will become a hard error in the 2021 edition!
[INFO] [stdout]     = note: for more information, see issue #80165 <https://github.com/rust-lang/rust/issues/80165>
[INFO] [stdout] 
[INFO] [stdout] 
[INFO] [stdout] warning: trait objects without an explicit `dyn` are deprecated
[INFO] [stdout]    --> src/read.rs:570:63
[INFO] [stdout]     |
[INFO] [stdout] 570 |                     Reader::new(&mut tag_reader.input as &mut Read, self.version);
[INFO] [stdout]     |                                                               ^^^^ help: use `dyn`: `dyn Read`
[INFO] [stdout]     |
[INFO] [stdout]     = warning: this was previously accepted by the compiler but is being phased out; it will become a hard error in the 2021 edition!
[INFO] [stdout]     = note: for more information, see issue #80165 <https://github.com/rust-lang/rust/issues/80165>
[INFO] [stdout] 
[INFO] [stdout] 
[INFO] [stdout] warning: `...` range patterns are deprecated
[INFO] [stdout]     --> src/read.rs:1521:17
[INFO] [stdout]      |
[INFO] [stdout] 1521 |             0x40...0x43 => {
[INFO] [stdout]      |                 ^^^ help: use `..=` for an inclusive range
[INFO] [stdout]      |
[INFO] [stdout]      = note: `#[warn(ellipsis_inclusive_range_patterns)]` on by default
[INFO] [stdout]      = warning: this was previously accepted by the compiler but is being phased out; it will become a hard error in the 2021 edition!
[INFO] [stdout]      = note: for more information, see issue #80165 <https://github.com/rust-lang/rust/issues/80165>
[INFO] [stdout] 
[INFO] [stdout] 
[INFO] [stdout] warning: `...` range patterns are deprecated
[INFO] [stdout]     --> src/read.rs:1701:17
[INFO] [stdout]      |
[INFO] [stdout] 1701 |             0x40...0x43 => FillStyle::Bitmap {
[INFO] [stdout]      |                 ^^^ help: use `..=` for an inclusive range
[INFO] [stdout]      |
[INFO] [stdout]      = warning: this was previously accepted by the compiler but is being phased out; it will become a hard error in the 2021 edition!
[INFO] [stdout]      = note: for more information, see issue #80165 <https://github.com/rust-lang/rust/issues/80165>
[INFO] [stdout] 
[INFO] [stdout] 
[INFO] [stdout] warning: 13 warnings emitted
[INFO] [stdout] 
[INFO] [stdout] 
[INFO] [stdout] warning: trait objects without an explicit `dyn` are deprecated
[INFO] [stdout]    --> src/avm1/read.rs:196:59
[INFO] [stdout]     |
[INFO] [stdout] 196 |                         (&mut action_reader.inner as &mut Read).take(code_length.into()),
[INFO] [stdout]     |                                                           ^^^^ help: use `dyn`: `dyn Read`
[INFO] [stdout]     |
[INFO] [stdout]     = note: `#[warn(bare_trait_objects)]` on by default
[INFO] [stdout]     = warning: this was previously accepted by the compiler but is being phased out; it will become a hard error in the 2021 edition!
[INFO] [stdout]     = note: for more information, see issue #80165 <https://github.com/rust-lang/rust/issues/80165>
[INFO] [stdout] 
[INFO] [stdout] 
[INFO] [stdout] warning: trait objects without an explicit `dyn` are deprecated
[INFO] [stdout]    --> src/avm1/read.rs:261:38
[INFO] [stdout]     |
[INFO] [stdout] 261 |             (&mut self.inner as &mut Read).take(code_length.into()),
[INFO] [stdout]     |                                      ^^^^ help: use `dyn`: `dyn Read`
[INFO] [stdout]     |
[INFO] [stdout]     = warning: this was previously accepted by the compiler but is being phased out; it will become a hard error in the 2021 edition!
[INFO] [stdout]     = note: for more information, see issue #80165 <https://github.com/rust-lang/rust/issues/80165>
[INFO] [stdout] 
[INFO] [stdout] 
[INFO] [stdout] warning: trait objects without an explicit `dyn` are deprecated
[INFO] [stdout]    --> src/avm1/read.rs:286:38
[INFO] [stdout]     |
[INFO] [stdout] 286 |             (&mut self.inner as &mut Read).take(code_length.into()),
[INFO] [stdout]     |                                      ^^^^ help: use `dyn`: `dyn Read`
[INFO] [stdout]     |
[INFO] [stdout]     = warning: this was previously accepted by the compiler but is being phased out; it will become a hard error in the 2021 edition!
[INFO] [stdout]     = note: for more information, see issue #80165 <https://github.com/rust-lang/rust/issues/80165>
[INFO] [stdout] 
[INFO] [stdout] 
[INFO] [stdout] warning: trait objects without an explicit `dyn` are deprecated
[INFO] [stdout]    --> src/avm1/read.rs:317:42
[INFO] [stdout]     |
[INFO] [stdout] 317 |                 (&mut self.inner as &mut Read).take(try_length.into()),
[INFO] [stdout]     |                                          ^^^^ help: use `dyn`: `dyn Read`
[INFO] [stdout]     |
[INFO] [stdout]     = warning: this was previously accepted by the compiler but is being phased out; it will become a hard error in the 2021 edition!
[INFO] [stdout]     = note: for more information, see issue #80165 <https://github.com/rust-lang/rust/issues/80165>
[INFO] [stdout] 
[INFO] [stdout] 
[INFO] [stdout] warning: trait objects without an explicit `dyn` are deprecated
[INFO] [stdout]    --> src/avm1/read.rs:324:42
[INFO] [stdout]     |
[INFO] [stdout] 324 |                 (&mut self.inner as &mut Read).take(catch_length.into()),
[INFO] [stdout]     |                                          ^^^^ help: use `dyn`: `dyn Read`
[INFO] [stdout]     |
[INFO] [stdout]     = warning: this was previously accepted by the compiler but is being phased out; it will become a hard error in the 2021 edition!
[INFO] [stdout]     = note: for more information, see issue #80165 <https://github.com/rust-lang/rust/issues/80165>
[INFO] [stdout] 
[INFO] [stdout] 
[INFO] [stdout] warning: trait objects without an explicit `dyn` are deprecated
[INFO] [stdout]    --> src/avm1/read.rs:331:42
[INFO] [stdout]     |
[INFO] [stdout] 331 |                 (&mut self.inner as &mut Read).take(finally_length.into()),
[INFO] [stdout]     |                                          ^^^^ help: use `dyn`: `dyn Read`
[INFO] [stdout]     |
[INFO] [stdout]     = warning: this was previously accepted by the compiler but is being phased out; it will become a hard error in the 2021 edition!
[INFO] [stdout]     = note: for more information, see issue #80165 <https://github.com/rust-lang/rust/issues/80165>
[INFO] [stdout] 
[INFO] [stdout] 
[INFO] [stdout] warning: trait objects without an explicit `dyn` are deprecated
[INFO] [stdout]   --> src/read.rs:50:86
[INFO] [stdout]    |
[INFO] [stdout] 50 | pub fn read_swf_header<'a, R: Read + 'a>(mut input: R) -> Result<(Header, Reader<Box<Read + 'a>>)> {
[INFO] [stdout]    |                                                                                      ^^^^^^^^^ help: use `dyn`: `dyn Read + 'a`
[INFO] [stdout]    |
[INFO] [stdout]    = warning: this was previously accepted by the compiler but is being phased out; it will become a hard error in the 2021 edition!
[INFO] [stdout]    = note: for more information, see issue #80165 <https://github.com/rust-lang/rust/issues/80165>
[INFO] [stdout] 
[INFO] [stdout] 
[INFO] [stdout] warning: trait objects without an explicit `dyn` are deprecated
[INFO] [stdout]   --> src/read.rs:57:33
[INFO] [stdout]    |
[INFO] [stdout] 57 |     let decompressed_input: Box<Read> = match compression {
[INFO] [stdout]    |                                 ^^^^ help: use `dyn`: `dyn Read`
[INFO] [stdout]    |
[INFO] [stdout]    = warning: this was previously accepted by the compiler but is being phased out; it will become a hard error in the 2021 edition!
[INFO] [stdout]    = note: for more information, see issue #80165 <https://github.com/rust-lang/rust/issues/80165>
[INFO] [stdout] 
[INFO] [stdout] 
[INFO] [stdout] warning: trait objects without an explicit `dyn` are deprecated
[INFO] [stdout]   --> src/read.rs:84:63
[INFO] [stdout]    |
[INFO] [stdout] 84 | fn make_zlib_reader<'a, R: Read + 'a>(input: R) -> Result<Box<Read + 'a>> {
[INFO] [stdout]    |                                                               ^^^^^^^^^ help: use `dyn`: `dyn Read + 'a`
[INFO] [stdout]    |
[INFO] [stdout]    = warning: this was previously accepted by the compiler but is being phased out; it will become a hard error in the 2021 edition!
[INFO] [stdout]    = note: for more information, see issue #80165 <https://github.com/rust-lang/rust/issues/80165>
[INFO] [stdout] 
[INFO] [stdout] 
[INFO] [stdout] warning: trait objects without an explicit `dyn` are deprecated
[INFO] [stdout]    --> src/read.rs:117:64
[INFO] [stdout]     |
[INFO] [stdout] 117 | fn make_lzma_reader<'a, R: Read + 'a>(_input: R) -> Result<Box<Read + 'a>> {
[INFO] [stdout]     |                                                                ^^^^^^^^^ help: use `dyn`: `dyn Read + 'a`
[INFO] [stdout]     |
[INFO] [stdout]     = warning: this was previously accepted by the compiler but is being phased out; it will become a hard error in the 2021 edition!
[INFO] [stdout]     = note: for more information, see issue #80165 <https://github.com/rust-lang/rust/issues/80165>
[INFO] [stdout] 
[INFO] [stdout] 
[INFO] [stdout] warning: trait objects without an explicit `dyn` are deprecated
[INFO] [stdout]    --> src/read.rs:570:63
[INFO] [stdout]     |
[INFO] [stdout] 570 |                     Reader::new(&mut tag_reader.input as &mut Read, self.version);
[INFO] [stdout]     |                                                               ^^^^ help: use `dyn`: `dyn Read`
[INFO] [stdout]     |
[INFO] [stdout]     = warning: this was previously accepted by the compiler but is being phased out; it will become a hard error in the 2021 edition!
[INFO] [stdout]     = note: for more information, see issue #80165 <https://github.com/rust-lang/rust/issues/80165>
[INFO] [stdout] 
[INFO] [stdout] 
[INFO] [stdout] warning: `...` range patterns are deprecated
[INFO] [stdout]     --> src/read.rs:1521:17
[INFO] [stdout]      |
[INFO] [stdout] 1521 |             0x40...0x43 => {
[INFO] [stdout]      |                 ^^^ help: use `..=` for an inclusive range
[INFO] [stdout]      |
[INFO] [stdout]      = note: `#[warn(ellipsis_inclusive_range_patterns)]` on by default
[INFO] [stdout]      = warning: this was previously accepted by the compiler but is being phased out; it will become a hard error in the 2021 edition!
[INFO] [stdout]      = note: for more information, see issue #80165 <https://github.com/rust-lang/rust/issues/80165>
[INFO] [stdout] 
[INFO] [stdout] 
[INFO] [stdout] warning: `...` range patterns are deprecated
[INFO] [stdout]     --> src/read.rs:1701:17
[INFO] [stdout]      |
[INFO] [stdout] 1701 |             0x40...0x43 => FillStyle::Bitmap {
[INFO] [stdout]      |                 ^^^ help: use `..=` for an inclusive range
[INFO] [stdout]      |
[INFO] [stdout]      = warning: this was previously accepted by the compiler but is being phased out; it will become a hard error in the 2021 edition!
[INFO] [stdout]      = note: for more information, see issue #80165 <https://github.com/rust-lang/rust/issues/80165>
[INFO] [stdout] 
[INFO] [stdout] 
[INFO] [stdout] warning: 13 warnings emitted
[INFO] [stdout] 
[INFO] [stdout] 
[INFO] [stderr]     Finished test [unoptimized + debuginfo] target(s) in 12.03s
[INFO] running `Command { std: "docker" "inspect" "7bf2ea55d61d58339a3df77726bbf3f0937dba1ce71a0b9643dafad905e98aee", kill_on_drop: false }`
[INFO] running `Command { std: "docker" "rm" "-f" "7bf2ea55d61d58339a3df77726bbf3f0937dba1ce71a0b9643dafad905e98aee", kill_on_drop: false }`
[INFO] [stdout] 7bf2ea55d61d58339a3df77726bbf3f0937dba1ce71a0b9643dafad905e98aee
[INFO] running `Command { std: "docker" "create" "-v" "/var/lib/crater-agent-workspace/builds/worker-61/target:/opt/rustwide/target:rw,Z" "-v" "/var/lib/crater-agent-workspace/builds/worker-61/source:/opt/rustwide/workdir:ro,Z" "-v" "/var/lib/crater-agent-workspace/cargo-home:/opt/rustwide/cargo-home:ro,Z" "-v" "/var/lib/crater-agent-workspace/rustup-home:/opt/rustwide/rustup-home:ro,Z" "-e" "SOURCE_DIR=/opt/rustwide/workdir" "-e" "CARGO_TARGET_DIR=/opt/rustwide/target" "-e" "CARGO_INCREMENTAL=0" "-e" "RUST_BACKTRACE=full" "-e" "RUSTFLAGS=--cap-lints=warn" "-e" "CARGO_HOME=/opt/rustwide/cargo-home" "-e" "RUSTUP_HOME=/opt/rustwide/rustup-home" "-w" "/opt/rustwide/workdir" "-m" "1610612736" "--user" "0:0" "--network" "none" "ghcr.io/rust-lang/crates-build-env/linux@sha256:34b6a614d2c27851fe6cbf88fbd1137609cefab8b10d0615aaeb6fd47975d74e" "/opt/rustwide/cargo-home/bin/cargo" "+1.54.0" "test" "--frozen", kill_on_drop: false }`
[INFO] [stdout] f64b169e757337f0ebdb1db10543f205e4c234a28469b62965531a173c5d341b
[INFO] running `Command { std: "docker" "start" "-a" "f64b169e757337f0ebdb1db10543f205e4c234a28469b62965531a173c5d341b", kill_on_drop: false }`
[INFO] [stderr]     Blocking waiting for file lock on package cache
[INFO] [stderr] warning: trait objects without an explicit `dyn` are deprecated
[INFO] [stderr]    --> src/avm1/read.rs:196:59
[INFO] [stderr]     |
[INFO] [stderr] 196 |                         (&mut action_reader.inner as &mut Read).take(code_length.into()),
[INFO] [stderr]     |                                                           ^^^^ help: use `dyn`: `dyn Read`
[INFO] [stderr]     |
[INFO] [stderr]     = note: `#[warn(bare_trait_objects)]` on by default
[INFO] [stderr]     = warning: this was previously accepted by the compiler but is being phased out; it will become a hard error in the 2021 edition!
[INFO] [stderr]     = note: for more information, see issue #80165 <https://github.com/rust-lang/rust/issues/80165>
[INFO] [stderr] 
[INFO] [stderr] warning: trait objects without an explicit `dyn` are deprecated
[INFO] [stderr]    --> src/avm1/read.rs:261:38
[INFO] [stderr]     |
[INFO] [stderr] 261 |             (&mut self.inner as &mut Read).take(code_length.into()),
[INFO] [stderr]     |                                      ^^^^ help: use `dyn`: `dyn Read`
[INFO] [stderr]     |
[INFO] [stderr]     = warning: this was previously accepted by the compiler but is being phased out; it will become a hard error in the 2021 edition!
[INFO] [stderr]     = note: for more information, see issue #80165 <https://github.com/rust-lang/rust/issues/80165>
[INFO] [stderr] 
[INFO] [stderr] warning: trait objects without an explicit `dyn` are deprecated
[INFO] [stderr]    --> src/avm1/read.rs:286:38
[INFO] [stderr]     |
[INFO] [stderr] 286 |             (&mut self.inner as &mut Read).take(code_length.into()),
[INFO] [stderr]     |                                      ^^^^ help: use `dyn`: `dyn Read`
[INFO] [stderr]     |
[INFO] [stderr]     = warning: this was previously accepted by the compiler but is being phased out; it will become a hard error in the 2021 edition!
[INFO] [stderr]     = note: for more information, see issue #80165 <https://github.com/rust-lang/rust/issues/80165>
[INFO] [stderr] 
[INFO] [stderr] warning: trait objects without an explicit `dyn` are deprecated
[INFO] [stderr]    --> src/avm1/read.rs:317:42
[INFO] [stderr]     |
[INFO] [stderr] 317 |                 (&mut self.inner as &mut Read).take(try_length.into()),
[INFO] [stderr]     |                                          ^^^^ help: use `dyn`: `dyn Read`
[INFO] [stderr]     |
[INFO] [stderr]     = warning: this was previously accepted by the compiler but is being phased out; it will become a hard error in the 2021 edition!
[INFO] [stderr]     = note: for more information, see issue #80165 <https://github.com/rust-lang/rust/issues/80165>
[INFO] [stderr] 
[INFO] [stderr] warning: trait objects without an explicit `dyn` are deprecated
[INFO] [stderr]    --> src/avm1/read.rs:324:42
[INFO] [stderr]     |
[INFO] [stderr] 324 |                 (&mut self.inner as &mut Read).take(catch_length.into()),
[INFO] [stderr]     |                                          ^^^^ help: use `dyn`: `dyn Read`
[INFO] [stderr]     |
[INFO] [stderr]     = warning: this was previously accepted by the compiler but is being phased out; it will become a hard error in the 2021 edition!
[INFO] [stderr]     = note: for more information, see issue #80165 <https://github.com/rust-lang/rust/issues/80165>
[INFO] [stderr] 
[INFO] [stderr] warning: trait objects without an explicit `dyn` are deprecated
[INFO] [stderr]    --> src/avm1/read.rs:331:42
[INFO] [stderr]     |
[INFO] [stderr] 331 |                 (&mut self.inner as &mut Read).take(finally_length.into()),
[INFO] [stderr]     |                                          ^^^^ help: use `dyn`: `dyn Read`
[INFO] [stderr]     |
[INFO] [stderr]     = warning: this was previously accepted by the compiler but is being phased out; it will become a hard error in the 2021 edition!
[INFO] [stderr]     = note: for more information, see issue #80165 <https://github.com/rust-lang/rust/issues/80165>
[INFO] [stderr] 
[INFO] [stderr] warning: trait objects without an explicit `dyn` are deprecated
[INFO] [stderr]   --> src/read.rs:50:86
[INFO] [stderr]    |
[INFO] [stderr] 50 | pub fn read_swf_header<'a, R: Read + 'a>(mut input: R) -> Result<(Header, Reader<Box<Read + 'a>>)> {
[INFO] [stderr]    |                                                                                      ^^^^^^^^^ help: use `dyn`: `dyn Read + 'a`
[INFO] [stderr]    |
[INFO] [stderr]    = warning: this was previously accepted by the compiler but is being phased out; it will become a hard error in the 2021 edition!
[INFO] [stderr]    = note: for more information, see issue #80165 <https://github.com/rust-lang/rust/issues/80165>
[INFO] [stderr] 
[INFO] [stderr] warning: trait objects without an explicit `dyn` are deprecated
[INFO] [stderr]   --> src/read.rs:57:33
[INFO] [stderr]    |
[INFO] [stderr] 57 |     let decompressed_input: Box<Read> = match compression {
[INFO] [stderr]    |                                 ^^^^ help: use `dyn`: `dyn Read`
[INFO] [stderr]    |
[INFO] [stderr]    = warning: this was previously accepted by the compiler but is being phased out; it will become a hard error in the 2021 edition!
[INFO] [stderr]    = note: for more information, see issue #80165 <https://github.com/rust-lang/rust/issues/80165>
[INFO] [stderr] 
[INFO] [stderr] warning: trait objects without an explicit `dyn` are deprecated
[INFO] [stderr]   --> src/read.rs:84:63
[INFO] [stderr]    |
[INFO] [stderr] 84 | fn make_zlib_reader<'a, R: Read + 'a>(input: R) -> Result<Box<Read + 'a>> {
[INFO] [stderr]    |                                                               ^^^^^^^^^ help: use `dyn`: `dyn Read + 'a`
[INFO] [stderr]    |
[INFO] [stderr]    = warning: this was previously accepted by the compiler but is being phased out; it will become a hard error in the 2021 edition!
[INFO] [stderr]    = note: for more information, see issue #80165 <https://github.com/rust-lang/rust/issues/80165>
[INFO] [stderr] 
[INFO] [stderr] warning: trait objects without an explicit `dyn` are deprecated
[INFO] [stderr]    --> src/read.rs:117:64
[INFO] [stderr]     |
[INFO] [stderr] 117 | fn make_lzma_reader<'a, R: Read + 'a>(_input: R) -> Result<Box<Read + 'a>> {
[INFO] [stderr]     |                                                                ^^^^^^^^^ help: use `dyn`: `dyn Read + 'a`
[INFO] [stderr]     |
[INFO] [stderr]     = warning: this was previously accepted by the compiler but is being phased out; it will become a hard error in the 2021 edition!
[INFO] [stderr]     = note: for more information, see issue #80165 <https://github.com/rust-lang/rust/issues/80165>
[INFO] [stderr] 
[INFO] [stderr] warning: trait objects without an explicit `dyn` are deprecated
[INFO] [stderr]    --> src/read.rs:570:63
[INFO] [stderr]     |
[INFO] [stderr] 570 |                     Reader::new(&mut tag_reader.input as &mut Read, self.version);
[INFO] [stderr]     |                                                               ^^^^ help: use `dyn`: `dyn Read`
[INFO] [stderr]     |
[INFO] [stderr]     = warning: this was previously accepted by the compiler but is being phased out; it will become a hard error in the 2021 edition!
[INFO] [stderr]     = note: for more information, see issue #80165 <https://github.com/rust-lang/rust/issues/80165>
[INFO] [stderr] 
[INFO] [stderr] warning: `...` range patterns are deprecated
[INFO] [stderr]     --> src/read.rs:1521:17
[INFO] [stderr]      |
[INFO] [stderr] 1521 |             0x40...0x43 => {
[INFO] [stderr]      |                 ^^^ help: use `..=` for an inclusive range
[INFO] [stderr]      |
[INFO] [stderr]      = note: `#[warn(ellipsis_inclusive_range_patterns)]` on by default
[INFO] [stderr]      = warning: this was previously accepted by the compiler but is being phased out; it will become a hard error in the 2021 edition!
[INFO] [stderr]      = note: for more information, see issue #80165 <https://github.com/rust-lang/rust/issues/80165>
[INFO] [stderr] 
[INFO] [stderr] warning: `...` range patterns are deprecated
[INFO] [stderr]     --> src/read.rs:1701:17
[INFO] [stderr]      |
[INFO] [stderr] 1701 |             0x40...0x43 => FillStyle::Bitmap {
[INFO] [stderr]      |                 ^^^ help: use `..=` for an inclusive range
[INFO] [stderr]      |
[INFO] [stderr]      = warning: this was previously accepted by the compiler but is being phased out; it will become a hard error in the 2021 edition!
[INFO] [stderr]      = note: for more information, see issue #80165 <https://github.com/rust-lang/rust/issues/80165>
[INFO] [stderr] 
[INFO] [stderr] warning: 13 warnings emitted
[INFO] [stderr] 
[INFO] [stderr] warning: trait objects without an explicit `dyn` are deprecated
[INFO] [stderr]    --> src/avm1/read.rs:196:59
[INFO] [stderr]     |
[INFO] [stderr] 196 |                         (&mut action_reader.inner as &mut Read).take(code_length.into()),
[INFO] [stderr]     |                                                           ^^^^ help: use `dyn`: `dyn Read`
[INFO] [stderr]     |
[INFO] [stderr]     = note: `#[warn(bare_trait_objects)]` on by default
[INFO] [stderr]     = warning: this was previously accepted by the compiler but is being phased out; it will become a hard error in the 2021 edition!
[INFO] [stderr]     = note: for more information, see issue #80165 <https://github.com/rust-lang/rust/issues/80165>
[INFO] [stderr] 
[INFO] [stderr] warning: trait objects without an explicit `dyn` are deprecated
[INFO] [stderr]    --> src/avm1/read.rs:261:38
[INFO] [stderr]     |
[INFO] [stderr] 261 |             (&mut self.inner as &mut Read).take(code_length.into()),
[INFO] [stderr]     |                                      ^^^^ help: use `dyn`: `dyn Read`
[INFO] [stderr]     |
[INFO] [stderr]     = warning: this was previously accepted by the compiler but is being phased out; it will become a hard error in the 2021 edition!
[INFO] [stderr]     = note: for more information, see issue #80165 <https://github.com/rust-lang/rust/issues/80165>
[INFO] [stderr] 
[INFO] [stderr] warning: trait objects without an explicit `dyn` are deprecated
[INFO] [stderr]    --> src/avm1/read.rs:286:38
[INFO] [stderr]     |
[INFO] [stderr] 286 |             (&mut self.inner as &mut Read).take(code_length.into()),
[INFO] [stderr]     |                                      ^^^^ help: use `dyn`: `dyn Read`
[INFO] [stderr]     |
[INFO] [stderr]     = warning: this was previously accepted by the compiler but is being phased out; it will become a hard error in the 2021 edition!
[INFO] [stderr]     = note: for more information, see issue #80165 <https://github.com/rust-lang/rust/issues/80165>
[INFO] [stderr] 
[INFO] [stderr] warning: trait objects without an explicit `dyn` are deprecated
[INFO] [stderr]    --> src/avm1/read.rs:317:42
[INFO] [stderr]     |
[INFO] [stderr] 317 |                 (&mut self.inner as &mut Read).take(try_length.into()),
[INFO] [stderr]     |                                          ^^^^ help: use `dyn`: `dyn Read`
[INFO] [stderr]     |
[INFO] [stderr]     = warning: this was previously accepted by the compiler but is being phased out; it will become a hard error in the 2021 edition!
[INFO] [stderr]     = note: for more information, see issue #80165 <https://github.com/rust-lang/rust/issues/80165>
[INFO] [stderr] 
[INFO] [stderr] warning: trait objects without an explicit `dyn` are deprecated
[INFO] [stderr]    --> src/avm1/read.rs:324:42
[INFO] [stderr]     |
[INFO] [stderr] 324 |                 (&mut self.inner as &mut Read).take(catch_length.into()),
[INFO] [stderr]     |                                          ^^^^ help: use `dyn`: `dyn Read`
[INFO] [stderr]     |
[INFO] [stderr]     = warning: this was previously accepted by the compiler but is being phased out; it will become a hard error in the 2021 edition!
[INFO] [stderr]     = note: for more information, see issue #80165 <https://github.com/rust-lang/rust/issues/80165>
[INFO] [stderr] 
[INFO] [stderr] warning: trait objects without an explicit `dyn` are deprecated
[INFO] [stderr]    --> src/avm1/read.rs:331:42
[INFO] [stderr]     |
[INFO] [stderr] 331 |                 (&mut self.inner as &mut Read).take(finally_length.into()),
[INFO] [stderr]     |                                          ^^^^ help: use `dyn`: `dyn Read`
[INFO] [stderr]     |
[INFO] [stderr]     = warning: this was previously accepted by the compiler but is being phased out; it will become a hard error in the 2021 edition!
[INFO] [stderr]     = note: for more information, see issue #80165 <https://github.com/rust-lang/rust/issues/80165>
[INFO] [stderr] 
[INFO] [stderr] warning: trait objects without an explicit `dyn` are deprecated
[INFO] [stderr]   --> src/read.rs:50:86
[INFO] [stderr]    |
[INFO] [stderr] 50 | pub fn read_swf_header<'a, R: Read + 'a>(mut input: R) -> Result<(Header, Reader<Box<Read + 'a>>)> {
[INFO] [stderr]    |                                                                                      ^^^^^^^^^ help: use `dyn`: `dyn Read + 'a`
[INFO] [stderr]    |
[INFO] [stderr]    = warning: this was previously accepted by the compiler but is being phased out; it will become a hard error in the 2021 edition!
[INFO] [stderr]    = note: for more information, see issue #80165 <https://github.com/rust-lang/rust/issues/80165>
[INFO] [stderr] 
[INFO] [stderr] warning: trait objects without an explicit `dyn` are deprecated
[INFO] [stderr]   --> src/read.rs:57:33
[INFO] [stderr]    |
[INFO] [stderr] 57 |     let decompressed_input: Box<Read> = match compression {
[INFO] [stderr]    |                                 ^^^^ help: use `dyn`: `dyn Read`
[INFO] [stderr]    |
[INFO] [stderr]    = warning: this was previously accepted by the compiler but is being phased out; it will become a hard error in the 2021 edition!
[INFO] [stderr]    = note: for more information, see issue #80165 <https://github.com/rust-lang/rust/issues/80165>
[INFO] [stderr] 
[INFO] [stderr] warning: trait objects without an explicit `dyn` are deprecated
[INFO] [stderr]   --> src/read.rs:84:63
[INFO] [stderr]    |
[INFO] [stderr] 84 | fn make_zlib_reader<'a, R: Read + 'a>(input: R) -> Result<Box<Read + 'a>> {
[INFO] [stderr]    |                                                               ^^^^^^^^^ help: use `dyn`: `dyn Read + 'a`
[INFO] [stderr]    |
[INFO] [stderr]    = warning: this was previously accepted by the compiler but is being phased out; it will become a hard error in the 2021 edition!
[INFO] [stderr]    = note: for more information, see issue #80165 <https://github.com/rust-lang/rust/issues/80165>
[INFO] [stderr] 
[INFO] [stderr] warning: trait objects without an explicit `dyn` are deprecated
[INFO] [stderr]    --> src/read.rs:117:64
[INFO] [stderr]     |
[INFO] [stderr] 117 | fn make_lzma_reader<'a, R: Read + 'a>(_input: R) -> Result<Box<Read + 'a>> {
[INFO] [stderr]     |                                                                ^^^^^^^^^ help: use `dyn`: `dyn Read + 'a`
[INFO] [stderr]     |
[INFO] [stderr]     = warning: this was previously accepted by the compiler but is being phased out; it will become a hard error in the 2021 edition!
[INFO] [stderr]     = note: for more information, see issue #80165 <https://github.com/rust-lang/rust/issues/80165>
[INFO] [stderr] 
[INFO] [stderr] warning: trait objects without an explicit `dyn` are deprecated
[INFO] [stderr]    --> src/read.rs:570:63
[INFO] [stderr]     |
[INFO] [stderr] 570 |                     Reader::new(&mut tag_reader.input as &mut Read, self.version);
[INFO] [stderr]     |                                                               ^^^^ help: use `dyn`: `dyn Read`
[INFO] [stderr]     |
[INFO] [stderr]     = warning: this was previously accepted by the compiler but is being phased out; it will become a hard error in the 2021 edition!
[INFO] [stderr]     = note: for more information, see issue #80165 <https://github.com/rust-lang/rust/issues/80165>
[INFO] [stderr] 
[INFO] [stderr] warning: `...` range patterns are deprecated
[INFO] [stderr]     --> src/read.rs:1521:17
[INFO] [stderr]      |
[INFO] [stderr] 1521 |             0x40...0x43 => {
[INFO] [stderr]      |                 ^^^ help: use `..=` for an inclusive range
[INFO] [stderr]      |
[INFO] [stderr]      = note: `#[warn(ellipsis_inclusive_range_patterns)]` on by default
[INFO] [stderr]      = warning: this was previously accepted by the compiler but is being phased out; it will become a hard error in the 2021 edition!
[INFO] [stderr]      = note: for more information, see issue #80165 <https://github.com/rust-lang/rust/issues/80165>
[INFO] [stderr] 
[INFO] [stderr] warning: `...` range patterns are deprecated
[INFO] [stderr]     --> src/read.rs:1701:17
[INFO] [stderr]      |
[INFO] [stderr] 1701 |             0x40...0x43 => FillStyle::Bitmap {
[INFO] [stderr]      |                 ^^^ help: use `..=` for an inclusive range
[INFO] [stderr]      |
[INFO] [stderr]      = warning: this was previously accepted by the compiler but is being phased out; it will become a hard error in the 2021 edition!
[INFO] [stderr]      = note: for more information, see issue #80165 <https://github.com/rust-lang/rust/issues/80165>
[INFO] [stderr] 
[INFO] [stderr] warning: 13 warnings emitted
[INFO] [stderr] 
[INFO] [stderr]     Finished test [unoptimized + debuginfo] target(s) in 0.18s
[INFO] [stderr]      Running unittests (/opt/rustwide/target/debug/deps/swf-141293ebbf00fac3)
[INFO] [stdout] 
[INFO] [stdout] running 41 tests
[INFO] [stdout] test read::tests::read_color ... ok
[INFO] [stdout] test read::tests::read_gradient ... ok
[INFO] [stdout] test read::tests::read_invalid_swf ... ok
[INFO] [stdout] test read::tests::read_fixed8 ... ok
[INFO] [stdout] test read::tests::read_encoded_u32 ... ok
[INFO] [stdout] test read::tests::read_matrix ... ok
[INFO] [stdout] test read::tests::read_compression_type ... ok
[INFO] [stdout] test read::tests::read_rectangle_signed ... ok
[INFO] [stdout] test read::tests::read_line_style ... ok
[INFO] [stdout] test read::tests::read_fbits ... ok
[INFO] [stdout] test read::tests::read_rectangle_zero ... ok
[INFO] [stdout] test read::tests::read_sbits ... ok
[INFO] [stdout] test read::tests::read_c_string ... ok
[INFO] [stdout] test read::tests::read_fill_style ... ok
[INFO] [stdout] test read::tests::read_shape_record ... ok
[INFO] [stdout] test read::tests::read_bit ... ok
[INFO] [stdout] test avm1::read::tests::read_action ... ok
[INFO] [stdout] test read::tests::read_shape_styles ... ok
[INFO] [stdout] test read::tests::read_tag_list ... ok
[INFO] [stdout] test avm1::write::tests::write_action ... ok
[INFO] [stdout] test write::tests::count_sbits ... ok
[INFO] [stdout] test write::tests::count_ubits ... ok
[INFO] [stdout] test write::tests::write_bit ... ok
[INFO] [stdout] test write::tests::write_c_string ... ok
[INFO] [stdout] test write::tests::write_color ... ok
[INFO] [stdout] test write::tests::write_encoded_u32 ... ok
[INFO] [stdout] test write::tests::write_fixed8 ... ok
[INFO] [stdout] test read::tests::read_ubits ... ok
[INFO] [stdout] test avm2::read::tests::read_abc ... ok
[INFO] [stdout] test write::tests::write_rectangle_signed ... ok
[INFO] [stdout] test write::tests::write_rectangle_zero ... ok
[INFO] [stdout] test write::tests::write_sbits ... ok
[INFO] [stdout] test write::tests::write_matrix ... ok
[INFO] [stdout] test avm2::write::tests::write_abc ... ok
[INFO] [stdout] test write::tests::write_swfs ... ok
[INFO] [stdout] test write::tests::write_ubits ... ok
[INFO] [stdout] test write::tests::write_tag_to_buf_list ... ok
[INFO] [stdout] test read::tests::read_tags ... ok
[INFO] [stdout] test read::tests::read_swfs ... ok
[INFO] [stderr] error: test failed, to rerun pass '--lib'
[INFO] [stdout] test write::tests::write_fbits ... FAILED
[INFO] [stdout] test write::tests::write_tags ... FAILED
[INFO] [stdout] 
[INFO] [stdout] failures:
[INFO] [stdout] 
[INFO] [stdout] ---- write::tests::write_fbits stdout ----
[INFO] [stdout] thread 'write::tests::write_fbits' panicked at 'assertion failed: `(left == right)`
[INFO] [stdout]   left: `[64, 0, 0, 0, 0]`,
[INFO] [stdout]  right: `[64, 0, 48, 0, 0]`', src/write.rs:2893:9
[INFO] [stdout] stack backtrace:
[INFO] [stdout]    0:     0x5649eae2b2e0 - std::backtrace_rs::backtrace::libunwind::trace::h34055254b57d8e79
[INFO] [stdout]                                at /rustc/a178d0322ce20e33eac124758e837cbd80a6f633/library/std/src/../../backtrace/src/backtrace/libunwind.rs:90:5
[INFO] [stdout]    1:     0x5649eae2b2e0 - std::backtrace_rs::backtrace::trace_unsynchronized::h8f1e3fbd9afff6ec
[INFO] [stdout]                                at /rustc/a178d0322ce20e33eac124758e837cbd80a6f633/library/std/src/../../backtrace/src/backtrace/mod.rs:66:5
[INFO] [stdout]    2:     0x5649eae2b2e0 - std::sys_common::backtrace::_print_fmt::h3a99a796b770c360
[INFO] [stdout]                                at /rustc/a178d0322ce20e33eac124758e837cbd80a6f633/library/std/src/sys_common/backtrace.rs:67:5
[INFO] [stdout]    3:     0x5649eae2b2e0 - <std::sys_common::backtrace::_print::DisplayBacktrace as core::fmt::Display>::fmt::h32d1f94a80615d18
[INFO] [stdout]                                at /rustc/a178d0322ce20e33eac124758e837cbd80a6f633/library/std/src/sys_common/backtrace.rs:46:22
[INFO] [stdout]    4:     0x5649eae4e37c - core::fmt::write::h306731c068f7162c
[INFO] [stdout]                                at /rustc/a178d0322ce20e33eac124758e837cbd80a6f633/library/core/src/fmt/mod.rs:1110:17
[INFO] [stdout]    5:     0x5649eae28205 - std::io::Write::write_fmt::h87f19b0a2cd190bc
[INFO] [stdout]                                at /rustc/a178d0322ce20e33eac124758e837cbd80a6f633/library/std/src/io/mod.rs:1588:15
[INFO] [stdout]    6:     0x5649eae2d44b - std::sys_common::backtrace::_print::h5abaa2601a852287
[INFO] [stdout]                                at /rustc/a178d0322ce20e33eac124758e837cbd80a6f633/library/std/src/sys_common/backtrace.rs:49:5
[INFO] [stdout]    7:     0x5649eae2d44b - std::sys_common::backtrace::print::h8d81445442bb638f
[INFO] [stdout]                                at /rustc/a178d0322ce20e33eac124758e837cbd80a6f633/library/std/src/sys_common/backtrace.rs:36:9
[INFO] [stdout]    8:     0x5649eae2d44b - std::panicking::default_hook::{{closure}}::hcfe804496a9fa747
[INFO] [stdout]                                at /rustc/a178d0322ce20e33eac124758e837cbd80a6f633/library/std/src/panicking.rs:208:50
[INFO] [stdout]    9:     0x5649eae2cf5c - std::panicking::default_hook::hbea8e3ccf2ba8901
[INFO] [stdout]                                at /rustc/a178d0322ce20e33eac124758e837cbd80a6f633/library/std/src/panicking.rs:222:9
[INFO] [stdout]   10:     0x5649eae2db14 - std::panicking::rust_panic_with_hook::h7ee9e1a2d0f8975a
[INFO] [stdout]                                at /rustc/a178d0322ce20e33eac124758e837cbd80a6f633/library/std/src/panicking.rs:622:17
[INFO] [stdout]   11:     0x5649eae2d5f7 - std::panicking::begin_panic_handler::{{closure}}::h8ab3b4491718b2c7
[INFO] [stdout]                                at /rustc/a178d0322ce20e33eac124758e837cbd80a6f633/library/std/src/panicking.rs:519:13
[INFO] [stdout]   12:     0x5649eae2b7dc - std::sys_common::backtrace::__rust_end_short_backtrace::hd489062ffa586a9f
[INFO] [stdout]                                at /rustc/a178d0322ce20e33eac124758e837cbd80a6f633/library/std/src/sys_common/backtrace.rs:141:18
[INFO] [stdout]   13:     0x5649eae2d559 - rust_begin_unwind
[INFO] [stdout]                                at /rustc/a178d0322ce20e33eac124758e837cbd80a6f633/library/std/src/panicking.rs:515:5
[INFO] [stdout]   14:     0x5649eab8b6d1 - core::panicking::panic_fmt::hca6330e3e14086b4
[INFO] [stdout]                                at /rustc/a178d0322ce20e33eac124758e837cbd80a6f633/library/core/src/panicking.rs:92:14
[INFO] [stdout]   15:     0x5649eae4c3f8 - core::panicking::assert_failed_inner::h33b45280069a80ed
[INFO] [stdout]   16:     0x5649eac28bbe - core::panicking::assert_failed::hc041efe46909d094
[INFO] [stdout]                                at /rustc/a178d0322ce20e33eac124758e837cbd80a6f633/library/core/src/panicking.rs:117:5
[INFO] [stdout]   17:     0x5649ead201cd - swf::write::tests::write_fbits::h38504ba20c608a35
[INFO] [stdout]                                at /opt/rustwide/workdir/src/write.rs:2893:9
[INFO] [stdout]   18:     0x5649ead1fefa - swf::write::tests::write_fbits::{{closure}}::h910d69828646f3e6
[INFO] [stdout]                                at /opt/rustwide/workdir/src/write.rs:2882:5
[INFO] [stdout]   19:     0x5649eacecb8e - core::ops::function::FnOnce::call_once::h611f432ed438856d
[INFO] [stdout]                                at /rustc/a178d0322ce20e33eac124758e837cbd80a6f633/library/core/src/ops/function.rs:227:5
[INFO] [stdout]   20:     0x5649eadca003 - core::ops::function::FnOnce::call_once::h152e7e439ff59e19
[INFO] [stdout]                                at /rustc/a178d0322ce20e33eac124758e837cbd80a6f633/library/core/src/ops/function.rs:227:5
[INFO] [stdout]   21:     0x5649eadca003 - test::__rust_begin_short_backtrace::h0908f3b1fdbb72ab
[INFO] [stdout]                                at /rustc/a178d0322ce20e33eac124758e837cbd80a6f633/library/test/src/lib.rs:577:5
[INFO] [stdout]   22:     0x5649eadc8ac0 - <alloc::boxed::Box<F,A> as core::ops::function::FnOnce<Args>>::call_once::hf6d2a51e5587546c
[INFO] [stdout]                                at /rustc/a178d0322ce20e33eac124758e837cbd80a6f633/library/alloc/src/boxed.rs:1575:9
[INFO] [stdout]   23:     0x5649eadc8ac0 - <std::panic::AssertUnwindSafe<F> as core::ops::function::FnOnce<()>>::call_once::h8af660f3a89ef593
[INFO] [stdout]                                at /rustc/a178d0322ce20e33eac124758e837cbd80a6f633/library/std/src/panic.rs:347:9
[INFO] [stdout]   24:     0x5649eadc8ac0 - std::panicking::try::do_call::hd36aef60f84b6d36
[INFO] [stdout]                                at /rustc/a178d0322ce20e33eac124758e837cbd80a6f633/library/std/src/panicking.rs:401:40
[INFO] [stdout]   25:     0x5649eadc8ac0 - std::panicking::try::h9932b4480e69817c
[INFO] [stdout]                                at /rustc/a178d0322ce20e33eac124758e837cbd80a6f633/library/std/src/panicking.rs:365:19
[INFO] [stdout]   26:     0x5649eadc8ac0 - std::panic::catch_unwind::h6aa177099cfff5f8
[INFO] [stdout]                                at /rustc/a178d0322ce20e33eac124758e837cbd80a6f633/library/std/src/panic.rs:434:14
[INFO] [stdout]   27:     0x5649eadc8ac0 - test::run_test_in_process::h5884d6f2d99e20c3
[INFO] [stdout]                                at /rustc/a178d0322ce20e33eac124758e837cbd80a6f633/library/test/src/lib.rs:600:18
[INFO] [stdout]   28:     0x5649eadc8ac0 - test::run_test::run_test_inner::{{closure}}::h6fdc58c6d5f5b6e3
[INFO] [stdout]                                at /rustc/a178d0322ce20e33eac124758e837cbd80a6f633/library/test/src/lib.rs:492:39
[INFO] [stdout]   29:     0x5649eada2172 - test::run_test::run_test_inner::{{closure}}::h408365d67a78ade8
[INFO] [stdout]                                at /rustc/a178d0322ce20e33eac124758e837cbd80a6f633/library/test/src/lib.rs:519:37
[INFO] [stdout]   30:     0x5649eada2172 - std::sys_common::backtrace::__rust_begin_short_backtrace::hb560b77c4f701523
[INFO] [stdout]                                at /rustc/a178d0322ce20e33eac124758e837cbd80a6f633/library/std/src/sys_common/backtrace.rs:125:18
[INFO] [stdout]   31:     0x5649eada5d28 - std::thread::Builder::spawn_unchecked::{{closure}}::{{closure}}::hf2e7831dad93c597
[INFO] [stdout]                                at /rustc/a178d0322ce20e33eac124758e837cbd80a6f633/library/std/src/thread/mod.rs:481:17
[INFO] [stdout]   32:     0x5649eada5d28 - <std::panic::AssertUnwindSafe<F> as core::ops::function::FnOnce<()>>::call_once::hd2e08783d8be4d02
[INFO] [stdout]                                at /rustc/a178d0322ce20e33eac124758e837cbd80a6f633/library/std/src/panic.rs:347:9
[INFO] [stdout]   33:     0x5649eada5d28 - std::panicking::try::do_call::h062597b7acfd6b82
[INFO] [stdout]                                at /rustc/a178d0322ce20e33eac124758e837cbd80a6f633/library/std/src/panicking.rs:401:40
[INFO] [stdout]   34:     0x5649eada5d28 - std::panicking::try::h0d7b79db04c14552
[INFO] [stdout]                                at /rustc/a178d0322ce20e33eac124758e837cbd80a6f633/library/std/src/panicking.rs:365:19
[INFO] [stdout]   35:     0x5649eada5d28 - std::panic::catch_unwind::hb01a0b5e7c8cd43b
[INFO] [stdout]                                at /rustc/a178d0322ce20e33eac124758e837cbd80a6f633/library/std/src/panic.rs:434:14
[INFO] [stdout]   36:     0x5649eada5d28 - std::thread::Builder::spawn_unchecked::{{closure}}::h5bde48cc887e0d1e
[INFO] [stdout]                                at /rustc/a178d0322ce20e33eac124758e837cbd80a6f633/library/std/src/thread/mod.rs:480:30
[INFO] [stdout]   37:     0x5649eada5d28 - core::ops::function::FnOnce::call_once{{vtable.shim}}::h745ea30807a29e55
[INFO] [stdout]                                at /rustc/a178d0322ce20e33eac124758e837cbd80a6f633/library/core/src/ops/function.rs:227:5
[INFO] [stdout]   38:     0x5649eae325d7 - <alloc::boxed::Box<F,A> as core::ops::function::FnOnce<Args>>::call_once::h7ece6cfefaff1005
[INFO] [stdout]                                at /rustc/a178d0322ce20e33eac124758e837cbd80a6f633/library/alloc/src/boxed.rs:1575:9
[INFO] [stdout]   39:     0x5649eae325d7 - <alloc::boxed::Box<F,A> as core::ops::function::FnOnce<Args>>::call_once::hb8b48e55c21f193e
[INFO] [stdout]                                at /rustc/a178d0322ce20e33eac124758e837cbd80a6f633/library/alloc/src/boxed.rs:1575:9
[INFO] [stdout]   40:     0x5649eae325d7 - std::sys::unix::thread::Thread::new::thread_start::h8c7c4450dba62914
[INFO] [stdout]                                at /rustc/a178d0322ce20e33eac124758e837cbd80a6f633/library/std/src/sys/unix/thread.rs:71:17
[INFO] [stdout]   41:     0x7f538b71b609 - start_thread
[INFO] [stdout]   42:     0x7f538b4ed293 - clone
[INFO] [stdout]   43:                0x0 - <unknown>
[INFO] [stdout] 
[INFO] [stdout] ---- write::tests::write_tags stdout ----
[INFO] [stdout] thread 'write::tests::write_tags' panicked at 'Error reading tag.
[INFO] [stdout] Tag:
[INFO] [stdout] DefineMorphShape(DefineMorphShape { version: 1, id: 1, has_non_scaling_strokes: true, has_scaling_strokes: false, start: MorphShape { shape_bounds: Rectangle { x_min: Twips(300), x_max: Twips(1300), y_min: Twips(300), y_max: Twips(1300) }, edge_bounds: Rectangle { x_min: Twips(300), x_max: Twips(1300), y_min: Twips(300), y_max: Twips(1300) }, fill_styles: [LinearGradient(Gradient { matrix: Matrix { translate_x: Twips(800), translate_y: Twips(800), scale_x: 0.024429321, scale_y: 0.024429321, rotate_skew_0: 0.024429321, rotate_skew_1: -0.024429321 }, spread: Pad, interpolation: RGB, records: [GradientRecord { ratio: 0, color: Color { r: 255, g: 255, b: 255, a: 255 } }, GradientRecord { ratio: 255, color: Color { r: 0, g: 0, b: 0, a: 255 } }] })], line_styles: [LineStyle { width: Twips(200), color: Color { r: 0, g: 255, b: 0, a: 255 }, start_cap: Round, end_cap: Round, join_style: Round, fill_style: None, allow_scale_x: false, allow_scale_y: false, is_pixel_hinted: false, allow_close: true }], shape: [StyleChange(StyleChangeData { move_to: Some((Twips(400), Twips(400))), fill_style_0: None, fill_style_1: None, line_style: Some(1), new_styles: None }), StraightEdge { delta_x: Twips(800), delta_y: Twips(0) }, StraightEdge { delta_x: Twips(0), delta_y: Twips(800) }, StraightEdge { delta_x: Twips(-800), delta_y: Twips(0) }, StraightEdge { delta_x: Twips(0), delta_y: Twips(-800) }, StyleChange(StyleChangeData { move_to: None, fill_style_0: Some(1), fill_style_1: None, line_style: None, new_styles: None }), StraightEdge { delta_x: Twips(800), delta_y: Twips(0) }, StraightEdge { delta_x: Twips(0), delta_y: Twips(800) }, StraightEdge { delta_x: Twips(-800), delta_y: Twips(0) }, StraightEdge { delta_x: Twips(0), delta_y: Twips(-800) }] }, end: MorphShape { shape_bounds: Rectangle { x_min: Twips(380), x_max: Twips(1501), y_min: Twips(167), y_max: Twips(1220) }, edge_bounds: Rectangle { x_min: Twips(380), x_max: Twips(1501), y_min: Twips(167), y_max: Twips(1220) }, fill_styles: [LinearGradient(Gradient { matrix: Matrix { translate_x: Twips(968), translate_y: Twips(693), scale_x: 0.0058898926, scale_y: 0.030914307, rotate_skew_0: 0.0, rotate_skew_1: 0.0 }, spread: Pad, interpolation: RGB, records: [GradientRecord { ratio: 56, color: Color { r: 255, g: 0, b: 0, a: 255 } }, GradientRecord { ratio: 157, color: Color { r: 0, g: 0, b: 255, a: 255 } }] })], line_styles: [LineStyle { width: Twips(40), color: Color { r: 255, g: 255, b: 0, a: 255 }, start_cap: Round, end_cap: Round, join_style: Round, fill_style: None, allow_scale_x: false, allow_scale_y: false, is_pixel_hinted: false, allow_close: true }], shape: [StyleChange(StyleChangeData { move_to: Some((Twips(400), Twips(1200))), fill_style_0: None, fill_style_1: None, line_style: None, new_styles: None }), StraightEdge { delta_x: Twips(348), delta_y: Twips(-1013) }, StraightEdge { delta_x: Twips(452), delta_y: Twips(213) }, CurvedEdge { control_delta_x: Twips(563), control_delta_y: Twips(382), anchor_delta_x: Twips(-563), anchor_delta_y: Twips(418) }, CurvedEdge { control_delta_x: Twips(-381), control_delta_y: Twips(-440), anchor_delta_x: Twips(-419), anchor_delta_y: Twips(440) }, StraightEdge { delta_x: Twips(348), delta_y: Twips(-1013) }, StraightEdge { delta_x: Twips(452), delta_y: Twips(213) }, CurvedEdge { control_delta_x: Twips(563), control_delta_y: Twips(382), anchor_delta_x: Twips(-563), anchor_delta_y: Twips(418) }, CurvedEdge { control_delta_x: Twips(-381), control_delta_y: Twips(-440), anchor_delta_x: Twips(-419), anchor_delta_y: Twips(440) }] } })
[INFO] [stdout] 
[INFO] [stdout] Wrote:
[INFO] [stdout] [191, 11, 146, 0, 0, 0, 1, 0, 96, 150, 40, 160, 150, 40, 160, 96, 190, 46, 232, 83, 166, 32, 81, 0, 0, 0, 1, 16, 177, 144, 89, 6, 198, 65, 0, 5, 178, 6, 64, 176, 96, 159, 168, 183, 144, 173, 64, 2, 0, 255, 255, 255, 255, 56, 255, 0, 0, 255, 255, 0, 0, 0, 255, 157, 0, 0, 255, 255, 1, 200, 0, 40, 0, 0, 255, 0, 255, 255, 255, 0, 255, 17, 37, 76, 131, 33, 228, 100, 28, 172, 131, 146, 112, 114, 206, 0, 188, 140, 131, 149, 144, 114, 78, 14, 89, 192, 0, 0, 5, 131, 32, 150, 28, 202, 228, 11, 226, 226, 26, 180, 163, 50, 253, 115, 77, 21, 20, 28, 145, 46, 183, 28, 202, 228, 11, 226, 226, 26, 180, 163, 50, 253, 115, 77, 21, 20, 28, 145, 46, 183, 0, 0]
[INFO] [stdout] 
[INFO] [stdout] Expected:
[INFO] [stdout] [191, 11, 146, 0, 0, 0, 1, 0, 96, 150, 40, 160, 150, 40, 160, 96, 190, 46, 232, 83, 166, 32, 81, 0, 0, 0, 1, 16, 177, 144, 89, 6, 198, 65, 155, 245, 178, 6, 64, 176, 96, 159, 168, 183, 144, 173, 64, 2, 0, 255, 255, 255, 255, 56, 255, 0, 0, 255, 255, 0, 0, 0, 255, 157, 0, 0, 255, 255, 1, 200, 0, 40, 0, 0, 255, 0, 255, 255, 255, 0, 255, 17, 37, 76, 131, 33, 228, 100, 28, 172, 131, 146, 112, 114, 206, 0, 188, 140, 131, 149, 144, 114, 78, 14, 89, 192, 0, 0, 5, 131, 32, 150, 28, 202, 228, 11, 226, 226, 26, 180, 163, 50, 253, 115, 77, 21, 20, 28, 145, 46, 183, 28, 202, 228, 11, 226, 226, 26, 180, 163, 50, 253, 115, 77, 21, 20, 28, 145, 46, 183, 0, 0]', src/write.rs:3033:17
[INFO] [stdout] stack backtrace:
[INFO] [stdout]    0:     0x5649eae2b2e0 - std::backtrace_rs::backtrace::libunwind::trace::h34055254b57d8e79
[INFO] [stdout]                                at /rustc/a178d0322ce20e33eac124758e837cbd80a6f633/library/std/src/../../backtrace/src/backtrace/libunwind.rs:90:5
[INFO] [stdout]    1:     0x5649eae2b2e0 - std::backtrace_rs::backtrace::trace_unsynchronized::h8f1e3fbd9afff6ec
[INFO] [stdout]                                at /rustc/a178d0322ce20e33eac124758e837cbd80a6f633/library/std/src/../../backtrace/src/backtrace/mod.rs:66:5
[INFO] [stdout]    2:     0x5649eae2b2e0 - std::sys_common::backtrace::_print_fmt::h3a99a796b770c360
[INFO] [stdout]                                at /rustc/a178d0322ce20e33eac124758e837cbd80a6f633/library/std/src/sys_common/backtrace.rs:67:5
[INFO] [stdout]    3:     0x5649eae2b2e0 - <std::sys_common::backtrace::_print::DisplayBacktrace as core::fmt::Display>::fmt::h32d1f94a80615d18
[INFO] [stdout]                                at /rustc/a178d0322ce20e33eac124758e837cbd80a6f633/library/std/src/sys_common/backtrace.rs:46:22
[INFO] [stdout]    4:     0x5649eae4e37c - core::fmt::write::h306731c068f7162c
[INFO] [stdout]                                at /rustc/a178d0322ce20e33eac124758e837cbd80a6f633/library/core/src/fmt/mod.rs:1110:17
[INFO] [stdout]    5:     0x5649eae28205 - std::io::Write::write_fmt::h87f19b0a2cd190bc
[INFO] [stdout]                                at /rustc/a178d0322ce20e33eac124758e837cbd80a6f633/library/std/src/io/mod.rs:1588:15
[INFO] [stdout]    6:     0x5649eae2d44b - std::sys_common::backtrace::_print::h5abaa2601a852287
[INFO] [stdout]                                at /rustc/a178d0322ce20e33eac124758e837cbd80a6f633/library/std/src/sys_common/backtrace.rs:49:5
[INFO] [stdout]    7:     0x5649eae2d44b - std::sys_common::backtrace::print::h8d81445442bb638f
[INFO] [stdout]                                at /rustc/a178d0322ce20e33eac124758e837cbd80a6f633/library/std/src/sys_common/backtrace.rs:36:9
[INFO] [stdout]    8:     0x5649eae2d44b - std::panicking::default_hook::{{closure}}::hcfe804496a9fa747
[INFO] [stdout]                                at /rustc/a178d0322ce20e33eac124758e837cbd80a6f633/library/std/src/panicking.rs:208:50
[INFO] [stdout]    9:     0x5649eae2cf5c - std::panicking::default_hook::hbea8e3ccf2ba8901
[INFO] [stdout]                                at /rustc/a178d0322ce20e33eac124758e837cbd80a6f633/library/std/src/panicking.rs:222:9
[INFO] [stdout]   10:     0x5649eae2db14 - std::panicking::rust_panic_with_hook::h7ee9e1a2d0f8975a
[INFO] [stdout]                                at /rustc/a178d0322ce20e33eac124758e837cbd80a6f633/library/std/src/panicking.rs:622:17
[INFO] [stdout]   11:     0x5649eae2d5f7 - std::panicking::begin_panic_handler::{{closure}}::h8ab3b4491718b2c7
[INFO] [stdout]                                at /rustc/a178d0322ce20e33eac124758e837cbd80a6f633/library/std/src/panicking.rs:519:13
[INFO] [stdout]   12:     0x5649eae2b7dc - std::sys_common::backtrace::__rust_end_short_backtrace::hd489062ffa586a9f
[INFO] [stdout]                                at /rustc/a178d0322ce20e33eac124758e837cbd80a6f633/library/std/src/sys_common/backtrace.rs:141:18
[INFO] [stdout]   13:     0x5649eae2d559 - rust_begin_unwind
[INFO] [stdout]                                at /rustc/a178d0322ce20e33eac124758e837cbd80a6f633/library/std/src/panicking.rs:515:5
[INFO] [stdout]   14:     0x5649eab8af2b - std::panicking::begin_panic_fmt::h5479575e112541f8
[INFO] [stdout]                                at /rustc/a178d0322ce20e33eac124758e837cbd80a6f633/library/std/src/panicking.rs:457:5
[INFO] [stdout]   15:     0x5649ead21e10 - swf::write::tests::write_tags::h46eaf02651149baf
[INFO] [stdout]                                at /opt/rustwide/workdir/src/write.rs:3033:17
[INFO] [stdout]   16:     0x5649ead218ba - swf::write::tests::write_tags::{{closure}}::h414870ebe17b533b
[INFO] [stdout]                                at /opt/rustwide/workdir/src/write.rs:3026:5
[INFO] [stdout]   17:     0x5649eacecdde - core::ops::function::FnOnce::call_once::h838280dfe47a6958
[INFO] [stdout]                                at /rustc/a178d0322ce20e33eac124758e837cbd80a6f633/library/core/src/ops/function.rs:227:5
[INFO] [stdout]   18:     0x5649eadca003 - core::ops::function::FnOnce::call_once::h152e7e439ff59e19
[INFO] [stdout]                                at /rustc/a178d0322ce20e33eac124758e837cbd80a6f633/library/core/src/ops/function.rs:227:5
[INFO] [stdout]   19:     0x5649eadca003 - test::__rust_begin_short_backtrace::h0908f3b1fdbb72ab
[INFO] [stdout]                                at /rustc/a178d0322ce20e33eac124758e837cbd80a6f633/library/test/src/lib.rs:577:5
[INFO] [stdout]   20:     0x5649eadc8ac0 - <alloc::boxed::Box<F,A> as core::ops::function::FnOnce<Args>>::call_once::hf6d2a51e5587546c
[INFO] [stdout]                                at /rustc/a178d0322ce20e33eac124758e837cbd80a6f633/library/alloc/src/boxed.rs:1575:9
[INFO] [stdout]   21:     0x5649eadc8ac0 - <std::panic::AssertUnwindSafe<F> as core::ops::function::FnOnce<()>>::call_once::h8af660f3a89ef593
[INFO] [stdout]                                at /rustc/a178d0322ce20e33eac124758e837cbd80a6f633/library/std/src/panic.rs:347:9
[INFO] [stdout]   22:     0x5649eadc8ac0 - std::panicking::try::do_call::hd36aef60f84b6d36
[INFO] [stdout]                                at /rustc/a178d0322ce20e33eac124758e837cbd80a6f633/library/std/src/panicking.rs:401:40
[INFO] [stdout]   23:     0x5649eadc8ac0 - std::panicking::try::h9932b4480e69817c
[INFO] [stdout]                                at /rustc/a178d0322ce20e33eac124758e837cbd80a6f633/library/std/src/panicking.rs:365:19
[INFO] [stdout]   24:     0x5649eadc8ac0 - std::panic::catch_unwind::h6aa177099cfff5f8
[INFO] [stdout]                                at /rustc/a178d0322ce20e33eac124758e837cbd80a6f633/library/std/src/panic.rs:434:14
[INFO] [stdout]   25:     0x5649eadc8ac0 - test::run_test_in_process::h5884d6f2d99e20c3
[INFO] [stdout]                                at /rustc/a178d0322ce20e33eac124758e837cbd80a6f633/library/test/src/lib.rs:600:18
[INFO] [stdout]   26:     0x5649eadc8ac0 - test::run_test::run_test_inner::{{closure}}::h6fdc58c6d5f5b6e3
[INFO] [stdout]                                at /rustc/a178d0322ce20e33eac124758e837cbd80a6f633/library/test/src/lib.rs:492:39
[INFO] [stdout]   27:     0x5649eada2172 - test::run_test::run_test_inner::{{closure}}::h408365d67a78ade8
[INFO] [stdout]                                at /rustc/a178d0322ce20e33eac124758e837cbd80a6f633/library/test/src/lib.rs:519:37
[INFO] [stdout]   28:     0x5649eada2172 - std::sys_common::backtrace::__rust_begin_short_backtrace::hb560b77c4f701523
[INFO] [stdout]                                at /rustc/a178d0322ce20e33eac124758e837cbd80a6f633/library/std/src/sys_common/backtrace.rs:125:18
[INFO] [stdout]   29:     0x5649eada5d28 - std::thread::Builder::spawn_unchecked::{{closure}}::{{closure}}::hf2e7831dad93c597
[INFO] [stdout]                                at /rustc/a178d0322ce20e33eac124758e837cbd80a6f633/library/std/src/thread/mod.rs:481:17
[INFO] [stdout]   30:     0x5649eada5d28 - <std::panic::AssertUnwindSafe<F> as core::ops::function::FnOnce<()>>::call_once::hd2e08783d8be4d02
[INFO] [stdout]                                at /rustc/a178d0322ce20e33eac124758e837cbd80a6f633/library/std/src/panic.rs:347:9
[INFO] [stdout]   31:     0x5649eada5d28 - std::panicking::try::do_call::h062597b7acfd6b82
[INFO] [stdout]                                at /rustc/a178d0322ce20e33eac124758e837cbd80a6f633/library/std/src/panicking.rs:401:40
[INFO] [stdout]   32:     0x5649eada5d28 - std::panicking::try::h0d7b79db04c14552
[INFO] [stdout]                                at /rustc/a178d0322ce20e33eac124758e837cbd80a6f633/library/std/src/panicking.rs:365:19
[INFO] [stdout]   33:     0x5649eada5d28 - std::panic::catch_unwind::hb01a0b5e7c8cd43b
[INFO] [stdout]                                at /rustc/a178d0322ce20e33eac124758e837cbd80a6f633/library/std/src/panic.rs:434:14
[INFO] [stdout]   34:     0x5649eada5d28 - std::thread::Builder::spawn_unchecked::{{closure}}::h5bde48cc887e0d1e
[INFO] [stdout]                                at /rustc/a178d0322ce20e33eac124758e837cbd80a6f633/library/std/src/thread/mod.rs:480:30
[INFO] [stdout]   35:     0x5649eada5d28 - core::ops::function::FnOnce::call_once{{vtable.shim}}::h745ea30807a29e55
[INFO] [stdout]                                at /rustc/a178d0322ce20e33eac124758e837cbd80a6f633/library/core/src/ops/function.rs:227:5
[INFO] [stdout]   36:     0x5649eae325d7 - <alloc::boxed::Box<F,A> as core::ops::function::FnOnce<Args>>::call_once::h7ece6cfefaff1005
[INFO] [stdout]                                at /rustc/a178d0322ce20e33eac124758e837cbd80a6f633/library/alloc/src/boxed.rs:1575:9
[INFO] [stdout]   37:     0x5649eae325d7 - <alloc::boxed::Box<F,A> as core::ops::function::FnOnce<Args>>::call_once::hb8b48e55c21f193e
[INFO] [stdout]                                at /rustc/a178d0322ce20e33eac124758e837cbd80a6f633/library/alloc/src/boxed.rs:1575:9
[INFO] [stdout]   38:     0x5649eae325d7 - std::sys::unix::thread::Thread::new::thread_start::h8c7c4450dba62914
[INFO] [stdout]                                at /rustc/a178d0322ce20e33eac124758e837cbd80a6f633/library/std/src/sys/unix/thread.rs:71:17
[INFO] [stdout]   39:     0x7f538b71b609 - start_thread
[INFO] [stdout]   40:     0x7f538b4ed293 - clone
[INFO] [stdout]   41:                0x0 - <unknown>
[INFO] [stdout] 
[INFO] [stdout] 
[INFO] [stdout] failures:
[INFO] [stdout]     write::tests::write_fbits
[INFO] [stdout]     write::tests::write_tags
[INFO] [stdout] 
[INFO] [stdout] test result: FAILED. 39 passed; 2 failed; 0 ignored; 0 measured; 0 filtered out; finished in 0.14s
[INFO] [stdout] 
[INFO] running `Command { std: "docker" "inspect" "f64b169e757337f0ebdb1db10543f205e4c234a28469b62965531a173c5d341b", kill_on_drop: false }`
[INFO] running `Command { std: "docker" "rm" "-f" "f64b169e757337f0ebdb1db10543f205e4c234a28469b62965531a173c5d341b", kill_on_drop: false }`
[INFO] [stdout] f64b169e757337f0ebdb1db10543f205e4c234a28469b62965531a173c5d341b
