[INFO] fetching crate svpng 0.1.1...
[INFO] testing svpng-0.1.1 against beta-2021-08-01 for beta-1.55-1
[INFO] extracting crate svpng 0.1.1 into /workspace/builds/worker-5/source
[INFO] validating manifest of crates.io crate svpng 0.1.1 on toolchain beta-2021-08-01
[INFO] running `Command { std: "/workspace/cargo-home/bin/cargo" "+beta-2021-08-01" "metadata" "--manifest-path" "Cargo.toml" "--no-deps", kill_on_drop: false }`
[INFO] started tweaking crates.io crate svpng 0.1.1
[INFO] removed 0 missing examples
[INFO] finished tweaking crates.io crate svpng 0.1.1
[INFO] tweaked toml for crates.io crate svpng 0.1.1 written to /workspace/builds/worker-5/source/Cargo.toml
[INFO] running `Command { std: "/workspace/cargo-home/bin/cargo" "+beta-2021-08-01" "generate-lockfile" "--manifest-path" "Cargo.toml" "-Zno-index-update", kill_on_drop: false }`
[INFO] [stderr]     Blocking waiting for file lock on package cache
[INFO] running `Command { std: "/workspace/cargo-home/bin/cargo" "+beta-2021-08-01" "fetch" "--manifest-path" "Cargo.toml", kill_on_drop: false }`
[INFO] running `Command { std: "docker" "create" "-v" "/var/lib/crater-agent-workspace/builds/worker-5/target:/opt/rustwide/target:rw,Z" "-v" "/var/lib/crater-agent-workspace/builds/worker-5/source:/opt/rustwide/workdir:ro,Z" "-v" "/var/lib/crater-agent-workspace/cargo-home:/opt/rustwide/cargo-home:ro,Z" "-v" "/var/lib/crater-agent-workspace/rustup-home:/opt/rustwide/rustup-home:ro,Z" "-e" "SOURCE_DIR=/opt/rustwide/workdir" "-e" "CARGO_TARGET_DIR=/opt/rustwide/target" "-e" "CARGO_HOME=/opt/rustwide/cargo-home" "-e" "RUSTUP_HOME=/opt/rustwide/rustup-home" "-w" "/opt/rustwide/workdir" "-m" "1610612736" "--user" "0:0" "--network" "none" "ghcr.io/rust-lang/crates-build-env/linux@sha256:34b6a614d2c27851fe6cbf88fbd1137609cefab8b10d0615aaeb6fd47975d74e" "/opt/rustwide/cargo-home/bin/cargo" "+beta-2021-08-01" "metadata" "--no-deps" "--format-version=1", kill_on_drop: false }`
[INFO] [stderr] WARNING: Your kernel does not support swap limit capabilities or the cgroup is not mounted. Memory limited without swap.
[INFO] [stdout] c8bc98b803cb8b168837fa9ba6cfd9062c5768f0d26d0c72f3fbd832b2b173f8
[INFO] running `Command { std: "docker" "start" "-a" "c8bc98b803cb8b168837fa9ba6cfd9062c5768f0d26d0c72f3fbd832b2b173f8", kill_on_drop: false }`
[INFO] running `Command { std: "docker" "inspect" "c8bc98b803cb8b168837fa9ba6cfd9062c5768f0d26d0c72f3fbd832b2b173f8", kill_on_drop: false }`
[INFO] running `Command { std: "docker" "rm" "-f" "c8bc98b803cb8b168837fa9ba6cfd9062c5768f0d26d0c72f3fbd832b2b173f8", kill_on_drop: false }`
[INFO] [stdout] c8bc98b803cb8b168837fa9ba6cfd9062c5768f0d26d0c72f3fbd832b2b173f8
[INFO] running `Command { std: "docker" "create" "-v" "/var/lib/crater-agent-workspace/builds/worker-5/target:/opt/rustwide/target:rw,Z" "-v" "/var/lib/crater-agent-workspace/builds/worker-5/source:/opt/rustwide/workdir:ro,Z" "-v" "/var/lib/crater-agent-workspace/cargo-home:/opt/rustwide/cargo-home:ro,Z" "-v" "/var/lib/crater-agent-workspace/rustup-home:/opt/rustwide/rustup-home:ro,Z" "-e" "SOURCE_DIR=/opt/rustwide/workdir" "-e" "CARGO_TARGET_DIR=/opt/rustwide/target" "-e" "CARGO_INCREMENTAL=0" "-e" "RUST_BACKTRACE=full" "-e" "RUSTFLAGS=--cap-lints=warn" "-e" "CARGO_HOME=/opt/rustwide/cargo-home" "-e" "RUSTUP_HOME=/opt/rustwide/rustup-home" "-w" "/opt/rustwide/workdir" "-m" "1610612736" "--user" "0:0" "--network" "none" "ghcr.io/rust-lang/crates-build-env/linux@sha256:34b6a614d2c27851fe6cbf88fbd1137609cefab8b10d0615aaeb6fd47975d74e" "/opt/rustwide/cargo-home/bin/cargo" "+beta-2021-08-01" "build" "--frozen" "--message-format=json", kill_on_drop: false }`
[INFO] [stdout] f047495c309d87f529de30fd0dc69eae6e8321d7921a629d7fe88ca53cdfb6d6
[INFO] [stderr] WARNING: Your kernel does not support swap limit capabilities or the cgroup is not mounted. Memory limited without swap.
[INFO] running `Command { std: "docker" "start" "-a" "f047495c309d87f529de30fd0dc69eae6e8321d7921a629d7fe88ca53cdfb6d6", kill_on_drop: false }`
[INFO] [stderr]    Compiling svpng v0.1.1 (/opt/rustwide/workdir)
[INFO] [stderr]     Finished dev [unoptimized + debuginfo] target(s) in 0.84s
[INFO] running `Command { std: "docker" "inspect" "f047495c309d87f529de30fd0dc69eae6e8321d7921a629d7fe88ca53cdfb6d6", kill_on_drop: false }`
[INFO] running `Command { std: "docker" "rm" "-f" "f047495c309d87f529de30fd0dc69eae6e8321d7921a629d7fe88ca53cdfb6d6", kill_on_drop: false }`
[INFO] [stdout] f047495c309d87f529de30fd0dc69eae6e8321d7921a629d7fe88ca53cdfb6d6
[INFO] running `Command { std: "docker" "create" "-v" "/var/lib/crater-agent-workspace/builds/worker-5/target:/opt/rustwide/target:rw,Z" "-v" "/var/lib/crater-agent-workspace/builds/worker-5/source:/opt/rustwide/workdir:ro,Z" "-v" "/var/lib/crater-agent-workspace/cargo-home:/opt/rustwide/cargo-home:ro,Z" "-v" "/var/lib/crater-agent-workspace/rustup-home:/opt/rustwide/rustup-home:ro,Z" "-e" "SOURCE_DIR=/opt/rustwide/workdir" "-e" "CARGO_TARGET_DIR=/opt/rustwide/target" "-e" "CARGO_INCREMENTAL=0" "-e" "RUST_BACKTRACE=full" "-e" "RUSTFLAGS=--cap-lints=warn" "-e" "CARGO_HOME=/opt/rustwide/cargo-home" "-e" "RUSTUP_HOME=/opt/rustwide/rustup-home" "-w" "/opt/rustwide/workdir" "-m" "1610612736" "--user" "0:0" "--network" "none" "ghcr.io/rust-lang/crates-build-env/linux@sha256:34b6a614d2c27851fe6cbf88fbd1137609cefab8b10d0615aaeb6fd47975d74e" "/opt/rustwide/cargo-home/bin/cargo" "+beta-2021-08-01" "test" "--frozen" "--no-run" "--message-format=json", kill_on_drop: false }`
[INFO] [stdout] d1eec45744a5121b8bcd586ce2675addc5162d42dcca92cad0d45216c940752a
[INFO] [stderr] WARNING: Your kernel does not support swap limit capabilities or the cgroup is not mounted. Memory limited without swap.
[INFO] running `Command { std: "docker" "start" "-a" "d1eec45744a5121b8bcd586ce2675addc5162d42dcca92cad0d45216c940752a", kill_on_drop: false }`
[INFO] [stderr]    Compiling svpng v0.1.1 (/opt/rustwide/workdir)
[INFO] [stderr]     Finished test [unoptimized + debuginfo] target(s) in 0.56s
[INFO] running `Command { std: "docker" "inspect" "d1eec45744a5121b8bcd586ce2675addc5162d42dcca92cad0d45216c940752a", kill_on_drop: false }`
[INFO] running `Command { std: "docker" "rm" "-f" "d1eec45744a5121b8bcd586ce2675addc5162d42dcca92cad0d45216c940752a", kill_on_drop: false }`
[INFO] [stdout] d1eec45744a5121b8bcd586ce2675addc5162d42dcca92cad0d45216c940752a
[INFO] running `Command { std: "docker" "create" "-v" "/var/lib/crater-agent-workspace/builds/worker-5/target:/opt/rustwide/target:rw,Z" "-v" "/var/lib/crater-agent-workspace/builds/worker-5/source:/opt/rustwide/workdir:ro,Z" "-v" "/var/lib/crater-agent-workspace/cargo-home:/opt/rustwide/cargo-home:ro,Z" "-v" "/var/lib/crater-agent-workspace/rustup-home:/opt/rustwide/rustup-home:ro,Z" "-e" "SOURCE_DIR=/opt/rustwide/workdir" "-e" "CARGO_TARGET_DIR=/opt/rustwide/target" "-e" "CARGO_INCREMENTAL=0" "-e" "RUST_BACKTRACE=full" "-e" "RUSTFLAGS=--cap-lints=warn" "-e" "CARGO_HOME=/opt/rustwide/cargo-home" "-e" "RUSTUP_HOME=/opt/rustwide/rustup-home" "-w" "/opt/rustwide/workdir" "-m" "1610612736" "--user" "0:0" "--network" "none" "ghcr.io/rust-lang/crates-build-env/linux@sha256:34b6a614d2c27851fe6cbf88fbd1137609cefab8b10d0615aaeb6fd47975d74e" "/opt/rustwide/cargo-home/bin/cargo" "+beta-2021-08-01" "test" "--frozen", kill_on_drop: false }`
[INFO] [stdout] 248ac5fbf6ffbead3649a37f9d272e28290779cc9295121a54d448396b3f6c1f
[INFO] [stderr] WARNING: Your kernel does not support swap limit capabilities or the cgroup is not mounted. Memory limited without swap.
[INFO] running `Command { std: "docker" "start" "-a" "248ac5fbf6ffbead3649a37f9d272e28290779cc9295121a54d448396b3f6c1f", kill_on_drop: false }`
[INFO] [stderr]     Finished test [unoptimized + debuginfo] target(s) in 0.03s
[INFO] [stderr]      Running unittests (/opt/rustwide/target/debug/deps/svpng-50e31f46e7675602)
[INFO] [stdout] 
[INFO] [stdout] running 1 test
[INFO] [stdout] test tests::crc32_test ... ok
[INFO] [stdout] 
[INFO] [stdout] test result: ok. 1 passed; 0 failed; 0 ignored; 0 measured; 0 filtered out; finished in 0.00s
[INFO] [stdout] 
[INFO] [stderr]    Doc-tests svpng
[INFO] [stdout] 
[INFO] [stdout] running 1 test
[INFO] [stdout] test src/lib.rs - svpng (line 11) - compile ... FAILED
[INFO] [stdout] 
[INFO] [stdout] failures:
[INFO] [stdout] 
[INFO] [stdout] ---- src/lib.rs - svpng (line 11) stdout ----
[INFO] [stdout] error[E0423]: expected function, found crate `svpng`
[INFO] [stdout]   --> src/lib.rs:21:1
[INFO] [stdout]    |
[INFO] [stdout] 13 | svpng("rgb.png", 256, 256, &pix, false)?;
[INFO] [stdout]    | ^^^^^ not a function
[INFO] [stdout]    |
[INFO] [stdout] help: consider importing this function instead
[INFO] [stdout]    |
[INFO] [stdout] 4  | use svpng::svpng;
[INFO] [stdout]    |
[INFO] [stdout] 
[INFO] [stdout] error[E0277]: the `?` operator can only be used in a function that returns `Result` or `Option` (or another type that implements `FromResidual`)
[INFO] [stdout]    --> src/lib.rs:21:40
[INFO] [stdout]     |
[INFO] [stdout] 4   |   fn main() { #[allow(non_snake_case)] fn _doctest_main_src_lib_rs_11_0() {
[INFO] [stdout]     |  ______________________________________-
[INFO] [stdout] 5   | | let mut pix = Vec::new();
[INFO] [stdout] 6   | | for y in 0..=255 {
[INFO] [stdout] 7   | |     for x in 0..=255 {
[INFO] [stdout] ...   |
[INFO] [stdout] 13  | | svpng("rgb.png", 256, 256, &pix, false)?;
[INFO] [stdout]     | |                                        ^ cannot use the `?` operator in a function that returns `()`
[INFO] [stdout] 14  | | } _doctest_main_src_lib_rs_11_0() }
[INFO] [stdout]     | |_- this function should return `Result` or `Option` to accept `?`
[INFO] [stdout]     |
[INFO] [stdout]     = help: the trait `FromResidual<_>` is not implemented for `()`
[INFO] [stdout] note: required by `from_residual`
[INFO] [stdout] 
[INFO] [stdout] error: aborting due to 2 previous errors
[INFO] [stdout] 
[INFO] [stdout] Some errors have detailed explanations: E0277, E0423.
[INFO] [stdout] For more information about an error, try `rustc --explain E0277`.
[INFO] [stdout] Couldn't compile the test.
[INFO] [stdout] 
[INFO] [stdout] failures:
[INFO] [stdout]     src/lib.rs - svpng (line 11)
[INFO] [stdout] 
[INFO] [stdout] test result: FAILED. 0 passed; 1 failed; 0 ignored; 0 measured; 0 filtered out; finished in 0.34s
[INFO] [stdout] 
[INFO] [stderr] error: test failed, to rerun pass '--doc'
[INFO] running `Command { std: "docker" "inspect" "248ac5fbf6ffbead3649a37f9d272e28290779cc9295121a54d448396b3f6c1f", kill_on_drop: false }`
[INFO] running `Command { std: "docker" "rm" "-f" "248ac5fbf6ffbead3649a37f9d272e28290779cc9295121a54d448396b3f6c1f", kill_on_drop: false }`
[INFO] [stdout] 248ac5fbf6ffbead3649a37f9d272e28290779cc9295121a54d448396b3f6c1f
