[INFO] fetching crate svg 0.10.0...
[INFO] testing svg-0.10.0 against beta-2021-08-01 for beta-1.55-1
[INFO] extracting crate svg 0.10.0 into /workspace/builds/worker-0/source
[INFO] validating manifest of crates.io crate svg 0.10.0 on toolchain beta-2021-08-01
[INFO] running `Command { std: "/workspace/cargo-home/bin/cargo" "+beta-2021-08-01" "metadata" "--manifest-path" "Cargo.toml" "--no-deps", kill_on_drop: false }`
[INFO] started tweaking crates.io crate svg 0.10.0
[INFO] finished tweaking crates.io crate svg 0.10.0
[INFO] tweaked toml for crates.io crate svg 0.10.0 written to /workspace/builds/worker-0/source/Cargo.toml
[INFO] running `Command { std: "/workspace/cargo-home/bin/cargo" "+beta-2021-08-01" "generate-lockfile" "--manifest-path" "Cargo.toml" "-Zno-index-update", kill_on_drop: false }`
[INFO] [stderr]     Blocking waiting for file lock on package cache
[INFO] running `Command { std: "/workspace/cargo-home/bin/cargo" "+beta-2021-08-01" "fetch" "--manifest-path" "Cargo.toml", kill_on_drop: false }`
[INFO] running `Command { std: "docker" "create" "-v" "/var/lib/crater-agent-workspace/builds/worker-0/target:/opt/rustwide/target:rw,Z" "-v" "/var/lib/crater-agent-workspace/builds/worker-0/source:/opt/rustwide/workdir:ro,Z" "-v" "/var/lib/crater-agent-workspace/cargo-home:/opt/rustwide/cargo-home:ro,Z" "-v" "/var/lib/crater-agent-workspace/rustup-home:/opt/rustwide/rustup-home:ro,Z" "-e" "SOURCE_DIR=/opt/rustwide/workdir" "-e" "CARGO_TARGET_DIR=/opt/rustwide/target" "-e" "CARGO_HOME=/opt/rustwide/cargo-home" "-e" "RUSTUP_HOME=/opt/rustwide/rustup-home" "-w" "/opt/rustwide/workdir" "-m" "1610612736" "--user" "0:0" "--network" "none" "ghcr.io/rust-lang/crates-build-env/linux@sha256:34b6a614d2c27851fe6cbf88fbd1137609cefab8b10d0615aaeb6fd47975d74e" "/opt/rustwide/cargo-home/bin/cargo" "+beta-2021-08-01" "metadata" "--no-deps" "--format-version=1", kill_on_drop: false }`
[INFO] [stdout] 9a07fd4c0313cc2620a3ab8ac338336fedc2a298ea9d6c40a0a2693d03047be2
[INFO] [stderr] WARNING: Your kernel does not support swap limit capabilities or the cgroup is not mounted. Memory limited without swap.
[INFO] running `Command { std: "docker" "start" "-a" "9a07fd4c0313cc2620a3ab8ac338336fedc2a298ea9d6c40a0a2693d03047be2", kill_on_drop: false }`
[INFO] running `Command { std: "docker" "inspect" "9a07fd4c0313cc2620a3ab8ac338336fedc2a298ea9d6c40a0a2693d03047be2", kill_on_drop: false }`
[INFO] running `Command { std: "docker" "rm" "-f" "9a07fd4c0313cc2620a3ab8ac338336fedc2a298ea9d6c40a0a2693d03047be2", kill_on_drop: false }`
[INFO] [stdout] 9a07fd4c0313cc2620a3ab8ac338336fedc2a298ea9d6c40a0a2693d03047be2
[INFO] running `Command { std: "docker" "create" "-v" "/var/lib/crater-agent-workspace/builds/worker-0/target:/opt/rustwide/target:rw,Z" "-v" "/var/lib/crater-agent-workspace/builds/worker-0/source:/opt/rustwide/workdir:ro,Z" "-v" "/var/lib/crater-agent-workspace/cargo-home:/opt/rustwide/cargo-home:ro,Z" "-v" "/var/lib/crater-agent-workspace/rustup-home:/opt/rustwide/rustup-home:ro,Z" "-e" "SOURCE_DIR=/opt/rustwide/workdir" "-e" "CARGO_TARGET_DIR=/opt/rustwide/target" "-e" "CARGO_INCREMENTAL=0" "-e" "RUST_BACKTRACE=full" "-e" "RUSTFLAGS=--cap-lints=warn" "-e" "CARGO_HOME=/opt/rustwide/cargo-home" "-e" "RUSTUP_HOME=/opt/rustwide/rustup-home" "-w" "/opt/rustwide/workdir" "-m" "1610612736" "--user" "0:0" "--network" "none" "ghcr.io/rust-lang/crates-build-env/linux@sha256:34b6a614d2c27851fe6cbf88fbd1137609cefab8b10d0615aaeb6fd47975d74e" "/opt/rustwide/cargo-home/bin/cargo" "+beta-2021-08-01" "build" "--frozen" "--message-format=json", kill_on_drop: false }`
[INFO] [stderr] WARNING: Your kernel does not support swap limit capabilities or the cgroup is not mounted. Memory limited without swap.
[INFO] [stdout] 53238804e152918b5abaf93a9274c07c1624443386ebce919909ce59ce8fe168
[INFO] running `Command { std: "docker" "start" "-a" "53238804e152918b5abaf93a9274c07c1624443386ebce919909ce59ce8fe168", kill_on_drop: false }`
[INFO] [stderr]    Compiling svg v0.10.0 (/opt/rustwide/workdir)
[INFO] [stderr]     Finished dev [unoptimized + debuginfo] target(s) in 1.60s
[INFO] running `Command { std: "docker" "inspect" "53238804e152918b5abaf93a9274c07c1624443386ebce919909ce59ce8fe168", kill_on_drop: false }`
[INFO] running `Command { std: "docker" "rm" "-f" "53238804e152918b5abaf93a9274c07c1624443386ebce919909ce59ce8fe168", kill_on_drop: false }`
[INFO] [stdout] 53238804e152918b5abaf93a9274c07c1624443386ebce919909ce59ce8fe168
[INFO] running `Command { std: "docker" "create" "-v" "/var/lib/crater-agent-workspace/builds/worker-0/target:/opt/rustwide/target:rw,Z" "-v" "/var/lib/crater-agent-workspace/builds/worker-0/source:/opt/rustwide/workdir:ro,Z" "-v" "/var/lib/crater-agent-workspace/cargo-home:/opt/rustwide/cargo-home:ro,Z" "-v" "/var/lib/crater-agent-workspace/rustup-home:/opt/rustwide/rustup-home:ro,Z" "-e" "SOURCE_DIR=/opt/rustwide/workdir" "-e" "CARGO_TARGET_DIR=/opt/rustwide/target" "-e" "CARGO_INCREMENTAL=0" "-e" "RUST_BACKTRACE=full" "-e" "RUSTFLAGS=--cap-lints=warn" "-e" "CARGO_HOME=/opt/rustwide/cargo-home" "-e" "RUSTUP_HOME=/opt/rustwide/rustup-home" "-w" "/opt/rustwide/workdir" "-m" "1610612736" "--user" "0:0" "--network" "none" "ghcr.io/rust-lang/crates-build-env/linux@sha256:34b6a614d2c27851fe6cbf88fbd1137609cefab8b10d0615aaeb6fd47975d74e" "/opt/rustwide/cargo-home/bin/cargo" "+beta-2021-08-01" "test" "--frozen" "--no-run" "--message-format=json", kill_on_drop: false }`
[INFO] [stderr] WARNING: Your kernel does not support swap limit capabilities or the cgroup is not mounted. Memory limited without swap.
[INFO] [stdout] 0a11b474975a566e1e532e28bf8a0ce60ac480e2ced66e5f74945f4906d0538d
[INFO] running `Command { std: "docker" "start" "-a" "0a11b474975a566e1e532e28bf8a0ce60ac480e2ced66e5f74945f4906d0538d", kill_on_drop: false }`
[INFO] [stderr]    Compiling svg v0.10.0 (/opt/rustwide/workdir)
[INFO] [stderr]     Finished test [unoptimized + debuginfo] target(s) in 2.24s
[INFO] running `Command { std: "docker" "inspect" "0a11b474975a566e1e532e28bf8a0ce60ac480e2ced66e5f74945f4906d0538d", kill_on_drop: false }`
[INFO] running `Command { std: "docker" "rm" "-f" "0a11b474975a566e1e532e28bf8a0ce60ac480e2ced66e5f74945f4906d0538d", kill_on_drop: false }`
[INFO] [stdout] 0a11b474975a566e1e532e28bf8a0ce60ac480e2ced66e5f74945f4906d0538d
[INFO] running `Command { std: "docker" "create" "-v" "/var/lib/crater-agent-workspace/builds/worker-0/target:/opt/rustwide/target:rw,Z" "-v" "/var/lib/crater-agent-workspace/builds/worker-0/source:/opt/rustwide/workdir:ro,Z" "-v" "/var/lib/crater-agent-workspace/cargo-home:/opt/rustwide/cargo-home:ro,Z" "-v" "/var/lib/crater-agent-workspace/rustup-home:/opt/rustwide/rustup-home:ro,Z" "-e" "SOURCE_DIR=/opt/rustwide/workdir" "-e" "CARGO_TARGET_DIR=/opt/rustwide/target" "-e" "CARGO_INCREMENTAL=0" "-e" "RUST_BACKTRACE=full" "-e" "RUSTFLAGS=--cap-lints=warn" "-e" "CARGO_HOME=/opt/rustwide/cargo-home" "-e" "RUSTUP_HOME=/opt/rustwide/rustup-home" "-w" "/opt/rustwide/workdir" "-m" "1610612736" "--user" "0:0" "--network" "none" "ghcr.io/rust-lang/crates-build-env/linux@sha256:34b6a614d2c27851fe6cbf88fbd1137609cefab8b10d0615aaeb6fd47975d74e" "/opt/rustwide/cargo-home/bin/cargo" "+beta-2021-08-01" "test" "--frozen", kill_on_drop: false }`
[INFO] [stdout] c227bf60fa56166426d71f558befe3c2be6e96cc9afeabd4a54c0a7d5d59407e
[INFO] [stderr] WARNING: Your kernel does not support swap limit capabilities or the cgroup is not mounted. Memory limited without swap.
[INFO] running `Command { std: "docker" "start" "-a" "c227bf60fa56166426d71f558befe3c2be6e96cc9afeabd4a54c0a7d5d59407e", kill_on_drop: false }`
[INFO] [stderr]     Finished test [unoptimized + debuginfo] target(s) in 0.02s
[INFO] [stderr]      Running unittests (/opt/rustwide/target/debug/deps/svg-73e257d34d075f18)
[INFO] [stdout] 
[INFO] [stdout] running 24 tests
[INFO] [stdout] test node::comment::tests::comment_display ... ok
[INFO] [stdout] test node::element::path::data::tests::parser_read_number ... ok
[INFO] [stdout] test node::element::path::data::tests::parser_read_parameters ... ok
[INFO] [stdout] test node::element::path::data::tests::data_into_value ... ok
[INFO] [stdout] test node::element::path::data::tests::parser_read_parameters_elliptical_arc ... ok
[INFO] [stdout] test node::element::tag::tests::parser_process ... ok
[INFO] [stdout] test node::element::tests::style_display ... ok
[INFO] [stdout] test node::element::tests::element_display ... ok
[INFO] [stdout] test node::value::tests::value_from_vector ... ok
[INFO] [stdout] test node::element::tag::tests::parser_read_attribute ... ok
[INFO] [stdout] test parser::reader::tests::capture ... ok
[INFO] [stdout] test node::element::tests::element_display_quotes ... ok
[INFO] [stdout] test parser::reader::tests::consume_name ... ok
[INFO] [stdout] test parser::reader::tests::consume_comment ... ok
[INFO] [stdout] test parser::reader::tests::consume_attribute ... ok
[INFO] [stdout] test parser::reader::tests::consume_number ... ok
[INFO] [stdout] test parser::reader::tests::consume_reference ... ok
[INFO] [stdout] test parser::reader::tests::consume_whitespace ... ok
[INFO] [stdout] test parser::tests::next_text ... ok
[INFO] [stdout] test parser::tests::next_tag ... ok
[INFO] [stdout] test node::element::path::data::tests::data_parse ... ok
[INFO] [stdout] test tests::open ... ok
[INFO] [stdout] test tests::read ... ok
[INFO] [stderr]    Doc-tests svg
[INFO] [stdout] test node::element::path::data::tests::parser_read_command ... ok
[INFO] [stdout] 
[INFO] [stdout] test result: ok. 24 passed; 0 failed; 0 ignored; 0 measured; 0 filtered out; finished in 0.01s
[INFO] [stdout] 
[INFO] [stdout] 
[INFO] [stdout] running 2 tests
[INFO] [stdout] test src/lib.rs - (line 36) ... ok
[INFO] [stdout] test src/lib.rs - (line 5) ... FAILED
[INFO] [stdout] 
[INFO] [stdout] failures:
[INFO] [stdout] 
[INFO] [stdout] ---- src/lib.rs - (line 5) stdout ----
[INFO] [stdout] Test executable failed (exit code 101).
[INFO] [stdout] 
[INFO] [stdout] stderr:
[INFO] [stdout] thread 'main' panicked at 'called `Result::unwrap()` on an `Err` value: Os { code: 30, kind: ReadOnlyFilesystem, message: "Read-only file system" }', src/lib.rs:25:35
[INFO] [stdout] stack backtrace:
[INFO] [stdout]    0:     0x5630edb21600 - std::backtrace_rs::backtrace::libunwind::trace::hff4d1766e93f64f1
[INFO] [stdout]                                at /rustc/53fd98ca776cb875bc9e5514f56b52eb74f9e7a9/library/std/src/../../backtrace/src/backtrace/libunwind.rs:90:5
[INFO] [stdout]    1:     0x5630edb21600 - std::backtrace_rs::backtrace::trace_unsynchronized::h56bbc8eb78770bcb
[INFO] [stdout]                                at /rustc/53fd98ca776cb875bc9e5514f56b52eb74f9e7a9/library/std/src/../../backtrace/src/backtrace/mod.rs:66:5
[INFO] [stdout]    2:     0x5630edb21600 - std::sys_common::backtrace::_print_fmt::h5c8e75464faca780
[INFO] [stdout]                                at /rustc/53fd98ca776cb875bc9e5514f56b52eb74f9e7a9/library/std/src/sys_common/backtrace.rs:67:5
[INFO] [stdout]    3:     0x5630edb21600 - <std::sys_common::backtrace::_print::DisplayBacktrace as core::fmt::Display>::fmt::h48b88277def8b362
[INFO] [stdout]                                at /rustc/53fd98ca776cb875bc9e5514f56b52eb74f9e7a9/library/std/src/sys_common/backtrace.rs:46:22
[INFO] [stdout]    4:     0x5630edb3fd6c - core::fmt::write::h3381b3176fe2b3d3
[INFO] [stdout]                                at /rustc/53fd98ca776cb875bc9e5514f56b52eb74f9e7a9/library/core/src/fmt/mod.rs:1115:17
[INFO] [stdout]    5:     0x5630edb20035 - std::io::Write::write_fmt::hd42607e5d8e44db0
[INFO] [stdout]                                at /rustc/53fd98ca776cb875bc9e5514f56b52eb74f9e7a9/library/std/src/io/mod.rs:1665:15
[INFO] [stdout]    6:     0x5630edb2323b - std::sys_common::backtrace::_print::ha537687d6c17dd0d
[INFO] [stdout]                                at /rustc/53fd98ca776cb875bc9e5514f56b52eb74f9e7a9/library/std/src/sys_common/backtrace.rs:49:5
[INFO] [stdout]    7:     0x5630edb2323b - std::sys_common::backtrace::print::h61376ae57d131d72
[INFO] [stdout]                                at /rustc/53fd98ca776cb875bc9e5514f56b52eb74f9e7a9/library/std/src/sys_common/backtrace.rs:36:9
[INFO] [stdout]    8:     0x5630edb2323b - std::panicking::default_hook::{{closure}}::h0f7208c0b9644a54
[INFO] [stdout]                                at /rustc/53fd98ca776cb875bc9e5514f56b52eb74f9e7a9/library/std/src/panicking.rs:208:50
[INFO] [stdout]    9:     0x5630edb22d11 - std::panicking::default_hook::hdac7fc06578c14ce
[INFO] [stdout]                                at /rustc/53fd98ca776cb875bc9e5514f56b52eb74f9e7a9/library/std/src/panicking.rs:225:9
[INFO] [stdout]   10:     0x5630edb23904 - std::panicking::rust_panic_with_hook::h72b21c283da3d1ef
[INFO] [stdout]                                at /rustc/53fd98ca776cb875bc9e5514f56b52eb74f9e7a9/library/std/src/panicking.rs:622:17
[INFO] [stdout]   11:     0x5630edb233e7 - std::panicking::begin_panic_handler::{{closure}}::he5778f1729cff84a
[INFO] [stdout]                                at /rustc/53fd98ca776cb875bc9e5514f56b52eb74f9e7a9/library/std/src/panicking.rs:519:13
[INFO] [stdout]   12:     0x5630edb21adc - std::sys_common::backtrace::__rust_end_short_backtrace::h2d11ca8b453b4b1d
[INFO] [stdout]                                at /rustc/53fd98ca776cb875bc9e5514f56b52eb74f9e7a9/library/std/src/sys_common/backtrace.rs:141:18
[INFO] [stdout]   13:     0x5630edb23349 - rust_begin_unwind
[INFO] [stdout]                                at /rustc/53fd98ca776cb875bc9e5514f56b52eb74f9e7a9/library/std/src/panicking.rs:515:5
[INFO] [stdout]   14:     0x5630edae8f11 - core::panicking::panic_fmt::hf9de31d4acbce4db
[INFO] [stdout]                                at /rustc/53fd98ca776cb875bc9e5514f56b52eb74f9e7a9/library/core/src/panicking.rs:92:14
[INFO] [stdout]   15:     0x5630edae9003 - core::result::unwrap_failed::ha0c84e81219e5878
[INFO] [stdout]                                at /rustc/53fd98ca776cb875bc9e5514f56b52eb74f9e7a9/library/core/src/result.rs:1599:5
[INFO] [stdout]   16:     0x5630edaed827 - core::result::Result<T,E>::unwrap::h77324c0ac957a789
[INFO] [stdout]   17:     0x5630edaf2284 - rust_out::main::h61823b600df25383
[INFO] [stdout]   18:     0x5630edaeb6b3 - core::ops::function::FnOnce::call_once::h3d07824a44777914
[INFO] [stdout]   19:     0x5630edaea049 - std::sys_common::backtrace::__rust_begin_short_backtrace::h1ee1ba859d3174aa
[INFO] [stdout]   20:     0x5630edaea689 - std::rt::lang_start::{{closure}}::hee9719d6b6efb7fa
[INFO] [stdout]   21:     0x5630edb23e0a - core::ops::function::impls::<impl core::ops::function::FnOnce<A> for &F>::call_once::ha88a7d1a4d24e549
[INFO] [stdout]                                at /rustc/53fd98ca776cb875bc9e5514f56b52eb74f9e7a9/library/core/src/ops/function.rs:259:13
[INFO] [stdout]   22:     0x5630edb23e0a - std::panicking::try::do_call::hd3b1d7740607ccc7
[INFO] [stdout]                                at /rustc/53fd98ca776cb875bc9e5514f56b52eb74f9e7a9/library/std/src/panicking.rs:401:40
[INFO] [stdout]   23:     0x5630edb23e0a - std::panicking::try::h0ee8c65ac7461507
[INFO] [stdout]                                at /rustc/53fd98ca776cb875bc9e5514f56b52eb74f9e7a9/library/std/src/panicking.rs:365:19
[INFO] [stdout]   24:     0x5630edb23e0a - std::panic::catch_unwind::head47f0de4ccd838
[INFO] [stdout]                                at /rustc/53fd98ca776cb875bc9e5514f56b52eb74f9e7a9/library/std/src/panic.rs:434:14
[INFO] [stdout]   25:     0x5630edb23e0a - std::rt::lang_start_internal::{{closure}}::hbc7de8ec820ac085
[INFO] [stdout]                                at /rustc/53fd98ca776cb875bc9e5514f56b52eb74f9e7a9/library/std/src/rt.rs:45:48
[INFO] [stdout]   26:     0x5630edb23e0a - std::panicking::try::do_call::h2609e52e8bad4a7b
[INFO] [stdout]                                at /rustc/53fd98ca776cb875bc9e5514f56b52eb74f9e7a9/library/std/src/panicking.rs:401:40
[INFO] [stdout]   27:     0x5630edb23e0a - std::panicking::try::hd0929f0b603e0389
[INFO] [stdout]                                at /rustc/53fd98ca776cb875bc9e5514f56b52eb74f9e7a9/library/std/src/panicking.rs:365:19
[INFO] [stdout]   28:     0x5630edb23e0a - std::panic::catch_unwind::h27902b81c3e47571
[INFO] [stdout]                                at /rustc/53fd98ca776cb875bc9e5514f56b52eb74f9e7a9/library/std/src/panic.rs:434:14
[INFO] [stdout]   29:     0x5630edb23e0a - std::rt::lang_start_internal::h3fb2d794dd391e3e
[INFO] [stdout]                                at /rustc/53fd98ca776cb875bc9e5514f56b52eb74f9e7a9/library/std/src/rt.rs:45:20
[INFO] [stdout]   30:     0x5630edaea661 - std::rt::lang_start::h0745d281d96e0cdb
[INFO] [stdout]   31:     0x5630edaf2373 - main
[INFO] [stdout]   32:     0x7fb09d70c0b3 - __libc_start_main
[INFO] [stdout]   33:     0x5630edae970e - _start
[INFO] [stdout]   34:                0x0 - <unknown>
[INFO] [stdout] 
[INFO] [stdout] 
[INFO] [stdout] 
[INFO] [stdout] failures:
[INFO] [stdout]     src/lib.rs - (line 5)
[INFO] [stdout] 
[INFO] [stdout] test result: FAILED. 1 passed; 1 failed; 0 ignored; 0 measured; 0 filtered out; finished in 1.12s
[INFO] [stdout] 
[INFO] [stderr] error: test failed, to rerun pass '--doc'
[INFO] running `Command { std: "docker" "inspect" "c227bf60fa56166426d71f558befe3c2be6e96cc9afeabd4a54c0a7d5d59407e", kill_on_drop: false }`
[INFO] running `Command { std: "docker" "rm" "-f" "c227bf60fa56166426d71f558befe3c2be6e96cc9afeabd4a54c0a7d5d59407e", kill_on_drop: false }`
[INFO] [stdout] c227bf60fa56166426d71f558befe3c2be6e96cc9afeabd4a54c0a7d5d59407e
