[INFO] fetching crate susy-jsonrpc-server-utils 10.0.1...
[INFO] testing susy-jsonrpc-server-utils-10.0.1 against 1.54.0 for beta-1.55-1
[INFO] extracting crate susy-jsonrpc-server-utils 10.0.1 into /workspace/builds/worker-7/source
[INFO] validating manifest of crates.io crate susy-jsonrpc-server-utils 10.0.1 on toolchain 1.54.0
[INFO] running `Command { std: "/workspace/cargo-home/bin/cargo" "+1.54.0" "metadata" "--manifest-path" "Cargo.toml" "--no-deps", kill_on_drop: false }`
[INFO] started tweaking crates.io crate susy-jsonrpc-server-utils 10.0.1
[INFO] finished tweaking crates.io crate susy-jsonrpc-server-utils 10.0.1
[INFO] tweaked toml for crates.io crate susy-jsonrpc-server-utils 10.0.1 written to /workspace/builds/worker-7/source/Cargo.toml
[INFO] running `Command { std: "/workspace/cargo-home/bin/cargo" "+1.54.0" "generate-lockfile" "--manifest-path" "Cargo.toml" "-Zno-index-update", kill_on_drop: false }`
[INFO] running `Command { std: "/workspace/cargo-home/bin/cargo" "+1.54.0" "fetch" "--manifest-path" "Cargo.toml", kill_on_drop: false }`
[INFO] running `Command { std: "docker" "create" "-v" "/var/lib/crater-agent-workspace/builds/worker-7/target:/opt/rustwide/target:rw,Z" "-v" "/var/lib/crater-agent-workspace/builds/worker-7/source:/opt/rustwide/workdir:ro,Z" "-v" "/var/lib/crater-agent-workspace/cargo-home:/opt/rustwide/cargo-home:ro,Z" "-v" "/var/lib/crater-agent-workspace/rustup-home:/opt/rustwide/rustup-home:ro,Z" "-e" "SOURCE_DIR=/opt/rustwide/workdir" "-e" "CARGO_TARGET_DIR=/opt/rustwide/target" "-e" "CARGO_HOME=/opt/rustwide/cargo-home" "-e" "RUSTUP_HOME=/opt/rustwide/rustup-home" "-w" "/opt/rustwide/workdir" "-m" "1610612736" "--user" "0:0" "--network" "none" "ghcr.io/rust-lang/crates-build-env/linux@sha256:34b6a614d2c27851fe6cbf88fbd1137609cefab8b10d0615aaeb6fd47975d74e" "/opt/rustwide/cargo-home/bin/cargo" "+1.54.0" "metadata" "--no-deps" "--format-version=1", kill_on_drop: false }`
[INFO] [stderr] WARNING: Your kernel does not support swap limit capabilities or the cgroup is not mounted. Memory limited without swap.
[INFO] [stdout] b52f01614df5f5d25e137ce32ae0172f5d9f4c57949086b65c9015102bf719b4
[INFO] running `Command { std: "docker" "start" "-a" "b52f01614df5f5d25e137ce32ae0172f5d9f4c57949086b65c9015102bf719b4", kill_on_drop: false }`
[INFO] running `Command { std: "docker" "inspect" "b52f01614df5f5d25e137ce32ae0172f5d9f4c57949086b65c9015102bf719b4", kill_on_drop: false }`
[INFO] running `Command { std: "docker" "rm" "-f" "b52f01614df5f5d25e137ce32ae0172f5d9f4c57949086b65c9015102bf719b4", kill_on_drop: false }`
[INFO] [stdout] b52f01614df5f5d25e137ce32ae0172f5d9f4c57949086b65c9015102bf719b4
[INFO] running `Command { std: "docker" "create" "-v" "/var/lib/crater-agent-workspace/builds/worker-7/target:/opt/rustwide/target:rw,Z" "-v" "/var/lib/crater-agent-workspace/builds/worker-7/source:/opt/rustwide/workdir:ro,Z" "-v" "/var/lib/crater-agent-workspace/cargo-home:/opt/rustwide/cargo-home:ro,Z" "-v" "/var/lib/crater-agent-workspace/rustup-home:/opt/rustwide/rustup-home:ro,Z" "-e" "SOURCE_DIR=/opt/rustwide/workdir" "-e" "CARGO_TARGET_DIR=/opt/rustwide/target" "-e" "CARGO_INCREMENTAL=0" "-e" "RUST_BACKTRACE=full" "-e" "RUSTFLAGS=--cap-lints=warn" "-e" "CARGO_HOME=/opt/rustwide/cargo-home" "-e" "RUSTUP_HOME=/opt/rustwide/rustup-home" "-w" "/opt/rustwide/workdir" "-m" "1610612736" "--user" "0:0" "--network" "none" "ghcr.io/rust-lang/crates-build-env/linux@sha256:34b6a614d2c27851fe6cbf88fbd1137609cefab8b10d0615aaeb6fd47975d74e" "/opt/rustwide/cargo-home/bin/cargo" "+1.54.0" "build" "--frozen" "--message-format=json", kill_on_drop: false }`
[INFO] [stdout] 0219565ab668a3f32abd386e1eaf88b9e397f8f1d2b16d0584a29628837b942a
[INFO] [stderr] WARNING: Your kernel does not support swap limit capabilities or the cgroup is not mounted. Memory limited without swap.
[INFO] running `Command { std: "docker" "start" "-a" "0219565ab668a3f32abd386e1eaf88b9e397f8f1d2b16d0584a29628837b942a", kill_on_drop: false }`
[INFO] [stderr]     Blocking waiting for file lock on package cache
[INFO] [stderr]     Blocking waiting for file lock on package cache
[INFO] [stderr]    Compiling globset v0.4.8
[INFO] [stderr]    Compiling susy-jsonrpc-core v10.0.2
[INFO] [stderr]    Compiling susy-jsonrpc-server-utils v10.0.1 (/opt/rustwide/workdir)
[INFO] [stdout] warning: unused doc comment
[INFO] [stdout]    --> src/cors.rs:282:1
[INFO] [stdout]     |
[INFO] [stdout] 282 | /// Returns headers which are always allowed.
[INFO] [stdout]     | ^^^^^^^^^^^^^^^^^^^^^^^^^^^^^^^^^^^^^^^^^^^^^ rustdoc does not generate documentation for macro invocations
[INFO] [stdout]     |
[INFO] [stdout]     = note: `#[warn(unused_doc_comments)]` on by default
[INFO] [stdout]     = help: to document an item produced by a macro, the macro must produce the documentation as part of its expansion
[INFO] [stdout] 
[INFO] [stdout] 
[INFO] [stdout] warning: 1 warning emitted
[INFO] [stdout] 
[INFO] [stdout] 
[INFO] [stderr]     Finished dev [unoptimized + debuginfo] target(s) in 3.07s
[INFO] running `Command { std: "docker" "inspect" "0219565ab668a3f32abd386e1eaf88b9e397f8f1d2b16d0584a29628837b942a", kill_on_drop: false }`
[INFO] running `Command { std: "docker" "rm" "-f" "0219565ab668a3f32abd386e1eaf88b9e397f8f1d2b16d0584a29628837b942a", kill_on_drop: false }`
[INFO] [stdout] 0219565ab668a3f32abd386e1eaf88b9e397f8f1d2b16d0584a29628837b942a
[INFO] running `Command { std: "docker" "create" "-v" "/var/lib/crater-agent-workspace/builds/worker-7/target:/opt/rustwide/target:rw,Z" "-v" "/var/lib/crater-agent-workspace/builds/worker-7/source:/opt/rustwide/workdir:ro,Z" "-v" "/var/lib/crater-agent-workspace/cargo-home:/opt/rustwide/cargo-home:ro,Z" "-v" "/var/lib/crater-agent-workspace/rustup-home:/opt/rustwide/rustup-home:ro,Z" "-e" "SOURCE_DIR=/opt/rustwide/workdir" "-e" "CARGO_TARGET_DIR=/opt/rustwide/target" "-e" "CARGO_INCREMENTAL=0" "-e" "RUST_BACKTRACE=full" "-e" "RUSTFLAGS=--cap-lints=warn" "-e" "CARGO_HOME=/opt/rustwide/cargo-home" "-e" "RUSTUP_HOME=/opt/rustwide/rustup-home" "-w" "/opt/rustwide/workdir" "-m" "1610612736" "--user" "0:0" "--network" "none" "ghcr.io/rust-lang/crates-build-env/linux@sha256:34b6a614d2c27851fe6cbf88fbd1137609cefab8b10d0615aaeb6fd47975d74e" "/opt/rustwide/cargo-home/bin/cargo" "+1.54.0" "test" "--frozen" "--no-run" "--message-format=json", kill_on_drop: false }`
[INFO] [stderr] WARNING: Your kernel does not support swap limit capabilities or the cgroup is not mounted. Memory limited without swap.
[INFO] [stdout] 23bb6f936fa39b65868e90ad10506f48d071d5dbc584c6fa675191fa2781b31b
[INFO] running `Command { std: "docker" "start" "-a" "23bb6f936fa39b65868e90ad10506f48d071d5dbc584c6fa675191fa2781b31b", kill_on_drop: false }`
[INFO] [stderr]    Compiling susy-jsonrpc-server-utils v10.0.1 (/opt/rustwide/workdir)
[INFO] [stdout] warning: unused doc comment
[INFO] [stdout]    --> src/cors.rs:282:1
[INFO] [stdout]     |
[INFO] [stdout] 282 | /// Returns headers which are always allowed.
[INFO] [stdout]     | ^^^^^^^^^^^^^^^^^^^^^^^^^^^^^^^^^^^^^^^^^^^^^ rustdoc does not generate documentation for macro invocations
[INFO] [stdout]     |
[INFO] [stdout]     = note: `#[warn(unused_doc_comments)]` on by default
[INFO] [stdout]     = help: to document an item produced by a macro, the macro must produce the documentation as part of its expansion
[INFO] [stdout] 
[INFO] [stdout] 
[INFO] [stdout] warning: 1 warning emitted
[INFO] [stdout] 
[INFO] [stdout] 
[INFO] [stdout] warning: unused doc comment
[INFO] [stdout]    --> src/cors.rs:282:1
[INFO] [stdout]     |
[INFO] [stdout] 282 | /// Returns headers which are always allowed.
[INFO] [stdout]     | ^^^^^^^^^^^^^^^^^^^^^^^^^^^^^^^^^^^^^^^^^^^^^ rustdoc does not generate documentation for macro invocations
[INFO] [stdout]     |
[INFO] [stdout]     = note: `#[warn(unused_doc_comments)]` on by default
[INFO] [stdout]     = help: to document an item produced by a macro, the macro must produce the documentation as part of its expansion
[INFO] [stdout] 
[INFO] [stdout] 
[INFO] [stdout] warning: 1 warning emitted
[INFO] [stdout] 
[INFO] [stdout] 
[INFO] [stderr]     Finished test [unoptimized + debuginfo] target(s) in 4.17s
[INFO] running `Command { std: "docker" "inspect" "23bb6f936fa39b65868e90ad10506f48d071d5dbc584c6fa675191fa2781b31b", kill_on_drop: false }`
[INFO] running `Command { std: "docker" "rm" "-f" "23bb6f936fa39b65868e90ad10506f48d071d5dbc584c6fa675191fa2781b31b", kill_on_drop: false }`
[INFO] [stdout] 23bb6f936fa39b65868e90ad10506f48d071d5dbc584c6fa675191fa2781b31b
[INFO] running `Command { std: "docker" "create" "-v" "/var/lib/crater-agent-workspace/builds/worker-7/target:/opt/rustwide/target:rw,Z" "-v" "/var/lib/crater-agent-workspace/builds/worker-7/source:/opt/rustwide/workdir:ro,Z" "-v" "/var/lib/crater-agent-workspace/cargo-home:/opt/rustwide/cargo-home:ro,Z" "-v" "/var/lib/crater-agent-workspace/rustup-home:/opt/rustwide/rustup-home:ro,Z" "-e" "SOURCE_DIR=/opt/rustwide/workdir" "-e" "CARGO_TARGET_DIR=/opt/rustwide/target" "-e" "CARGO_INCREMENTAL=0" "-e" "RUST_BACKTRACE=full" "-e" "RUSTFLAGS=--cap-lints=warn" "-e" "CARGO_HOME=/opt/rustwide/cargo-home" "-e" "RUSTUP_HOME=/opt/rustwide/rustup-home" "-w" "/opt/rustwide/workdir" "-m" "1610612736" "--user" "0:0" "--network" "none" "ghcr.io/rust-lang/crates-build-env/linux@sha256:34b6a614d2c27851fe6cbf88fbd1137609cefab8b10d0615aaeb6fd47975d74e" "/opt/rustwide/cargo-home/bin/cargo" "+1.54.0" "test" "--frozen", kill_on_drop: false }`
[INFO] [stdout] a9b795aedefba6e66084d38c3d8d63139de75ec27c99e53d4a6c1a7764e26045
[INFO] [stderr] WARNING: Your kernel does not support swap limit capabilities or the cgroup is not mounted. Memory limited without swap.
[INFO] running `Command { std: "docker" "start" "-a" "a9b795aedefba6e66084d38c3d8d63139de75ec27c99e53d4a6c1a7764e26045", kill_on_drop: false }`
[INFO] [stderr] warning: unused doc comment
[INFO] [stderr]    --> src/cors.rs:282:1
[INFO] [stderr]     |
[INFO] [stderr] 282 | /// Returns headers which are always allowed.
[INFO] [stderr]     | ^^^^^^^^^^^^^^^^^^^^^^^^^^^^^^^^^^^^^^^^^^^^^ rustdoc does not generate documentation for macro invocations
[INFO] [stderr]     |
[INFO] [stderr]     = note: `#[warn(unused_doc_comments)]` on by default
[INFO] [stderr]     = help: to document an item produced by a macro, the macro must produce the documentation as part of its expansion
[INFO] [stderr] 
[INFO] [stderr] warning: 1 warning emitted
[INFO] [stderr] 
[INFO] [stderr] warning: unused doc comment
[INFO] [stderr]    --> src/cors.rs:282:1
[INFO] [stderr]     |
[INFO] [stderr] 282 | /// Returns headers which are always allowed.
[INFO] [stderr]     | ^^^^^^^^^^^^^^^^^^^^^^^^^^^^^^^^^^^^^^^^^^^^^ rustdoc does not generate documentation for macro invocations
[INFO] [stderr]     |
[INFO] [stderr]     = note: `#[warn(unused_doc_comments)]` on by default
[INFO] [stderr]     = help: to document an item produced by a macro, the macro must produce the documentation as part of its expansion
[INFO] [stderr] 
[INFO] [stderr] warning: 1 warning emitted
[INFO] [stderr] 
[INFO] [stderr]     Finished test [unoptimized + debuginfo] target(s) in 0.05s
[INFO] [stdout] 
[INFO] [stderr]      Running unittests (/opt/rustwide/target/debug/deps/susy_jsonrpc_server_utils-4d6259bd80e60ea1)
[INFO] [stdout] running 30 tests
[INFO] [stdout] test cors::tests::should_return_null_if_origin_is_null ... ok
[INFO] [stdout] test cors::tests::should_return_none_if_origin_is_not_defined ... ok
[INFO] [stdout] test cors::tests::should_return_none_when_there_are_no_cors_domains_and_no_origin ... ok
[INFO] [stdout] test cors::tests::should_return_none_for_not_matching_origin ... ok
[INFO] [stdout] test cors::tests::should_return_not_required_if_any_header_allowed ... ok
[INFO] [stdout] test cors::tests::should_return_none_for_empty_list ... ok
[INFO] [stdout] test cors::tests::should_return_none_for_empty_origin ... ok
[INFO] [stdout] test hosts::tests::should_reject_when_there_is_no_header ... ok
[INFO] [stdout] test cors::tests::should_return_no_allowed_headers_if_none_in_request ... ok
[INFO] [stdout] test hosts::tests::should_reject_when_validation_is_disabled ... ok
[INFO] [stdout] test cors::tests::should_return_valid_if_header_allowed ... ok
[INFO] [stdout] test cors::tests::should_return_invalid_if_header_not_allowed ... ok
[INFO] [stdout] test stream_codec::tests::huge ... ok
[INFO] [stdout] test stream_codec::tests::simple_line_codec ... ok
[INFO] [stdout] test stream_codec::tests::simple_encode ... ok
[INFO] [stdout] test cors::tests::should_allow_origins_that_matches_hosts ... ok
[INFO] [stdout] test hosts::tests::should_accept_if_on_the_list ... ok
[INFO] [stdout] test stream_codec::tests::escape ... ok
[INFO] [stdout] test stream_codec::tests::fragmented_encode ... ok
[INFO] [stdout] test hosts::tests::should_accept_if_on_the_list_with_port ... ok
[INFO] [stdout] test stream_codec::tests::whitespace ... ok
[INFO] [stdout] test hosts::tests::should_reject_if_header_not_on_the_list ... ok
[INFO] [stdout] test cors::tests::should_return_specific_origin_if_there_is_a_match ... ok
[INFO] [stdout] test hosts::tests::should_support_wildcards ... ok
[INFO] [stdout] test cors::tests::should_return_specific_origin_if_we_allow_any ... ok
[INFO] [stdout] test cors::tests::should_not_allow_partially_matching_origin ... ok
[INFO] [stdout] test cors::tests::should_return_domain_when_all_are_allowed ... ok
[INFO] [stdout] test cors::tests::should_support_wildcards ... FAILED
[INFO] [stdout] test hosts::tests::should_parse_host ... ok
[INFO] [stdout] test cors::tests::should_parse_origin ... ok
[INFO] [stdout] 
[INFO] [stdout] failures:
[INFO] [stdout] 
[INFO] [stdout] ---- cors::tests::should_support_wildcards stdout ----
[INFO] [stdout] thread 'cors::tests::should_support_wildcards' panicked at 'assertion failed: `(left == right)`
[INFO] [stdout]   left: `Invalid`,
[INFO] [stdout]  right: `Ok(Value(Origin { protocol: Http, host: Host { hostname: "superstring.ch", port: None, as_string: "superstring.ch", matcher: "superstring.ch" (true) }, as_string: "http://superstring.ch", matcher: "http://superstring.ch" (true) }))`', src/cors.rs:510:9
[INFO] [stdout] stack backtrace:
[INFO] [stdout]    0:     0x559da89b8320 - std::backtrace_rs::backtrace::libunwind::trace::h34055254b57d8e79
[INFO] [stdout]                                at /rustc/a178d0322ce20e33eac124758e837cbd80a6f633/library/std/src/../../backtrace/src/backtrace/libunwind.rs:90:5
[INFO] [stdout]    1:     0x559da89b8320 - std::backtrace_rs::backtrace::trace_unsynchronized::h8f1e3fbd9afff6ec
[INFO] [stdout]                                at /rustc/a178d0322ce20e33eac124758e837cbd80a6f633/library/std/src/../../backtrace/src/backtrace/mod.rs:66:5
[INFO] [stdout]    2:     0x559da89b8320 - std::sys_common::backtrace::_print_fmt::h3a99a796b770c360
[INFO] [stdout]                                at /rustc/a178d0322ce20e33eac124758e837cbd80a6f633/library/std/src/sys_common/backtrace.rs:67:5
[INFO] [stdout]    3:     0x559da89b8320 - <std::sys_common::backtrace::_print::DisplayBacktrace as core::fmt::Display>::fmt::h32d1f94a80615d18
[INFO] [stdout]                                at /rustc/a178d0322ce20e33eac124758e837cbd80a6f633/library/std/src/sys_common/backtrace.rs:46:22
[INFO] [stdout]    4:     0x559da89db1ec - core::fmt::write::h306731c068f7162c
[INFO] [stdout]                                at /rustc/a178d0322ce20e33eac124758e837cbd80a6f633/library/core/src/fmt/mod.rs:1110:17
[INFO] [stdout]    5:     0x559da89b5225 - std::io::Write::write_fmt::h87f19b0a2cd190bc
[INFO] [stdout]                                at /rustc/a178d0322ce20e33eac124758e837cbd80a6f633/library/std/src/io/mod.rs:1588:15
[INFO] [stdout]    6:     0x559da89ba48b - std::sys_common::backtrace::_print::h5abaa2601a852287
[INFO] [stdout]                                at /rustc/a178d0322ce20e33eac124758e837cbd80a6f633/library/std/src/sys_common/backtrace.rs:49:5
[INFO] [stdout]    7:     0x559da89ba48b - std::sys_common::backtrace::print::h8d81445442bb638f
[INFO] [stdout]                                at /rustc/a178d0322ce20e33eac124758e837cbd80a6f633/library/std/src/sys_common/backtrace.rs:36:9
[INFO] [stdout]    8:     0x559da89ba48b - std::panicking::default_hook::{{closure}}::hcfe804496a9fa747
[INFO] [stdout]                                at /rustc/a178d0322ce20e33eac124758e837cbd80a6f633/library/std/src/panicking.rs:208:50
[INFO] [stdout]    9:     0x559da89b9f9c - std::panicking::default_hook::hbea8e3ccf2ba8901
[INFO] [stdout]                                at /rustc/a178d0322ce20e33eac124758e837cbd80a6f633/library/std/src/panicking.rs:222:9
[INFO] [stdout]   10:     0x559da89bab54 - std::panicking::rust_panic_with_hook::h7ee9e1a2d0f8975a
[INFO] [stdout]                                at /rustc/a178d0322ce20e33eac124758e837cbd80a6f633/library/std/src/panicking.rs:622:17
[INFO] [stdout]   11:     0x559da89ba637 - std::panicking::begin_panic_handler::{{closure}}::h8ab3b4491718b2c7
[INFO] [stdout]                                at /rustc/a178d0322ce20e33eac124758e837cbd80a6f633/library/std/src/panicking.rs:519:13
[INFO] [stdout]   12:     0x559da89b881c - std::sys_common::backtrace::__rust_end_short_backtrace::hd489062ffa586a9f
[INFO] [stdout]                                at /rustc/a178d0322ce20e33eac124758e837cbd80a6f633/library/std/src/sys_common/backtrace.rs:141:18
[INFO] [stdout]   13:     0x559da89ba599 - rust_begin_unwind
[INFO] [stdout]                                at /rustc/a178d0322ce20e33eac124758e837cbd80a6f633/library/std/src/panicking.rs:515:5
[INFO] [stdout]   14:     0x559da8783b31 - core::panicking::panic_fmt::hca6330e3e14086b4
[INFO] [stdout]                                at /rustc/a178d0322ce20e33eac124758e837cbd80a6f633/library/core/src/panicking.rs:92:14
[INFO] [stdout]   15:     0x559da89d9b08 - core::panicking::assert_failed_inner::h33b45280069a80ed
[INFO] [stdout]   16:     0x559da879290a - core::panicking::assert_failed::he9bcbdab8ac1a71a
[INFO] [stdout]                                at /rustc/a178d0322ce20e33eac124758e837cbd80a6f633/library/core/src/panicking.rs:117:5
[INFO] [stdout]   17:     0x559da87a815d - susy_jsonrpc_server_utils::cors::tests::should_support_wildcards::hd88d97985960e74b
[INFO] [stdout]                                at /opt/rustwide/workdir/src/cors.rs:510:3
[INFO] [stdout]   18:     0x559da87a7c9a - susy_jsonrpc_server_utils::cors::tests::should_support_wildcards::{{closure}}::h599b09d3f4465305
[INFO] [stdout]                                at /opt/rustwide/workdir/src/cors.rs:493:2
[INFO] [stdout]   19:     0x559da87a238e - core::ops::function::FnOnce::call_once::hcae1851d7b9abc60
[INFO] [stdout]                                at /rustc/a178d0322ce20e33eac124758e837cbd80a6f633/library/core/src/ops/function.rs:227:5
[INFO] [stdout]   20:     0x559da87d14d3 - core::ops::function::FnOnce::call_once::h152e7e439ff59e19
[INFO] [stdout]                                at /rustc/a178d0322ce20e33eac124758e837cbd80a6f633/library/core/src/ops/function.rs:227:5
[INFO] [stdout]   21:     0x559da87d14d3 - test::__rust_begin_short_backtrace::h0908f3b1fdbb72ab
[INFO] [stdout]                                at /rustc/a178d0322ce20e33eac124758e837cbd80a6f633/library/test/src/lib.rs:577:5
[INFO] [stdout]   22:     0x559da87cff90 - <alloc::boxed::Box<F,A> as core::ops::function::FnOnce<Args>>::call_once::hf6d2a51e5587546c
[INFO] [stdout]                                at /rustc/a178d0322ce20e33eac124758e837cbd80a6f633/library/alloc/src/boxed.rs:1575:9
[INFO] [stdout]   23:     0x559da87cff90 - <std::panic::AssertUnwindSafe<F> as core::ops::function::FnOnce<()>>::call_once::h8af660f3a89ef593
[INFO] [stdout]                                at /rustc/a178d0322ce20e33eac124758e837cbd80a6f633/library/std/src/panic.rs:347:9
[INFO] [stdout]   24:     0x559da87cff90 - std::panicking::try::do_call::hd36aef60f84b6d36
[INFO] [stdout]                                at /rustc/a178d0322ce20e33eac124758e837cbd80a6f633/library/std/src/panicking.rs:401:40
[INFO] [stdout]   25:     0x559da87cff90 - std::panicking::try::h9932b4480e69817c
[INFO] [stdout]                                at /rustc/a178d0322ce20e33eac124758e837cbd80a6f633/library/std/src/panicking.rs:365:19
[INFO] [stdout]   26:     0x559da87cff90 - std::panic::catch_unwind::h6aa177099cfff5f8
[INFO] [stdout]                                at /rustc/a178d0322ce20e33eac124758e837cbd80a6f633/library/std/src/panic.rs:434:14
[INFO] [stdout]   27:     0x559da87cff90 - test::run_test_in_process::h5884d6f2d99e20c3
[INFO] [stdout]                                at /rustc/a178d0322ce20e33eac124758e837cbd80a6f633/library/test/src/lib.rs:600:18
[INFO] [stdout]   28:     0x559da87cff90 - test::run_test::run_test_inner::{{closure}}::h6fdc58c6d5f5b6e3
[INFO] [stdout]                                at /rustc/a178d0322ce20e33eac124758e837cbd80a6f633/library/test/src/lib.rs:492:39
[INFO] [stdout]   29:     0x559da87a9642 - test::run_test::run_test_inner::{{closure}}::h408365d67a78ade8
[INFO] [stdout]                                at /rustc/a178d0322ce20e33eac124758e837cbd80a6f633/library/test/src/lib.rs:519:37
[INFO] [stdout]   30:     0x559da87a9642 - std::sys_common::backtrace::__rust_begin_short_backtrace::hb560b77c4f701523
[INFO] [stdout]                                at /rustc/a178d0322ce20e33eac124758e837cbd80a6f633/library/std/src/sys_common/backtrace.rs:125:18
[INFO] [stdout]   31:     0x559da87ad1f8 - std::thread::Builder::spawn_unchecked::{{closure}}::{{closure}}::hf2e7831dad93c597
[INFO] [stdout]                                at /rustc/a178d0322ce20e33eac124758e837cbd80a6f633/library/std/src/thread/mod.rs:481:17
[INFO] [stdout]   32:     0x559da87ad1f8 - <std::panic::AssertUnwindSafe<F> as core::ops::function::FnOnce<()>>::call_once::hd2e08783d8be4d02
[INFO] [stdout]                                at /rustc/a178d0322ce20e33eac124758e837cbd80a6f633/library/std/src/panic.rs:347:9
[INFO] [stdout]   33:     0x559da87ad1f8 - std::panicking::try::do_call::h062597b7acfd6b82
[INFO] [stdout]                                at /rustc/a178d0322ce20e33eac124758e837cbd80a6f633/library/std/src/panicking.rs:401:40
[INFO] [stdout]   34:     0x559da87ad1f8 - std::panicking::try::h0d7b79db04c14552
[INFO] [stdout]                                at /rustc/a178d0322ce20e33eac124758e837cbd80a6f633/library/std/src/panicking.rs:365:19
[INFO] [stdout]   35:     0x559da87ad1f8 - std::panic::catch_unwind::hb01a0b5e7c8cd43b
[INFO] [stdout]                                at /rustc/a178d0322ce20e33eac124758e837cbd80a6f633/library/std/src/panic.rs:434:14
[INFO] [stdout]   36:     0x559da87ad1f8 - std::thread::Builder::spawn_unchecked::{{closure}}::h5bde48cc887e0d1e
[INFO] [stdout]                                at /rustc/a178d0322ce20e33eac124758e837cbd80a6f633/library/std/src/thread/mod.rs:480:30
[INFO] [stdout]   37:     0x559da87ad1f8 - core::ops::function::FnOnce::call_once{{vtable.shim}}::h745ea30807a29e55
[INFO] [stdout]                                at /rustc/a178d0322ce20e33eac124758e837cbd80a6f633/library/core/src/ops/function.rs:227:5
[INFO] [stdout]   38:     0x559da89bf617 - <alloc::boxed::Box<F,A> as core::ops::function::FnOnce<Args>>::call_once::h7ece6cfefaff1005
[INFO] [stdout]                                at /rustc/a178d0322ce20e33eac124758e837cbd80a6f633/library/alloc/src/boxed.rs:1575:9
[INFO] [stdout]   39:     0x559da89bf617 - <alloc::boxed::Box<F,A> as core::ops::function::FnOnce<Args>>::call_once::hb8b48e55c21f193e
[INFO] [stdout]                                at /rustc/a178d0322ce20e33eac124758e837cbd80a6f633/library/alloc/src/boxed.rs:1575:9
[INFO] [stdout]   40:     0x559da89bf617 - std::sys::unix::thread::Thread::new::thread_start::h8c7c4450dba62914
[INFO] [stdout]                                at /rustc/a178d0322ce20e33eac124758e837cbd80a6f633/library/std/src/sys/unix/thread.rs:71:17
[INFO] [stdout]   41:     0x7fd9e3912609 - start_thread
[INFO] [stdout]   42:     0x7fd9e36e4293 - clone
[INFO] [stdout]   43:                0x0 - <unknown>
[INFO] [stdout] 
[INFO] [stdout] 
[INFO] [stdout] failures:
[INFO] [stdout]     cors::tests::should_support_wildcards
[INFO] [stdout] 
[INFO] [stdout] test result: FAILED. 29 passed; 1 failed; 0 ignored; 0 measured; 0 filtered out; finished in 0.09s
[INFO] [stdout] 
[INFO] [stderr] error: test failed, to rerun pass '--lib'
[INFO] running `Command { std: "docker" "inspect" "a9b795aedefba6e66084d38c3d8d63139de75ec27c99e53d4a6c1a7764e26045", kill_on_drop: false }`
[INFO] running `Command { std: "docker" "rm" "-f" "a9b795aedefba6e66084d38c3d8d63139de75ec27c99e53d4a6c1a7764e26045", kill_on_drop: false }`
[INFO] [stdout] a9b795aedefba6e66084d38c3d8d63139de75ec27c99e53d4a6c1a7764e26045
