[INFO] fetching crate substrate-stellar-sdk 0.2.2...
[INFO] testing substrate-stellar-sdk-0.2.2 against 1.54.0 for beta-1.55-1
[INFO] extracting crate substrate-stellar-sdk 0.2.2 into /workspace/builds/worker-0/source
[INFO] validating manifest of crates.io crate substrate-stellar-sdk 0.2.2 on toolchain 1.54.0
[INFO] running `Command { std: "/workspace/cargo-home/bin/cargo" "+1.54.0" "metadata" "--manifest-path" "Cargo.toml" "--no-deps", kill_on_drop: false }`
[INFO] started tweaking crates.io crate substrate-stellar-sdk 0.2.2
[INFO] finished tweaking crates.io crate substrate-stellar-sdk 0.2.2
[INFO] tweaked toml for crates.io crate substrate-stellar-sdk 0.2.2 written to /workspace/builds/worker-0/source/Cargo.toml
[INFO] running `Command { std: "/workspace/cargo-home/bin/cargo" "+1.54.0" "generate-lockfile" "--manifest-path" "Cargo.toml" "-Zno-index-update", kill_on_drop: false }`
[INFO] running `Command { std: "/workspace/cargo-home/bin/cargo" "+1.54.0" "fetch" "--manifest-path" "Cargo.toml", kill_on_drop: false }`
[INFO] running `Command { std: "docker" "create" "-v" "/var/lib/crater-agent-workspace/builds/worker-0/target:/opt/rustwide/target:rw,Z" "-v" "/var/lib/crater-agent-workspace/builds/worker-0/source:/opt/rustwide/workdir:ro,Z" "-v" "/var/lib/crater-agent-workspace/cargo-home:/opt/rustwide/cargo-home:ro,Z" "-v" "/var/lib/crater-agent-workspace/rustup-home:/opt/rustwide/rustup-home:ro,Z" "-e" "SOURCE_DIR=/opt/rustwide/workdir" "-e" "CARGO_TARGET_DIR=/opt/rustwide/target" "-e" "CARGO_HOME=/opt/rustwide/cargo-home" "-e" "RUSTUP_HOME=/opt/rustwide/rustup-home" "-w" "/opt/rustwide/workdir" "-m" "1610612736" "--user" "0:0" "--network" "none" "ghcr.io/rust-lang/crates-build-env/linux@sha256:34b6a614d2c27851fe6cbf88fbd1137609cefab8b10d0615aaeb6fd47975d74e" "/opt/rustwide/cargo-home/bin/cargo" "+1.54.0" "metadata" "--no-deps" "--format-version=1", kill_on_drop: false }`
[INFO] [stdout] 7b418f1b6f436680ba08c6670f2620ad68ed4ac52a90f75b6d2d0297287ce9c0
[INFO] [stderr] WARNING: Your kernel does not support swap limit capabilities or the cgroup is not mounted. Memory limited without swap.
[INFO] running `Command { std: "docker" "start" "-a" "7b418f1b6f436680ba08c6670f2620ad68ed4ac52a90f75b6d2d0297287ce9c0", kill_on_drop: false }`
[INFO] running `Command { std: "docker" "inspect" "7b418f1b6f436680ba08c6670f2620ad68ed4ac52a90f75b6d2d0297287ce9c0", kill_on_drop: false }`
[INFO] running `Command { std: "docker" "rm" "-f" "7b418f1b6f436680ba08c6670f2620ad68ed4ac52a90f75b6d2d0297287ce9c0", kill_on_drop: false }`
[INFO] [stdout] 7b418f1b6f436680ba08c6670f2620ad68ed4ac52a90f75b6d2d0297287ce9c0
[INFO] running `Command { std: "docker" "create" "-v" "/var/lib/crater-agent-workspace/builds/worker-0/target:/opt/rustwide/target:rw,Z" "-v" "/var/lib/crater-agent-workspace/builds/worker-0/source:/opt/rustwide/workdir:ro,Z" "-v" "/var/lib/crater-agent-workspace/cargo-home:/opt/rustwide/cargo-home:ro,Z" "-v" "/var/lib/crater-agent-workspace/rustup-home:/opt/rustwide/rustup-home:ro,Z" "-e" "SOURCE_DIR=/opt/rustwide/workdir" "-e" "CARGO_TARGET_DIR=/opt/rustwide/target" "-e" "CARGO_INCREMENTAL=0" "-e" "RUST_BACKTRACE=full" "-e" "RUSTFLAGS=--cap-lints=warn" "-e" "CARGO_HOME=/opt/rustwide/cargo-home" "-e" "RUSTUP_HOME=/opt/rustwide/rustup-home" "-w" "/opt/rustwide/workdir" "-m" "1610612736" "--user" "0:0" "--network" "none" "ghcr.io/rust-lang/crates-build-env/linux@sha256:34b6a614d2c27851fe6cbf88fbd1137609cefab8b10d0615aaeb6fd47975d74e" "/opt/rustwide/cargo-home/bin/cargo" "+1.54.0" "build" "--frozen" "--message-format=json", kill_on_drop: false }`
[INFO] [stdout] 35138cc83a67387fe8ac11e34f2f3bede8bd0aec51b065dadfb11ebe86062385
[INFO] [stderr] WARNING: Your kernel does not support swap limit capabilities or the cgroup is not mounted. Memory limited without swap.
[INFO] running `Command { std: "docker" "start" "-a" "35138cc83a67387fe8ac11e34f2f3bede8bd0aec51b065dadfb11ebe86062385", kill_on_drop: false }`
[INFO] [stderr]    Compiling radium v0.6.2
[INFO] [stderr]    Compiling wyz v0.2.0
[INFO] [stderr]    Compiling tap v1.0.1
[INFO] [stderr]    Compiling funty v1.1.0
[INFO] [stderr]    Compiling arrayvec v0.7.1
[INFO] [stderr]    Compiling byte-slice-cast v1.0.0
[INFO] [stderr]    Compiling sp-std v3.0.0
[INFO] [stderr]    Compiling serde_json v1.0.66
[INFO] [stderr]    Compiling ahash v0.4.7
[INFO] [stderr]    Compiling hash-db v0.15.2
[INFO] [stderr]    Compiling parity-util-mem v0.9.0
[INFO] [stderr]    Compiling arrayvec v0.5.2
[INFO] [stderr]    Compiling index-fixed v0.3.1
[INFO] [stderr]    Compiling paste v1.0.5
[INFO] [stderr]    Compiling num-traits v0.2.14
[INFO] [stderr]    Compiling num-integer v0.1.44
[INFO] [stderr]    Compiling num-rational v0.4.0
[INFO] [stderr]    Compiling lazy_static v1.4.0
[INFO] [stderr]    Compiling trie-root v0.16.0
[INFO] [stderr]    Compiling sodalite v0.4.0
[INFO] [stderr]    Compiling uint v0.9.1
[INFO] [stderr]    Compiling crypto-mac v0.8.0
[INFO] [stderr]    Compiling impl-trait-for-tuples v0.2.1
[INFO] [stderr]    Compiling sp-debug-derive v3.0.0
[INFO] [stderr]    Compiling dyn-clonable-impl v0.9.0
[INFO] [stderr]    Compiling async-trait v0.1.51
[INFO] [stderr]    Compiling once_cell v1.8.0
[INFO] [stderr]    Compiling hashbrown v0.9.1
[INFO] [stderr]    Compiling tracing-core v0.1.18
[INFO] [stderr]    Compiling sharded-slab v0.1.3
[INFO] [stderr]    Compiling Inflector v0.11.4
[INFO] [stderr]    Compiling sp-panic-handler v3.0.0
[INFO] [stderr]    Compiling serde v1.0.127
[INFO] [stderr]    Compiling thiserror v1.0.26
[INFO] [stderr]    Compiling ref-cast v1.0.6
[INFO] [stderr]    Compiling futures-util v0.3.16
[INFO] [stderr]    Compiling pbkdf2 v0.4.0
[INFO] [stderr]    Compiling hmac v0.8.1
[INFO] [stderr]    Compiling zeroize v1.4.1
[INFO] [stderr]    Compiling thread_local v1.1.3
[INFO] [stderr]    Compiling ahash v0.7.4
[INFO] [stderr]    Compiling fixed-hash v0.7.0
[INFO] [stderr]    Compiling libsecp256k1 v0.3.5
[INFO] [stderr]    Compiling tracing-log v0.1.2
[INFO] [stderr]    Compiling tracing v0.1.26
[INFO] [stderr]    Compiling curve25519-dalek v2.1.3
[INFO] [stderr]    Compiling merlin v2.0.1
[INFO] [stderr]    Compiling curve25519-dalek v3.2.0
[INFO] [stderr]    Compiling tiny-bip39 v0.8.0
[INFO] [stderr]    Compiling secrecy v0.7.0
[INFO] [stderr]    Compiling hashbrown v0.11.2
[INFO] [stderr]    Compiling bitvec v0.20.4
[INFO] [stderr]    Compiling dyn-clonable v0.9.0
[INFO] [stderr]    Compiling trie-db v0.22.6
[INFO] [stderr]    Compiling integer-sqrt v0.1.5
[INFO] [stderr]    Compiling num-bigint v0.2.6
[INFO] [stderr]    Compiling chrono v0.4.19
[INFO] [stderr]    Compiling futures-executor v0.3.16
[INFO] [stderr]    Compiling futures v0.3.16
[INFO] [stderr]    Compiling num-rational v0.2.4
[INFO] [stderr]    Compiling toml v0.5.8
[INFO] [stderr]    Compiling impl-serde v0.3.1
[INFO] [stderr]    Compiling tracing-serde v0.1.2
[INFO] [stderr]    Compiling schnorrkel v0.9.1
[INFO] [stderr]    Compiling ed25519-dalek v1.0.1
[INFO] [stderr]    Compiling wasmi v0.6.2
[INFO] [stderr]    Compiling substrate-bip39 v0.4.2
[INFO] [stderr]    Compiling tracing-subscriber v0.2.19
[INFO] [stderr]    Compiling proc-macro-crate v1.0.0
[INFO] [stderr]    Compiling proc-macro-crate v0.1.5
[INFO] [stderr]    Compiling parity-scale-codec-derive v2.2.0
[INFO] [stderr]    Compiling sp-runtime-interface-proc-macro v3.0.0
[INFO] [stderr]    Compiling parity-scale-codec v2.2.0
[INFO] [stderr]    Compiling impl-codec v0.5.1
[INFO] [stderr]    Compiling sp-storage v3.0.0
[INFO] [stderr]    Compiling sp-wasm-interface v3.0.0
[INFO] [stderr]    Compiling sp-tracing v3.0.0
[INFO] [stderr]    Compiling sp-arithmetic v3.0.0
[INFO] [stderr]    Compiling primitive-types v0.9.1
[INFO] [stderr]    Compiling sp-externalities v0.9.0
[INFO] [stderr]    Compiling sp-runtime-interface v3.0.0
[INFO] [stderr]    Compiling memory-db v0.26.0
[INFO] [stderr]    Compiling sp-core v3.0.0
[INFO] [stderr]    Compiling sp-trie v3.0.0
[INFO] [stderr]    Compiling sp-keystore v0.9.0
[INFO] [stderr]    Compiling sp-state-machine v0.9.0
[INFO] [stderr]    Compiling sp-io v3.0.0
[INFO] [stderr]    Compiling sp-application-crypto v3.0.0
[INFO] [stderr]    Compiling sp-runtime v3.0.0
[INFO] [stderr]    Compiling substrate-stellar-sdk v0.2.2 (/opt/rustwide/workdir)
[INFO] [stderr]     Finished dev [unoptimized + debuginfo] target(s) in 1m 37s
[INFO] running `Command { std: "docker" "inspect" "35138cc83a67387fe8ac11e34f2f3bede8bd0aec51b065dadfb11ebe86062385", kill_on_drop: false }`
[INFO] running `Command { std: "docker" "rm" "-f" "35138cc83a67387fe8ac11e34f2f3bede8bd0aec51b065dadfb11ebe86062385", kill_on_drop: false }`
[INFO] [stdout] 35138cc83a67387fe8ac11e34f2f3bede8bd0aec51b065dadfb11ebe86062385
[INFO] running `Command { std: "docker" "create" "-v" "/var/lib/crater-agent-workspace/builds/worker-0/target:/opt/rustwide/target:rw,Z" "-v" "/var/lib/crater-agent-workspace/builds/worker-0/source:/opt/rustwide/workdir:ro,Z" "-v" "/var/lib/crater-agent-workspace/cargo-home:/opt/rustwide/cargo-home:ro,Z" "-v" "/var/lib/crater-agent-workspace/rustup-home:/opt/rustwide/rustup-home:ro,Z" "-e" "SOURCE_DIR=/opt/rustwide/workdir" "-e" "CARGO_TARGET_DIR=/opt/rustwide/target" "-e" "CARGO_INCREMENTAL=0" "-e" "RUST_BACKTRACE=full" "-e" "RUSTFLAGS=--cap-lints=warn" "-e" "CARGO_HOME=/opt/rustwide/cargo-home" "-e" "RUSTUP_HOME=/opt/rustwide/rustup-home" "-w" "/opt/rustwide/workdir" "-m" "1610612736" "--user" "0:0" "--network" "none" "ghcr.io/rust-lang/crates-build-env/linux@sha256:34b6a614d2c27851fe6cbf88fbd1137609cefab8b10d0615aaeb6fd47975d74e" "/opt/rustwide/cargo-home/bin/cargo" "+1.54.0" "test" "--frozen" "--no-run" "--message-format=json", kill_on_drop: false }`
[INFO] [stdout] 62d10ace5406f033c0320018e5e83c7fdd863466486addbcfef67007f99840b5
[INFO] [stderr] WARNING: Your kernel does not support swap limit capabilities or the cgroup is not mounted. Memory limited without swap.
[INFO] running `Command { std: "docker" "start" "-a" "62d10ace5406f033c0320018e5e83c7fdd863466486addbcfef67007f99840b5", kill_on_drop: false }`
[INFO] [stderr]     Blocking waiting for file lock on package cache
[INFO] [stderr]    Compiling substrate-stellar-sdk v0.2.2 (/opt/rustwide/workdir)
[INFO] [stderr]     Finished test [unoptimized + debuginfo] target(s) in 9.70s
[INFO] running `Command { std: "docker" "inspect" "62d10ace5406f033c0320018e5e83c7fdd863466486addbcfef67007f99840b5", kill_on_drop: false }`
[INFO] running `Command { std: "docker" "rm" "-f" "62d10ace5406f033c0320018e5e83c7fdd863466486addbcfef67007f99840b5", kill_on_drop: false }`
[INFO] [stdout] 62d10ace5406f033c0320018e5e83c7fdd863466486addbcfef67007f99840b5
[INFO] running `Command { std: "docker" "create" "-v" "/var/lib/crater-agent-workspace/builds/worker-0/target:/opt/rustwide/target:rw,Z" "-v" "/var/lib/crater-agent-workspace/builds/worker-0/source:/opt/rustwide/workdir:ro,Z" "-v" "/var/lib/crater-agent-workspace/cargo-home:/opt/rustwide/cargo-home:ro,Z" "-v" "/var/lib/crater-agent-workspace/rustup-home:/opt/rustwide/rustup-home:ro,Z" "-e" "SOURCE_DIR=/opt/rustwide/workdir" "-e" "CARGO_TARGET_DIR=/opt/rustwide/target" "-e" "CARGO_INCREMENTAL=0" "-e" "RUST_BACKTRACE=full" "-e" "RUSTFLAGS=--cap-lints=warn" "-e" "CARGO_HOME=/opt/rustwide/cargo-home" "-e" "RUSTUP_HOME=/opt/rustwide/rustup-home" "-w" "/opt/rustwide/workdir" "-m" "1610612736" "--user" "0:0" "--network" "none" "ghcr.io/rust-lang/crates-build-env/linux@sha256:34b6a614d2c27851fe6cbf88fbd1137609cefab8b10d0615aaeb6fd47975d74e" "/opt/rustwide/cargo-home/bin/cargo" "+1.54.0" "test" "--frozen", kill_on_drop: false }`
[INFO] [stdout] 83cc32c7f544c4d13773b47b31e3e7ed611afd7ed163485fd43a650d4ea085a9
[INFO] [stderr] WARNING: Your kernel does not support swap limit capabilities or the cgroup is not mounted. Memory limited without swap.
[INFO] running `Command { std: "docker" "start" "-a" "83cc32c7f544c4d13773b47b31e3e7ed611afd7ed163485fd43a650d4ea085a9", kill_on_drop: false }`
[INFO] [stderr]     Finished test [unoptimized + debuginfo] target(s) in 0.17s
[INFO] [stderr]      Running unittests (/opt/rustwide/target/debug/deps/substrate_stellar_sdk-019fad04763af439)
[INFO] [stdout] 
[INFO] [stdout] running 11 tests
[INFO] [stdout] test horizon::json_response_types::test::parse_centre_account_response ... ok
[INFO] [stdout] test amount::test::parse_lumen_string ... ok
[INFO] [stdout] test secret_key::tests::public_key ... ok
[INFO] [stdout] test xdr::impls::transaction::test::build_transaction1 ... ok
[INFO] [stdout] test xdr::impls::transaction::test::build_transaction2 ... ok
[INFO] [stdout] test horizon::json_response_types::test::parse_account_response ... ok
[INFO] [stdout] test xdr::impls::transaction_envelope::tests::xdr_encode_decode_transaction_envelope ... ok
[INFO] [stdout] test xdr::impls::transaction_envelope::tests::decode_complex_transaction ... ok
[INFO] [stdout] test xdr::impls::transaction::test::build_transaction3 ... FAILED
[INFO] [stdout] test secret_key::tests::keypair ... ok
[INFO] [stdout] test xdr::impls::transaction_envelope::tests::sign_simple_transaction ... ok
[INFO] [stdout] 
[INFO] [stdout] failures:
[INFO] [stdout] 
[INFO] [stdout] ---- xdr::impls::transaction::test::build_transaction3 stdout ----
[INFO] [stdout] thread 'xdr::impls::transaction::test::build_transaction3' panicked at 'assertion failed: `(left == right)`
[INFO] [stdout]   left: `EnvelopeTypeTx(TransactionV1Envelope { tx: Transaction { source_account: KeyTypeEd25519([205, 17, 206, 40, 107, 203, 239, 21, 162, 231, 207, 173, 55, 30, 11, 108, 193, 15, 176, 229, 243, 58, 131, 74, 55, 222, 92, 251, 150, 60, 81, 79]), fee: 1284, seq_num: 1980190376853505, time_bounds: Some(TimeBounds { min_time: 162620000, max_time: 1626263454 }), memo: MemoText(LimitedString([72, 101, 108, 108, 111, 32, 87, 111, 114, 108, 100, 33])), operations: LimitedVarArray([Operation { source_account: Some(KeyTypeEd25519([128, 43, 13, 154, 169, 49, 59, 154, 136, 216, 169, 133, 133, 60, 238, 208, 18, 62, 27, 185, 18, 160, 127, 250, 4, 64, 254, 220, 112, 227, 88, 98])), body: Payment(PaymentOp { destination: KeyTypeEd25519([90, 168, 86, 101, 139, 245, 217, 162, 17, 112, 217, 78, 153, 38, 149, 198, 163, 136, 148, 27, 126, 182, 177, 210, 235, 218, 206, 107, 235, 100, 127, 246]), asset: AssetTypeCreditAlphanum4(AssetAlphaNum4 { asset_code: [85, 83, 68, 0], issuer: PublicKeyTypeEd25519([128, 43, 13, 154, 169, 49, 59, 154, 136, 216, 169, 133, 133, 60, 238, 208, 18, 62, 27, 185, 18, 160, 127, 250, 4, 64, 254, 220, 112, 227, 88, 98]) }), amount: 1234560000 }) }, Operation { source_account: None, body: ManageSellOffer(ManageSellOfferOp { selling: AssetTypeCreditAlphanum12(AssetAlphaNum12 { asset_code: [68, 79, 77, 73, 78, 65, 84, 73, 79, 78, 0, 0], issuer: PublicKeyTypeEd25519([90, 168, 86, 101, 139, 245, 217, 162, 17, 112, 217, 78, 153, 38, 149, 198, 163, 136, 148, 27, 126, 182, 177, 210, 235, 218, 206, 107, 235, 100, 127, 246]) }), buying: AssetTypeNative, amount: 1521030000, price: Price { n: 229, d: 50 }, offer_id: 123456789 }) }]), ext: V0 }, signatures: LimitedVarArray([]) })`,
[INFO] [stdout]  right: `EnvelopeTypeTx(TransactionV1Envelope { tx: Transaction { source_account: KeyTypeEd25519([205, 17, 206, 40, 107, 203, 239, 21, 162, 231, 207, 173, 55, 30, 11, 108, 193, 15, 176, 229, 243, 58, 131, 74, 55, 222, 92, 251, 150, 60, 81, 79]), fee: 642, seq_num: 1980190376853505, time_bounds: Some(TimeBounds { min_time: 162620000, max_time: 1626263454 }), memo: MemoText(LimitedString([72, 101, 108, 108, 111, 32, 87, 111, 114, 108, 100, 33])), operations: LimitedVarArray([Operation { source_account: Some(KeyTypeEd25519([128, 43, 13, 154, 169, 49, 59, 154, 136, 216, 169, 133, 133, 60, 238, 208, 18, 62, 27, 185, 18, 160, 127, 250, 4, 64, 254, 220, 112, 227, 88, 98])), body: Payment(PaymentOp { destination: KeyTypeEd25519([90, 168, 86, 101, 139, 245, 217, 162, 17, 112, 217, 78, 153, 38, 149, 198, 163, 136, 148, 27, 126, 182, 177, 210, 235, 218, 206, 107, 235, 100, 127, 246]), asset: AssetTypeCreditAlphanum4(AssetAlphaNum4 { asset_code: [85, 83, 68, 0], issuer: PublicKeyTypeEd25519([128, 43, 13, 154, 169, 49, 59, 154, 136, 216, 169, 133, 133, 60, 238, 208, 18, 62, 27, 185, 18, 160, 127, 250, 4, 64, 254, 220, 112, 227, 88, 98]) }), amount: 1234560000 }) }, Operation { source_account: None, body: ManageSellOffer(ManageSellOfferOp { selling: AssetTypeCreditAlphanum12(AssetAlphaNum12 { asset_code: [68, 79, 77, 73, 78, 65, 84, 73, 79, 78, 0, 0], issuer: PublicKeyTypeEd25519([90, 168, 86, 101, 139, 245, 217, 162, 17, 112, 217, 78, 153, 38, 149, 198, 163, 136, 148, 27, 126, 182, 177, 210, 235, 218, 206, 107, 235, 100, 127, 246]) }), buying: AssetTypeNative, amount: 1521030000, price: Price { n: 229, d: 50 }, offer_id: 123456789 }) }]), ext: V0 }, signatures: LimitedVarArray([]) })`', src/xdr/impls/transaction.rs:235:9
[INFO] [stdout] stack backtrace:
[INFO] [stdout]    0:     0x55a35f52c900 - std::backtrace_rs::backtrace::libunwind::trace::h34055254b57d8e79
[INFO] [stdout]                                at /rustc/a178d0322ce20e33eac124758e837cbd80a6f633/library/std/src/../../backtrace/src/backtrace/libunwind.rs:90:5
[INFO] [stdout]    1:     0x55a35f52c900 - std::backtrace_rs::backtrace::trace_unsynchronized::h8f1e3fbd9afff6ec
[INFO] [stdout]                                at /rustc/a178d0322ce20e33eac124758e837cbd80a6f633/library/std/src/../../backtrace/src/backtrace/mod.rs:66:5
[INFO] [stdout]    2:     0x55a35f52c900 - std::sys_common::backtrace::_print_fmt::h3a99a796b770c360
[INFO] [stdout]                                at /rustc/a178d0322ce20e33eac124758e837cbd80a6f633/library/std/src/sys_common/backtrace.rs:67:5
[INFO] [stdout]    3:     0x55a35f52c900 - <std::sys_common::backtrace::_print::DisplayBacktrace as core::fmt::Display>::fmt::h32d1f94a80615d18
[INFO] [stdout]                                at /rustc/a178d0322ce20e33eac124758e837cbd80a6f633/library/std/src/sys_common/backtrace.rs:46:22
[INFO] [stdout]    4:     0x55a35f54f3bc - core::fmt::write::h306731c068f7162c
[INFO] [stdout]                                at /rustc/a178d0322ce20e33eac124758e837cbd80a6f633/library/core/src/fmt/mod.rs:1110:17
[INFO] [stdout]    5:     0x55a35f529825 - std::io::Write::write_fmt::h87f19b0a2cd190bc
[INFO] [stdout]                                at /rustc/a178d0322ce20e33eac124758e837cbd80a6f633/library/std/src/io/mod.rs:1588:15
[INFO] [stdout]    6:     0x55a35f52ea6b - std::sys_common::backtrace::_print::h5abaa2601a852287
[INFO] [stdout]                                at /rustc/a178d0322ce20e33eac124758e837cbd80a6f633/library/std/src/sys_common/backtrace.rs:49:5
[INFO] [stdout]    7:     0x55a35f52ea6b - std::sys_common::backtrace::print::h8d81445442bb638f
[INFO] [stdout]                                at /rustc/a178d0322ce20e33eac124758e837cbd80a6f633/library/std/src/sys_common/backtrace.rs:36:9
[INFO] [stdout]    8:     0x55a35f52ea6b - std::panicking::default_hook::{{closure}}::hcfe804496a9fa747
[INFO] [stdout]                                at /rustc/a178d0322ce20e33eac124758e837cbd80a6f633/library/std/src/panicking.rs:208:50
[INFO] [stdout]    9:     0x55a35f52e57c - std::panicking::default_hook::hbea8e3ccf2ba8901
[INFO] [stdout]                                at /rustc/a178d0322ce20e33eac124758e837cbd80a6f633/library/std/src/panicking.rs:222:9
[INFO] [stdout]   10:     0x55a35f52f134 - std::panicking::rust_panic_with_hook::h7ee9e1a2d0f8975a
[INFO] [stdout]                                at /rustc/a178d0322ce20e33eac124758e837cbd80a6f633/library/std/src/panicking.rs:622:17
[INFO] [stdout]   11:     0x55a35f52ec17 - std::panicking::begin_panic_handler::{{closure}}::h8ab3b4491718b2c7
[INFO] [stdout]                                at /rustc/a178d0322ce20e33eac124758e837cbd80a6f633/library/std/src/panicking.rs:519:13
[INFO] [stdout]   12:     0x55a35f52cdfc - std::sys_common::backtrace::__rust_end_short_backtrace::hd489062ffa586a9f
[INFO] [stdout]                                at /rustc/a178d0322ce20e33eac124758e837cbd80a6f633/library/std/src/sys_common/backtrace.rs:141:18
[INFO] [stdout]   13:     0x55a35f52eb79 - rust_begin_unwind
[INFO] [stdout]                                at /rustc/a178d0322ce20e33eac124758e837cbd80a6f633/library/std/src/panicking.rs:515:5
[INFO] [stdout]   14:     0x55a35f3c8651 - core::panicking::panic_fmt::hca6330e3e14086b4
[INFO] [stdout]                                at /rustc/a178d0322ce20e33eac124758e837cbd80a6f633/library/core/src/panicking.rs:92:14
[INFO] [stdout]   15:     0x55a35f54da28 - core::panicking::assert_failed_inner::h33b45280069a80ed
[INFO] [stdout]   16:     0x55a35f47c83a - core::panicking::assert_failed::hae7f847dabcdaec0
[INFO] [stdout]                                at /rustc/a178d0322ce20e33eac124758e837cbd80a6f633/library/core/src/panicking.rs:117:5
[INFO] [stdout]   17:     0x55a35f40ded5 - substrate_stellar_sdk::xdr::impls::transaction::test::build_transaction3::he698161e7400b16d
[INFO] [stdout]                                at /opt/rustwide/workdir/src/xdr/impls/transaction.rs:235:9
[INFO] [stdout]   18:     0x55a35f40d94a - substrate_stellar_sdk::xdr::impls::transaction::test::build_transaction3::{{closure}}::hea2440cac452ba85
[INFO] [stdout]                                at /opt/rustwide/workdir/src/xdr/impls/transaction.rs:193:5
[INFO] [stdout]   19:     0x55a35f46dc7e - core::ops::function::FnOnce::call_once::h81fbf24aa14f05ed
[INFO] [stdout]                                at /rustc/a178d0322ce20e33eac124758e837cbd80a6f633/library/core/src/ops/function.rs:227:5
[INFO] [stdout]   20:     0x55a35f4a6093 - core::ops::function::FnOnce::call_once::h152e7e439ff59e19
[INFO] [stdout]                                at /rustc/a178d0322ce20e33eac124758e837cbd80a6f633/library/core/src/ops/function.rs:227:5
[INFO] [stdout]   21:     0x55a35f4a6093 - test::__rust_begin_short_backtrace::h0908f3b1fdbb72ab
[INFO] [stdout]                                at /rustc/a178d0322ce20e33eac124758e837cbd80a6f633/library/test/src/lib.rs:577:5
[INFO] [stdout]   22:     0x55a35f4a4b50 - <alloc::boxed::Box<F,A> as core::ops::function::FnOnce<Args>>::call_once::hf6d2a51e5587546c
[INFO] [stdout]                                at /rustc/a178d0322ce20e33eac124758e837cbd80a6f633/library/alloc/src/boxed.rs:1575:9
[INFO] [stdout]   23:     0x55a35f4a4b50 - <std::panic::AssertUnwindSafe<F> as core::ops::function::FnOnce<()>>::call_once::h8af660f3a89ef593
[INFO] [stdout]                                at /rustc/a178d0322ce20e33eac124758e837cbd80a6f633/library/std/src/panic.rs:347:9
[INFO] [stdout]   24:     0x55a35f4a4b50 - std::panicking::try::do_call::hd36aef60f84b6d36
[INFO] [stdout]                                at /rustc/a178d0322ce20e33eac124758e837cbd80a6f633/library/std/src/panicking.rs:401:40
[INFO] [stdout]   25:     0x55a35f4a4b50 - std::panicking::try::h9932b4480e69817c
[INFO] [stdout]                                at /rustc/a178d0322ce20e33eac124758e837cbd80a6f633/library/std/src/panicking.rs:365:19
[INFO] [stdout]   26:     0x55a35f4a4b50 - std::panic::catch_unwind::h6aa177099cfff5f8
[INFO] [stdout]                                at /rustc/a178d0322ce20e33eac124758e837cbd80a6f633/library/std/src/panic.rs:434:14
[INFO] [stdout]   27:     0x55a35f4a4b50 - test::run_test_in_process::h5884d6f2d99e20c3
[INFO] [stdout]                                at /rustc/a178d0322ce20e33eac124758e837cbd80a6f633/library/test/src/lib.rs:600:18
[INFO] [stdout]   28:     0x55a35f4a4b50 - test::run_test::run_test_inner::{{closure}}::h6fdc58c6d5f5b6e3
[INFO] [stdout]                                at /rustc/a178d0322ce20e33eac124758e837cbd80a6f633/library/test/src/lib.rs:492:39
[INFO] [stdout]   29:     0x55a35f47e202 - test::run_test::run_test_inner::{{closure}}::h408365d67a78ade8
[INFO] [stdout]                                at /rustc/a178d0322ce20e33eac124758e837cbd80a6f633/library/test/src/lib.rs:519:37
[INFO] [stdout]   30:     0x55a35f47e202 - std::sys_common::backtrace::__rust_begin_short_backtrace::hb560b77c4f701523
[INFO] [stdout]                                at /rustc/a178d0322ce20e33eac124758e837cbd80a6f633/library/std/src/sys_common/backtrace.rs:125:18
[INFO] [stdout]   31:     0x55a35f481db8 - std::thread::Builder::spawn_unchecked::{{closure}}::{{closure}}::hf2e7831dad93c597
[INFO] [stdout]                                at /rustc/a178d0322ce20e33eac124758e837cbd80a6f633/library/std/src/thread/mod.rs:481:17
[INFO] [stdout]   32:     0x55a35f481db8 - <std::panic::AssertUnwindSafe<F> as core::ops::function::FnOnce<()>>::call_once::hd2e08783d8be4d02
[INFO] [stdout]                                at /rustc/a178d0322ce20e33eac124758e837cbd80a6f633/library/std/src/panic.rs:347:9
[INFO] [stdout]   33:     0x55a35f481db8 - std::panicking::try::do_call::h062597b7acfd6b82
[INFO] [stdout]                                at /rustc/a178d0322ce20e33eac124758e837cbd80a6f633/library/std/src/panicking.rs:401:40
[INFO] [stdout]   34:     0x55a35f481db8 - std::panicking::try::h0d7b79db04c14552
[INFO] [stdout]                                at /rustc/a178d0322ce20e33eac124758e837cbd80a6f633/library/std/src/panicking.rs:365:19
[INFO] [stdout]   35:     0x55a35f481db8 - std::panic::catch_unwind::hb01a0b5e7c8cd43b
[INFO] [stdout]                                at /rustc/a178d0322ce20e33eac124758e837cbd80a6f633/library/std/src/panic.rs:434:14
[INFO] [stdout]   36:     0x55a35f481db8 - std::thread::Builder::spawn_unchecked::{{closure}}::h5bde48cc887e0d1e
[INFO] [stdout]                                at /rustc/a178d0322ce20e33eac124758e837cbd80a6f633/library/std/src/thread/mod.rs:480:30
[INFO] [stdout]   37:     0x55a35f481db8 - core::ops::function::FnOnce::call_once{{vtable.shim}}::h745ea30807a29e55
[INFO] [stdout]                                at /rustc/a178d0322ce20e33eac124758e837cbd80a6f633/library/core/src/ops/function.rs:227:5
[INFO] [stdout]   38:     0x55a35f533bf7 - <alloc::boxed::Box<F,A> as core::ops::function::FnOnce<Args>>::call_once::h7ece6cfefaff1005
[INFO] [stdout]                                at /rustc/a178d0322ce20e33eac124758e837cbd80a6f633/library/alloc/src/boxed.rs:1575:9
[INFO] [stdout]   39:     0x55a35f533bf7 - <alloc::boxed::Box<F,A> as core::ops::function::FnOnce<Args>>::call_once::hb8b48e55c21f193e
[INFO] [stdout]                                at /rustc/a178d0322ce20e33eac124758e837cbd80a6f633/library/alloc/src/boxed.rs:1575:9
[INFO] [stdout]   40:     0x55a35f533bf7 - std::sys::unix::thread::Thread::new::thread_start::h8c7c4450dba62914
[INFO] [stdout]                                at /rustc/a178d0322ce20e33eac124758e837cbd80a6f633/library/std/src/sys/unix/thread.rs:71:17
[INFO] [stdout]   41:     0x7f49ead06609 - start_thread
[INFO] [stdout]   42:     0x7f49eaad8293 - clone
[INFO] [stdout]   43:                0x0 - <unknown>
[INFO] [stdout] 
[INFO] [stdout] 
[INFO] [stdout] failures:
[INFO] [stdout]     xdr::impls::transaction::test::build_transaction3
[INFO] [stdout] 
[INFO] [stdout] test result: FAILED. 10 passed; 1 failed; 0 ignored; 0 measured; 0 filtered out; finished in 0.28s
[INFO] [stdout] 
[INFO] [stderr] error: test failed, to rerun pass '--lib'
[INFO] running `Command { std: "docker" "inspect" "83cc32c7f544c4d13773b47b31e3e7ed611afd7ed163485fd43a650d4ea085a9", kill_on_drop: false }`
[INFO] running `Command { std: "docker" "rm" "-f" "83cc32c7f544c4d13773b47b31e3e7ed611afd7ed163485fd43a650d4ea085a9", kill_on_drop: false }`
[INFO] [stdout] 83cc32c7f544c4d13773b47b31e3e7ed611afd7ed163485fd43a650d4ea085a9
