[INFO] fetching crate subspedia-rs 0.1.4...
[INFO] testing subspedia-rs-0.1.4 against beta-2021-08-01 for beta-1.55-1
[INFO] extracting crate subspedia-rs 0.1.4 into /workspace/builds/worker-2/source
[INFO] validating manifest of crates.io crate subspedia-rs 0.1.4 on toolchain beta-2021-08-01
[INFO] running `Command { std: "/workspace/cargo-home/bin/cargo" "+beta-2021-08-01" "metadata" "--manifest-path" "Cargo.toml" "--no-deps", kill_on_drop: false }`
[INFO] started tweaking crates.io crate subspedia-rs 0.1.4
[INFO] finished tweaking crates.io crate subspedia-rs 0.1.4
[INFO] tweaked toml for crates.io crate subspedia-rs 0.1.4 written to /workspace/builds/worker-2/source/Cargo.toml
[INFO] running `Command { std: "/workspace/cargo-home/bin/cargo" "+beta-2021-08-01" "generate-lockfile" "--manifest-path" "Cargo.toml" "-Zno-index-update", kill_on_drop: false }`
[INFO] running `Command { std: "/workspace/cargo-home/bin/cargo" "+beta-2021-08-01" "fetch" "--manifest-path" "Cargo.toml", kill_on_drop: false }`
[INFO] running `Command { std: "docker" "create" "-v" "/var/lib/crater-agent-workspace/builds/worker-2/target:/opt/rustwide/target:rw,Z" "-v" "/var/lib/crater-agent-workspace/builds/worker-2/source:/opt/rustwide/workdir:ro,Z" "-v" "/var/lib/crater-agent-workspace/cargo-home:/opt/rustwide/cargo-home:ro,Z" "-v" "/var/lib/crater-agent-workspace/rustup-home:/opt/rustwide/rustup-home:ro,Z" "-e" "SOURCE_DIR=/opt/rustwide/workdir" "-e" "CARGO_TARGET_DIR=/opt/rustwide/target" "-e" "CARGO_HOME=/opt/rustwide/cargo-home" "-e" "RUSTUP_HOME=/opt/rustwide/rustup-home" "-w" "/opt/rustwide/workdir" "-m" "1610612736" "--user" "0:0" "--network" "none" "ghcr.io/rust-lang/crates-build-env/linux@sha256:34b6a614d2c27851fe6cbf88fbd1137609cefab8b10d0615aaeb6fd47975d74e" "/opt/rustwide/cargo-home/bin/cargo" "+beta-2021-08-01" "metadata" "--no-deps" "--format-version=1", kill_on_drop: false }`
[INFO] [stdout] 648e7d1ee66e981477c2886c23dd021cf8e89ca362883fabfbd98a4650012538
[INFO] [stderr] WARNING: Your kernel does not support swap limit capabilities or the cgroup is not mounted. Memory limited without swap.
[INFO] running `Command { std: "docker" "start" "-a" "648e7d1ee66e981477c2886c23dd021cf8e89ca362883fabfbd98a4650012538", kill_on_drop: false }`
[INFO] running `Command { std: "docker" "inspect" "648e7d1ee66e981477c2886c23dd021cf8e89ca362883fabfbd98a4650012538", kill_on_drop: false }`
[INFO] running `Command { std: "docker" "rm" "-f" "648e7d1ee66e981477c2886c23dd021cf8e89ca362883fabfbd98a4650012538", kill_on_drop: false }`
[INFO] [stdout] 648e7d1ee66e981477c2886c23dd021cf8e89ca362883fabfbd98a4650012538
[INFO] running `Command { std: "docker" "create" "-v" "/var/lib/crater-agent-workspace/builds/worker-2/target:/opt/rustwide/target:rw,Z" "-v" "/var/lib/crater-agent-workspace/builds/worker-2/source:/opt/rustwide/workdir:ro,Z" "-v" "/var/lib/crater-agent-workspace/cargo-home:/opt/rustwide/cargo-home:ro,Z" "-v" "/var/lib/crater-agent-workspace/rustup-home:/opt/rustwide/rustup-home:ro,Z" "-e" "SOURCE_DIR=/opt/rustwide/workdir" "-e" "CARGO_TARGET_DIR=/opt/rustwide/target" "-e" "CARGO_INCREMENTAL=0" "-e" "RUST_BACKTRACE=full" "-e" "RUSTFLAGS=--cap-lints=warn" "-e" "CARGO_HOME=/opt/rustwide/cargo-home" "-e" "RUSTUP_HOME=/opt/rustwide/rustup-home" "-w" "/opt/rustwide/workdir" "-m" "1610612736" "--user" "0:0" "--network" "none" "ghcr.io/rust-lang/crates-build-env/linux@sha256:34b6a614d2c27851fe6cbf88fbd1137609cefab8b10d0615aaeb6fd47975d74e" "/opt/rustwide/cargo-home/bin/cargo" "+beta-2021-08-01" "build" "--frozen" "--message-format=json", kill_on_drop: false }`
[INFO] [stderr] WARNING: Your kernel does not support swap limit capabilities or the cgroup is not mounted. Memory limited without swap.
[INFO] [stdout] 46a9dbb9258be6c7482772be13c1937d8262928fa983836ec5183fea5029ad28
[INFO] running `Command { std: "docker" "start" "-a" "46a9dbb9258be6c7482772be13c1937d8262928fa983836ec5183fea5029ad28", kill_on_drop: false }`
[INFO] [stderr]    Compiling mio-uds v0.6.8
[INFO] [stderr]    Compiling tokio-codec v0.1.2
[INFO] [stderr]    Compiling tokio-fs v0.1.7
[INFO] [stderr]    Compiling tokio-udp v0.1.6
[INFO] [stderr]    Compiling tokio-uds v0.2.7
[INFO] [stderr]    Compiling tokio v0.1.22
[INFO] [stderr]    Compiling hyper v0.12.36
[INFO] [stderr]    Compiling hyper-tls v0.3.2
[INFO] [stderr]    Compiling subspedia-rs v0.1.4 (/opt/rustwide/workdir)
[INFO] [stderr]     Finished dev [unoptimized + debuginfo] target(s) in 10.31s
[INFO] running `Command { std: "docker" "inspect" "46a9dbb9258be6c7482772be13c1937d8262928fa983836ec5183fea5029ad28", kill_on_drop: false }`
[INFO] running `Command { std: "docker" "rm" "-f" "46a9dbb9258be6c7482772be13c1937d8262928fa983836ec5183fea5029ad28", kill_on_drop: false }`
[INFO] [stdout] 46a9dbb9258be6c7482772be13c1937d8262928fa983836ec5183fea5029ad28
[INFO] running `Command { std: "docker" "create" "-v" "/var/lib/crater-agent-workspace/builds/worker-2/target:/opt/rustwide/target:rw,Z" "-v" "/var/lib/crater-agent-workspace/builds/worker-2/source:/opt/rustwide/workdir:ro,Z" "-v" "/var/lib/crater-agent-workspace/cargo-home:/opt/rustwide/cargo-home:ro,Z" "-v" "/var/lib/crater-agent-workspace/rustup-home:/opt/rustwide/rustup-home:ro,Z" "-e" "SOURCE_DIR=/opt/rustwide/workdir" "-e" "CARGO_TARGET_DIR=/opt/rustwide/target" "-e" "CARGO_INCREMENTAL=0" "-e" "RUST_BACKTRACE=full" "-e" "RUSTFLAGS=--cap-lints=warn" "-e" "CARGO_HOME=/opt/rustwide/cargo-home" "-e" "RUSTUP_HOME=/opt/rustwide/rustup-home" "-w" "/opt/rustwide/workdir" "-m" "1610612736" "--user" "0:0" "--network" "none" "ghcr.io/rust-lang/crates-build-env/linux@sha256:34b6a614d2c27851fe6cbf88fbd1137609cefab8b10d0615aaeb6fd47975d74e" "/opt/rustwide/cargo-home/bin/cargo" "+beta-2021-08-01" "test" "--frozen" "--no-run" "--message-format=json", kill_on_drop: false }`
[INFO] [stdout] c90390ee51b8e1e5d10989ac4e3db7ad45fda7fa2aebb3c0b96bd203628ffaf0
[INFO] [stderr] WARNING: Your kernel does not support swap limit capabilities or the cgroup is not mounted. Memory limited without swap.
[INFO] running `Command { std: "docker" "start" "-a" "c90390ee51b8e1e5d10989ac4e3db7ad45fda7fa2aebb3c0b96bd203628ffaf0", kill_on_drop: false }`
[INFO] [stderr]    Compiling subspedia-rs v0.1.4 (/opt/rustwide/workdir)
[INFO] [stderr]     Finished test [unoptimized + debuginfo] target(s) in 1.27s
[INFO] running `Command { std: "docker" "inspect" "c90390ee51b8e1e5d10989ac4e3db7ad45fda7fa2aebb3c0b96bd203628ffaf0", kill_on_drop: false }`
[INFO] running `Command { std: "docker" "rm" "-f" "c90390ee51b8e1e5d10989ac4e3db7ad45fda7fa2aebb3c0b96bd203628ffaf0", kill_on_drop: false }`
[INFO] [stdout] c90390ee51b8e1e5d10989ac4e3db7ad45fda7fa2aebb3c0b96bd203628ffaf0
[INFO] running `Command { std: "docker" "create" "-v" "/var/lib/crater-agent-workspace/builds/worker-2/target:/opt/rustwide/target:rw,Z" "-v" "/var/lib/crater-agent-workspace/builds/worker-2/source:/opt/rustwide/workdir:ro,Z" "-v" "/var/lib/crater-agent-workspace/cargo-home:/opt/rustwide/cargo-home:ro,Z" "-v" "/var/lib/crater-agent-workspace/rustup-home:/opt/rustwide/rustup-home:ro,Z" "-e" "SOURCE_DIR=/opt/rustwide/workdir" "-e" "CARGO_TARGET_DIR=/opt/rustwide/target" "-e" "CARGO_INCREMENTAL=0" "-e" "RUST_BACKTRACE=full" "-e" "RUSTFLAGS=--cap-lints=warn" "-e" "CARGO_HOME=/opt/rustwide/cargo-home" "-e" "RUSTUP_HOME=/opt/rustwide/rustup-home" "-w" "/opt/rustwide/workdir" "-m" "1610612736" "--user" "0:0" "--network" "none" "ghcr.io/rust-lang/crates-build-env/linux@sha256:34b6a614d2c27851fe6cbf88fbd1137609cefab8b10d0615aaeb6fd47975d74e" "/opt/rustwide/cargo-home/bin/cargo" "+beta-2021-08-01" "test" "--frozen", kill_on_drop: false }`
[INFO] [stdout] 2fe0b938e1e7e81fb1911377179b4f5ebca56989493d38d180b12e3b04abdbb1
[INFO] [stderr] WARNING: Your kernel does not support swap limit capabilities or the cgroup is not mounted. Memory limited without swap.
[INFO] running `Command { std: "docker" "start" "-a" "2fe0b938e1e7e81fb1911377179b4f5ebca56989493d38d180b12e3b04abdbb1", kill_on_drop: false }`
[INFO] [stderr]     Finished test [unoptimized + debuginfo] target(s) in 0.12s
[INFO] [stdout] 
[INFO] [stderr]      Running unittests (/opt/rustwide/target/debug/deps/subspedia_rs-a2238a7f8765f76d)
[INFO] [stdout] running 0 tests
[INFO] [stdout] 
[INFO] [stdout] test result: ok. 0 passed; 0 failed; 0 ignored; 0 measured; 0 filtered out; finished in 0.00s
[INFO] [stdout] 
[INFO] [stderr]    Doc-tests subspedia-rs
[INFO] [stdout] 
[INFO] [stdout] running 3 tests
[INFO] [stdout] test src/lib.rs - search_by_name (line 192) ... FAILED
[INFO] [stdout] test src/lib.rs - get (line 154) ... FAILED
[INFO] [stdout] test src/lib.rs - search_by_id (line 231) ... FAILED
[INFO] [stdout] 
[INFO] [stdout] failures:
[INFO] [stdout] 
[INFO] [stdout] ---- src/lib.rs - search_by_name (line 192) stdout ----
[INFO] [stdout] error[E0463]: can't find crate for `subspedia`
[INFO] [stdout]  --> src/lib.rs:193:1
[INFO] [stdout]   |
[INFO] [stdout] 2 | extern crate subspedia;
[INFO] [stdout]   | ^^^^^^^^^^^^^^^^^^^^^^^ can't find crate
[INFO] [stdout] 
[INFO] [stdout] error: aborting due to previous error
[INFO] [stdout] 
[INFO] [stdout] For more information about this error, try `rustc --explain E0463`.
[INFO] [stdout] Couldn't compile the test.
[INFO] [stdout] ---- src/lib.rs - get (line 154) stdout ----
[INFO] [stdout] error[E0463]: can't find crate for `subspedia`
[INFO] [stdout]  --> src/lib.rs:155:1
[INFO] [stdout]   |
[INFO] [stdout] 2 | extern crate subspedia;
[INFO] [stdout]   | ^^^^^^^^^^^^^^^^^^^^^^^ can't find crate
[INFO] [stdout] 
[INFO] [stdout] error: aborting due to previous error
[INFO] [stdout] 
[INFO] [stdout] For more information about this error, try `rustc --explain E0463`.
[INFO] [stdout] Couldn't compile the test.
[INFO] [stdout] ---- src/lib.rs - search_by_id (line 231) stdout ----
[INFO] [stdout] error[E0463]: can't find crate for `subspedia`
[INFO] [stdout]  --> src/lib.rs:232:2
[INFO] [stdout]   |
[INFO] [stdout] 2 |  extern crate subspedia;
[INFO] [stdout]   |  ^^^^^^^^^^^^^^^^^^^^^^^ can't find crate
[INFO] [stdout] 
[INFO] [stdout] error: aborting due to previous error
[INFO] [stdout] 
[INFO] [stdout] For more information about this error, try `rustc --explain E0463`.
[INFO] [stdout] Couldn't compile the test.
[INFO] [stdout] 
[INFO] [stdout] failures:
[INFO] [stdout]     src/lib.rs - get (line 154)
[INFO] [stdout]     src/lib.rs - search_by_id (line 231)
[INFO] [stdout]     src/lib.rs - search_by_name (line 192)
[INFO] [stdout] 
[INFO] [stdout] test result: FAILED. 0 passed; 3 failed; 0 ignored; 0 measured; 0 filtered out; finished in 0.14s
[INFO] [stdout] 
[INFO] [stderr] error: test failed, to rerun pass '--doc'
[INFO] running `Command { std: "docker" "inspect" "2fe0b938e1e7e81fb1911377179b4f5ebca56989493d38d180b12e3b04abdbb1", kill_on_drop: false }`
[INFO] running `Command { std: "docker" "rm" "-f" "2fe0b938e1e7e81fb1911377179b4f5ebca56989493d38d180b12e3b04abdbb1", kill_on_drop: false }`
[INFO] [stdout] 2fe0b938e1e7e81fb1911377179b4f5ebca56989493d38d180b12e3b04abdbb1
