[INFO] fetching crate stubr-attributes 0.4.8...
[INFO] testing stubr-attributes-0.4.8 against 1.54.0 for beta-1.55-1
[INFO] extracting crate stubr-attributes 0.4.8 into /workspace/builds/worker-1/source
[INFO] validating manifest of crates.io crate stubr-attributes 0.4.8 on toolchain 1.54.0
[INFO] running `Command { std: "/workspace/cargo-home/bin/cargo" "+1.54.0" "metadata" "--manifest-path" "Cargo.toml" "--no-deps", kill_on_drop: false }`
[INFO] started tweaking crates.io crate stubr-attributes 0.4.8
[INFO] finished tweaking crates.io crate stubr-attributes 0.4.8
[INFO] tweaked toml for crates.io crate stubr-attributes 0.4.8 written to /workspace/builds/worker-1/source/Cargo.toml
[INFO] running `Command { std: "/workspace/cargo-home/bin/cargo" "+1.54.0" "generate-lockfile" "--manifest-path" "Cargo.toml" "-Zno-index-update", kill_on_drop: false }`
[INFO] running `Command { std: "/workspace/cargo-home/bin/cargo" "+1.54.0" "fetch" "--manifest-path" "Cargo.toml", kill_on_drop: false }`
[INFO] running `Command { std: "docker" "create" "-v" "/var/lib/crater-agent-workspace/builds/worker-1/target:/opt/rustwide/target:rw,Z" "-v" "/var/lib/crater-agent-workspace/builds/worker-1/source:/opt/rustwide/workdir:ro,Z" "-v" "/var/lib/crater-agent-workspace/cargo-home:/opt/rustwide/cargo-home:ro,Z" "-v" "/var/lib/crater-agent-workspace/rustup-home:/opt/rustwide/rustup-home:ro,Z" "-e" "SOURCE_DIR=/opt/rustwide/workdir" "-e" "CARGO_TARGET_DIR=/opt/rustwide/target" "-e" "CARGO_HOME=/opt/rustwide/cargo-home" "-e" "RUSTUP_HOME=/opt/rustwide/rustup-home" "-w" "/opt/rustwide/workdir" "-m" "1610612736" "--user" "0:0" "--network" "none" "ghcr.io/rust-lang/crates-build-env/linux@sha256:34b6a614d2c27851fe6cbf88fbd1137609cefab8b10d0615aaeb6fd47975d74e" "/opt/rustwide/cargo-home/bin/cargo" "+1.54.0" "metadata" "--no-deps" "--format-version=1", kill_on_drop: false }`
[INFO] [stdout] 80f9fcf5fb88ddec32d72e362a3179ce2875109e2deed4e180929e14f9a943f1
[INFO] [stderr] WARNING: Your kernel does not support swap limit capabilities or the cgroup is not mounted. Memory limited without swap.
[INFO] running `Command { std: "docker" "start" "-a" "80f9fcf5fb88ddec32d72e362a3179ce2875109e2deed4e180929e14f9a943f1", kill_on_drop: false }`
[INFO] running `Command { std: "docker" "inspect" "80f9fcf5fb88ddec32d72e362a3179ce2875109e2deed4e180929e14f9a943f1", kill_on_drop: false }`
[INFO] running `Command { std: "docker" "rm" "-f" "80f9fcf5fb88ddec32d72e362a3179ce2875109e2deed4e180929e14f9a943f1", kill_on_drop: false }`
[INFO] [stdout] 80f9fcf5fb88ddec32d72e362a3179ce2875109e2deed4e180929e14f9a943f1
[INFO] running `Command { std: "docker" "create" "-v" "/var/lib/crater-agent-workspace/builds/worker-1/target:/opt/rustwide/target:rw,Z" "-v" "/var/lib/crater-agent-workspace/builds/worker-1/source:/opt/rustwide/workdir:ro,Z" "-v" "/var/lib/crater-agent-workspace/cargo-home:/opt/rustwide/cargo-home:ro,Z" "-v" "/var/lib/crater-agent-workspace/rustup-home:/opt/rustwide/rustup-home:ro,Z" "-e" "SOURCE_DIR=/opt/rustwide/workdir" "-e" "CARGO_TARGET_DIR=/opt/rustwide/target" "-e" "CARGO_INCREMENTAL=0" "-e" "RUST_BACKTRACE=full" "-e" "RUSTFLAGS=--cap-lints=warn" "-e" "CARGO_HOME=/opt/rustwide/cargo-home" "-e" "RUSTUP_HOME=/opt/rustwide/rustup-home" "-w" "/opt/rustwide/workdir" "-m" "1610612736" "--user" "0:0" "--network" "none" "ghcr.io/rust-lang/crates-build-env/linux@sha256:34b6a614d2c27851fe6cbf88fbd1137609cefab8b10d0615aaeb6fd47975d74e" "/opt/rustwide/cargo-home/bin/cargo" "+1.54.0" "build" "--frozen" "--message-format=json", kill_on_drop: false }`
[INFO] [stdout] 07f8334814690117a37d20bfef9f460580da9f8635f4da86a6fcb91c83861eed
[INFO] [stderr] WARNING: Your kernel does not support swap limit capabilities or the cgroup is not mounted. Memory limited without swap.
[INFO] running `Command { std: "docker" "start" "-a" "07f8334814690117a37d20bfef9f460580da9f8635f4da86a6fcb91c83861eed", kill_on_drop: false }`
[INFO] [stderr]    Compiling syn v1.0.74
[INFO] [stderr]    Compiling stubr-attributes v0.4.8 (/opt/rustwide/workdir)
[INFO] [stderr]     Finished dev [unoptimized + debuginfo] target(s) in 15.35s
[INFO] running `Command { std: "docker" "inspect" "07f8334814690117a37d20bfef9f460580da9f8635f4da86a6fcb91c83861eed", kill_on_drop: false }`
[INFO] running `Command { std: "docker" "rm" "-f" "07f8334814690117a37d20bfef9f460580da9f8635f4da86a6fcb91c83861eed", kill_on_drop: false }`
[INFO] [stdout] 07f8334814690117a37d20bfef9f460580da9f8635f4da86a6fcb91c83861eed
[INFO] running `Command { std: "docker" "create" "-v" "/var/lib/crater-agent-workspace/builds/worker-1/target:/opt/rustwide/target:rw,Z" "-v" "/var/lib/crater-agent-workspace/builds/worker-1/source:/opt/rustwide/workdir:ro,Z" "-v" "/var/lib/crater-agent-workspace/cargo-home:/opt/rustwide/cargo-home:ro,Z" "-v" "/var/lib/crater-agent-workspace/rustup-home:/opt/rustwide/rustup-home:ro,Z" "-e" "SOURCE_DIR=/opt/rustwide/workdir" "-e" "CARGO_TARGET_DIR=/opt/rustwide/target" "-e" "CARGO_INCREMENTAL=0" "-e" "RUST_BACKTRACE=full" "-e" "RUSTFLAGS=--cap-lints=warn" "-e" "CARGO_HOME=/opt/rustwide/cargo-home" "-e" "RUSTUP_HOME=/opt/rustwide/rustup-home" "-w" "/opt/rustwide/workdir" "-m" "1610612736" "--user" "0:0" "--network" "none" "ghcr.io/rust-lang/crates-build-env/linux@sha256:34b6a614d2c27851fe6cbf88fbd1137609cefab8b10d0615aaeb6fd47975d74e" "/opt/rustwide/cargo-home/bin/cargo" "+1.54.0" "test" "--frozen" "--no-run" "--message-format=json", kill_on_drop: false }`
[INFO] [stdout] 029390d5af2358d74b0726f6ff5f91be4e8a78f05a43efa424d47e142211016f
[INFO] [stderr] WARNING: Your kernel does not support swap limit capabilities or the cgroup is not mounted. Memory limited without swap.
[INFO] running `Command { std: "docker" "start" "-a" "029390d5af2358d74b0726f6ff5f91be4e8a78f05a43efa424d47e142211016f", kill_on_drop: false }`
[INFO] [stderr]    Compiling serde v1.0.127
[INFO] [stderr]    Compiling futures-channel v0.3.16
[INFO] [stderr]    Compiling curl v0.4.38
[INFO] [stderr]    Compiling isahc v1.4.0
[INFO] [stderr]    Compiling libnghttp2-sys v0.1.6+1.43.0
[INFO] [stderr]    Compiling openssl-sys v0.9.65
[INFO] [stderr]    Compiling libz-sys v1.1.3
[INFO] [stderr]    Compiling curl-sys v0.4.45+curl-7.78.0
[INFO] [stderr]    Compiling tracing-core v0.1.18
[INFO] [stderr]    Compiling ctor v0.1.20
[INFO] [stderr]    Compiling pin-project-internal v1.0.8
[INFO] [stderr]    Compiling tracing-attributes v0.1.15
[INFO] [stderr]    Compiling sluice v0.5.4
[INFO] [stderr]    Compiling value-bag v1.0.0-alpha.7
[INFO] [stderr]    Compiling log v0.4.14
[INFO] [stderr]    Compiling polling v2.1.0
[INFO] [stderr]    Compiling kv-log-macro v1.0.7
[INFO] [stderr]    Compiling tracing v0.1.26
[INFO] [stderr]    Compiling pin-project v1.0.8
[INFO] [stderr]    Compiling async-io v1.6.0
[INFO] [stderr]    Compiling tracing-futures v0.2.5
[INFO] [stderr]    Compiling async-global-executor v2.0.2
[INFO] [stderr]    Compiling async-std v1.9.0
[INFO] [stderr]    Compiling serde_json v1.0.66
[INFO] [stderr]    Compiling asserhttp v0.2.0
[INFO] [stderr]    Compiling stubr-attributes v0.4.8 (/opt/rustwide/workdir)
[INFO] [stderr]     Finished test [unoptimized + debuginfo] target(s) in 45.91s
[INFO] running `Command { std: "docker" "inspect" "029390d5af2358d74b0726f6ff5f91be4e8a78f05a43efa424d47e142211016f", kill_on_drop: false }`
[INFO] running `Command { std: "docker" "rm" "-f" "029390d5af2358d74b0726f6ff5f91be4e8a78f05a43efa424d47e142211016f", kill_on_drop: false }`
[INFO] [stdout] 029390d5af2358d74b0726f6ff5f91be4e8a78f05a43efa424d47e142211016f
[INFO] running `Command { std: "docker" "create" "-v" "/var/lib/crater-agent-workspace/builds/worker-1/target:/opt/rustwide/target:rw,Z" "-v" "/var/lib/crater-agent-workspace/builds/worker-1/source:/opt/rustwide/workdir:ro,Z" "-v" "/var/lib/crater-agent-workspace/cargo-home:/opt/rustwide/cargo-home:ro,Z" "-v" "/var/lib/crater-agent-workspace/rustup-home:/opt/rustwide/rustup-home:ro,Z" "-e" "SOURCE_DIR=/opt/rustwide/workdir" "-e" "CARGO_TARGET_DIR=/opt/rustwide/target" "-e" "CARGO_INCREMENTAL=0" "-e" "RUST_BACKTRACE=full" "-e" "RUSTFLAGS=--cap-lints=warn" "-e" "CARGO_HOME=/opt/rustwide/cargo-home" "-e" "RUSTUP_HOME=/opt/rustwide/rustup-home" "-w" "/opt/rustwide/workdir" "-m" "1610612736" "--user" "0:0" "--network" "none" "ghcr.io/rust-lang/crates-build-env/linux@sha256:34b6a614d2c27851fe6cbf88fbd1137609cefab8b10d0615aaeb6fd47975d74e" "/opt/rustwide/cargo-home/bin/cargo" "+1.54.0" "test" "--frozen", kill_on_drop: false }`
[INFO] [stdout] 10b72e199d9f97ffec51fd66139d4e1497a4f59aaa66efa729e80657698c8bf5
[INFO] [stderr] WARNING: Your kernel does not support swap limit capabilities or the cgroup is not mounted. Memory limited without swap.
[INFO] running `Command { std: "docker" "start" "-a" "10b72e199d9f97ffec51fd66139d4e1497a4f59aaa66efa729e80657698c8bf5", kill_on_drop: false }`
[INFO] [stderr]     Finished test [unoptimized + debuginfo] target(s) in 0.12s
[INFO] [stderr]      Running unittests (/opt/rustwide/target/debug/deps/stubr_attributes-ce13ae8caa469645)
[INFO] [stdout] 
[INFO] [stdout] running 28 tests
[INFO] [stdout] test apps::apps_tests::asyncness::should_not_add_asyncness_when_none ... ok
[INFO] [stdout] test mock::mock_tests::full_path::should_accept_str_full_path ... ok
[INFO] [stdout] test mock::mock_tests::full_path::should_fail_when_full_path_not_str ... ok
[INFO] [stdout] test mock::mock_tests::attributes::should_conserve_attributes ... ok
[INFO] [stdout] test apps::apps_tests::paths::should_accept_str_app ... ok
[INFO] [stdout] test apps::apps_tests::attributes::should_conserve_attributes ... ok
[INFO] [stdout] test apps::apps_tests::asyncness::should_conserve_asyncness ... ok
[INFO] [stdout] test apps::apps_tests::visibility::should_conserve_pub_visibility ... ok
[INFO] [stdout] test mock::mock_tests::port::should_accept_int_port ... ok
[INFO] [stdout] test mock::mock_tests::name::should_conserve_function_name ... ok
[INFO] [stdout] test mock::mock_tests::asyncness::should_conserve_asyncness ... ok
[INFO] [stdout] test mock::mock_tests::path::should_fail_when_path_not_str ... ok
[INFO] [stdout] test mock::mock_tests::asyncness::should_not_add_asyncness_when_none ... ok
[INFO] [stdout] test mock::mock_tests::visibility::should_conserve_private_visibility ... ok
[INFO] [stdout] test apps::apps_tests::visibility::should_conserve_private_visibility ... ok
[INFO] [stdout] test apps::apps_tests::name::should_conserve_function_name ... ok
[INFO] [stdout] test mock::mock_tests::path::should_accept_str_path ... ok
[INFO] [stdout] test record::record_tests::port::should_accept_int_port ... ok
[INFO] [stdout] test record::record_tests::attributes::should_not_remove_test_attribute_when_already_present ... ok
[INFO] [stdout] test record::record_tests::visibility::should_conserve_pub_visibility ... ok
[INFO] [stdout] test record::record_tests::visibility::should_conserve_private_visibility ... ok
[INFO] [stdout] test mock::mock_tests::port::should_fail_when_port_not_int ... ok
[INFO] [stdout] test record::record_tests::port::should_fail_when_port_not_int ... ok
[INFO] [stdout] test record::record_tests::attributes::should_add_test_attributes ... ok
[INFO] [stdout] test record::record_tests::name::should_conserve_function_name ... ok
[INFO] [stdout] test record::record_tests::asyncness::should_remove_asyncness ... ok
[INFO] [stdout] test mock::mock_tests::visibility::should_conserve_pub_visibility ... ok
[INFO] [stdout] test record::record_tests::asyncness::should_not_add_asyncness_when_none ... ok
[INFO] [stdout] 
[INFO] [stdout] test result: ok. 28 passed; 0 failed; 0 ignored; 0 measured; 0 filtered out; finished in 0.03s
[INFO] [stdout] 
[INFO] [stderr]    Doc-tests stubr-attributes
[INFO] [stdout] 
[INFO] [stdout] running 5 tests
[INFO] [stdout] test src/lib.rs - record (line 88) - compile ... ok
[INFO] [stdout] test src/lib.rs - mock (line 38) - compile ... ok
[INFO] [stdout] test src/lib.rs - apps (line 105) - compile ... ok
[INFO] [stdout] test src/lib.rs - record (line 65) - compile ... ok
[INFO] [stdout] test src/lib.rs - mock (line 17) - compile ... FAILED
[INFO] [stdout] 
[INFO] [stdout] failures:
[INFO] [stdout] 
[INFO] [stdout] ---- src/lib.rs - mock (line 17) stdout ----
[INFO] [stdout] error[E0433]: failed to resolve: could not find `test` in `async_std`
[INFO] [stdout]   --> src/lib.rs:30:14
[INFO] [stdout]    |
[INFO] [stdout] 16 | #[async_std::test]
[INFO] [stdout]    |              ^^^^ could not find `test` in `async_std`
[INFO] [stdout] 
[INFO] [stdout] error[E0433]: failed to resolve: could not find `Stubr` in `stubr`
[INFO] [stdout]   --> src/lib.rs:31:1
[INFO] [stdout]    |
[INFO] [stdout] 17 | #[stubr::mock]
[INFO] [stdout]    | ^^^^^^^^^^^^^^ could not find `Stubr` in `stubr`
[INFO] [stdout]    |
[INFO] [stdout]    = note: this error originates in the attribute macro `stubr::mock` (in Nightly builds, run with -Z macro-backtrace for more info)
[INFO] [stdout] 
[INFO] [stdout] error[E0422]: cannot find struct, variant or union type `Config` in crate `stubr`
[INFO] [stdout]   --> src/lib.rs:31:1
[INFO] [stdout]    |
[INFO] [stdout] 17 | #[stubr::mock]
[INFO] [stdout]    | ^^^^^^^^^^^^^^ not found in `stubr`
[INFO] [stdout]    |
[INFO] [stdout]    = note: this error originates in the attribute macro `stubr::mock` (in Nightly builds, run with -Z macro-backtrace for more info)
[INFO] [stdout] 
[INFO] [stdout] error[E0277]: `Result<Response<Body>, isahc::Error>` is not a future
[INFO] [stdout]   --> src/lib.rs:33:5
[INFO] [stdout]    |
[INFO] [stdout] 19 |     isahc::get(stubr.uri()).await.expect_status_ok();
[INFO] [stdout]    |     ^^^^^^^^^^^^^^^^^^^^^^^^^^^^^ `Result<Response<Body>, isahc::Error>` is not a future
[INFO] [stdout]    |
[INFO] [stdout]    = help: the trait `Future` is not implemented for `Result<Response<Body>, isahc::Error>`
[INFO] [stdout]    = note: required by `poll`
[INFO] [stdout] 
[INFO] [stdout] error: aborting due to 4 previous errors
[INFO] [stdout] 
[INFO] [stdout] Some errors have detailed explanations: E0277, E0422, E0433.
[INFO] [stdout] For more information about an error, try `rustc --explain E0277`.
[INFO] [stdout] Couldn't compile the test.
[INFO] [stdout] 
[INFO] [stdout] failures:
[INFO] [stdout]     src/lib.rs - mock (line 17)
[INFO] [stdout] 
[INFO] [stdout] test result: FAILED. 4 passed; 1 failed; 0 ignored; 0 measured; 0 filtered out; finished in 0.78s
[INFO] [stdout] 
[INFO] [stderr] error: test failed, to rerun pass '--doc'
[INFO] running `Command { std: "docker" "inspect" "10b72e199d9f97ffec51fd66139d4e1497a4f59aaa66efa729e80657698c8bf5", kill_on_drop: false }`
[INFO] running `Command { std: "docker" "rm" "-f" "10b72e199d9f97ffec51fd66139d4e1497a4f59aaa66efa729e80657698c8bf5", kill_on_drop: false }`
[INFO] [stdout] 10b72e199d9f97ffec51fd66139d4e1497a4f59aaa66efa729e80657698c8bf5
