[INFO] fetching crate structview 1.1.0...
[INFO] testing structview-1.1.0 against 1.54.0 for beta-1.55-1
[INFO] extracting crate structview 1.1.0 into /workspace/builds/worker-7/source
[INFO] validating manifest of crates.io crate structview 1.1.0 on toolchain 1.54.0
[INFO] running `Command { std: "/workspace/cargo-home/bin/cargo" "+1.54.0" "metadata" "--manifest-path" "Cargo.toml" "--no-deps", kill_on_drop: false }`
[INFO] started tweaking crates.io crate structview 1.1.0
[INFO] finished tweaking crates.io crate structview 1.1.0
[INFO] tweaked toml for crates.io crate structview 1.1.0 written to /workspace/builds/worker-7/source/Cargo.toml
[INFO] running `Command { std: "/workspace/cargo-home/bin/cargo" "+1.54.0" "generate-lockfile" "--manifest-path" "Cargo.toml" "-Zno-index-update", kill_on_drop: false }`
[INFO] running `Command { std: "/workspace/cargo-home/bin/cargo" "+1.54.0" "fetch" "--manifest-path" "Cargo.toml", kill_on_drop: false }`
[INFO] [stderr]     Blocking waiting for file lock on package cache
[INFO] running `Command { std: "docker" "create" "-v" "/var/lib/crater-agent-workspace/builds/worker-7/target:/opt/rustwide/target:rw,Z" "-v" "/var/lib/crater-agent-workspace/builds/worker-7/source:/opt/rustwide/workdir:ro,Z" "-v" "/var/lib/crater-agent-workspace/cargo-home:/opt/rustwide/cargo-home:ro,Z" "-v" "/var/lib/crater-agent-workspace/rustup-home:/opt/rustwide/rustup-home:ro,Z" "-e" "SOURCE_DIR=/opt/rustwide/workdir" "-e" "CARGO_TARGET_DIR=/opt/rustwide/target" "-e" "CARGO_HOME=/opt/rustwide/cargo-home" "-e" "RUSTUP_HOME=/opt/rustwide/rustup-home" "-w" "/opt/rustwide/workdir" "-m" "1610612736" "--user" "0:0" "--network" "none" "ghcr.io/rust-lang/crates-build-env/linux@sha256:34b6a614d2c27851fe6cbf88fbd1137609cefab8b10d0615aaeb6fd47975d74e" "/opt/rustwide/cargo-home/bin/cargo" "+1.54.0" "metadata" "--no-deps" "--format-version=1", kill_on_drop: false }`
[INFO] [stdout] 81022e677d330b409e9d1959e617906008d1c02f3da3bec33fe45d6c3b43ea30
[INFO] [stderr] WARNING: Your kernel does not support swap limit capabilities or the cgroup is not mounted. Memory limited without swap.
[INFO] running `Command { std: "docker" "start" "-a" "81022e677d330b409e9d1959e617906008d1c02f3da3bec33fe45d6c3b43ea30", kill_on_drop: false }`
[INFO] running `Command { std: "docker" "inspect" "81022e677d330b409e9d1959e617906008d1c02f3da3bec33fe45d6c3b43ea30", kill_on_drop: false }`
[INFO] running `Command { std: "docker" "rm" "-f" "81022e677d330b409e9d1959e617906008d1c02f3da3bec33fe45d6c3b43ea30", kill_on_drop: false }`
[INFO] [stdout] 81022e677d330b409e9d1959e617906008d1c02f3da3bec33fe45d6c3b43ea30
[INFO] running `Command { std: "docker" "create" "-v" "/var/lib/crater-agent-workspace/builds/worker-7/target:/opt/rustwide/target:rw,Z" "-v" "/var/lib/crater-agent-workspace/builds/worker-7/source:/opt/rustwide/workdir:ro,Z" "-v" "/var/lib/crater-agent-workspace/cargo-home:/opt/rustwide/cargo-home:ro,Z" "-v" "/var/lib/crater-agent-workspace/rustup-home:/opt/rustwide/rustup-home:ro,Z" "-e" "SOURCE_DIR=/opt/rustwide/workdir" "-e" "CARGO_TARGET_DIR=/opt/rustwide/target" "-e" "CARGO_INCREMENTAL=0" "-e" "RUST_BACKTRACE=full" "-e" "RUSTFLAGS=--cap-lints=warn" "-e" "CARGO_HOME=/opt/rustwide/cargo-home" "-e" "RUSTUP_HOME=/opt/rustwide/rustup-home" "-w" "/opt/rustwide/workdir" "-m" "1610612736" "--user" "0:0" "--network" "none" "ghcr.io/rust-lang/crates-build-env/linux@sha256:34b6a614d2c27851fe6cbf88fbd1137609cefab8b10d0615aaeb6fd47975d74e" "/opt/rustwide/cargo-home/bin/cargo" "+1.54.0" "build" "--frozen" "--message-format=json", kill_on_drop: false }`
[INFO] [stdout] 3cbabcd57948f87abc07fdbb4e1bb5e38a1eb2295ce77c98c9adb0d9b6837fea
[INFO] [stderr] WARNING: Your kernel does not support swap limit capabilities or the cgroup is not mounted. Memory limited without swap.
[INFO] running `Command { std: "docker" "start" "-a" "3cbabcd57948f87abc07fdbb4e1bb5e38a1eb2295ce77c98c9adb0d9b6837fea", kill_on_drop: false }`
[INFO] [stderr]    Compiling byteorder v1.4.3
[INFO] [stderr]    Compiling structview_derive v1.1.0
[INFO] [stderr]    Compiling structview v1.1.0 (/opt/rustwide/workdir)
[INFO] [stderr]     Finished dev [unoptimized + debuginfo] target(s) in 2.18s
[INFO] running `Command { std: "docker" "inspect" "3cbabcd57948f87abc07fdbb4e1bb5e38a1eb2295ce77c98c9adb0d9b6837fea", kill_on_drop: false }`
[INFO] running `Command { std: "docker" "rm" "-f" "3cbabcd57948f87abc07fdbb4e1bb5e38a1eb2295ce77c98c9adb0d9b6837fea", kill_on_drop: false }`
[INFO] [stdout] 3cbabcd57948f87abc07fdbb4e1bb5e38a1eb2295ce77c98c9adb0d9b6837fea
[INFO] running `Command { std: "docker" "create" "-v" "/var/lib/crater-agent-workspace/builds/worker-7/target:/opt/rustwide/target:rw,Z" "-v" "/var/lib/crater-agent-workspace/builds/worker-7/source:/opt/rustwide/workdir:ro,Z" "-v" "/var/lib/crater-agent-workspace/cargo-home:/opt/rustwide/cargo-home:ro,Z" "-v" "/var/lib/crater-agent-workspace/rustup-home:/opt/rustwide/rustup-home:ro,Z" "-e" "SOURCE_DIR=/opt/rustwide/workdir" "-e" "CARGO_TARGET_DIR=/opt/rustwide/target" "-e" "CARGO_INCREMENTAL=0" "-e" "RUST_BACKTRACE=full" "-e" "RUSTFLAGS=--cap-lints=warn" "-e" "CARGO_HOME=/opt/rustwide/cargo-home" "-e" "RUSTUP_HOME=/opt/rustwide/rustup-home" "-w" "/opt/rustwide/workdir" "-m" "1610612736" "--user" "0:0" "--network" "none" "ghcr.io/rust-lang/crates-build-env/linux@sha256:34b6a614d2c27851fe6cbf88fbd1137609cefab8b10d0615aaeb6fd47975d74e" "/opt/rustwide/cargo-home/bin/cargo" "+1.54.0" "test" "--frozen" "--no-run" "--message-format=json", kill_on_drop: false }`
[INFO] [stderr] WARNING: Your kernel does not support swap limit capabilities or the cgroup is not mounted. Memory limited without swap.
[INFO] [stdout] ca418dffda78f6606ddf54d64e6a4dbbac7b5fa6b8f0f237c7c536b7cbfa4708
[INFO] running `Command { std: "docker" "start" "-a" "ca418dffda78f6606ddf54d64e6a4dbbac7b5fa6b8f0f237c7c536b7cbfa4708", kill_on_drop: false }`
[INFO] [stderr]    Compiling compiletest_rs v0.5.0
[INFO] [stderr]    Compiling diff v0.1.12
[INFO] [stderr]    Compiling getopts v0.2.21
[INFO] [stderr]    Compiling dirs-sys v0.3.6
[INFO] [stderr]    Compiling serde_derive v1.0.127
[INFO] [stderr]    Compiling dirs v2.0.2
[INFO] [stderr]    Compiling term v0.6.1
[INFO] [stderr]    Compiling tester v0.7.0
[INFO] [stderr]    Compiling serde v1.0.127
[INFO] [stderr]    Compiling serde_json v1.0.66
[INFO] [stderr]    Compiling rustfix v0.5.1
[INFO] [stderr]    Compiling structview v1.1.0 (/opt/rustwide/workdir)
[INFO] [stderr]     Finished test [unoptimized + debuginfo] target(s) in 18.94s
[INFO] running `Command { std: "docker" "inspect" "ca418dffda78f6606ddf54d64e6a4dbbac7b5fa6b8f0f237c7c536b7cbfa4708", kill_on_drop: false }`
[INFO] running `Command { std: "docker" "rm" "-f" "ca418dffda78f6606ddf54d64e6a4dbbac7b5fa6b8f0f237c7c536b7cbfa4708", kill_on_drop: false }`
[INFO] [stdout] ca418dffda78f6606ddf54d64e6a4dbbac7b5fa6b8f0f237c7c536b7cbfa4708
[INFO] running `Command { std: "docker" "create" "-v" "/var/lib/crater-agent-workspace/builds/worker-7/target:/opt/rustwide/target:rw,Z" "-v" "/var/lib/crater-agent-workspace/builds/worker-7/source:/opt/rustwide/workdir:ro,Z" "-v" "/var/lib/crater-agent-workspace/cargo-home:/opt/rustwide/cargo-home:ro,Z" "-v" "/var/lib/crater-agent-workspace/rustup-home:/opt/rustwide/rustup-home:ro,Z" "-e" "SOURCE_DIR=/opt/rustwide/workdir" "-e" "CARGO_TARGET_DIR=/opt/rustwide/target" "-e" "CARGO_INCREMENTAL=0" "-e" "RUST_BACKTRACE=full" "-e" "RUSTFLAGS=--cap-lints=warn" "-e" "CARGO_HOME=/opt/rustwide/cargo-home" "-e" "RUSTUP_HOME=/opt/rustwide/rustup-home" "-w" "/opt/rustwide/workdir" "-m" "1610612736" "--user" "0:0" "--network" "none" "ghcr.io/rust-lang/crates-build-env/linux@sha256:34b6a614d2c27851fe6cbf88fbd1137609cefab8b10d0615aaeb6fd47975d74e" "/opt/rustwide/cargo-home/bin/cargo" "+1.54.0" "test" "--frozen", kill_on_drop: false }`
[INFO] [stdout] c597d1407e15045cdb97f9241441edaff62e13871b959185ed105b6eafc0a1b8
[INFO] [stderr] WARNING: Your kernel does not support swap limit capabilities or the cgroup is not mounted. Memory limited without swap.
[INFO] running `Command { std: "docker" "start" "-a" "c597d1407e15045cdb97f9241441edaff62e13871b959185ed105b6eafc0a1b8", kill_on_drop: false }`
[INFO] [stdout] 
[INFO] [stderr]     Finished test [unoptimized + debuginfo] target(s) in 0.04s
[INFO] [stdout] running 0 tests
[INFO] [stderr]      Running unittests (/opt/rustwide/target/debug/deps/structview-cbee3d2bb923f1da)
[INFO] [stdout] 
[INFO] [stderr]      Running tests/derive.rs (/opt/rustwide/target/debug/deps/derive-3c0a8d525a14872a)
[INFO] [stdout] test result: ok. 0 passed; 0 failed; 0 ignored; 0 measured; 0 filtered out; finished in 0.00s
[INFO] [stdout] 
[INFO] [stdout] 
[INFO] [stdout] running 1 test
[INFO] [stdout] 
[INFO] [stdout] running 8 tests
[INFO] [stdout] test [compile-fail] compile-fail/derive-enum.rs ... ok
[INFO] [stdout] test [compile-fail] compile-fail/derive-struct-without-repr-c.rs ... ok
[INFO] [stdout] test [compile-fail] compile-fail/derive-union-without-repr-c.rs ... ok
[INFO] [stdout] test [compile-fail] compile-fail/derive-struct-with-non-view-field.rs ... FAILED
[INFO] [stdout] test [compile-fail] compile-fail/derive-union-with-non-view-generic.rs ... FAILED
[INFO] [stdout] test [compile-fail] compile-fail/derive-union-with-non-view-field.rs ... FAILED
[INFO] [stdout] test [compile-fail] compile-fail/derive-struct-with-non-view-generic.rs ... FAILED
[INFO] [stdout] test [compile-fail] compile-fail/derive-tuple-struct-with-non-view-field.rs ... FAILED
[INFO] [stdout] 
[INFO] [stdout] failures:
[INFO] [stdout] 
[INFO] [stdout] failures:
[INFO] [stdout]     [compile-fail] compile-fail/derive-struct-with-non-view-field.rs
[INFO] [stdout]     [compile-fail] compile-fail/derive-struct-with-non-view-generic.rs
[INFO] [stdout]     [compile-fail] compile-fail/derive-tuple-struct-with-non-view-field.rs
[INFO] [stdout]     [compile-fail] compile-fail/derive-union-with-non-view-field.rs
[INFO] [stdout]     [compile-fail] compile-fail/derive-union-with-non-view-generic.rs
[INFO] [stdout] 
[INFO] [stdout] test result: FAILED. 3 passed; 5 failed; 0 ignored; 0 measured; 0 filtered out
[INFO] [stdout] 
[INFO] [stdout] test compile_tests ... FAILED
[INFO] [stdout] 
[INFO] [stdout] failures:
[INFO] [stdout] 
[INFO] [stdout] ---- compile_tests stdout ----
[INFO] [stdout] 
[INFO] [stdout] error: tests/compile-fail/derive-struct-with-non-view-field.rs:9: unexpected error: '9:5: 9:8: the trait bound `u16: View` is not satisfied [E0277]'
[INFO] [stdout] 
[INFO] [stdout] error: tests/compile-fail/derive-struct-with-non-view-field.rs:9: expected error not found: the trait bound `u16: structview::View` is not satisfied
[INFO] [stdout] 
[INFO] [stdout] error: 1 unexpected errors found, 1 expected errors not found
[INFO] [stdout] status: exit status: 1
[INFO] [stdout] command: "rustc" "tests/compile-fail/derive-struct-with-non-view-field.rs" "-L" "/tmp" "--target=x86_64-unknown-linux-gnu" "--error-format" "json" "-C" "prefer-dynamic" "-o" "/tmp/derive-struct-with-non-view-field.stage-id" "-A" "unused" "-L" "/opt/rustwide/target/debug/deps" "-L" "/opt/rustwide/target/debug" "-L" "/opt/rustwide/rustup-home/toolchains/1.54.0-x86_64-unknown-linux-gnu/lib/rustlib/x86_64-unknown-linux-gnu/lib" "-L" "/opt/rustwide/rustup-home/toolchains/1.54.0-x86_64-unknown-linux-gnu/lib" "-L" "/tmp/derive-struct-with-non-view-field.stage-id.aux"
[INFO] [stdout] unexpected errors (from JSON output): [
[INFO] [stdout]     Error {
[INFO] [stdout]         line_num: 9,
[INFO] [stdout]         kind: Some(
[INFO] [stdout]             Error,
[INFO] [stdout]         ),
[INFO] [stdout]         msg: "9:5: 9:8: the trait bound `u16: View` is not satisfied [E0277]",
[INFO] [stdout]     },
[INFO] [stdout] ]
[INFO] [stdout] 
[INFO] [stdout] not found errors (from test file): [
[INFO] [stdout]     Error {
[INFO] [stdout]         line_num: 9,
[INFO] [stdout]         kind: Some(
[INFO] [stdout]             Error,
[INFO] [stdout]         ),
[INFO] [stdout]         msg: "the trait bound `u16: structview::View` is not satisfied",
[INFO] [stdout]     },
[INFO] [stdout] ]
[INFO] [stdout] 
[INFO] [stdout] thread '[compile-fail] compile-fail/derive-struct-with-non-view-field.rs' panicked at 'explicit panic', /opt/rustwide/cargo-home/registry/src/github.com-1ecc6299db9ec823/compiletest_rs-0.5.0/src/runtest.rs:1091:13
[INFO] [stdout] stack backtrace:
[INFO] [stdout]    0:     0x55c538c4b820 - std::backtrace_rs::backtrace::libunwind::trace::h34055254b57d8e79
[INFO] [stdout]                                at /rustc/a178d0322ce20e33eac124758e837cbd80a6f633/library/std/src/../../backtrace/src/backtrace/libunwind.rs:90:5
[INFO] [stdout]    1:     0x55c538c4b820 - std::backtrace_rs::backtrace::trace_unsynchronized::h8f1e3fbd9afff6ec
[INFO] [stdout]                                at /rustc/a178d0322ce20e33eac124758e837cbd80a6f633/library/std/src/../../backtrace/src/backtrace/mod.rs:66:5
[INFO] [stdout]    2:     0x55c538c4b820 - std::sys_common::backtrace::_print_fmt::h3a99a796b770c360
[INFO] [stdout]                                at /rustc/a178d0322ce20e33eac124758e837cbd80a6f633/library/std/src/sys_common/backtrace.rs:67:5
[INFO] [stdout]    3:     0x55c538c4b820 - <std::sys_common::backtrace::_print::DisplayBacktrace as core::fmt::Display>::fmt::h32d1f94a80615d18
[INFO] [stdout]                                at /rustc/a178d0322ce20e33eac124758e837cbd80a6f633/library/std/src/sys_common/backtrace.rs:46:22
[INFO] [stdout]    4:     0x55c538c7098c - core::fmt::write::h306731c068f7162c
[INFO] [stdout]                                at /rustc/a178d0322ce20e33eac124758e837cbd80a6f633/library/core/src/fmt/mod.rs:1110:17
[INFO] [stdout]    5:     0x55c538c479a5 - std::io::Write::write_fmt::h87f19b0a2cd190bc
[INFO] [stdout]                                at /rustc/a178d0322ce20e33eac124758e837cbd80a6f633/library/std/src/io/mod.rs:1588:15
[INFO] [stdout]    6:     0x55c538c4e52b - std::sys_common::backtrace::_print::h5abaa2601a852287
[INFO] [stdout]                                at /rustc/a178d0322ce20e33eac124758e837cbd80a6f633/library/std/src/sys_common/backtrace.rs:49:5
[INFO] [stdout]    7:     0x55c538c4e52b - std::sys_common::backtrace::print::h8d81445442bb638f
[INFO] [stdout]                                at /rustc/a178d0322ce20e33eac124758e837cbd80a6f633/library/std/src/sys_common/backtrace.rs:36:9
[INFO] [stdout]    8:     0x55c538c4e52b - std::panicking::default_hook::{{closure}}::hcfe804496a9fa747
[INFO] [stdout]                                at /rustc/a178d0322ce20e33eac124758e837cbd80a6f633/library/std/src/panicking.rs:208:50
[INFO] [stdout]    9:     0x55c538c4e03c - std::panicking::default_hook::hbea8e3ccf2ba8901
[INFO] [stdout]                                at /rustc/a178d0322ce20e33eac124758e837cbd80a6f633/library/std/src/panicking.rs:222:9
[INFO] [stdout]   10:     0x55c538c4ebf4 - std::panicking::rust_panic_with_hook::h7ee9e1a2d0f8975a
[INFO] [stdout]                                at /rustc/a178d0322ce20e33eac124758e837cbd80a6f633/library/std/src/panicking.rs:622:17
[INFO] [stdout]   11:     0x55c538c260d3 - std::panicking::begin_panic::{{closure}}::haa2259a5d090943e
[INFO] [stdout]                                at /rustc/a178d0322ce20e33eac124758e837cbd80a6f633/library/std/src/panicking.rs:542:9
[INFO] [stdout]   12:     0x55c538c29e69 - std::sys_common::backtrace::__rust_end_short_backtrace::hab24bff5d543af40
[INFO] [stdout]                                at /rustc/a178d0322ce20e33eac124758e837cbd80a6f633/library/std/src/sys_common/backtrace.rs:141:18
[INFO] [stdout]   13:     0x55c538c26009 - std::panicking::begin_panic::hb0ad47222346dbe6
[INFO] [stdout]                                at /rustc/a178d0322ce20e33eac124758e837cbd80a6f633/library/std/src/panicking.rs:541:12
[INFO] [stdout]   14:     0x55c5388cd4e9 - compiletest_rs::runtest::TestCx::check_expected_errors::hfdb8893a97d66c04
[INFO] [stdout]                                at /opt/rustwide/cargo-home/registry/src/github.com-1ecc6299db9ec823/compiletest_rs-0.5.0/src/runtest.rs:1091:13
[INFO] [stdout]   15:     0x55c5388beff1 - compiletest_rs::runtest::TestCx::run_cfail_test::h65283be95f0a25db
[INFO] [stdout]                                at /opt/rustwide/cargo-home/registry/src/github.com-1ecc6299db9ec823/compiletest_rs-0.5.0/src/runtest.rs:178:13
[INFO] [stdout]   16:     0x55c5388beb6e - compiletest_rs::runtest::TestCx::run_revision::h6d80d2c8a74434a1
[INFO] [stdout]                                at /opt/rustwide/cargo-home/registry/src/github.com-1ecc6299db9ec823/compiletest_rs-0.5.0/src/runtest.rs:131:26
[INFO] [stdout]   17:     0x55c5388be7f3 - compiletest_rs::runtest::run::h7b6a427330d0ed1f
[INFO] [stdout]                                at /opt/rustwide/cargo-home/registry/src/github.com-1ecc6299db9ec823/compiletest_rs-0.5.0/src/runtest.rs:83:9
[INFO] [stdout]   18:     0x55c5388b37a5 - compiletest_rs::make_test_closure::{{closure}}::hbc5d8552549c2839
[INFO] [stdout]                                at /opt/rustwide/cargo-home/registry/src/github.com-1ecc6299db9ec823/compiletest_rs-0.5.0/src/lib.rs:296:9
[INFO] [stdout]   19:     0x55c53888f27e - core::ops::function::FnOnce::call_once{{vtable.shim}}::h0efb684dc0b96800
[INFO] [stdout]                                at /rustc/a178d0322ce20e33eac124758e837cbd80a6f633/library/core/src/ops/function.rs:227:5
[INFO] [stdout]   20:     0x55c538bd59cd - <alloc::boxed::Box<F,A> as core::ops::function::FnOnce<Args>>::call_once::h4b6e8b1ce3154aa0
[INFO] [stdout]                                at /rustc/a178d0322ce20e33eac124758e837cbd80a6f633/library/alloc/src/boxed.rs:1575:9
[INFO] [stdout]   21:     0x55c538b87e94 - tester::__rust_begin_short_backtrace::h5a5022f7a630a747
[INFO] [stdout]                                at /opt/rustwide/cargo-home/registry/src/github.com-1ecc6299db9ec823/tester-0.7.0/src/lib.rs:543:5
[INFO] [stdout]   22:     0x55c538b87693 - tester::run_test::{{closure}}::h12959f445839f6d3
[INFO] [stdout]                                at /opt/rustwide/cargo-home/registry/src/github.com-1ecc6299db9ec823/tester-0.7.0/src/lib.rs:527:34
[INFO] [stdout]   23:     0x55c538ba6118 - core::ops::function::FnOnce::call_once{{vtable.shim}}::h975269b5c2788879
[INFO] [stdout]                                at /rustc/a178d0322ce20e33eac124758e837cbd80a6f633/library/core/src/ops/function.rs:227:5
[INFO] [stdout]   24:     0x55c538bd59cd - <alloc::boxed::Box<F,A> as core::ops::function::FnOnce<Args>>::call_once::h4b6e8b1ce3154aa0
[INFO] [stdout]                                at /rustc/a178d0322ce20e33eac124758e837cbd80a6f633/library/alloc/src/boxed.rs:1575:9
[INFO] [stdout]   25:     0x55c538b760e4 - <std::panic::AssertUnwindSafe<F> as core::ops::function::FnOnce<()>>::call_once::h50ee53c36d3e905e
[INFO] [stdout]                                at /rustc/a178d0322ce20e33eac124758e837cbd80a6f633/library/std/src/panic.rs:347:9
[INFO] [stdout]   26:     0x55c538b8acad - std::panicking::try::do_call::hbc77d26fb810ceb1
[INFO] [stdout]                                at /rustc/a178d0322ce20e33eac124758e837cbd80a6f633/library/std/src/panicking.rs:401:40
[INFO] [stdout]   27:     0x55c538b8e1ed - __rust_try
[INFO] [stdout]   28:     0x55c538b8a72d - std::panicking::try::h3df89170b7397131
[INFO] [stdout]                                at /rustc/a178d0322ce20e33eac124758e837cbd80a6f633/library/std/src/panicking.rs:365:19
[INFO] [stdout]   29:     0x55c538b775b4 - std::panic::catch_unwind::h4f370a595b05e81a
[INFO] [stdout]                                at /rustc/a178d0322ce20e33eac124758e837cbd80a6f633/library/std/src/panic.rs:434:14
[INFO] [stdout]   30:     0x55c538b880ec - tester::run_test_in_process::h3539ce9d940a1f12
[INFO] [stdout]                                at /opt/rustwide/cargo-home/registry/src/github.com-1ecc6299db9ec823/tester-0.7.0/src/lib.rs:578:18
[INFO] [stdout]   31:     0x55c538b87dd5 - tester::run_test::run_test_inner::{{closure}}::hb4cd11f74f8a4b89
[INFO] [stdout]                                at /opt/rustwide/cargo-home/registry/src/github.com-1ecc6299db9ec823/tester-0.7.0/src/lib.rs:474:21
[INFO] [stdout]   32:     0x55c538ba22b3 - std::sys_common::backtrace::__rust_begin_short_backtrace::hc3581968267483c8
[INFO] [stdout]                                at /rustc/a178d0322ce20e33eac124758e837cbd80a6f633/library/std/src/sys_common/backtrace.rs:125:18
[INFO] [stdout]   33:     0x55c538bb8510 - std::thread::Builder::spawn_unchecked::{{closure}}::{{closure}}::hde570c7864d09cb1
[INFO] [stdout]                                at /rustc/a178d0322ce20e33eac124758e837cbd80a6f633/library/std/src/thread/mod.rs:481:17
[INFO] [stdout]   34:     0x55c538b76114 - <std::panic::AssertUnwindSafe<F> as core::ops::function::FnOnce<()>>::call_once::ha98d56003a0ec678
[INFO] [stdout]                                at /rustc/a178d0322ce20e33eac124758e837cbd80a6f633/library/std/src/panic.rs:347:9
[INFO] [stdout]   35:     0x55c538b8ac62 - std::panicking::try::do_call::h391d7ed668109382
[INFO] [stdout]                                at /rustc/a178d0322ce20e33eac124758e837cbd80a6f633/library/std/src/panicking.rs:401:40
[INFO] [stdout]   36:     0x55c538b8e1ed - __rust_try
[INFO] [stdout]   37:     0x55c538b8a987 - std::panicking::try::hcb01b43b5e81fe56
[INFO] [stdout]                                at /rustc/a178d0322ce20e33eac124758e837cbd80a6f633/library/std/src/panicking.rs:365:19
[INFO] [stdout]   38:     0x55c538b77584 - std::panic::catch_unwind::h1a65ab4f8a23a3f9
[INFO] [stdout]                                at /rustc/a178d0322ce20e33eac124758e837cbd80a6f633/library/std/src/panic.rs:434:14
[INFO] [stdout]   39:     0x55c538bb831e - std::thread::Builder::spawn_unchecked::{{closure}}::hffb2042a8d719367
[INFO] [stdout]                                at /rustc/a178d0322ce20e33eac124758e837cbd80a6f633/library/std/src/thread/mod.rs:480:30
[INFO] [stdout]   40:     0x55c538ba60cf - core::ops::function::FnOnce::call_once{{vtable.shim}}::h8364d71a86491b7d
[INFO] [stdout]                                at /rustc/a178d0322ce20e33eac124758e837cbd80a6f633/library/core/src/ops/function.rs:227:5
[INFO] [stdout]   41:     0x55c538c54ad7 - <alloc::boxed::Box<F,A> as core::ops::function::FnOnce<Args>>::call_once::h7ece6cfefaff1005
[INFO] [stdout]                                at /rustc/a178d0322ce20e33eac124758e837cbd80a6f633/library/alloc/src/boxed.rs:1575:9
[INFO] [stdout]   42:     0x55c538c54ad7 - <alloc::boxed::Box<F,A> as core::ops::function::FnOnce<Args>>::call_once::hb8b48e55c21f193e
[INFO] [stdout]                                at /rustc/a178d0322ce20e33eac124758e837cbd80a6f633/library/alloc/src/boxed.rs:1575:9
[INFO] [stdout]   43:     0x55c538c54ad7 - std::sys::unix::thread::Thread::new::thread_start::h8c7c4450dba62914
[INFO] [stdout]                                at /rustc/a178d0322ce20e33eac124758e837cbd80a6f633/library/std/src/sys/unix/thread.rs:71:17
[INFO] [stdout]   44:     0x7f4697de4609 - start_thread
[INFO] [stdout]   45:     0x7f4697bb6293 - clone
[INFO] [stdout]   46:                0x0 - <unknown>
[INFO] [stdout] 
[INFO] [stdout] error: tests/compile-fail/derive-union-with-non-view-generic.rs:8: unexpected error: '8:5: 8:8: the trait bound `T: View` is not satisfied [E0277]'
[INFO] [stdout] 
[INFO] [stdout] error: tests/compile-fail/derive-union-with-non-view-generic.rs:8: expected error not found: the trait bound `T: structview::View` is not satisfied
[INFO] [stdout] 
[INFO] [stdout] error: 1 unexpected errors found, 1 expected errors not found
[INFO] [stdout] status: exit status: 1
[INFO] [stdout] command: "rustc" "tests/compile-fail/derive-union-with-non-view-generic.rs" "-L" "/tmp" "--target=x86_64-unknown-linux-gnu" "--error-format" "json" "-C" "prefer-dynamic" "-o" "/tmp/derive-union-with-non-view-generic.stage-id" "-A" "unused" "-L" "/opt/rustwide/target/debug/deps" "-L" "/opt/rustwide/target/debug" "-L" "/opt/rustwide/rustup-home/toolchains/1.54.0-x86_64-unknown-linux-gnu/lib/rustlib/x86_64-unknown-linux-gnu/lib" "-L" "/opt/rustwide/rustup-home/toolchains/1.54.0-x86_64-unknown-linux-gnu/lib" "-L" "/tmp/derive-union-with-non-view-generic.stage-id.aux"
[INFO] [stdout] unexpected errors (from JSON output): [
[INFO] [stdout]     Error {
[INFO] [stdout]         line_num: 8,
[INFO] [stdout]         kind: Some(
[INFO] [stdout]             Error,
[INFO] [stdout]         ),
[INFO] [stdout]         msg: "8:5: 8:8: the trait bound `T: View` is not satisfied [E0277]",
[INFO] [stdout]     },
[INFO] [stdout] ]
[INFO] [stdout] 
[INFO] [stdout] not found errors (from test file): [
[INFO] [stdout]     Error {
[INFO] [stdout]         line_num: 8,
[INFO] [stdout]         kind: Some(
[INFO] [stdout]             Error,
[INFO] [stdout]         ),
[INFO] [stdout]         msg: "the trait bound `T: structview::View` is not satisfied",
[INFO] [stdout]     },
[INFO] [stdout] ]
[INFO] [stdout] 
[INFO] [stdout] thread '[compile-fail] compile-fail/derive-union-with-non-view-generic.rs' panicked at 'explicit panic', /opt/rustwide/cargo-home/registry/src/github.com-1ecc6299db9ec823/compiletest_rs-0.5.0/src/runtest.rs:1091:13
[INFO] [stdout] stack backtrace:
[INFO] [stdout]    0:     0x55c538c4b820 - std::backtrace_rs::backtrace::libunwind::trace::h34055254b57d8e79
[INFO] [stdout]                                at /rustc/a178d0322ce20e33eac124758e837cbd80a6f633/library/std/src/../../backtrace/src/backtrace/libunwind.rs:90:5
[INFO] [stdout]    1:     0x55c538c4b820 - std::backtrace_rs::backtrace::trace_unsynchronized::h8f1e3fbd9afff6ec
[INFO] [stdout]                                at /rustc/a178d0322ce20e33eac124758e837cbd80a6f633/library/std/src/../../backtrace/src/backtrace/mod.rs:66:5
[INFO] [stdout]    2:     0x55c538c4b820 - std::sys_common::backtrace::_print_fmt::h3a99a796b770c360
[INFO] [stdout]                                at /rustc/a178d0322ce20e33eac124758e837cbd80a6f633/library/std/src/sys_common/backtrace.rs:67:5
[INFO] [stdout]    3:     0x55c538c4b820 - <std::sys_common::backtrace::_print::DisplayBacktrace as core::fmt::Display>::fmt::h32d1f94a80615d18
[INFO] [stdout]                                at /rustc/a178d0322ce20e33eac124758e837cbd80a6f633/library/std/src/sys_common/backtrace.rs:46:22
[INFO] [stdout]    4:     0x55c538c7098c - core::fmt::write::h306731c068f7162c
[INFO] [stdout]                                at /rustc/a178d0322ce20e33eac124758e837cbd80a6f633/library/core/src/fmt/mod.rs:1110:17
[INFO] [stdout]    5:     0x55c538c479a5 - std::io::Write::write_fmt::h87f19b0a2cd190bc
[INFO] [stdout]                                at /rustc/a178d0322ce20e33eac124758e837cbd80a6f633/library/std/src/io/mod.rs:1588:15
[INFO] [stdout]    6:     0x55c538c4e52b - std::sys_common::backtrace::_print::h5abaa2601a852287
[INFO] [stdout]                                at /rustc/a178d0322ce20e33eac124758e837cbd80a6f633/library/std/src/sys_common/backtrace.rs:49:5
[INFO] [stdout]    7:     0x55c538c4e52b - std::sys_common::backtrace::print::h8d81445442bb638f
[INFO] [stdout]                                at /rustc/a178d0322ce20e33eac124758e837cbd80a6f633/library/std/src/sys_common/backtrace.rs:36:9
[INFO] [stdout]    8:     0x55c538c4e52b - std::panicking::default_hook::{{closure}}::hcfe804496a9fa747
[INFO] [stdout]                                at /rustc/a178d0322ce20e33eac124758e837cbd80a6f633/library/std/src/panicking.rs:208:50
[INFO] [stdout]    9:     0x55c538c4e03c - std::panicking::default_hook::hbea8e3ccf2ba8901
[INFO] [stdout]                                at /rustc/a178d0322ce20e33eac124758e837cbd80a6f633/library/std/src/panicking.rs:222:9
[INFO] [stdout]   10:     0x55c538c4ebf4 - std::panicking::rust_panic_with_hook::h7ee9e1a2d0f8975a
[INFO] [stdout]                                at /rustc/a178d0322ce20e33eac124758e837cbd80a6f633/library/std/src/panicking.rs:622:17
[INFO] [stdout]   11:     0x55c538c260d3 - std::panicking::begin_panic::{{closure}}::haa2259a5d090943e
[INFO] [stdout]                                at /rustc/a178d0322ce20e33eac124758e837cbd80a6f633/library/std/src/panicking.rs:542:9
[INFO] [stdout]   12:     0x55c538c29e69 - std::sys_common::backtrace::__rust_end_short_backtrace::hab24bff5d543af40
[INFO] [stdout]                                at /rustc/a178d0322ce20e33eac124758e837cbd80a6f633/library/std/src/sys_common/backtrace.rs:141:18
[INFO] [stdout]   13:     0x55c538c26009 - std::panicking::begin_panic::hb0ad47222346dbe6
[INFO] [stdout]                                at /rustc/a178d0322ce20e33eac124758e837cbd80a6f633/library/std/src/panicking.rs:541:12
[INFO] [stdout]   14:     0x55c5388cd4e9 - compiletest_rs::runtest::TestCx::check_expected_errors::hfdb8893a97d66c04
[INFO] [stdout]                                at /opt/rustwide/cargo-home/registry/src/github.com-1ecc6299db9ec823/compiletest_rs-0.5.0/src/runtest.rs:1091:13
[INFO] [stdout]   15:     0x55c5388beff1 - compiletest_rs::runtest::TestCx::run_cfail_test::h65283be95f0a25db
[INFO] [stdout]                                at /opt/rustwide/cargo-home/registry/src/github.com-1ecc6299db9ec823/compiletest_rs-0.5.0/src/runtest.rs:178:13
[INFO] [stdout]   16:     0x55c5388beb6e - compiletest_rs::runtest::TestCx::run_revision::h6d80d2c8a74434a1
[INFO] [stdout]                                at /opt/rustwide/cargo-home/registry/src/github.com-1ecc6299db9ec823/compiletest_rs-0.5.0/src/runtest.rs:131:26
[INFO] [stdout]   17:     0x55c5388be7f3 - compiletest_rs::runtest::run::h7b6a427330d0ed1f
[INFO] [stdout]                                at /opt/rustwide/cargo-home/registry/src/github.com-1ecc6299db9ec823/compiletest_rs-0.5.0/src/runtest.rs:83:9
[INFO] [stdout]   18:     0x55c5388b37a5 - compiletest_rs::make_test_closure::{{closure}}::hbc5d8552549c2839
[INFO] [stdout]                                at /opt/rustwide/cargo-home/registry/src/github.com-1ecc6299db9ec823/compiletest_rs-0.5.0/src/lib.rs:296:9
[INFO] [stdout]   19:     0x55c53888f27e - core::ops::function::FnOnce::call_once{{vtable.shim}}::h0efb684dc0b96800
[INFO] [stdout]                                at /rustc/a178d0322ce20e33eac124758e837cbd80a6f633/library/core/src/ops/function.rs:227:5
[INFO] [stdout]   20:     0x55c538bd59cd - <alloc::boxed::Box<F,A> as core::ops::function::FnOnce<Args>>::call_once::h4b6e8b1ce3154aa0
[INFO] [stdout]                                at /rustc/a178d0322ce20e33eac124758e837cbd80a6f633/library/alloc/src/boxed.rs:1575:9
[INFO] [stdout]   21:     0x55c538b87e94 - tester::__rust_begin_short_backtrace::h5a5022f7a630a747
[INFO] [stdout]                                at /opt/rustwide/cargo-home/registry/src/github.com-1ecc6299db9ec823/tester-0.7.0/src/lib.rs:543:5
[INFO] [stdout]   22:     0x55c538b87693 - tester::run_test::{{closure}}::h12959f445839f6d3
[INFO] [stdout]                                at /opt/rustwide/cargo-home/registry/src/github.com-1ecc6299db9ec823/tester-0.7.0/src/lib.rs:527:34
[INFO] [stdout]   23:     0x55c538ba6118 - core::ops::function::FnOnce::call_once{{vtable.shim}}::h975269b5c2788879
[INFO] [stdout]                                at /rustc/a178d0322ce20e33eac124758e837cbd80a6f633/library/core/src/ops/function.rs:227:5
[INFO] [stdout]   24:     0x55c538bd59cd - <alloc::boxed::Box<F,A> as core::ops::function::FnOnce<Args>>::call_once::h4b6e8b1ce3154aa0
[INFO] [stdout]                                at /rustc/a178d0322ce20e33eac124758e837cbd80a6f633/library/alloc/src/boxed.rs:1575:9
[INFO] [stdout]   25:     0x55c538b760e4 - <std::panic::AssertUnwindSafe<F> as core::ops::function::FnOnce<()>>::call_once::h50ee53c36d3e905e
[INFO] [stdout]                                at /rustc/a178d0322ce20e33eac124758e837cbd80a6f633/library/std/src/panic.rs:347:9
[INFO] [stdout]   26:     0x55c538b8acad - std::panicking::try::do_call::hbc77d26fb810ceb1
[INFO] [stdout]                                at /rustc/a178d0322ce20e33eac124758e837cbd80a6f633/library/std/src/panicking.rs:401:40
[INFO] [stdout]   27:     0x55c538b8e1ed - __rust_try
[INFO] [stdout]   28:     0x55c538b8a72d - std::panicking::try::h3df89170b7397131
[INFO] [stdout]                                at /rustc/a178d0322ce20e33eac124758e837cbd80a6f633/library/std/src/panicking.rs:365:19
[INFO] [stdout]   29:     0x55c538b775b4 - std::panic::catch_unwind::h4f370a595b05e81a
[INFO] [stdout]                                at /rustc/a178d0322ce20e33eac124758e837cbd80a6f633/library/std/src/panic.rs:434:14
[INFO] [stdout]   30:     0x55c538b880ec - tester::run_test_in_process::h3539ce9d940a1f12
[INFO] [stdout]                                at /opt/rustwide/cargo-home/registry/src/github.com-1ecc6299db9ec823/tester-0.7.0/src/lib.rs:578:18
[INFO] [stdout]   31:     0x55c538b87dd5 - tester::run_test::run_test_inner::{{closure}}::hb4cd11f74f8a4b89
[INFO] [stdout]                                at /opt/rustwide/cargo-home/registry/src/github.com-1ecc6299db9ec823/tester-0.7.0/src/lib.rs:474:21
[INFO] [stdout]   32:     0x55c538ba22b3 - std::sys_common::backtrace::__rust_begin_short_backtrace::hc3581968267483c8
[INFO] [stdout]                                at /rustc/a178d0322ce20e33eac124758e837cbd80a6f633/library/std/src/sys_common/backtrace.rs:125:18
[INFO] [stdout]   33:     0x55c538bb8510 - std::thread::Builder::spawn_unchecked::{{closure}}::{{closure}}::hde570c7864d09cb1
[INFO] [stdout]                                at /rustc/a178d0322ce20e33eac124758e837cbd80a6f633/library/std/src/thread/mod.rs:481:17
[INFO] [stdout]   34:     0x55c538b76114 - <std::panic::AssertUnwindSafe<F> as core::ops::function::FnOnce<()>>::call_once::ha98d56003a0ec678
[INFO] [stdout]                                at /rustc/a178d0322ce20e33eac124758e837cbd80a6f633/library/std/src/panic.rs:347:9
[INFO] [stdout]   35:     0x55c538b8ac62 - std::panicking::try::do_call::h391d7ed668109382
[INFO] [stdout]                                at /rustc/a178d0322ce20e33eac124758e837cbd80a6f633/library/std/src/panicking.rs:401:40
[INFO] [stdout]   36:     0x55c538b8e1ed - __rust_try
[INFO] [stdout]   37:     0x55c538b8a987 - std::panicking::try::hcb01b43b5e81fe56
[INFO] [stdout]                                at /rustc/a178d0322ce20e33eac124758e837cbd80a6f633/library/std/src/panicking.rs:365:19
[INFO] [stdout]   38:     0x55c538b77584 - std::panic::catch_unwind::h1a65ab4f8a23a3f9
[INFO] [stdout]                                at /rustc/a178d0322ce20e33eac124758e837cbd80a6f633/library/std/src/panic.rs:434:14
[INFO] [stdout]   39:     0x55c538bb831e - std::thread::Builder::spawn_unchecked::{{closure}}::hffb2042a8d719367
[INFO] [stdout]                                at /rustc/a178d0322ce20e33eac124758e837cbd80a6f633/library/std/src/thread/mod.rs:480:30
[INFO] [stdout]   40:     0x55c538ba60cf - core::ops::function::FnOnce::call_once{{vtable.shim}}::h8364d71a86491b7d
[INFO] [stdout]                                at /rustc/a178d0322ce20e33eac124758e837cbd80a6f633/library/core/src/ops/function.rs:227:5
[INFO] [stdout]   41:     0x55c538c54ad7 - <alloc::boxed::Box<F,A> as core::ops::function::FnOnce<Args>>::call_once::h7ece6cfefaff1005
[INFO] [stdout]                                at /rustc/a178d0322ce20e33eac124758e837cbd80a6f633/library/alloc/src/boxed.rs:1575:9
[INFO] [stdout]   42:     0x55c538c54ad7 - <alloc::boxed::Box<F,A> as core::ops::function::FnOnce<Args>>::call_once::hb8b48e55c21f193e
[INFO] [stdout]                                at /rustc/a178d0322ce20e33eac124758e837cbd80a6f633/library/alloc/src/boxed.rs:1575:9
[INFO] [stdout]   43:     0x55c538c54ad7 - std::sys::unix::thread::Thread::new::thread_start::h8c7c4450dba62914
[INFO] [stdout]                                at /rustc/a178d0322ce20e33eac124758e837cbd80a6f633/library/std/src/sys/unix/thread.rs:71:17
[INFO] [stdout]   44:     0x7f4697de4609 - start_thread
[INFO] [stdout]   45:     0x7f4697bb6293 - clone
[INFO] [stdout]   46:                0x0 - <unknown>
[INFO] [stdout] 
[INFO] [stdout] error: tests/compile-fail/derive-union-with-non-view-field.rs:9: unexpected error: '9:5: 9:8: the trait bound `u16: View` is not satisfied [E0277]'
[INFO] [stdout] 
[INFO] [stdout] error: tests/compile-fail/derive-struct-with-non-view-generic.rs:8: unexpected error: '8:5: 8:8: the trait bound `T: View` is not satisfied [E0277]'
[INFO] [stdout] 
[INFO] [stdout] error: tests/compile-fail/derive-union-with-non-view-field.rs:9: expected error not found: the trait bound `u16: structview::View` is not satisfied
[INFO] [stdout] 
[INFO] [stdout] error: 1 unexpected errors found, 1 expected errors not found
[INFO] [stdout] status: exit status: 1
[INFO] [stdout] command: "rustc" "tests/compile-fail/derive-union-with-non-view-field.rs" "-L" "/tmp" "--target=x86_64-unknown-linux-gnu" "--error-format" "json" "-C" "prefer-dynamic" "-o" "/tmp/derive-union-with-non-view-field.stage-id" "-A" "unused" "-L" "/opt/rustwide/target/debug/deps" "-L" "/opt/rustwide/target/debug" "-L" "/opt/rustwide/rustup-home/toolchains/1.54.0-x86_64-unknown-linux-gnu/lib/rustlib/x86_64-unknown-linux-gnu/lib" "-L" "/opt/rustwide/rustup-home/toolchains/1.54.0-x86_64-unknown-linux-gnu/lib" "-L" "/tmp/derive-union-with-non-view-field.stage-id.aux"
[INFO] [stdout] unexpected errors (from JSON output): [
[INFO] [stdout]     Error {
[INFO] [stdout]         line_num: 9,
[INFO] [stdout]         kind: Some(
[INFO] [stdout]             Error,
[INFO] [stdout]         ),
[INFO] [stdout]         msg: "9:5: 9:8: the trait bound `u16: View` is not satisfied [E0277]",
[INFO] [stdout]     },
[INFO] [stdout] ]
[INFO] [stdout] 
[INFO] [stdout] not found errors (from test file): [
[INFO] [stdout]     Error {
[INFO] [stdout]         line_num: 9,
[INFO] [stdout]         kind: Some(
[INFO] [stdout]             Error,
[INFO] [stdout]         ),
[INFO] [stdout]         msg: "the trait bound `u16: structview::View` is not satisfied",
[INFO] [stdout]     },
[INFO] [stdout] ]
[INFO] [stdout] 
[INFO] [stdout] thread '[compile-fail] compile-fail/derive-union-with-non-view-field.rs' panicked at 'explicit panic', /opt/rustwide/cargo-home/registry/src/github.com-1ecc6299db9ec823/compiletest_rs-0.5.0/src/runtest.rs:1091:13
[INFO] [stdout] stack backtrace:
[INFO] [stdout]    0:     0x55c538c4b820 - std::backtrace_rs::backtrace::libunwind::trace::h34055254b57d8e79
[INFO] [stdout]                                at /rustc/a178d0322ce20e33eac124758e837cbd80a6f633/library/std/src/../../backtrace/src/backtrace/libunwind.rs:90:5
[INFO] [stdout]    1:     0x55c538c4b820 - std::backtrace_rs::backtrace::trace_unsynchronized::h8f1e3fbd9afff6ec
[INFO] [stdout]                                at /rustc/a178d0322ce20e33eac124758e837cbd80a6f633/library/std/src/../../backtrace/src/backtrace/mod.rs:66:5
[INFO] [stdout]    2:     0x55c538c4b820 - std::sys_common::backtrace::_print_fmt::h3a99a796b770c360
[INFO] [stdout]                                at /rustc/a178d0322ce20e33eac124758e837cbd80a6f633/library/std/src/sys_common/backtrace.rs:67:5
[INFO] [stdout]    3:     0x55c538c4b820 - <std::sys_common::backtrace::_print::DisplayBacktrace as core::fmt::Display>::fmt::h32d1f94a80615d18
[INFO] [stdout]                                at /rustc/a178d0322ce20e33eac124758e837cbd80a6f633/library/std/src/sys_common/backtrace.rs:46:22
[INFO] [stdout]    4:     0x55c538c7098c - core::fmt::write::h306731c068f7162c
[INFO] [stdout]                                at /rustc/a178d0322ce20e33eac124758e837cbd80a6f633/library/core/src/fmt/mod.rs:1110:17
[INFO] [stdout]    5:     0x55c538c479a5 - std::io::Write::write_fmt::h87f19b0a2cd190bc
[INFO] [stdout]                                at /rustc/a178d0322ce20e33eac124758e837cbd80a6f633/library/std/src/io/mod.rs:1588:15
[INFO] [stdout]    6:     0x55c538c4e52b - std::sys_common::backtrace::_print::h5abaa2601a852287
[INFO] [stdout]                                at /rustc/a178d0322ce20e33eac124758e837cbd80a6f633/library/std/src/sys_common/backtrace.rs:49:5
[INFO] [stdout]    7:     0x55c538c4e52b - std::sys_common::backtrace::print::h8d81445442bb638f
[INFO] [stdout]                                at /rustc/a178d0322ce20e33eac124758e837cbd80a6f633/library/std/src/sys_common/backtrace.rs:36:9
[INFO] [stdout]    8:     0x55c538c4e52b - std::panicking::default_hook::{{closure}}::hcfe804496a9fa747
[INFO] [stdout]                                at /rustc/a178d0322ce20e33eac124758e837cbd80a6f633/library/std/src/panicking.rs:208:50
[INFO] [stdout]    9:     0x55c538c4e03c - std::panicking::default_hook::hbea8e3ccf2ba8901
[INFO] [stdout]                                at /rustc/a178d0322ce20e33eac124758e837cbd80a6f633/library/std/src/panicking.rs:222:9
[INFO] [stdout]   10:     0x55c538c4ebf4 - std::panicking::rust_panic_with_hook::h7ee9e1a2d0f8975a
[INFO] [stdout]                                at /rustc/a178d0322ce20e33eac124758e837cbd80a6f633/library/std/src/panicking.rs:622:17
[INFO] [stdout]   11:     0x55c538c260d3 - std::panicking::begin_panic::{{closure}}::haa2259a5d090943e
[INFO] [stdout]                                at /rustc/a178d0322ce20e33eac124758e837cbd80a6f633/library/std/src/panicking.rs:542:9
[INFO] [stdout]   12:     0x55c538c29e69 - std::sys_common::backtrace::__rust_end_short_backtrace::hab24bff5d543af40
[INFO] [stdout]                                at /rustc/a178d0322ce20e33eac124758e837cbd80a6f633/library/std/src/sys_common/backtrace.rs:141:18
[INFO] [stdout]   13:     0x55c538c26009 - std::panicking::begin_panic::hb0ad47222346dbe6
[INFO] [stdout]                                at /rustc/a178d0322ce20e33eac124758e837cbd80a6f633/library/std/src/panicking.rs:541:12
[INFO] [stdout]   14:     0x55c5388cd4e9 - compiletest_rs::runtest::TestCx::check_expected_errors::hfdb8893a97d66c04
[INFO] [stdout]                                at /opt/rustwide/cargo-home/registry/src/github.com-1ecc6299db9ec823/compiletest_rs-0.5.0/src/runtest.rs:1091:13
[INFO] [stdout]   15:     0x55c5388beff1 - compiletest_rs::runtest::TestCx::run_cfail_test::h65283be95f0a25db
[INFO] [stdout]                                at /opt/rustwide/cargo-home/registry/src/github.com-1ecc6299db9ec823/compiletest_rs-0.5.0/src/runtest.rs:178:13
[INFO] [stdout]   16:     0x55c5388beb6e - compiletest_rs::runtest::TestCx::run_revision::h6d80d2c8a74434a1
[INFO] [stdout]                                at /opt/rustwide/cargo-home/registry/src/github.com-1ecc6299db9ec823/compiletest_rs-0.5.0/src/runtest.rs:131:26
[INFO] [stdout]   17:     0x55c5388be7f3 - compiletest_rs::runtest::run::h7b6a427330d0ed1f
[INFO] [stdout]                                at /opt/rustwide/cargo-home/registry/src/github.com-1ecc6299db9ec823/compiletest_rs-0.5.0/src/runtest.rs:83:9
[INFO] [stdout]   18:     0x55c5388b37a5 - compiletest_rs::make_test_closure::{{closure}}::hbc5d8552549c2839
[INFO] [stdout]                                at /opt/rustwide/cargo-home/registry/src/github.com-1ecc6299db9ec823/compiletest_rs-0.5.0/src/lib.rs:296:9
[INFO] [stdout]   19:     0x55c53888f27e - core::ops::function::FnOnce::call_once{{vtable.shim}}::h0efb684dc0b96800
[INFO] [stdout]                                at /rustc/a178d0322ce20e33eac124758e837cbd80a6f633/library/core/src/ops/function.rs:227:5
[INFO] [stdout]   20:     0x55c538bd59cd - <alloc::boxed::Box<F,A> as core::ops::function::FnOnce<Args>>::call_once::h4b6e8b1ce3154aa0
[INFO] [stdout]                                at /rustc/a178d0322ce20e33eac124758e837cbd80a6f633/library/alloc/src/boxed.rs:1575:9
[INFO] [stdout]   21:     0x55c538b87e94 - tester::__rust_begin_short_backtrace::h5a5022f7a630a747
[INFO] [stdout]                                at /opt/rustwide/cargo-home/registry/src/github.com-1ecc6299db9ec823/tester-0.7.0/src/lib.rs:543:5
[INFO] [stdout]   22:     0x55c538b87693 - tester::run_test::{{closure}}::h12959f445839f6d3
[INFO] [stdout]                                at /opt/rustwide/cargo-home/registry/src/github.com-1ecc6299db9ec823/tester-0.7.0/src/lib.rs:527:34
[INFO] [stdout]   23:     0x55c538ba6118 - core::ops::function::FnOnce::call_once{{vtable.shim}}::h975269b5c2788879
[INFO] [stdout]                                at /rustc/a178d0322ce20e33eac124758e837cbd80a6f633/library/core/src/ops/function.rs:227:5
[INFO] [stdout]   24:     0x55c538bd59cd - <alloc::boxed::Box<F,A> as core::ops::function::FnOnce<Args>>::call_once::h4b6e8b1ce3154aa0
[INFO] [stdout]                                at /rustc/a178d0322ce20e33eac124758e837cbd80a6f633/library/alloc/src/boxed.rs:1575:9
[INFO] [stdout]   25:     0x55c538b760e4 - <std::panic::AssertUnwindSafe<F> as core::ops::function::FnOnce<()>>::call_once::h50ee53c36d3e905e
[INFO] [stdout]                                at /rustc/a178d0322ce20e33eac124758e837cbd80a6f633/library/std/src/panic.rs:347:9
[INFO] [stdout]   26:     0x55c538b8acad - std::panicking::try::do_call::hbc77d26fb810ceb1
[INFO] [stdout]                                at /rustc/a178d0322ce20e33eac124758e837cbd80a6f633/library/std/src/panicking.rs:401:40
[INFO] [stdout]   27:     0x55c538b8e1ed - __rust_try
[INFO] [stdout]   28:     0x55c538b8a72d - std::panicking::try::h3df89170b7397131
[INFO] [stdout]                                at /rustc/a178d0322ce20e33eac124758e837cbd80a6f633/library/std/src/panicking.rs:365:19
[INFO] [stdout]   29:     0x55c538b775b4 - std::panic::catch_unwind::h4f370a595b05e81a
[INFO] [stdout]                                at /rustc/a178d0322ce20e33eac124758e837cbd80a6f633/library/std/src/panic.rs:434:14
[INFO] [stdout]   30:     0x55c538b880ec - tester::run_test_in_process::h3539ce9d940a1f12
[INFO] [stdout]                                at /opt/rustwide/cargo-home/registry/src/github.com-1ecc6299db9ec823/tester-0.7.0/src/lib.rs:578:18
[INFO] [stdout]   31:     0x55c538b87dd5 - tester::run_test::run_test_inner::{{closure}}::hb4cd11f74f8a4b89
[INFO] [stdout]                                at /opt/rustwide/cargo-home/registry/src/github.com-1ecc6299db9ec823/tester-0.7.0/src/lib.rs:474:21
[INFO] [stdout]   32:     0x55c538ba22b3 - std::sys_common::backtrace::__rust_begin_short_backtrace::hc3581968267483c8
[INFO] [stdout]                                at /rustc/a178d0322ce20e33eac124758e837cbd80a6f633/library/std/src/sys_common/backtrace.rs:125:18
[INFO] [stdout]   33:     0x55c538bb8510 - std::thread::Builder::spawn_unchecked::{{closure}}::{{closure}}::hde570c7864d09cb1
[INFO] [stdout]                                at /rustc/a178d0322ce20e33eac124758e837cbd80a6f633/library/std/src/thread/mod.rs:481:17
[INFO] [stdout]   34:     0x55c538b76114 - <std::panic::AssertUnwindSafe<F> as core::ops::function::FnOnce<()>>::call_once::ha98d56003a0ec678
[INFO] [stdout]                                at /rustc/a178d0322ce20e33eac124758e837cbd80a6f633/library/std/src/panic.rs:347:9
[INFO] [stdout]   35:     0x55c538b8ac62 - std::panicking::try::do_call::h391d7ed668109382
[INFO] [stdout]                                at /rustc/a178d0322ce20e33eac124758e837cbd80a6f633/library/std/src/panicking.rs:401:40
[INFO] [stdout]   36:     0x55c538b8e1ed - __rust_try
[INFO] [stdout]   37:     0x55c538b8a987 - std::panicking::try::hcb01b43b5e81fe56
[INFO] [stdout]                                at /rustc/a178d0322ce20e33eac124758e837cbd80a6f633/library/std/src/panicking.rs:365:19
[INFO] [stdout]   38:     0x55c538b77584 - std::panic::catch_unwind::h1a65ab4f8a23a3f9
[INFO] [stdout]                                at /rustc/a178d0322ce20e33eac124758e837cbd80a6f633/library/std/src/panic.rs:434:14
[INFO] [stdout]   39:     0x55c538bb831e - std::thread::Builder::spawn_unchecked::{{closure}}::hffb2042a8d719367
[INFO] [stdout]                                at /rustc/a178d0322ce20e33eac124758e837cbd80a6f633/library/std/src/thread/mod.rs:480:30
[INFO] [stdout]   40:     0x55c538ba60cf - core::ops::function::FnOnce::call_once{{vtable.shim}}::h8364d71a86491b7d
[INFO] [stdout]                                at /rustc/a178d0322ce20e33eac124758e837cbd80a6f633/library/core/src/ops/function.rs:227:5
[INFO] [stdout]   41:     0x55c538c54ad7 - <alloc::boxed::Box<F,A> as core::ops::function::FnOnce<Args>>::call_once::h7ece6cfefaff1005
[INFO] [stdout]                                at /rustc/a178d0322ce20e33eac124758e837cbd80a6f633/library/alloc/src/boxed.rs:1575:9
[INFO] [stdout]   42:     0x55c538c54ad7 - <alloc::boxed::Box<F,A> as core::ops::function::FnOnce<Args>>::call_once::hb8b48e55c21f193e
[INFO] [stdout]                                at /rustc/a178d0322ce20e33eac124758e837cbd80a6f633/library/alloc/src/boxed.rs:1575:9
[INFO] [stdout]   43:     0x55c538c54ad7 - std::sys::unix::thread::Thread::new::thread_start::h8c7c4450dba62914
[INFO] [stdout]                                at /rustc/a178d0322ce20e33eac124758e837cbd80a6f633/library/std/src/sys/unix/thread.rs:71:17
[INFO] [stdout]   44:     0x7f4697de4609 - start_thread
[INFO] [stdout]   45:     0x7f4697bb6293 - clone
[INFO] [stdout]   46:                0x0 - <unknown>
[INFO] [stdout] 
[INFO] [stdout] error: tests/compile-fail/derive-struct-with-non-view-generic.rs:8: expected error not found: the trait bound `T: structview::View` is not satisfied
[INFO] [stdout] 
[INFO] [stdout] error: 1 unexpected errors found, 1 expected errors not found
[INFO] [stdout] status: exit status: 1
[INFO] [stdout] command: "rustc" "tests/compile-fail/derive-struct-with-non-view-generic.rs" "-L" "/tmp" "--target=x86_64-unknown-linux-gnu" "--error-format" "json" "-C" "prefer-dynamic" "-o" "/tmp/derive-struct-with-non-view-generic.stage-id" "-A" "unused" "-L" "/opt/rustwide/target/debug/deps" "-L" "/opt/rustwide/target/debug" "-L" "/opt/rustwide/rustup-home/toolchains/1.54.0-x86_64-unknown-linux-gnu/lib/rustlib/x86_64-unknown-linux-gnu/lib" "-L" "/opt/rustwide/rustup-home/toolchains/1.54.0-x86_64-unknown-linux-gnu/lib" "-L" "/tmp/derive-struct-with-non-view-generic.stage-id.aux"
[INFO] [stdout] unexpected errors (from JSON output): [
[INFO] [stdout]     Error {
[INFO] [stdout]         line_num: 8,
[INFO] [stdout]         kind: Some(
[INFO] [stdout]             Error,
[INFO] [stdout]         ),
[INFO] [stdout]         msg: "8:5: 8:8: the trait bound `T: View` is not satisfied [E0277]",
[INFO] [stdout]     },
[INFO] [stdout] ]
[INFO] [stdout] 
[INFO] [stdout] not found errors (from test file): [
[INFO] [stdout]     Error {
[INFO] [stdout]         line_num: 8,
[INFO] [stdout]         kind: Some(
[INFO] [stdout]             Error,
[INFO] [stdout]         ),
[INFO] [stdout]         msg: "the trait bound `T: structview::View` is not satisfied",
[INFO] [stdout]     },
[INFO] [stdout] ]
[INFO] [stdout] 
[INFO] [stdout] thread '[compile-fail] compile-fail/derive-struct-with-non-view-generic.rs' panicked at 'explicit panic', /opt/rustwide/cargo-home/registry/src/github.com-1ecc6299db9ec823/compiletest_rs-0.5.0/src/runtest.rs:1091:13
[INFO] [stdout] stack backtrace:
[INFO] [stdout]    0:     0x55c538c4b820 - std::backtrace_rs::backtrace::libunwind::trace::h34055254b57d8e79
[INFO] [stdout]                                at /rustc/a178d0322ce20e33eac124758e837cbd80a6f633/library/std/src/../../backtrace/src/backtrace/libunwind.rs:90:5
[INFO] [stdout]    1:     0x55c538c4b820 - std::backtrace_rs::backtrace::trace_unsynchronized::h8f1e3fbd9afff6ec
[INFO] [stdout]                                at /rustc/a178d0322ce20e33eac124758e837cbd80a6f633/library/std/src/../../backtrace/src/backtrace/mod.rs:66:5
[INFO] [stdout]    2:     0x55c538c4b820 - std::sys_common::backtrace::_print_fmt::h3a99a796b770c360
[INFO] [stdout]                                at /rustc/a178d0322ce20e33eac124758e837cbd80a6f633/library/std/src/sys_common/backtrace.rs:67:5
[INFO] [stdout]    3:     0x55c538c4b820 - <std::sys_common::backtrace::_print::DisplayBacktrace as core::fmt::Display>::fmt::h32d1f94a80615d18
[INFO] [stdout]                                at /rustc/a178d0322ce20e33eac124758e837cbd80a6f633/library/std/src/sys_common/backtrace.rs:46:22
[INFO] [stdout]    4:     0x55c538c7098c - core::fmt::write::h306731c068f7162c
[INFO] [stdout]                                at /rustc/a178d0322ce20e33eac124758e837cbd80a6f633/library/core/src/fmt/mod.rs:1110:17
[INFO] [stdout]    5:     0x55c538c479a5 - std::io::Write::write_fmt::h87f19b0a2cd190bc
[INFO] [stdout]                                at /rustc/a178d0322ce20e33eac124758e837cbd80a6f633/library/std/src/io/mod.rs:1588:15
[INFO] [stdout]    6:     0x55c538c4e52b - std::sys_common::backtrace::_print::h5abaa2601a852287
[INFO] [stdout]                                at /rustc/a178d0322ce20e33eac124758e837cbd80a6f633/library/std/src/sys_common/backtrace.rs:49:5
[INFO] [stdout]    7:     0x55c538c4e52b - std::sys_common::backtrace::print::h8d81445442bb638f
[INFO] [stdout]                                at /rustc/a178d0322ce20e33eac124758e837cbd80a6f633/library/std/src/sys_common/backtrace.rs:36:9
[INFO] [stdout]    8:     0x55c538c4e52b - std::panicking::default_hook::{{closure}}::hcfe804496a9fa747
[INFO] [stdout]                                at /rustc/a178d0322ce20e33eac124758e837cbd80a6f633/library/std/src/panicking.rs:208:50
[INFO] [stdout]    9:     0x55c538c4e03c - std::panicking::default_hook::hbea8e3ccf2ba8901
[INFO] [stdout]                                at /rustc/a178d0322ce20e33eac124758e837cbd80a6f633/library/std/src/panicking.rs:222:9
[INFO] [stdout]   10:     0x55c538c4ebf4 - std::panicking::rust_panic_with_hook::h7ee9e1a2d0f8975a
[INFO] [stdout]                                at /rustc/a178d0322ce20e33eac124758e837cbd80a6f633/library/std/src/panicking.rs:622:17
[INFO] [stdout]   11:     0x55c538c260d3 - std::panicking::begin_panic::{{closure}}::haa2259a5d090943e
[INFO] [stdout]                                at /rustc/a178d0322ce20e33eac124758e837cbd80a6f633/library/std/src/panicking.rs:542:9
[INFO] [stdout]   12:     0x55c538c29e69 - std::sys_common::backtrace::__rust_end_short_backtrace::hab24bff5d543af40
[INFO] [stdout]                                at /rustc/a178d0322ce20e33eac124758e837cbd80a6f633/library/std/src/sys_common/backtrace.rs:141:18
[INFO] [stdout]   13:     0x55c538c26009 - std::panicking::begin_panic::hb0ad47222346dbe6
[INFO] [stdout]                                at /rustc/a178d0322ce20e33eac124758e837cbd80a6f633/library/std/src/panicking.rs:541:12
[INFO] [stdout]   14:     0x55c5388cd4e9 - compiletest_rs::runtest::TestCx::check_expected_errors::hfdb8893a97d66c04
[INFO] [stdout]                                at /opt/rustwide/cargo-home/registry/src/github.com-1ecc6299db9ec823/compiletest_rs-0.5.0/src/runtest.rs:1091:13
[INFO] [stdout]   15:     0x55c5388beff1 - compiletest_rs::runtest::TestCx::run_cfail_test::h65283be95f0a25db
[INFO] [stdout]                                at /opt/rustwide/cargo-home/registry/src/github.com-1ecc6299db9ec823/compiletest_rs-0.5.0/src/runtest.rs:178:13
[INFO] [stdout]   16:     0x55c5388beb6e - compiletest_rs::runtest::TestCx::run_revision::h6d80d2c8a74434a1
[INFO] [stdout]                                at /opt/rustwide/cargo-home/registry/src/github.com-1ecc6299db9ec823/compiletest_rs-0.5.0/src/runtest.rs:131:26
[INFO] [stdout]   17:     0x55c5388be7f3 - compiletest_rs::runtest::run::h7b6a427330d0ed1f
[INFO] [stdout]                                at /opt/rustwide/cargo-home/registry/src/github.com-1ecc6299db9ec823/compiletest_rs-0.5.0/src/runtest.rs:83:9
[INFO] [stdout]   18:     0x55c5388b37a5 - compiletest_rs::make_test_closure::{{closure}}::hbc5d8552549c2839
[INFO] [stdout]                                at /opt/rustwide/cargo-home/registry/src/github.com-1ecc6299db9ec823/compiletest_rs-0.5.0/src/lib.rs:296:9
[INFO] [stdout]   19:     0x55c53888f27e - core::ops::function::FnOnce::call_once{{vtable.shim}}::h0efb684dc0b96800
[INFO] [stdout]                                at /rustc/a178d0322ce20e33eac124758e837cbd80a6f633/library/core/src/ops/function.rs:227:5
[INFO] [stdout]   20:     0x55c538bd59cd - <alloc::boxed::Box<F,A> as core::ops::function::FnOnce<Args>>::call_once::h4b6e8b1ce3154aa0
[INFO] [stdout]                                at /rustc/a178d0322ce20e33eac124758e837cbd80a6f633/library/alloc/src/boxed.rs:1575:9
[INFO] [stdout]   21:     0x55c538b87e94 - tester::__rust_begin_short_backtrace::h5a5022f7a630a747
[INFO] [stdout]                                at /opt/rustwide/cargo-home/registry/src/github.com-1ecc6299db9ec823/tester-0.7.0/src/lib.rs:543:5
[INFO] [stdout]   22:     0x55c538b87693 - tester::run_test::{{closure}}::h12959f445839f6d3
[INFO] [stdout]                                at /opt/rustwide/cargo-home/registry/src/github.com-1ecc6299db9ec823/tester-0.7.0/src/lib.rs:527:34
[INFO] [stdout]   23:     0x55c538ba6118 - core::ops::function::FnOnce::call_once{{vtable.shim}}::h975269b5c2788879
[INFO] [stdout]                                at /rustc/a178d0322ce20e33eac124758e837cbd80a6f633/library/core/src/ops/function.rs:227:5
[INFO] [stdout]   24:     0x55c538bd59cd - <alloc::boxed::Box<F,A> as core::ops::function::FnOnce<Args>>::call_once::h4b6e8b1ce3154aa0
[INFO] [stdout]                                at /rustc/a178d0322ce20e33eac124758e837cbd80a6f633/library/alloc/src/boxed.rs:1575:9
[INFO] [stdout]   25:     0x55c538b760e4 - <std::panic::AssertUnwindSafe<F> as core::ops::function::FnOnce<()>>::call_once::h50ee53c36d3e905e
[INFO] [stdout]                                at /rustc/a178d0322ce20e33eac124758e837cbd80a6f633/library/std/src/panic.rs:347:9
[INFO] [stdout]   26:     0x55c538b8acad - std::panicking::try::do_call::hbc77d26fb810ceb1
[INFO] [stdout]                                at /rustc/a178d0322ce20e33eac124758e837cbd80a6f633/library/std/src/panicking.rs:401:40
[INFO] [stdout]   27:     0x55c538b8e1ed - __rust_try
[INFO] [stdout]   28:     0x55c538b8a72d - std::panicking::try::h3df89170b7397131
[INFO] [stdout]                                at /rustc/a178d0322ce20e33eac124758e837cbd80a6f633/library/std/src/panicking.rs:365:19
[INFO] [stdout]   29:     0x55c538b775b4 - std::panic::catch_unwind::h4f370a595b05e81a
[INFO] [stdout]                                at /rustc/a178d0322ce20e33eac124758e837cbd80a6f633/library/std/src/panic.rs:434:14
[INFO] [stdout]   30:     0x55c538b880ec - tester::run_test_in_process::h3539ce9d940a1f12
[INFO] [stdout]                                at /opt/rustwide/cargo-home/registry/src/github.com-1ecc6299db9ec823/tester-0.7.0/src/lib.rs:578:18
[INFO] [stdout]   31:     0x55c538b87dd5 - tester::run_test::run_test_inner::{{closure}}::hb4cd11f74f8a4b89
[INFO] [stdout]                                at /opt/rustwide/cargo-home/registry/src/github.com-1ecc6299db9ec823/tester-0.7.0/src/lib.rs:474:21
[INFO] [stdout]   32:     0x55c538ba22b3 - std::sys_common::backtrace::__rust_begin_short_backtrace::hc3581968267483c8
[INFO] [stdout]                                at /rustc/a178d0322ce20e33eac124758e837cbd80a6f633/library/std/src/sys_common/backtrace.rs:125:18
[INFO] [stdout]   33:     0x55c538bb8510 - std::thread::Builder::spawn_unchecked::{{closure}}::{{closure}}::hde570c7864d09cb1
[INFO] [stdout]                                at /rustc/a178d0322ce20e33eac124758e837cbd80a6f633/library/std/src/thread/mod.rs:481:17
[INFO] [stdout]   34:     0x55c538b76114 - <std::panic::AssertUnwindSafe<F> as core::ops::function::FnOnce<()>>::call_once::ha98d56003a0ec678
[INFO] [stdout]                                at /rustc/a178d0322ce20e33eac124758e837cbd80a6f633/library/std/src/panic.rs:347:9
[INFO] [stdout]   35:     0x55c538b8ac62 - std::panicking::try::do_call::h391d7ed668109382
[INFO] [stdout]                                at /rustc/a178d0322ce20e33eac124758e837cbd80a6f633/library/std/src/panicking.rs:401:40
[INFO] [stdout]   36:     0x55c538b8e1ed - __rust_try
[INFO] [stdout]   37:     0x55c538b8a987 - std::panicking::try::hcb01b43b5e81fe56
[INFO] [stdout]                                at /rustc/a178d0322ce20e33eac124758e837cbd80a6f633/library/std/src/panicking.rs:365:19
[INFO] [stdout]   38:     0x55c538b77584 - std::panic::catch_unwind::h1a65ab4f8a23a3f9
[INFO] [stdout]                                at /rustc/a178d0322ce20e33eac124758e837cbd80a6f633/library/std/src/panic.rs:434:14
[INFO] [stdout]   39:     0x55c538bb831e - std::thread::Builder::spawn_unchecked::{{closure}}::hffb2042a8d719367
[INFO] [stdout]                                at /rustc/a178d0322ce20e33eac124758e837cbd80a6f633/library/std/src/thread/mod.rs:480:30
[INFO] [stdout]   40:     0x55c538ba60cf - core::ops::function::FnOnce::call_once{{vtable.shim}}::h8364d71a86491b7d
[INFO] [stdout]                                at /rustc/a178d0322ce20e33eac124758e837cbd80a6f633/library/core/src/ops/function.rs:227:5
[INFO] [stdout]   41:     0x55c538c54ad7 - <alloc::boxed::Box<F,A> as core::ops::function::FnOnce<Args>>::call_once::h7ece6cfefaff1005
[INFO] [stdout]                                at /rustc/a178d0322ce20e33eac124758e837cbd80a6f633/library/alloc/src/boxed.rs:1575:9
[INFO] [stdout]   42:     0x55c538c54ad7 - <alloc::boxed::Box<F,A> as core::ops::function::FnOnce<Args>>::call_once::hb8b48e55c21f193e
[INFO] [stdout]                                at /rustc/a178d0322ce20e33eac124758e837cbd80a6f633/library/alloc/src/boxed.rs:1575:9
[INFO] [stdout]   43:     0x55c538c54ad7 - std::sys::unix::thread::Thread::new::thread_start::h8c7c4450dba62914
[INFO] [stdout]                                at /rustc/a178d0322ce20e33eac124758e837cbd80a6f633/library/std/src/sys/unix/thread.rs:71:17
[INFO] [stdout]   44:     0x7f4697de4609 - start_thread
[INFO] [stdout]   45:     0x7f4697bb6293 - clone
[INFO] [stdout]   46:                0x0 - <unknown>
[INFO] [stdout] 
[INFO] [stdout] error: tests/compile-fail/derive-tuple-struct-with-non-view-field.rs:7: unexpected error: '7:22: 7:25: the trait bound `u16: View` is not satisfied [E0277]'
[INFO] [stdout] 
[INFO] [stdout] error: tests/compile-fail/derive-tuple-struct-with-non-view-field.rs:7: expected error not found: the trait bound `u16: structview::View` is not satisfied
[INFO] [stdout] 
[INFO] [stdout] error: 1 unexpected errors found, 1 expected errors not found
[INFO] [stdout] status: exit status: 1
[INFO] [stdout] command: "rustc" "tests/compile-fail/derive-tuple-struct-with-non-view-field.rs" "-L" "/tmp" "--target=x86_64-unknown-linux-gnu" "--error-format" "json" "-C" "prefer-dynamic" "-o" "/tmp/derive-tuple-struct-with-non-view-field.stage-id" "-A" "unused" "-L" "/opt/rustwide/target/debug/deps" "-L" "/opt/rustwide/target/debug" "-L" "/opt/rustwide/rustup-home/toolchains/1.54.0-x86_64-unknown-linux-gnu/lib/rustlib/x86_64-unknown-linux-gnu/lib" "-L" "/opt/rustwide/rustup-home/toolchains/1.54.0-x86_64-unknown-linux-gnu/lib" "-L" "/tmp/derive-tuple-struct-with-non-view-field.stage-id.aux"
[INFO] [stdout] unexpected errors (from JSON output): [
[INFO] [stdout]     Error {
[INFO] [stdout]         line_num: 7,
[INFO] [stdout]         kind: Some(
[INFO] [stdout]             Error,
[INFO] [stdout]         ),
[INFO] [stdout]         msg: "7:22: 7:25: the trait bound `u16: View` is not satisfied [E0277]",
[INFO] [stdout]     },
[INFO] [stdout] ]
[INFO] [stdout] 
[INFO] [stdout] not found errors (from test file): [
[INFO] [stdout]     Error {
[INFO] [stdout]         line_num: 7,
[INFO] [stdout]         kind: Some(
[INFO] [stdout]             Error,
[INFO] [stdout]         ),
[INFO] [stdout]         msg: "the trait bound `u16: structview::View` is not satisfied",
[INFO] [stdout]     },
[INFO] [stdout] ]
[INFO] [stdout] 
[INFO] [stdout] thread '[compile-fail] compile-fail/derive-tuple-struct-with-non-view-field.rs' panicked at 'explicit panic', /opt/rustwide/cargo-home/registry/src/github.com-1ecc6299db9ec823/compiletest_rs-0.5.0/src/runtest.rs:1091:13
[INFO] [stdout] stack backtrace:
[INFO] [stdout]    0:     0x55c538c4b820 - std::backtrace_rs::backtrace::libunwind::trace::h34055254b57d8e79
[INFO] [stdout]                                at /rustc/a178d0322ce20e33eac124758e837cbd80a6f633/library/std/src/../../backtrace/src/backtrace/libunwind.rs:90:5
[INFO] [stdout]    1:     0x55c538c4b820 - std::backtrace_rs::backtrace::trace_unsynchronized::h8f1e3fbd9afff6ec
[INFO] [stdout]                                at /rustc/a178d0322ce20e33eac124758e837cbd80a6f633/library/std/src/../../backtrace/src/backtrace/mod.rs:66:5
[INFO] [stdout]    2:     0x55c538c4b820 - std::sys_common::backtrace::_print_fmt::h3a99a796b770c360
[INFO] [stdout]                                at /rustc/a178d0322ce20e33eac124758e837cbd80a6f633/library/std/src/sys_common/backtrace.rs:67:5
[INFO] [stdout]    3:     0x55c538c4b820 - <std::sys_common::backtrace::_print::DisplayBacktrace as core::fmt::Display>::fmt::h32d1f94a80615d18
[INFO] [stdout]                                at /rustc/a178d0322ce20e33eac124758e837cbd80a6f633/library/std/src/sys_common/backtrace.rs:46:22
[INFO] [stdout]    4:     0x55c538c7098c - core::fmt::write::h306731c068f7162c
[INFO] [stdout]                                at /rustc/a178d0322ce20e33eac124758e837cbd80a6f633/library/core/src/fmt/mod.rs:1110:17
[INFO] [stdout]    5:     0x55c538c479a5 - std::io::Write::write_fmt::h87f19b0a2cd190bc
[INFO] [stdout]                                at /rustc/a178d0322ce20e33eac124758e837cbd80a6f633/library/std/src/io/mod.rs:1588:15
[INFO] [stdout]    6:     0x55c538c4e52b - std::sys_common::backtrace::_print::h5abaa2601a852287
[INFO] [stdout]                                at /rustc/a178d0322ce20e33eac124758e837cbd80a6f633/library/std/src/sys_common/backtrace.rs:49:5
[INFO] [stdout]    7:     0x55c538c4e52b - std::sys_common::backtrace::print::h8d81445442bb638f
[INFO] [stdout]                                at /rustc/a178d0322ce20e33eac124758e837cbd80a6f633/library/std/src/sys_common/backtrace.rs:36:9
[INFO] [stdout]    8:     0x55c538c4e52b - std::panicking::default_hook::{{closure}}::hcfe804496a9fa747
[INFO] [stdout]                                at /rustc/a178d0322ce20e33eac124758e837cbd80a6f633/library/std/src/panicking.rs:208:50
[INFO] [stdout]    9:     0x55c538c4e03c - std::panicking::default_hook::hbea8e3ccf2ba8901
[INFO] [stdout]                                at /rustc/a178d0322ce20e33eac124758e837cbd80a6f633/library/std/src/panicking.rs:222:9
[INFO] [stdout]   10:     0x55c538c4ebf4 - std::panicking::rust_panic_with_hook::h7ee9e1a2d0f8975a
[INFO] [stdout]                                at /rustc/a178d0322ce20e33eac124758e837cbd80a6f633/library/std/src/panicking.rs:622:17
[INFO] [stdout]   11:     0x55c538c260d3 - std::panicking::begin_panic::{{closure}}::haa2259a5d090943e
[INFO] [stdout]                                at /rustc/a178d0322ce20e33eac124758e837cbd80a6f633/library/std/src/panicking.rs:542:9
[INFO] [stdout]   12:     0x55c538c29e69 - std::sys_common::backtrace::__rust_end_short_backtrace::hab24bff5d543af40
[INFO] [stdout]                                at /rustc/a178d0322ce20e33eac124758e837cbd80a6f633/library/std/src/sys_common/backtrace.rs:141:18
[INFO] [stdout]   13:     0x55c538c26009 - std::panicking::begin_panic::hb0ad47222346dbe6
[INFO] [stdout]                                at /rustc/a178d0322ce20e33eac124758e837cbd80a6f633/library/std/src/panicking.rs:541:12
[INFO] [stdout]   14:     0x55c5388cd4e9 - compiletest_rs::runtest::TestCx::check_expected_errors::hfdb8893a97d66c04
[INFO] [stdout]                                at /opt/rustwide/cargo-home/registry/src/github.com-1ecc6299db9ec823/compiletest_rs-0.5.0/src/runtest.rs:1091:13
[INFO] [stdout]   15:     0x55c5388beff1 - compiletest_rs::runtest::TestCx::run_cfail_test::h65283be95f0a25db
[INFO] [stdout]                                at /opt/rustwide/cargo-home/registry/src/github.com-1ecc6299db9ec823/compiletest_rs-0.5.0/src/runtest.rs:178:13
[INFO] [stdout]   16:     0x55c5388beb6e - compiletest_rs::runtest::TestCx::run_revision::h6d80d2c8a74434a1
[INFO] [stdout]                                at /opt/rustwide/cargo-home/registry/src/github.com-1ecc6299db9ec823/compiletest_rs-0.5.0/src/runtest.rs:131:26
[INFO] [stdout]   17:     0x55c5388be7f3 - compiletest_rs::runtest::run::h7b6a427330d0ed1f
[INFO] [stdout]                                at /opt/rustwide/cargo-home/registry/src/github.com-1ecc6299db9ec823/compiletest_rs-0.5.0/src/runtest.rs:83:9
[INFO] [stdout]   18:     0x55c5388b37a5 - compiletest_rs::make_test_closure::{{closure}}::hbc5d8552549c2839
[INFO] [stdout]                                at /opt/rustwide/cargo-home/registry/src/github.com-1ecc6299db9ec823/compiletest_rs-0.5.0/src/lib.rs:296:9
[INFO] [stdout]   19:     0x55c53888f27e - core::ops::function::FnOnce::call_once{{vtable.shim}}::h0efb684dc0b96800
[INFO] [stdout]                                at /rustc/a178d0322ce20e33eac124758e837cbd80a6f633/library/core/src/ops/function.rs:227:5
[INFO] [stdout]   20:     0x55c538bd59cd - <alloc::boxed::Box<F,A> as core::ops::function::FnOnce<Args>>::call_once::h4b6e8b1ce3154aa0
[INFO] [stdout]                                at /rustc/a178d0322ce20e33eac124758e837cbd80a6f633/library/alloc/src/boxed.rs:1575:9
[INFO] [stdout]   21:     0x55c538b87e94 - tester::__rust_begin_short_backtrace::h5a5022f7a630a747
[INFO] [stdout]                                at /opt/rustwide/cargo-home/registry/src/github.com-1ecc6299db9ec823/tester-0.7.0/src/lib.rs:543:5
[INFO] [stdout]   22:     0x55c538b87693 - tester::run_test::{{closure}}::h12959f445839f6d3
[INFO] [stdout]                                at /opt/rustwide/cargo-home/registry/src/github.com-1ecc6299db9ec823/tester-0.7.0/src/lib.rs:527:34
[INFO] [stdout]   23:     0x55c538ba6118 - core::ops::function::FnOnce::call_once{{vtable.shim}}::h975269b5c2788879
[INFO] [stdout]                                at /rustc/a178d0322ce20e33eac124758e837cbd80a6f633/library/core/src/ops/function.rs:227:5
[INFO] [stdout]   24:     0x55c538bd59cd - <alloc::boxed::Box<F,A> as core::ops::function::FnOnce<Args>>::call_once::h4b6e8b1ce3154aa0
[INFO] [stdout]                                at /rustc/a178d0322ce20e33eac124758e837cbd80a6f633/library/alloc/src/boxed.rs:1575:9
[INFO] [stdout]   25:     0x55c538b760e4 - <std::panic::AssertUnwindSafe<F> as core::ops::function::FnOnce<()>>::call_once::h50ee53c36d3e905e
[INFO] [stdout]                                at /rustc/a178d0322ce20e33eac124758e837cbd80a6f633/library/std/src/panic.rs:347:9
[INFO] [stdout]   26:     0x55c538b8acad - std::panicking::try::do_call::hbc77d26fb810ceb1
[INFO] [stdout]                                at /rustc/a178d0322ce20e33eac124758e837cbd80a6f633/library/std/src/panicking.rs:401:40
[INFO] [stdout]   27:     0x55c538b8e1ed - __rust_try
[INFO] [stdout]   28:     0x55c538b8a72d - std::panicking::try::h3df89170b7397131
[INFO] [stdout]                                at /rustc/a178d0322ce20e33eac124758e837cbd80a6f633/library/std/src/panicking.rs:365:19
[INFO] [stdout]   29:     0x55c538b775b4 - std::panic::catch_unwind::h4f370a595b05e81a
[INFO] [stdout]                                at /rustc/a178d0322ce20e33eac124758e837cbd80a6f633/library/std/src/panic.rs:434:14
[INFO] [stdout]   30:     0x55c538b880ec - tester::run_test_in_process::h3539ce9d940a1f12
[INFO] [stdout]                                at /opt/rustwide/cargo-home/registry/src/github.com-1ecc6299db9ec823/tester-0.7.0/src/lib.rs:578:18
[INFO] [stdout]   31:     0x55c538b87dd5 - tester::run_test::run_test_inner::{{closure}}::hb4cd11f74f8a4b89
[INFO] [stdout]                                at /opt/rustwide/cargo-home/registry/src/github.com-1ecc6299db9ec823/tester-0.7.0/src/lib.rs:474:21
[INFO] [stdout]   32:     0x55c538ba22b3 - std::sys_common::backtrace::__rust_begin_short_backtrace::hc3581968267483c8
[INFO] [stdout]                                at /rustc/a178d0322ce20e33eac124758e837cbd80a6f633/library/std/src/sys_common/backtrace.rs:125:18
[INFO] [stdout]   33:     0x55c538bb8510 - std::thread::Builder::spawn_unchecked::{{closure}}::{{closure}}::hde570c7864d09cb1
[INFO] [stdout]                                at /rustc/a178d0322ce20e33eac124758e837cbd80a6f633/library/std/src/thread/mod.rs:481:17
[INFO] [stdout]   34:     0x55c538b76114 - <std::panic::AssertUnwindSafe<F> as core::ops::function::FnOnce<()>>::call_once::ha98d56003a0ec678
[INFO] [stdout]                                at /rustc/a178d0322ce20e33eac124758e837cbd80a6f633/library/std/src/panic.rs:347:9
[INFO] [stdout]   35:     0x55c538b8ac62 - std::panicking::try::do_call::h391d7ed668109382
[INFO] [stdout]                                at /rustc/a178d0322ce20e33eac124758e837cbd80a6f633/library/std/src/panicking.rs:401:40
[INFO] [stdout]   36:     0x55c538b8e1ed - __rust_try
[INFO] [stdout]   37:     0x55c538b8a987 - std::panicking::try::hcb01b43b5e81fe56
[INFO] [stdout]                                at /rustc/a178d0322ce20e33eac124758e837cbd80a6f633/library/std/src/panicking.rs:365:19
[INFO] [stdout]   38:     0x55c538b77584 - std::panic::catch_unwind::h1a65ab4f8a23a3f9
[INFO] [stdout]                                at /rustc/a178d0322ce20e33eac124758e837cbd80a6f633/library/std/src/panic.rs:434:14
[INFO] [stdout]   39:     0x55c538bb831e - std::thread::Builder::spawn_unchecked::{{closure}}::hffb2042a8d719367
[INFO] [stdout]                                at /rustc/a178d0322ce20e33eac124758e837cbd80a6f633/library/std/src/thread/mod.rs:480:30
[INFO] [stdout]   40:     0x55c538ba60cf - core::ops::function::FnOnce::call_once{{vtable.shim}}::h8364d71a86491b7d
[INFO] [stdout]                                at /rustc/a178d0322ce20e33eac124758e837cbd80a6f633/library/core/src/ops/function.rs:227:5
[INFO] [stdout]   41:     0x55c538c54ad7 - <alloc::boxed::Box<F,A> as core::ops::function::FnOnce<Args>>::call_once::h7ece6cfefaff1005
[INFO] [stdout]                                at /rustc/a178d0322ce20e33eac124758e837cbd80a6f633/library/alloc/src/boxed.rs:1575:9
[INFO] [stdout]   42:     0x55c538c54ad7 - <alloc::boxed::Box<F,A> as core::ops::function::FnOnce<Args>>::call_once::hb8b48e55c21f193e
[INFO] [stdout]                                at /rustc/a178d0322ce20e33eac124758e837cbd80a6f633/library/alloc/src/boxed.rs:1575:9
[INFO] [stdout]   43:     0x55c538c54ad7 - std::sys::unix::thread::Thread::new::thread_start::h8c7c4450dba62914
[INFO] [stdout]                                at /rustc/a178d0322ce20e33eac124758e837cbd80a6f633/library/std/src/sys/unix/thread.rs:71:17
[INFO] [stdout]   44:     0x7f4697de4609 - start_thread
[INFO] [stdout]   45:     0x7f4697bb6293 - clone
[INFO] [stdout]   46:                0x0 - <unknown>
[INFO] [stdout] thread 'compile_tests' panicked at 'Some tests failed', /opt/rustwide/cargo-home/registry/src/github.com-1ecc6299db9ec823/compiletest_rs-0.5.0/src/lib.rs:105:22
[INFO] [stdout] stack backtrace:
[INFO] [stdout]    0:     0x55c538c4b820 - std::backtrace_rs::backtrace::libunwind::trace::h34055254b57d8e79
[INFO] [stdout]                                at /rustc/a178d0322ce20e33eac124758e837cbd80a6f633/library/std/src/../../backtrace/src/backtrace/libunwind.rs:90:5
[INFO] [stdout]    1:     0x55c538c4b820 - std::backtrace_rs::backtrace::trace_unsynchronized::h8f1e3fbd9afff6ec
[INFO] [stdout]                                at /rustc/a178d0322ce20e33eac124758e837cbd80a6f633/library/std/src/../../backtrace/src/backtrace/mod.rs:66:5
[INFO] [stdout]    2:     0x55c538c4b820 - std::sys_common::backtrace::_print_fmt::h3a99a796b770c360
[INFO] [stdout]                                at /rustc/a178d0322ce20e33eac124758e837cbd80a6f633/library/std/src/sys_common/backtrace.rs:67:5
[INFO] [stdout]    3:     0x55c538c4b820 - <std::sys_common::backtrace::_print::DisplayBacktrace as core::fmt::Display>::fmt::h32d1f94a80615d18
[INFO] [stdout]                                at /rustc/a178d0322ce20e33eac124758e837cbd80a6f633/library/std/src/sys_common/backtrace.rs:46:22
[INFO] [stdout]    4:     0x55c538c7098c - core::fmt::write::h306731c068f7162c
[INFO] [stdout]                                at /rustc/a178d0322ce20e33eac124758e837cbd80a6f633/library/core/src/fmt/mod.rs:1110:17
[INFO] [stdout]    5:     0x55c538c479a5 - std::io::Write::write_fmt::h87f19b0a2cd190bc
[INFO] [stdout]                                at /rustc/a178d0322ce20e33eac124758e837cbd80a6f633/library/std/src/io/mod.rs:1588:15
[INFO] [stdout]    6:     0x55c538c4e52b - std::sys_common::backtrace::_print::h5abaa2601a852287
[INFO] [stdout]                                at /rustc/a178d0322ce20e33eac124758e837cbd80a6f633/library/std/src/sys_common/backtrace.rs:49:5
[INFO] [stdout]    7:     0x55c538c4e52b - std::sys_common::backtrace::print::h8d81445442bb638f
[INFO] [stdout]                                at /rustc/a178d0322ce20e33eac124758e837cbd80a6f633/library/std/src/sys_common/backtrace.rs:36:9
[INFO] [stdout]    8:     0x55c538c4e52b - std::panicking::default_hook::{{closure}}::hcfe804496a9fa747
[INFO] [stdout]                                at /rustc/a178d0322ce20e33eac124758e837cbd80a6f633/library/std/src/panicking.rs:208:50
[INFO] [stdout]    9:     0x55c538c4e03c - std::panicking::default_hook::hbea8e3ccf2ba8901
[INFO] [stdout]                                at /rustc/a178d0322ce20e33eac124758e837cbd80a6f633/library/std/src/panicking.rs:222:9
[INFO] [stdout]   10:     0x55c538c4ebf4 - std::panicking::rust_panic_with_hook::h7ee9e1a2d0f8975a
[INFO] [stdout]                                at /rustc/a178d0322ce20e33eac124758e837cbd80a6f633/library/std/src/panicking.rs:622:17
[INFO] [stdout]   11:     0x55c538c260d3 - std::panicking::begin_panic::{{closure}}::haa2259a5d090943e
[INFO] [stdout]                                at /rustc/a178d0322ce20e33eac124758e837cbd80a6f633/library/std/src/panicking.rs:542:9
[INFO] [stdout]   12:     0x55c538c29e69 - std::sys_common::backtrace::__rust_end_short_backtrace::hab24bff5d543af40
[INFO] [stdout]                                at /rustc/a178d0322ce20e33eac124758e837cbd80a6f633/library/std/src/sys_common/backtrace.rs:141:18
[INFO] [stdout]   13:     0x55c538c26009 - std::panicking::begin_panic::hb0ad47222346dbe6
[INFO] [stdout]                                at /rustc/a178d0322ce20e33eac124758e837cbd80a6f633/library/std/src/panicking.rs:541:12
[INFO] [stdout]   14:     0x55c5388b05a7 - compiletest_rs::run_tests::hbdec8be2e20e405a
[INFO] [stdout]                                at /opt/rustwide/cargo-home/registry/src/github.com-1ecc6299db9ec823/compiletest_rs-0.5.0/src/lib.rs:105:22
[INFO] [stdout]   15:     0x55c538852b99 - derive::run_mode::h7382bd26ec21717b
[INFO] [stdout]                                at /opt/rustwide/workdir/tests/derive.rs:10:5
[INFO] [stdout]   16:     0x55c538852bf2 - derive::compile_tests::h300193fe85544646
[INFO] [stdout]                                at /opt/rustwide/workdir/tests/derive.rs:15:5
[INFO] [stdout]   17:     0x55c538852bca - derive::compile_tests::{{closure}}::hf7b339f9edc5651e
[INFO] [stdout]                                at /opt/rustwide/workdir/tests/derive.rs:14:1
[INFO] [stdout]   18:     0x55c5388525de - core::ops::function::FnOnce::call_once::h45728843d8c7c1b7
[INFO] [stdout]                                at /rustc/a178d0322ce20e33eac124758e837cbd80a6f633/library/core/src/ops/function.rs:227:5
[INFO] [stdout]   19:     0x55c53887ae93 - core::ops::function::FnOnce::call_once::h152e7e439ff59e19
[INFO] [stdout]                                at /rustc/a178d0322ce20e33eac124758e837cbd80a6f633/library/core/src/ops/function.rs:227:5
[INFO] [stdout]   20:     0x55c53887ae93 - test::__rust_begin_short_backtrace::h0908f3b1fdbb72ab
[INFO] [stdout]                                at /rustc/a178d0322ce20e33eac124758e837cbd80a6f633/library/test/src/lib.rs:577:5
[INFO] [stdout]   21:     0x55c538879950 - <alloc::boxed::Box<F,A> as core::ops::function::FnOnce<Args>>::call_once::hf6d2a51e5587546c
[INFO] [stdout]                                at /rustc/a178d0322ce20e33eac124758e837cbd80a6f633/library/alloc/src/boxed.rs:1575:9
[INFO] [stdout]   22:     0x55c538879950 - <std::panic::AssertUnwindSafe<F> as core::ops::function::FnOnce<()>>::call_once::h8af660f3a89ef593
[INFO] [stdout]                                at /rustc/a178d0322ce20e33eac124758e837cbd80a6f633/library/std/src/panic.rs:347:9
[INFO] [stdout]   23:     0x55c538879950 - std::panicking::try::do_call::hd36aef60f84b6d36
[INFO] [stdout]                                at /rustc/a178d0322ce20e33eac124758e837cbd80a6f633/library/std/src/panicking.rs:401:40
[INFO] [stdout]   24:     0x55c538879950 - std::panicking::try::h9932b4480e69817c
[INFO] [stdout]                                at /rustc/a178d0322ce20e33eac124758e837cbd80a6f633/library/std/src/panicking.rs:365:19
[INFO] [stdout]   25:     0x55c538879950 - std::panic::catch_unwind::h6aa177099cfff5f8
[INFO] [stdout]                                at /rustc/a178d0322ce20e33eac124758e837cbd80a6f633/library/std/src/panic.rs:434:14
[INFO] [stdout]   26:     0x55c538879950 - test::run_test_in_process::h5884d6f2d99e20c3
[INFO] [stdout]                                at /rustc/a178d0322ce20e33eac124758e837cbd80a6f633/library/test/src/lib.rs:600:18
[INFO] [stdout]   27:     0x55c538879950 - test::run_test::run_test_inner::{{closure}}::h6fdc58c6d5f5b6e3
[INFO] [stdout]                                at /rustc/a178d0322ce20e33eac124758e837cbd80a6f633/library/test/src/lib.rs:492:39
[INFO] [stdout]   28:     0x55c538853002 - test::run_test::run_test_inner::{{closure}}::h408365d67a78ade8
[INFO] [stdout]                                at /rustc/a178d0322ce20e33eac124758e837cbd80a6f633/library/test/src/lib.rs:519:37
[INFO] [stdout]   29:     0x55c538853002 - std::sys_common::backtrace::__rust_begin_short_backtrace::hb560b77c4f701523
[INFO] [stdout]                                at /rustc/a178d0322ce20e33eac124758e837cbd80a6f633/library/std/src/sys_common/backtrace.rs:125:18
[INFO] [stdout]   30:     0x55c538856bb8 - std::thread::Builder::spawn_unchecked::{{closure}}::{{closure}}::hf2e7831dad93c597
[INFO] [stdout]                                at /rustc/a178d0322ce20e33eac124758e837cbd80a6f633/library/std/src/thread/mod.rs:481:17
[INFO] [stdout]   31:     0x55c538856bb8 - <std::panic::AssertUnwindSafe<F> as core::ops::function::FnOnce<()>>::call_once::hd2e08783d8be4d02
[INFO] [stdout]                                at /rustc/a178d0322ce20e33eac124758e837cbd80a6f633/library/std/src/panic.rs:347:9
[INFO] [stdout]   32:     0x55c538856bb8 - std::panicking::try::do_call::h062597b7acfd6b82
[INFO] [stdout]                                at /rustc/a178d0322ce20e33eac124758e837cbd80a6f633/library/std/src/panicking.rs:401:40
[INFO] [stdout]   33:     0x55c538856bb8 - std::panicking::try::h0d7b79db04c14552
[INFO] [stdout]                                at /rustc/a178d0322ce20e33eac124758e837cbd80a6f633/library/std/src/panicking.rs:365:19
[INFO] [stderr] error: test failed, to rerun pass '--test derive'
[INFO] [stdout]   34:     0x55c538856bb8 - std::panic::catch_unwind::hb01a0b5e7c8cd43b
[INFO] [stdout]                                at /rustc/a178d0322ce20e33eac124758e837cbd80a6f633/library/std/src/panic.rs:434:14
[INFO] [stdout]   35:     0x55c538856bb8 - std::thread::Builder::spawn_unchecked::{{closure}}::h5bde48cc887e0d1e
[INFO] [stdout]                                at /rustc/a178d0322ce20e33eac124758e837cbd80a6f633/library/std/src/thread/mod.rs:480:30
[INFO] [stdout]   36:     0x55c538856bb8 - core::ops::function::FnOnce::call_once{{vtable.shim}}::h745ea30807a29e55
[INFO] [stdout]                                at /rustc/a178d0322ce20e33eac124758e837cbd80a6f633/library/core/src/ops/function.rs:227:5
[INFO] [stdout]   37:     0x55c538c54ad7 - <alloc::boxed::Box<F,A> as core::ops::function::FnOnce<Args>>::call_once::h7ece6cfefaff1005
[INFO] [stdout]                                at /rustc/a178d0322ce20e33eac124758e837cbd80a6f633/library/alloc/src/boxed.rs:1575:9
[INFO] [stdout]   38:     0x55c538c54ad7 - <alloc::boxed::Box<F,A> as core::ops::function::FnOnce<Args>>::call_once::hb8b48e55c21f193e
[INFO] [stdout]                                at /rustc/a178d0322ce20e33eac124758e837cbd80a6f633/library/alloc/src/boxed.rs:1575:9
[INFO] [stdout]   39:     0x55c538c54ad7 - std::sys::unix::thread::Thread::new::thread_start::h8c7c4450dba62914
[INFO] [stdout]                                at /rustc/a178d0322ce20e33eac124758e837cbd80a6f633/library/std/src/sys/unix/thread.rs:71:17
[INFO] [stdout]   40:     0x7f4697de4609 - start_thread
[INFO] [stdout]   41:     0x7f4697bb6293 - clone
[INFO] [stdout]   42:                0x0 - <unknown>
[INFO] [stdout] 
[INFO] [stdout] 
[INFO] [stdout] failures:
[INFO] [stdout]     compile_tests
[INFO] [stdout] 
[INFO] [stdout] test result: FAILED. 0 passed; 1 failed; 0 ignored; 0 measured; 0 filtered out; finished in 0.64s
[INFO] [stdout] 
[INFO] running `Command { std: "docker" "inspect" "c597d1407e15045cdb97f9241441edaff62e13871b959185ed105b6eafc0a1b8", kill_on_drop: false }`
[INFO] running `Command { std: "docker" "rm" "-f" "c597d1407e15045cdb97f9241441edaff62e13871b959185ed105b6eafc0a1b8", kill_on_drop: false }`
[INFO] [stdout] c597d1407e15045cdb97f9241441edaff62e13871b959185ed105b6eafc0a1b8
