[INFO] fetching crate streamson-lib 7.1.0...
[INFO] testing streamson-lib-7.1.0 against 1.54.0 for beta-1.55-1
[INFO] extracting crate streamson-lib 7.1.0 into /workspace/builds/worker-4/source
[INFO] validating manifest of crates.io crate streamson-lib 7.1.0 on toolchain 1.54.0
[INFO] running `Command { std: "/workspace/cargo-home/bin/cargo" "+1.54.0" "metadata" "--manifest-path" "Cargo.toml" "--no-deps", kill_on_drop: false }`
[INFO] started tweaking crates.io crate streamson-lib 7.1.0
[INFO] finished tweaking crates.io crate streamson-lib 7.1.0
[INFO] tweaked toml for crates.io crate streamson-lib 7.1.0 written to /workspace/builds/worker-4/source/Cargo.toml
[INFO] running `Command { std: "/workspace/cargo-home/bin/cargo" "+1.54.0" "generate-lockfile" "--manifest-path" "Cargo.toml" "-Zno-index-update", kill_on_drop: false }`
[INFO] running `Command { std: "/workspace/cargo-home/bin/cargo" "+1.54.0" "fetch" "--manifest-path" "Cargo.toml", kill_on_drop: false }`
[INFO] running `Command { std: "docker" "create" "-v" "/var/lib/crater-agent-workspace/builds/worker-4/target:/opt/rustwide/target:rw,Z" "-v" "/var/lib/crater-agent-workspace/builds/worker-4/source:/opt/rustwide/workdir:ro,Z" "-v" "/var/lib/crater-agent-workspace/cargo-home:/opt/rustwide/cargo-home:ro,Z" "-v" "/var/lib/crater-agent-workspace/rustup-home:/opt/rustwide/rustup-home:ro,Z" "-e" "SOURCE_DIR=/opt/rustwide/workdir" "-e" "CARGO_TARGET_DIR=/opt/rustwide/target" "-e" "CARGO_HOME=/opt/rustwide/cargo-home" "-e" "RUSTUP_HOME=/opt/rustwide/rustup-home" "-w" "/opt/rustwide/workdir" "-m" "1610612736" "--user" "0:0" "--network" "none" "ghcr.io/rust-lang/crates-build-env/linux@sha256:34b6a614d2c27851fe6cbf88fbd1137609cefab8b10d0615aaeb6fd47975d74e" "/opt/rustwide/cargo-home/bin/cargo" "+1.54.0" "metadata" "--no-deps" "--format-version=1", kill_on_drop: false }`
[INFO] [stderr] WARNING: Your kernel does not support swap limit capabilities or the cgroup is not mounted. Memory limited without swap.
[INFO] [stdout] 4238260d26aa9ab1bf5462564cbc448c495da8755c757d44b1b2ab8e9326fb36
[INFO] running `Command { std: "docker" "start" "-a" "4238260d26aa9ab1bf5462564cbc448c495da8755c757d44b1b2ab8e9326fb36", kill_on_drop: false }`
[INFO] running `Command { std: "docker" "inspect" "4238260d26aa9ab1bf5462564cbc448c495da8755c757d44b1b2ab8e9326fb36", kill_on_drop: false }`
[INFO] running `Command { std: "docker" "rm" "-f" "4238260d26aa9ab1bf5462564cbc448c495da8755c757d44b1b2ab8e9326fb36", kill_on_drop: false }`
[INFO] [stdout] 4238260d26aa9ab1bf5462564cbc448c495da8755c757d44b1b2ab8e9326fb36
[INFO] running `Command { std: "docker" "create" "-v" "/var/lib/crater-agent-workspace/builds/worker-4/target:/opt/rustwide/target:rw,Z" "-v" "/var/lib/crater-agent-workspace/builds/worker-4/source:/opt/rustwide/workdir:ro,Z" "-v" "/var/lib/crater-agent-workspace/cargo-home:/opt/rustwide/cargo-home:ro,Z" "-v" "/var/lib/crater-agent-workspace/rustup-home:/opt/rustwide/rustup-home:ro,Z" "-e" "SOURCE_DIR=/opt/rustwide/workdir" "-e" "CARGO_TARGET_DIR=/opt/rustwide/target" "-e" "CARGO_INCREMENTAL=0" "-e" "RUST_BACKTRACE=full" "-e" "RUSTFLAGS=--cap-lints=warn" "-e" "CARGO_HOME=/opt/rustwide/cargo-home" "-e" "RUSTUP_HOME=/opt/rustwide/rustup-home" "-w" "/opt/rustwide/workdir" "-m" "1610612736" "--user" "0:0" "--network" "none" "ghcr.io/rust-lang/crates-build-env/linux@sha256:34b6a614d2c27851fe6cbf88fbd1137609cefab8b10d0615aaeb6fd47975d74e" "/opt/rustwide/cargo-home/bin/cargo" "+1.54.0" "build" "--frozen" "--message-format=json", kill_on_drop: false }`
[INFO] [stdout] eac7d062f29cd00ad5ee98b02a37251dc1903c742eaa79a0b5130e50478aa0b1
[INFO] [stderr] WARNING: Your kernel does not support swap limit capabilities or the cgroup is not mounted. Memory limited without swap.
[INFO] running `Command { std: "docker" "start" "-a" "eac7d062f29cd00ad5ee98b02a37251dc1903c742eaa79a0b5130e50478aa0b1", kill_on_drop: false }`
[INFO] [stderr]    Compiling memchr v2.4.0
[INFO] [stderr]    Compiling aho-corasick v0.7.18
[INFO] [stderr]    Compiling regex v1.5.4
[INFO] [stderr]    Compiling sedregex v0.2.4
[INFO] [stderr]    Compiling streamson-lib v7.1.0 (/opt/rustwide/workdir)
[INFO] [stderr]     Finished dev [unoptimized + debuginfo] target(s) in 7.52s
[INFO] running `Command { std: "docker" "inspect" "eac7d062f29cd00ad5ee98b02a37251dc1903c742eaa79a0b5130e50478aa0b1", kill_on_drop: false }`
[INFO] running `Command { std: "docker" "rm" "-f" "eac7d062f29cd00ad5ee98b02a37251dc1903c742eaa79a0b5130e50478aa0b1", kill_on_drop: false }`
[INFO] [stdout] eac7d062f29cd00ad5ee98b02a37251dc1903c742eaa79a0b5130e50478aa0b1
[INFO] running `Command { std: "docker" "create" "-v" "/var/lib/crater-agent-workspace/builds/worker-4/target:/opt/rustwide/target:rw,Z" "-v" "/var/lib/crater-agent-workspace/builds/worker-4/source:/opt/rustwide/workdir:ro,Z" "-v" "/var/lib/crater-agent-workspace/cargo-home:/opt/rustwide/cargo-home:ro,Z" "-v" "/var/lib/crater-agent-workspace/rustup-home:/opt/rustwide/rustup-home:ro,Z" "-e" "SOURCE_DIR=/opt/rustwide/workdir" "-e" "CARGO_TARGET_DIR=/opt/rustwide/target" "-e" "CARGO_INCREMENTAL=0" "-e" "RUST_BACKTRACE=full" "-e" "RUSTFLAGS=--cap-lints=warn" "-e" "CARGO_HOME=/opt/rustwide/cargo-home" "-e" "RUSTUP_HOME=/opt/rustwide/rustup-home" "-w" "/opt/rustwide/workdir" "-m" "1610612736" "--user" "0:0" "--network" "none" "ghcr.io/rust-lang/crates-build-env/linux@sha256:34b6a614d2c27851fe6cbf88fbd1137609cefab8b10d0615aaeb6fd47975d74e" "/opt/rustwide/cargo-home/bin/cargo" "+1.54.0" "test" "--frozen" "--no-run" "--message-format=json", kill_on_drop: false }`
[INFO] [stderr] WARNING: Your kernel does not support swap limit capabilities or the cgroup is not mounted. Memory limited without swap.
[INFO] [stdout] 49a8e9deeee92b7429db17594378f3a8d262b062cababba612f036df97d6e24b
[INFO] running `Command { std: "docker" "start" "-a" "49a8e9deeee92b7429db17594378f3a8d262b062cababba612f036df97d6e24b", kill_on_drop: false }`
[INFO] [stderr]    Compiling syn v1.0.74
[INFO] [stderr]    Compiling scopeguard v1.1.0
[INFO] [stderr]    Compiling itoa v0.4.7
[INFO] [stderr]    Compiling regex-automata v0.1.10
[INFO] [stderr]    Compiling plotters-backend v0.3.2
[INFO] [stderr]    Compiling half v1.7.1
[INFO] [stderr]    Compiling oorandom v11.1.3
[INFO] [stderr]    Compiling remove_dir_all v0.5.3
[INFO] [stderr]    Compiling cfg-if v0.1.10
[INFO] [stderr]    Compiling memoffset v0.6.4
[INFO] [stderr]    Compiling num-traits v0.2.14
[INFO] [stderr]    Compiling rayon v1.5.1
[INFO] [stderr]    Compiling itertools v0.10.1
[INFO] [stderr]    Compiling crossbeam-utils v0.8.5
[INFO] [stderr]    Compiling semver v1.0.4
[INFO] [stderr]    Compiling getrandom v0.2.3
[INFO] [stderr]    Compiling num_cpus v1.13.0
[INFO] [stderr]    Compiling csv-core v0.1.10
[INFO] [stderr]    Compiling atty v0.2.14
[INFO] [stderr]    Compiling rstest v0.6.4
[INFO] [stderr]    Compiling clap v2.33.3
[INFO] [stderr]    Compiling crossbeam-channel v0.5.1
[INFO] [stderr]    Compiling serde_cbor v0.11.1
[INFO] [stderr]    Compiling serde_json v1.0.66
[INFO] [stderr]    Compiling rand_core v0.6.3
[INFO] [stderr]    Compiling bstr v0.2.16
[INFO] [stderr]    Compiling plotters-svg v0.3.1
[INFO] [stderr]    Compiling rustc_version v0.4.0
[INFO] [stderr]    Compiling rand_chacha v0.3.1
[INFO] [stderr]    Compiling csv v1.1.6
[INFO] [stderr]    Compiling crossbeam-epoch v0.9.5
[INFO] [stderr]    Compiling cast v0.2.7
[INFO] [stderr]    Compiling rand v0.8.4
[INFO] [stderr]    Compiling tinytemplate v1.2.1
[INFO] [stderr]    Compiling crossbeam-deque v0.8.1
[INFO] [stderr]    Compiling rayon-core v1.9.1
[INFO] [stderr]    Compiling criterion-plot v0.4.4
[INFO] [stderr]    Compiling tempfile v3.2.0
[INFO] [stderr]    Compiling plotters v0.3.1
[INFO] [stderr]    Compiling serde_derive v1.0.127
[INFO] [stderr]    Compiling criterion v0.3.5
[INFO] [stderr]    Compiling streamson-lib v7.1.0 (/opt/rustwide/workdir)
[INFO] [stderr]     Finished test [unoptimized + debuginfo] target(s) in 35.16s
[INFO] running `Command { std: "docker" "inspect" "49a8e9deeee92b7429db17594378f3a8d262b062cababba612f036df97d6e24b", kill_on_drop: false }`
[INFO] running `Command { std: "docker" "rm" "-f" "49a8e9deeee92b7429db17594378f3a8d262b062cababba612f036df97d6e24b", kill_on_drop: false }`
[INFO] [stdout] 49a8e9deeee92b7429db17594378f3a8d262b062cababba612f036df97d6e24b
[INFO] running `Command { std: "docker" "create" "-v" "/var/lib/crater-agent-workspace/builds/worker-4/target:/opt/rustwide/target:rw,Z" "-v" "/var/lib/crater-agent-workspace/builds/worker-4/source:/opt/rustwide/workdir:ro,Z" "-v" "/var/lib/crater-agent-workspace/cargo-home:/opt/rustwide/cargo-home:ro,Z" "-v" "/var/lib/crater-agent-workspace/rustup-home:/opt/rustwide/rustup-home:ro,Z" "-e" "SOURCE_DIR=/opt/rustwide/workdir" "-e" "CARGO_TARGET_DIR=/opt/rustwide/target" "-e" "CARGO_INCREMENTAL=0" "-e" "RUST_BACKTRACE=full" "-e" "RUSTFLAGS=--cap-lints=warn" "-e" "CARGO_HOME=/opt/rustwide/cargo-home" "-e" "RUSTUP_HOME=/opt/rustwide/rustup-home" "-w" "/opt/rustwide/workdir" "-m" "1610612736" "--user" "0:0" "--network" "none" "ghcr.io/rust-lang/crates-build-env/linux@sha256:34b6a614d2c27851fe6cbf88fbd1137609cefab8b10d0615aaeb6fd47975d74e" "/opt/rustwide/cargo-home/bin/cargo" "+1.54.0" "test" "--frozen", kill_on_drop: false }`
[INFO] [stdout] 01bf510434c502720f17103b1c69bb743dba09122540cf766bfbe2c0b568e6be
[INFO] [stderr] WARNING: Your kernel does not support swap limit capabilities or the cgroup is not mounted. Memory limited without swap.
[INFO] running `Command { std: "docker" "start" "-a" "01bf510434c502720f17103b1c69bb743dba09122540cf766bfbe2c0b568e6be", kill_on_drop: false }`
[INFO] [stderr]     Blocking waiting for file lock on package cache
[INFO] [stderr]     Blocking waiting for file lock on package cache
[INFO] [stderr]     Finished test [unoptimized + debuginfo] target(s) in 0.14s
[INFO] [stderr]      Running unittests (/opt/rustwide/target/debug/deps/streamson_lib-4d1c7658180b1891)
[INFO] [stdout] 
[INFO] [stdout] running 242 tests
[INFO] [stdout] test handler::indenter::tests::leafs::case_01_null_none::before_1::after_1 ... ok
[INFO] [stdout] test handler::indenter::tests::leafs::case_01_null_none::before_1::after_2 ... ok
[INFO] [stdout] test handler::buffer::tests::max_buffer_size_error ... ok
[INFO] [stdout] test handler::analyser::tests::analyser_handler ... ok
[INFO] [stdout] test handler::indenter::tests::leafs::case_01_null_none::before_1::after_3 ... ok
[INFO] [stdout] test handler::indenter::tests::leafs::case_01_null_none::before_2::after_1 ... ok
[INFO] [stdout] test handler::indenter::tests::leafs::case_01_null_none::before_2::after_3 ... ok
[INFO] [stdout] test handler::indenter::tests::leafs::case_01_null_none::before_2::after_2 ... ok
[INFO] [stdout] test handler::indenter::tests::leafs::case_01_null_none::before_3::after_1 ... ok
[INFO] [stdout] test handler::indenter::tests::leafs::case_01_null_none::before_3::after_2 ... ok
[INFO] [stdout] test handler::indenter::tests::leafs::case_01_null_none::before_3::after_3 ... ok
[INFO] [stdout] test handler::indenter::tests::leafs::case_01_null_none::before_4::after_1 ... ok
[INFO] [stdout] test handler::indenter::tests::leafs::case_01_null_none::before_4::after_2 ... ok
[INFO] [stdout] test handler::indenter::tests::complex ... ok
[INFO] [stdout] test handler::group::tests::test_filter ... ok
[INFO] [stdout] test handler::indenter::tests::leafs::case_02_null_0::before_1::after_3 ... ok
[INFO] [stdout] test handler::indenter::tests::leafs::case_02_null_0::before_2::after_1 ... ok
[INFO] [stdout] test handler::indenter::tests::leafs::case_02_null_0::before_2::after_2 ... ok
[INFO] [stdout] test handler::indenter::tests::leafs::case_02_null_0::before_2::after_3 ... ok
[INFO] [stdout] test handler::indenter::tests::leafs::case_02_null_0::before_3::after_1 ... ok
[INFO] [stdout] test handler::indenter::tests::flat_object ... ok
[INFO] [stdout] test handler::indenter::tests::leafs::case_02_null_0::before_3::after_2 ... ok
[INFO] [stdout] test handler::indenter::tests::leafs::case_02_null_0::before_3::after_3 ... ok
[INFO] [stdout] test handler::indenter::tests::leafs::case_02_null_0::before_4::after_1 ... ok
[INFO] [stdout] test handler::indenter::tests::flat_array ... ok
[INFO] [stdout] test handler::indenter::tests::leafs::case_02_null_0::before_1::after_1 ... ok
[INFO] [stdout] test handler::indenter::tests::leafs::case_02_null_0::before_4::after_2 ... ok
[INFO] [stdout] test handler::indenter::tests::leafs::case_03_null_2::before_1::after_1 ... ok
[INFO] [stdout] test handler::indenter::tests::leafs::case_03_null_2::before_1::after_3 ... ok
[INFO] [stdout] test handler::indenter::tests::leafs::case_03_null_2::before_2::after_2 ... ok
[INFO] [stdout] test handler::indenter::tests::leafs::case_03_null_2::before_2::after_1 ... ok
[INFO] [stdout] test handler::indenter::tests::leafs::case_01_null_none::before_4::after_3 ... ok
[INFO] [stdout] test handler::indenter::tests::leafs::case_03_null_2::before_3::after_1 ... ok
[INFO] [stdout] test handler::indenter::tests::leafs::case_02_null_0::before_1::after_2 ... ok
[INFO] [stdout] test handler::indenter::tests::leafs::case_03_null_2::before_3::after_2 ... ok
[INFO] [stdout] test handler::indenter::tests::leafs::case_02_null_0::before_4::after_3 ... ok
[INFO] [stdout] test handler::buffer::tests::nested_matches ... ok
[INFO] [stdout] test handler::buffer::tests::max_buffer_size_consumed ... ok
[INFO] [stdout] test handler::group::tests::test_convert ... ok
[INFO] [stdout] test handler::group::tests::test_extract ... ok
[INFO] [stdout] test handler::group::tests::test_trigger ... ok
[INFO] [stdout] test handler::indenter::tests::leafs::case_03_null_2::before_1::after_2 ... ok
[INFO] [stdout] test handler::indenter::tests::leafs::case_03_null_2::before_3::after_3 ... ok
[INFO] [stdout] test handler::indenter::tests::leafs::case_03_null_2::before_4::after_2 ... ok
[INFO] [stdout] test handler::indenter::tests::leafs::case_03_null_2::before_4::after_3 ... ok
[INFO] [stdout] test handler::indenter::tests::leafs::case_04_obj_none::before_1::after_3 ... ok
[INFO] [stdout] test handler::indenter::tests::leafs::case_04_obj_none::before_2::after_1 ... ok
[INFO] [stdout] test handler::indenter::tests::leafs::case_04_obj_none::before_1::after_1 ... ok
[INFO] [stdout] test handler::indenter::tests::leafs::case_04_obj_none::before_1::after_2 ... ok
[INFO] [stdout] test handler::indenter::tests::leafs::case_04_obj_none::before_2::after_2 ... ok
[INFO] [stdout] test handler::indenter::tests::leafs::case_04_obj_none::before_2::after_3 ... ok
[INFO] [stdout] test handler::indenter::tests::leafs::case_04_obj_none::before_3::after_1 ... ok
[INFO] [stdout] test handler::indenter::tests::leafs::case_04_obj_none::before_3::after_2 ... ok
[INFO] [stdout] test handler::indenter::tests::leafs::case_04_obj_none::before_4::after_1 ... ok
[INFO] [stdout] test handler::indenter::tests::leafs::case_05_obj_0::before_1::after_1 ... ok
[INFO] [stdout] test handler::indenter::tests::leafs::case_04_obj_none::before_4::after_2 ... ok
[INFO] [stdout] test handler::indenter::tests::leafs::case_05_obj_0::before_2::after_1 ... ok
[INFO] [stdout] test handler::indenter::tests::leafs::case_04_obj_none::before_4::after_3 ... ok
[INFO] [stdout] test handler::indenter::tests::leafs::case_05_obj_0::before_1::after_3 ... ok
[INFO] [stdout] test handler::indenter::tests::leafs::case_05_obj_0::before_2::after_2 ... ok
[INFO] [stdout] test handler::indenter::tests::leafs::case_05_obj_0::before_3::after_1 ... ok
[INFO] [stdout] test handler::indenter::tests::leafs::case_05_obj_0::before_2::after_3 ... ok
[INFO] [stdout] test handler::indenter::tests::leafs::case_05_obj_0::before_3::after_2 ... ok
[INFO] [stdout] test handler::indenter::tests::leafs::case_05_obj_0::before_4::after_2 ... ok
[INFO] [stdout] test handler::indenter::tests::leafs::case_05_obj_0::before_3::after_3 ... ok
[INFO] [stdout] test handler::indenter::tests::leafs::case_05_obj_0::before_4::after_1 ... ok
[INFO] [stdout] test handler::indenter::tests::leafs::case_05_obj_0::before_4::after_3 ... ok
[INFO] [stdout] test handler::indenter::tests::leafs::case_06_obj_2::before_1::after_3 ... ok
[INFO] [stdout] test handler::indenter::tests::leafs::case_06_obj_2::before_1::after_1 ... ok
[INFO] [stdout] test handler::indenter::tests::leafs::case_06_obj_2::before_2::after_1 ... ok
[INFO] [stdout] test handler::indenter::tests::leafs::case_06_obj_2::before_1::after_2 ... ok
[INFO] [stdout] test handler::indenter::tests::leafs::case_06_obj_2::before_3::after_2 ... ok
[INFO] [stdout] test handler::indenter::tests::leafs::case_03_null_2::before_4::after_1 ... ok
[INFO] [stdout] test handler::indenter::tests::leafs::case_06_obj_2::before_3::after_3 ... ok
[INFO] [stdout] test handler::indenter::tests::leafs::case_06_obj_2::before_2::after_2 ... ok
[INFO] [stdout] test handler::indenter::tests::leafs::case_06_obj_2::before_4::after_2 ... ok
[INFO] [stdout] test handler::indenter::tests::leafs::case_06_obj_2::before_2::after_3 ... ok
[INFO] [stdout] test handler::indenter::tests::leafs::case_06_obj_2::before_3::after_1 ... ok
[INFO] [stdout] test handler::indenter::tests::leafs::case_03_null_2::before_2::after_3 ... ok
[INFO] [stdout] test handler::indenter::tests::leafs::case_06_obj_2::before_4::after_1 ... ok
[INFO] [stdout] test handler::indenter::tests::leafs::case_05_obj_0::before_1::after_2 ... ok
[INFO] [stdout] test handler::indenter::tests::leafs::case_06_obj_2::before_4::after_3 ... ok
[INFO] [stdout] test handler::indenter::tests::leafs::case_04_obj_none::before_3::after_3 ... ok
[INFO] [stdout] test handler::indenter::tests::leafs::case_07_arr_none::before_1::after_2 ... ok
[INFO] [stdout] test handler::indenter::tests::leafs::case_07_arr_none::before_1::after_1 ... ok
[INFO] [stdout] test handler::indenter::tests::leafs::case_07_arr_none::before_1::after_3 ... ok
[INFO] [stdout] test handler::indenter::tests::leafs::case_07_arr_none::before_2::after_1 ... ok
[INFO] [stdout] test handler::indenter::tests::leafs::case_07_arr_none::before_2::after_2 ... ok
[INFO] [stdout] test handler::indenter::tests::leafs::case_07_arr_none::before_2::after_3 ... ok
[INFO] [stdout] test handler::indenter::tests::leafs::case_07_arr_none::before_3::after_2 ... ok
[INFO] [stdout] test handler::indenter::tests::leafs::case_07_arr_none::before_3::after_3 ... ok
[INFO] [stdout] test handler::indenter::tests::leafs::case_07_arr_none::before_4::after_3 ... ok
[INFO] [stdout] test handler::indenter::tests::leafs::case_07_arr_none::before_4::after_1 ... ok
[INFO] [stdout] test handler::indenter::tests::leafs::case_08_arr_0::before_2::after_2 ... ok
[INFO] [stdout] test handler::indenter::tests::leafs::case_08_arr_0::before_1::after_1 ... ok
[INFO] [stdout] test handler::indenter::tests::leafs::case_07_arr_none::before_4::after_2 ... ok
[INFO] [stdout] test handler::indenter::tests::leafs::case_08_arr_0::before_2::after_3 ... ok
[INFO] [stdout] test handler::indenter::tests::leafs::case_08_arr_0::before_3::after_2 ... ok
[INFO] [stdout] test handler::indenter::tests::leafs::case_08_arr_0::before_1::after_3 ... ok
[INFO] [stdout] test handler::indenter::tests::leafs::case_09_arr_2::before_1::after_1 ... ok
[INFO] [stdout] test handler::indenter::tests::leafs::case_08_arr_0::before_1::after_2 ... ok
[INFO] [stdout] test handler::indenter::tests::leafs::case_09_arr_2::before_1::after_2 ... ok
[INFO] [stdout] test handler::indenter::tests::leafs::case_09_arr_2::before_2::after_2 ... ok
[INFO] [stdout] test handler::indenter::tests::leafs::case_08_arr_0::before_3::after_3 ... ok
[INFO] [stdout] test handler::indenter::tests::leafs::case_09_arr_2::before_2::after_3 ... ok
[INFO] [stdout] test handler::indenter::tests::leafs::case_08_arr_0::before_4::after_3 ... ok
[INFO] [stdout] test handler::indenter::tests::leafs::case_08_arr_0::before_2::after_1 ... ok
[INFO] [stdout] test handler::indenter::tests::leafs::case_08_arr_0::before_4::after_2 ... ok
[INFO] [stdout] test handler::indenter::tests::leafs::case_09_arr_2::before_3::after_1 ... ok
[INFO] [stdout] test handler::indenter::tests::leafs::case_09_arr_2::before_4::after_3 ... ok
[INFO] [stdout] test handler::indenter::tests::leafs::case_09_arr_2::before_2::after_1 ... ok
[INFO] [stdout] test handler::indenter::tests::leafs::case_10_str_none::before_1::after_1 ... ok
[INFO] [stdout] test handler::indenter::tests::leafs::case_08_arr_0::before_4::after_1 ... ok
[INFO] [stdout] test handler::indenter::tests::leafs::case_10_str_none::before_1::after_2 ... ok
[INFO] [stdout] test handler::indenter::tests::leafs::case_09_arr_2::before_1::after_3 ... ok
[INFO] [stdout] test handler::indenter::tests::leafs::case_10_str_none::before_2::after_2 ... ok
[INFO] [stdout] test handler::indenter::tests::leafs::case_09_arr_2::before_3::after_3 ... ok
[INFO] [stdout] test handler::indenter::tests::leafs::case_10_str_none::before_2::after_3 ... ok
[INFO] [stdout] test handler::indenter::tests::leafs::case_09_arr_2::before_3::after_2 ... ok
[INFO] [stdout] test handler::indenter::tests::leafs::case_10_str_none::before_3::after_1 ... ok
[INFO] [stdout] test handler::indenter::tests::leafs::case_10_str_none::before_2::after_1 ... ok
[INFO] [stdout] test handler::indenter::tests::leafs::case_10_str_none::before_3::after_2 ... ok
[INFO] [stdout] test handler::indenter::tests::leafs::case_10_str_none::before_3::after_3 ... ok
[INFO] [stdout] test handler::indenter::tests::leafs::case_10_str_none::before_4::after_1 ... ok
[INFO] [stdout] test handler::indenter::tests::leafs::case_10_str_none::before_4::after_3 ... ok
[INFO] [stdout] test handler::indenter::tests::leafs::case_10_str_none::before_4::after_2 ... ok
[INFO] [stdout] test handler::indenter::tests::leafs::case_11_str_0::before_1::after_1 ... ok
[INFO] [stdout] test handler::indenter::tests::leafs::case_11_str_0::before_2::after_1 ... ok
[INFO] [stdout] test handler::indenter::tests::leafs::case_11_str_0::before_1::after_2 ... ok
[INFO] [stdout] test handler::indenter::tests::leafs::case_11_str_0::before_1::after_3 ... ok
[INFO] [stdout] test handler::indenter::tests::leafs::case_09_arr_2::before_4::after_1 ... ok
[INFO] [stdout] test handler::indenter::tests::leafs::case_11_str_0::before_3::after_1 ... ok
[INFO] [stdout] test handler::indenter::tests::leafs::case_11_str_0::before_2::after_3 ... ok
[INFO] [stdout] test handler::indenter::tests::leafs::case_11_str_0::before_2::after_2 ... ok
[INFO] [stdout] test handler::indenter::tests::leafs::case_11_str_0::before_4::after_2 ... ok
[INFO] [stdout] test handler::indenter::tests::leafs::case_11_str_0::before_3::after_2 ... ok
[INFO] [stdout] test handler::indenter::tests::leafs::case_11_str_0::before_4::after_3 ... ok
[INFO] [stdout] test handler::indenter::tests::leafs::case_11_str_0::before_4::after_1 ... ok
[INFO] [stdout] test handler::indenter::tests::leafs::case_12_str_2::before_1::after_1 ... ok
[INFO] [stdout] test handler::indenter::tests::leafs::case_09_arr_2::before_4::after_2 ... ok
[INFO] [stdout] test handler::indenter::tests::leafs::case_12_str_2::before_1::after_2 ... ok
[INFO] [stdout] test handler::indenter::tests::leafs::case_12_str_2::before_2::after_1 ... ok
[INFO] [stdout] test handler::indenter::tests::leafs::case_12_str_2::before_1::after_3 ... ok
[INFO] [stdout] test handler::indenter::tests::leafs::case_12_str_2::before_2::after_2 ... ok
[INFO] [stdout] test handler::indenter::tests::leafs::case_10_str_none::before_1::after_3 ... ok
[INFO] [stdout] test handler::indenter::tests::leafs::case_12_str_2::before_2::after_3 ... ok
[INFO] [stdout] test handler::indenter::tests::leafs::case_12_str_2::before_3::after_3 ... ok
[INFO] [stdout] test handler::indenter::tests::leafs::case_12_str_2::before_3::after_1 ... ok
[INFO] [stdout] test handler::indenter::tests::leafs::case_12_str_2::before_4::after_1 ... ok
[INFO] [stdout] test handler::indenter::tests::leafs::case_12_str_2::before_3::after_2 ... ok
[INFO] [stdout] test handler::indenter::tests::leafs::case_12_str_2::before_4::after_2 ... ok
[INFO] [stdout] test handler::indenter::tests::leafs::case_12_str_2::before_4::after_3 ... ok
[INFO] [stdout] test handler::indenter::tests::nested_array ... ok
[INFO] [stdout] test handler::indenter::tests::leafs::case_07_arr_none::before_3::after_1 ... ok
[INFO] [stdout] test handler::indenter::tests::leafs::case_08_arr_0::before_3::after_1 ... ok
[INFO] [stdout] test handler::output::tests::basic ... ok
[INFO] [stdout] test handler::unstringify::tests::unstringify_handler_ok ... ok
[INFO] [stdout] test matcher::combinator::tests::and ... ok
[INFO] [stdout] test handler::indenter::tests::nested_object ... ok
[INFO] [stdout] test matcher::depth::tests::depth_parse ... ok
[INFO] [stdout] test matcher::combinator::tests::wrapper ... ok
[INFO] [stdout] test matcher::combinator::tests::not ... ok
[INFO] [stdout] test matcher::combinator::tests::or ... ok
[INFO] [stdout] test matcher::simple::tests::any_wild ... ok
[INFO] [stdout] test matcher::combinator::tests::complex ... ok
[INFO] [stdout] test matcher::simple::tests::parse_error ... ok
[INFO] [stdout] test handler::output::tests::separator ... ok
[INFO] [stdout] test matcher::simple::tests::exact ... ok
[INFO] [stdout] test handler::indexer::tests::indexer_handler ... ok
[INFO] [stdout] test handler::indenter::tests::leafs::case_11_str_0::before_3::after_3 ... ok
[INFO] [stdout] test matcher::simple::tests::object_escapes ... ok
[INFO] [stdout] test matcher::simple::tests::parse ... ok
[INFO] [stdout] test matcher::simple::tests::single_wild ... ok
[INFO] [stdout] test matcher::simple::tests::ranges_array ... ok
[INFO] [stdout] test handler::shorten::tests::shorten_handler ... ok
[INFO] [stdout] test matcher::simple::tests::wild_array ... ok
[INFO] [stdout] test matcher::simple::tests::wild_object ... ok
[INFO] [stdout] test matcher::simple::tests::wild_object_escapes ... ok
[INFO] [stdout] test path::tests::test_path_from_string_array ... ok
[INFO] [stdout] test handler::shorten::tests::shorten_handler_parts ... ok
[INFO] [stdout] test matcher::depth::tests::match_path ... ok
[INFO] [stdout] test path::tests::test_path_from_string_empty ... ok
[INFO] [stdout] test path::tests::test_path_from_string_object ... ok
[INFO] [stdout] test strategy::all::tests::convert::case_4_window100 ... ok
[INFO] [stdout] test strategy::all::tests::convert::case_1_single ... ok
[INFO] [stdout] test strategy::all::tests::no_convert::case_1_single ... ok
[INFO] [stdout] test handler::output::tests::use_path ... ok
[INFO] [stdout] test strategy::all::tests::no_convert::case_4_window100 ... ok
[INFO] [stdout] test strategy::convert::tests::basic ... ok
[INFO] [stdout] test handler::regex::tests::regex_converter ... ok
[INFO] [stdout] test strategy::convert::tests::basic_pending::case_1_single ... ok
[INFO] [stdout] test strategy::convert::tests::basic_pending::case_4_window100 ... ok
[INFO] [stdout] test strategy::all::tests::convert::case_2_window1 ... ok
[INFO] [stdout] test strategy::all::tests::convert::case_3_window5 ... ok
[INFO] [stdout] test strategy::convert::tests::chaining_handlers ... ok
[INFO] [stdout] test strategy::extract::tests::splitters::case_4_window100 ... ok
[INFO] [stdout] test strategy::extract::tests::splitters::case_1_single ... ok
[INFO] [stdout] test strategy::extract::tests::pending_handlers ... ok
[INFO] [stdout] test strategy::all::tests::no_convert::case_3_window5 ... ok
[INFO] [stdout] test strategy::filter::tests::combinator_slices::case_1_single ... ok
[INFO] [stdout] test strategy::extract::tests::flat ... ok
[INFO] [stdout] test strategy::all::tests::no_convert::case_2_window1 ... ok
[INFO] [stdout] test strategy::extract::tests::nested ... ok
[INFO] [stdout] test strategy::filter::tests::single_matcher_object_all ... ok
[INFO] [stdout] test strategy::filter::tests::single_matcher_array_all ... ok
[INFO] [stdout] test strategy::extract::tests::pending ... ok
[INFO] [stdout] test strategy::filter::tests::single_matcher_array_last ... ok
[INFO] [stdout] test strategy::filter::tests::single_matcher_object_first ... ok
[INFO] [stdout] test strategy::filter::tests::single_matcher_array_middle ... ok
[INFO] [stdout] test strategy::filter::tests::single_matcher_array_first ... ok
[INFO] [stdout] test strategy::filter::tests::single_matcher_no_match ... ok
[INFO] [stdout] test strategy::filter::tests::combinator_slices::case_4_window100 ... ok
[INFO] [stdout] test strategy::filter::tests::single_matcher_object_middle ... ok
[INFO] [stdout] test strategy::filter::tests::single_matcher_object_last ... ok
[INFO] [stdout] test strategy::test::converter ... ok
[INFO] [stdout] test strategy::trigger::tests::basic ... ok
[INFO] [stdout] test strategy::convert::tests::basic_pending::case_2_window1 ... ok
[INFO] [stdout] test streamer::test::test_empty_object ... ok
[INFO] [stdout] test streamer::test::test_multiple_input_flat ... ok
[INFO] [stdout] test strategy::trigger::tests::splitted::case_3_window5 ... ok
[INFO] [stdout] test strategy::trigger::tests::splitted::case_4_window100 ... ok
[INFO] [stdout] test streamer::test::test_array ... ok
[INFO] [stdout] test streamer::test::test_number ... ok
[INFO] [stdout] test streamer::test::test_array_in_array ... ok
[INFO] [stdout] test streamer::test::test_array_pending ... ok
[INFO] [stdout] test streamer::test::test_object_in_object ... ok
[INFO] [stdout] test streamer::test::test_newlines ... ok
[INFO] [stdout] test streamer::test::test_null ... ok
[INFO] [stdout] test streamer::test::test_empty_array ... ok
[INFO] [stdout] test streamer::test::test_string ... ok
[INFO] [stdout] test streamer::test::test_utf8 ... ok
[INFO] [stdout] test strategy::trigger::tests::splitted::case_1_single ... ok
[INFO] [stdout] test strategy::trigger::tests::splitted::case_2_window1 ... ok
[INFO] [stdout] test streamer::test::test_spaces ... ok
[INFO] [stdout] test strategy::convert::tests::basic_pending::case_3_window5 ... ok
[INFO] [stdout] test streamer::test::test_bool ... ok
[INFO] [stdout] test strategy::extract::tests::splitters::case_3_window5 ... ok
[INFO] [stdout] test strategy::filter::tests::combinator_slices::case_3_window5 ... ok
[INFO] [stdout] test strategy::extract::tests::splitters::case_2_window1 ... ok
[INFO] [stdout] test streamer::test::test_object ... ok
[INFO] [stdout] test strategy::filter::tests::combinator_slices::case_2_window1 ... ok
[INFO] [stdout] test streamer::test::test_complex_with_pending ... ok
[INFO] [stdout] 
[INFO] [stdout] test result: ok. 242 passed; 0 failed; 0 ignored; 0 measured; 0 filtered out; finished in 0.08s
[INFO] [stdout] 
[INFO] [stderr]    Doc-tests streamson-lib
[INFO] [stdout] 
[INFO] [stdout] running 32 tests
[INFO] [stdout] test src/handler/indexer.rs - handler::indexer::Indexer::set_use_path (line 115) ... ok
[INFO] [stdout] test src/handler/indexer.rs - handler::indexer::Indexer::pop (line 131) ... ok
[INFO] [stdout] test src/handler/output.rs - handler::output::Output<W>::set_separator (line 75) ... ok
[INFO] [stdout] test src/handler/unstringify.rs - handler::unstringify (line 6) ... ok
[INFO] [stdout] test src/handler/shorten.rs - handler::shorten (line 6) ... ok
[INFO] [stdout] test src/handler/replace.rs - handler::replace (line 6) ... ok
[INFO] [stdout] test src/handler/buffer.rs - handler::buffer::Buffer::set_use_path (line 243) ... ok
[INFO] [stdout] test src/handler/indexer.rs - handler::indexer (line 5) ... ok
[INFO] [stdout] test src/handler/output.rs - handler::output::Output<W>::set_write_path (line 56) ... ok
[INFO] [stdout] test src/handler/group.rs - handler::group (line 4) ... ok
[INFO] [stdout] test src/handler/indenter.rs - handler::indenter (line 4) ... ok
[INFO] [stdout] test src/handler/buffer.rs - handler::buffer::Buffer::pop (line 259) ... ok
[INFO] [stdout] test src/handler/regex.rs - handler::regex (line 4) ... ok
[INFO] [stdout] test src/lib.rs - (line 10) ... FAILED
[INFO] [stdout] test src/handler/buffer.rs - handler::buffer (line 4) ... ok
[INFO] [stdout] test src/lib.rs - (line 46) ... FAILED
[INFO] [stdout] test src/lib.rs - test_readme (line 298) ... ok
[INFO] [stdout] test src/lib.rs - test_readme (line 408) ... ok
[INFO] [stdout] test src/lib.rs - test_readme (line 338) ... ok
[INFO] [stdout] test src/lib.rs - test_readme (line 319) ... ok
[INFO] [stdout] test src/lib.rs - test_readme (line 448) ... ok
[INFO] [stdout] test src/lib.rs - test_readme (line 266) ... ok
[INFO] [stdout] test src/lib.rs - test_readme (line 381) ... ok
[INFO] [stdout] test src/lib.rs - test_readme (line 217) ... ok
[INFO] [stdout] test src/strategy/extract.rs - strategy::extract::Extract::add_matcher (line 165) ... ok
[INFO] [stdout] test src/lib.rs - (line 80) ... FAILED
[INFO] [stdout] test src/strategy/convert.rs - strategy::convert::Convert::add_matcher (line 177) ... ok
[INFO] [stdout] test src/strategy/all.rs - strategy::all::All::add_handler (line 123) ... ok
[INFO] [stdout] test src/lib.rs - test_readme (line 357) ... ok
[INFO] [stdout] test src/matcher/regex.rs - matcher::regex::Regex (line 11) ... ok
[INFO] [stdout] test src/strategy/filter.rs - strategy::filter::Filter::add_matcher (line 191) ... ok
[INFO] [stdout] test src/strategy/trigger.rs - strategy::trigger::Trigger::add_matcher (line 137) ... ok
[INFO] [stdout] 
[INFO] [stdout] failures:
[INFO] [stdout] 
[INFO] [stdout] ---- src/lib.rs - (line 10) stdout ----
[INFO] [stdout] Test executable failed (exit code 101).
[INFO] [stdout] 
[INFO] [stdout] stderr:
[INFO] [stdout] thread 'main' panicked at 'called `Result::unwrap()` on an `Err` value: Os { code: 30, kind: Other, message: "Read-only file system" }', src/lib.rs:9:40
[INFO] [stdout] stack backtrace:
[INFO] [stdout]    0:     0x562e806468a0 - std::backtrace_rs::backtrace::libunwind::trace::h34055254b57d8e79
[INFO] [stdout]                                at /rustc/a178d0322ce20e33eac124758e837cbd80a6f633/library/std/src/../../backtrace/src/backtrace/libunwind.rs:90:5
[INFO] [stdout]    1:     0x562e806468a0 - std::backtrace_rs::backtrace::trace_unsynchronized::h8f1e3fbd9afff6ec
[INFO] [stdout]                                at /rustc/a178d0322ce20e33eac124758e837cbd80a6f633/library/std/src/../../backtrace/src/backtrace/mod.rs:66:5
[INFO] [stdout]    2:     0x562e806468a0 - std::sys_common::backtrace::_print_fmt::h3a99a796b770c360
[INFO] [stdout]                                at /rustc/a178d0322ce20e33eac124758e837cbd80a6f633/library/std/src/sys_common/backtrace.rs:67:5
[INFO] [stdout]    3:     0x562e806468a0 - <std::sys_common::backtrace::_print::DisplayBacktrace as core::fmt::Display>::fmt::h32d1f94a80615d18
[INFO] [stdout]                                at /rustc/a178d0322ce20e33eac124758e837cbd80a6f633/library/std/src/sys_common/backtrace.rs:46:22
[INFO] [stdout]    4:     0x562e80660cac - core::fmt::write::h306731c068f7162c
[INFO] [stdout]                                at /rustc/a178d0322ce20e33eac124758e837cbd80a6f633/library/core/src/fmt/mod.rs:1110:17
[INFO] [stdout]    5:     0x562e80645205 - std::io::Write::write_fmt::hd2fa90334eee2a21
[INFO] [stdout]                                at /rustc/a178d0322ce20e33eac124758e837cbd80a6f633/library/std/src/io/mod.rs:1588:15
[INFO] [stdout]    6:     0x562e806486fb - std::sys_common::backtrace::_print::h5abaa2601a852287
[INFO] [stdout]                                at /rustc/a178d0322ce20e33eac124758e837cbd80a6f633/library/std/src/sys_common/backtrace.rs:49:5
[INFO] [stdout]    7:     0x562e806486fb - std::sys_common::backtrace::print::h8d81445442bb638f
[INFO] [stdout]                                at /rustc/a178d0322ce20e33eac124758e837cbd80a6f633/library/std/src/sys_common/backtrace.rs:36:9
[INFO] [stdout]    8:     0x562e806486fb - std::panicking::default_hook::{{closure}}::hcfe804496a9fa747
[INFO] [stdout]                                at /rustc/a178d0322ce20e33eac124758e837cbd80a6f633/library/std/src/panicking.rs:208:50
[INFO] [stdout]    9:     0x562e806481d1 - std::panicking::default_hook::hbea8e3ccf2ba8901
[INFO] [stdout]                                at /rustc/a178d0322ce20e33eac124758e837cbd80a6f633/library/std/src/panicking.rs:225:9
[INFO] [stdout]   10:     0x562e80648dc4 - std::panicking::rust_panic_with_hook::h7ee9e1a2d0f8975a
[INFO] [stdout]                                at /rustc/a178d0322ce20e33eac124758e837cbd80a6f633/library/std/src/panicking.rs:622:17
[INFO] [stdout]   11:     0x562e806488a7 - std::panicking::begin_panic_handler::{{closure}}::h8ab3b4491718b2c7
[INFO] [stdout]                                at /rustc/a178d0322ce20e33eac124758e837cbd80a6f633/library/std/src/panicking.rs:519:13
[INFO] [stdout]   12:     0x562e80646d9c - std::sys_common::backtrace::__rust_end_short_backtrace::hd489062ffa586a9f
[INFO] [stdout]                                at /rustc/a178d0322ce20e33eac124758e837cbd80a6f633/library/std/src/sys_common/backtrace.rs:141:18
[INFO] [stdout]   13:     0x562e80648809 - rust_begin_unwind
[INFO] [stdout]                                at /rustc/a178d0322ce20e33eac124758e837cbd80a6f633/library/std/src/panicking.rs:515:5
[INFO] [stdout]   14:     0x562e805f8fc1 - core::panicking::panic_fmt::hca6330e3e14086b4
[INFO] [stdout]                                at /rustc/a178d0322ce20e33eac124758e837cbd80a6f633/library/core/src/panicking.rs:92:14
[INFO] [stdout]   15:     0x562e805f9053 - core::result::unwrap_failed::h6160d2b4bfbb0e87
[INFO] [stdout]                                at /rustc/a178d0322ce20e33eac124758e837cbd80a6f633/library/core/src/result.rs:1355:5
[INFO] [stdout]   16:     0x562e805fb0fa - core::result::Result<T,E>::unwrap::hf8fc7949932db7b2
[INFO] [stdout]   17:     0x562e805fe6d0 - rust_out::main::_doctest_main_src_lib_rs_10_0::hedc7d589b7958d65
[INFO] [stdout]   18:     0x562e805fe606 - rust_out::main::h2a38bb51b9580a7d
[INFO] [stdout]   19:     0x562e805fa363 - core::ops::function::FnOnce::call_once::hb73b95e6982fd3f0
[INFO] [stdout]   20:     0x562e805f9d49 - std::sys_common::backtrace::__rust_begin_short_backtrace::h8371d112165838d3
[INFO] [stdout]   21:     0x562e805f9db9 - std::rt::lang_start::{{closure}}::h783adf50233ec5ec
[INFO] [stdout]   22:     0x562e806492c9 - core::ops::function::impls::<impl core::ops::function::FnOnce<A> for &F>::call_once::h2aabc384aab89b7b
[INFO] [stdout]                                at /rustc/a178d0322ce20e33eac124758e837cbd80a6f633/library/core/src/ops/function.rs:259:13
[INFO] [stdout]   23:     0x562e806492c9 - std::panicking::try::do_call::hc5fcacb7a85fc7b1
[INFO] [stdout]                                at /rustc/a178d0322ce20e33eac124758e837cbd80a6f633/library/std/src/panicking.rs:401:40
[INFO] [stdout]   24:     0x562e806492c9 - std::panicking::try::hb5d9603af3abbe3a
[INFO] [stdout]                                at /rustc/a178d0322ce20e33eac124758e837cbd80a6f633/library/std/src/panicking.rs:365:19
[INFO] [stdout]   25:     0x562e806492c9 - std::panic::catch_unwind::h98fe6ac3925e64b4
[INFO] [stdout]                                at /rustc/a178d0322ce20e33eac124758e837cbd80a6f633/library/std/src/panic.rs:434:14
[INFO] [stdout]   26:     0x562e806492c9 - std::rt::lang_start_internal::h22ac7383c516f93e
[INFO] [stdout]                                at /rustc/a178d0322ce20e33eac124758e837cbd80a6f633/library/std/src/rt.rs:34:21
[INFO] [stdout]   27:     0x562e805f9da1 - std::rt::lang_start::h11b9716471e37ff8
[INFO] [stdout]   28:     0x562e805fefc3 - main
[INFO] [stdout]   29:     0x7fc5d3f350b3 - __libc_start_main
[INFO] [stdout]   30:     0x562e805f975e - _start
[INFO] [stdout]   31:                0x0 - <unknown>
[INFO] [stdout] 
[INFO] [stdout] 
[INFO] [stdout] ---- src/lib.rs - (line 46) stdout ----
[INFO] [stdout] Test executable failed (exit code 101).
[INFO] [stdout] 
[INFO] [stdout] stderr:
[INFO] [stdout] thread 'main' panicked at 'called `Result::unwrap()` on an `Err` value: Os { code: 30, kind: Other, message: "Read-only file system" }', src/lib.rs:7:40
[INFO] [stdout] stack backtrace:
[INFO] [stdout]    0:     0x5626eac2f400 - std::backtrace_rs::backtrace::libunwind::trace::h34055254b57d8e79
[INFO] [stdout]                                at /rustc/a178d0322ce20e33eac124758e837cbd80a6f633/library/std/src/../../backtrace/src/backtrace/libunwind.rs:90:5
[INFO] [stdout]    1:     0x5626eac2f400 - std::backtrace_rs::backtrace::trace_unsynchronized::h8f1e3fbd9afff6ec
[INFO] [stdout]                                at /rustc/a178d0322ce20e33eac124758e837cbd80a6f633/library/std/src/../../backtrace/src/backtrace/mod.rs:66:5
[INFO] [stdout]    2:     0x5626eac2f400 - std::sys_common::backtrace::_print_fmt::h3a99a796b770c360
[INFO] [stdout]                                at /rustc/a178d0322ce20e33eac124758e837cbd80a6f633/library/std/src/sys_common/backtrace.rs:67:5
[INFO] [stdout]    3:     0x5626eac2f400 - <std::sys_common::backtrace::_print::DisplayBacktrace as core::fmt::Display>::fmt::h32d1f94a80615d18
[INFO] [stdout]                                at /rustc/a178d0322ce20e33eac124758e837cbd80a6f633/library/std/src/sys_common/backtrace.rs:46:22
[INFO] [stdout]    4:     0x5626eac4980c - core::fmt::write::h306731c068f7162c
[INFO] [stdout]                                at /rustc/a178d0322ce20e33eac124758e837cbd80a6f633/library/core/src/fmt/mod.rs:1110:17
[INFO] [stdout]    5:     0x5626eac2dd65 - std::io::Write::write_fmt::hd2fa90334eee2a21
[INFO] [stdout]                                at /rustc/a178d0322ce20e33eac124758e837cbd80a6f633/library/std/src/io/mod.rs:1588:15
[INFO] [stdout]    6:     0x5626eac3125b - std::sys_common::backtrace::_print::h5abaa2601a852287
[INFO] [stdout]                                at /rustc/a178d0322ce20e33eac124758e837cbd80a6f633/library/std/src/sys_common/backtrace.rs:49:5
[INFO] [stdout]    7:     0x5626eac3125b - std::sys_common::backtrace::print::h8d81445442bb638f
[INFO] [stdout]                                at /rustc/a178d0322ce20e33eac124758e837cbd80a6f633/library/std/src/sys_common/backtrace.rs:36:9
[INFO] [stdout]    8:     0x5626eac3125b - std::panicking::default_hook::{{closure}}::hcfe804496a9fa747
[INFO] [stdout]                                at /rustc/a178d0322ce20e33eac124758e837cbd80a6f633/library/std/src/panicking.rs:208:50
[INFO] [stdout]    9:     0x5626eac30d31 - std::panicking::default_hook::hbea8e3ccf2ba8901
[INFO] [stdout]                                at /rustc/a178d0322ce20e33eac124758e837cbd80a6f633/library/std/src/panicking.rs:225:9
[INFO] [stdout]   10:     0x5626eac31924 - std::panicking::rust_panic_with_hook::h7ee9e1a2d0f8975a
[INFO] [stdout]                                at /rustc/a178d0322ce20e33eac124758e837cbd80a6f633/library/std/src/panicking.rs:622:17
[INFO] [stdout]   11:     0x5626eac31407 - std::panicking::begin_panic_handler::{{closure}}::h8ab3b4491718b2c7
[INFO] [stdout]                                at /rustc/a178d0322ce20e33eac124758e837cbd80a6f633/library/std/src/panicking.rs:519:13
[INFO] [stdout]   12:     0x5626eac2f8fc - std::sys_common::backtrace::__rust_end_short_backtrace::hd489062ffa586a9f
[INFO] [stdout]                                at /rustc/a178d0322ce20e33eac124758e837cbd80a6f633/library/std/src/sys_common/backtrace.rs:141:18
[INFO] [stdout]   13:     0x5626eac31369 - rust_begin_unwind
[INFO] [stdout]                                at /rustc/a178d0322ce20e33eac124758e837cbd80a6f633/library/std/src/panicking.rs:515:5
[INFO] [stdout]   14:     0x5626eabe0fc1 - core::panicking::panic_fmt::hca6330e3e14086b4
[INFO] [stdout]                                at /rustc/a178d0322ce20e33eac124758e837cbd80a6f633/library/core/src/panicking.rs:92:14
[INFO] [stdout]   15:     0x5626eabe1053 - core::result::unwrap_failed::h6160d2b4bfbb0e87
[INFO] [stdout]                                at /rustc/a178d0322ce20e33eac124758e837cbd80a6f633/library/core/src/result.rs:1355:5
[INFO] [stdout]   16:     0x5626eabe303a - core::result::Result<T,E>::unwrap::hf8fc7949932db7b2
[INFO] [stdout]   17:     0x5626eabe621f - rust_out::main::_doctest_main_src_lib_rs_46_0::hc62f8999bf016486
[INFO] [stdout]   18:     0x5626eabe61a6 - rust_out::main::h2a38bb51b9580a7d
[INFO] [stdout]   19:     0x5626eabe2303 - core::ops::function::FnOnce::call_once::hb73b95e6982fd3f0
[INFO] [stdout]   20:     0x5626eabe1cb9 - std::sys_common::backtrace::__rust_begin_short_backtrace::h8371d112165838d3
[INFO] [stdout]   21:     0x5626eabe1d29 - std::rt::lang_start::{{closure}}::h783adf50233ec5ec
[INFO] [stdout]   22:     0x5626eac31e29 - core::ops::function::impls::<impl core::ops::function::FnOnce<A> for &F>::call_once::h2aabc384aab89b7b
[INFO] [stdout]                                at /rustc/a178d0322ce20e33eac124758e837cbd80a6f633/library/core/src/ops/function.rs:259:13
[INFO] [stdout]   23:     0x5626eac31e29 - std::panicking::try::do_call::hc5fcacb7a85fc7b1
[INFO] [stdout]                                at /rustc/a178d0322ce20e33eac124758e837cbd80a6f633/library/std/src/panicking.rs:401:40
[INFO] [stdout]   24:     0x5626eac31e29 - std::panicking::try::hb5d9603af3abbe3a
[INFO] [stdout]                                at /rustc/a178d0322ce20e33eac124758e837cbd80a6f633/library/std/src/panicking.rs:365:19
[INFO] [stdout]   25:     0x5626eac31e29 - std::panic::catch_unwind::h98fe6ac3925e64b4
[INFO] [stdout]                                at /rustc/a178d0322ce20e33eac124758e837cbd80a6f633/library/std/src/panic.rs:434:14
[INFO] [stdout]   26:     0x5626eac31e29 - std::rt::lang_start_internal::h22ac7383c516f93e
[INFO] [stdout]                                at /rustc/a178d0322ce20e33eac124758e837cbd80a6f633/library/std/src/rt.rs:34:21
[INFO] [stdout]   27:     0x5626eabe1d11 - std::rt::lang_start::h11b9716471e37ff8
[INFO] [stdout]   28:     0x5626eabe6b13 - main
[INFO] [stdout]   29:     0x7f0e454480b3 - __libc_start_main
[INFO] [stdout]   30:     0x5626eabe175e - _start
[INFO] [stdout]   31:                0x0 - <unknown>
[INFO] [stdout] 
[INFO] [stdout] 
[INFO] [stdout] ---- src/lib.rs - (line 80) stdout ----
[INFO] [stdout] Test executable failed (exit code 101).
[INFO] [stdout] 
[INFO] [stdout] stderr:
[INFO] [stdout] thread 'main' panicked at 'called `Result::unwrap()` on an `Err` value: Os { code: 30, kind: Other, message: "Read-only file system" }', src/lib.rs:7:40
[INFO] [stdout] stack backtrace:
[INFO] [stdout]    0:     0x55b0f4639e80 - std::backtrace_rs::backtrace::libunwind::trace::h34055254b57d8e79
[INFO] [stdout]                                at /rustc/a178d0322ce20e33eac124758e837cbd80a6f633/library/std/src/../../backtrace/src/backtrace/libunwind.rs:90:5
[INFO] [stdout]    1:     0x55b0f4639e80 - std::backtrace_rs::backtrace::trace_unsynchronized::h8f1e3fbd9afff6ec
[INFO] [stdout]                                at /rustc/a178d0322ce20e33eac124758e837cbd80a6f633/library/std/src/../../backtrace/src/backtrace/mod.rs:66:5
[INFO] [stdout]    2:     0x55b0f4639e80 - std::sys_common::backtrace::_print_fmt::h3a99a796b770c360
[INFO] [stdout]                                at /rustc/a178d0322ce20e33eac124758e837cbd80a6f633/library/std/src/sys_common/backtrace.rs:67:5
[INFO] [stdout]    3:     0x55b0f4639e80 - <std::sys_common::backtrace::_print::DisplayBacktrace as core::fmt::Display>::fmt::h32d1f94a80615d18
[INFO] [stdout]                                at /rustc/a178d0322ce20e33eac124758e837cbd80a6f633/library/std/src/sys_common/backtrace.rs:46:22
[INFO] [stdout]    4:     0x55b0f465428c - core::fmt::write::h306731c068f7162c
[INFO] [stdout]                                at /rustc/a178d0322ce20e33eac124758e837cbd80a6f633/library/core/src/fmt/mod.rs:1110:17
[INFO] [stdout]    5:     0x55b0f46387e5 - std::io::Write::write_fmt::hd2fa90334eee2a21
[INFO] [stdout]                                at /rustc/a178d0322ce20e33eac124758e837cbd80a6f633/library/std/src/io/mod.rs:1588:15
[INFO] [stdout]    6:     0x55b0f463bcdb - std::sys_common::backtrace::_print::h5abaa2601a852287
[INFO] [stdout]                                at /rustc/a178d0322ce20e33eac124758e837cbd80a6f633/library/std/src/sys_common/backtrace.rs:49:5
[INFO] [stdout]    7:     0x55b0f463bcdb - std::sys_common::backtrace::print::h8d81445442bb638f
[INFO] [stdout]                                at /rustc/a178d0322ce20e33eac124758e837cbd80a6f633/library/std/src/sys_common/backtrace.rs:36:9
[INFO] [stdout]    8:     0x55b0f463bcdb - std::panicking::default_hook::{{closure}}::hcfe804496a9fa747
[INFO] [stdout]                                at /rustc/a178d0322ce20e33eac124758e837cbd80a6f633/library/std/src/panicking.rs:208:50
[INFO] [stdout]    9:     0x55b0f463b7b1 - std::panicking::default_hook::hbea8e3ccf2ba8901
[INFO] [stdout]                                at /rustc/a178d0322ce20e33eac124758e837cbd80a6f633/library/std/src/panicking.rs:225:9
[INFO] [stdout]   10:     0x55b0f463c3a4 - std::panicking::rust_panic_with_hook::h7ee9e1a2d0f8975a
[INFO] [stdout]                                at /rustc/a178d0322ce20e33eac124758e837cbd80a6f633/library/std/src/panicking.rs:622:17
[INFO] [stdout]   11:     0x55b0f463be87 - std::panicking::begin_panic_handler::{{closure}}::h8ab3b4491718b2c7
[INFO] [stdout]                                at /rustc/a178d0322ce20e33eac124758e837cbd80a6f633/library/std/src/panicking.rs:519:13
[INFO] [stdout]   12:     0x55b0f463a37c - std::sys_common::backtrace::__rust_end_short_backtrace::hd489062ffa586a9f
[INFO] [stdout]                                at /rustc/a178d0322ce20e33eac124758e837cbd80a6f633/library/std/src/sys_common/backtrace.rs:141:18
[INFO] [stdout]   13:     0x55b0f463bde9 - rust_begin_unwind
[INFO] [stdout]                                at /rustc/a178d0322ce20e33eac124758e837cbd80a6f633/library/std/src/panicking.rs:515:5
[INFO] [stdout]   14:     0x55b0f45f9fc1 - core::panicking::panic_fmt::hca6330e3e14086b4
[INFO] [stdout]                                at /rustc/a178d0322ce20e33eac124758e837cbd80a6f633/library/core/src/panicking.rs:92:14
[INFO] [stdout]   15:     0x55b0f45fa053 - core::result::unwrap_failed::h6160d2b4bfbb0e87
[INFO] [stdout]                                at /rustc/a178d0322ce20e33eac124758e837cbd80a6f633/library/core/src/result.rs:1355:5
[INFO] [stdout]   16:     0x55b0f45fbdca - core::result::Result<T,E>::unwrap::hf8fc7949932db7b2
[INFO] [stdout]   17:     0x55b0f45fea17 - rust_out::main::_doctest_main_src_lib_rs_80_0::ha1a6c310234a8813
[INFO] [stdout]   18:     0x55b0f45fe9b6 - rust_out::main::h2a38bb51b9580a7d
[INFO] [stdout]   19:     0x55b0f45fb223 - core::ops::function::FnOnce::call_once::hb73b95e6982fd3f0
[INFO] [stdout]   20:     0x55b0f45fabd9 - std::sys_common::backtrace::__rust_begin_short_backtrace::h8371d112165838d3
[INFO] [stdout]   21:     0x55b0f45fac49 - std::rt::lang_start::{{closure}}::h783adf50233ec5ec
[INFO] [stdout]   22:     0x55b0f463c8a9 - core::ops::function::impls::<impl core::ops::function::FnOnce<A> for &F>::call_once::h2aabc384aab89b7b
[INFO] [stdout]                                at /rustc/a178d0322ce20e33eac124758e837cbd80a6f633/library/core/src/ops/function.rs:259:13
[INFO] [stdout]   23:     0x55b0f463c8a9 - std::panicking::try::do_call::hc5fcacb7a85fc7b1
[INFO] [stdout]                                at /rustc/a178d0322ce20e33eac124758e837cbd80a6f633/library/std/src/panicking.rs:401:40
[INFO] [stdout]   24:     0x55b0f463c8a9 - std::panicking::try::hb5d9603af3abbe3a
[INFO] [stdout]                                at /rustc/a178d0322ce20e33eac124758e837cbd80a6f633/library/std/src/panicking.rs:365:19
[INFO] [stdout]   25:     0x55b0f463c8a9 - std::panic::catch_unwind::h98fe6ac3925e64b4
[INFO] [stdout]                                at /rustc/a178d0322ce20e33eac124758e837cbd80a6f633/library/std/src/panic.rs:434:14
[INFO] [stdout]   26:     0x55b0f463c8a9 - std::rt::lang_start_internal::h22ac7383c516f93e
[INFO] [stdout]                                at /rustc/a178d0322ce20e33eac124758e837cbd80a6f633/library/std/src/rt.rs:34:21
[INFO] [stdout]   27:     0x55b0f45fac31 - std::rt::lang_start::h11b9716471e37ff8
[INFO] [stdout]   28:     0x55b0f45ff143 - main
[INFO] [stdout]   29:     0x7f31bdb890b3 - __libc_start_main
[INFO] [stdout]   30:     0x55b0f45fa75e - _start
[INFO] [stdout]   31:                0x0 - <unknown>
[INFO] [stdout] 
[INFO] [stdout] 
[INFO] [stdout] 
[INFO] [stdout] failures:
[INFO] [stdout]     src/lib.rs - (line 10)
[INFO] [stdout]     src/lib.rs - (line 46)
[INFO] [stdout]     src/lib.rs - (line 80)
[INFO] [stdout] 
[INFO] [stdout] test result: FAILED. 29 passed; 3 failed; 0 ignored; 0 measured; 0 filtered out; finished in 4.39s
[INFO] [stdout] 
[INFO] [stderr] error: test failed, to rerun pass '--doc'
[INFO] running `Command { std: "docker" "inspect" "01bf510434c502720f17103b1c69bb743dba09122540cf766bfbe2c0b568e6be", kill_on_drop: false }`
[INFO] running `Command { std: "docker" "rm" "-f" "01bf510434c502720f17103b1c69bb743dba09122540cf766bfbe2c0b568e6be", kill_on_drop: false }`
[INFO] [stdout] 01bf510434c502720f17103b1c69bb743dba09122540cf766bfbe2c0b568e6be
