[INFO] fetching crate streamdeck-rs 0.5.0...
[INFO] testing streamdeck-rs-0.5.0 against beta-2021-08-01 for beta-1.55-1
[INFO] extracting crate streamdeck-rs 0.5.0 into /workspace/builds/worker-6/source
[INFO] validating manifest of crates.io crate streamdeck-rs 0.5.0 on toolchain beta-2021-08-01
[INFO] running `Command { std: "/workspace/cargo-home/bin/cargo" "+beta-2021-08-01" "metadata" "--manifest-path" "Cargo.toml" "--no-deps", kill_on_drop: false }`
[INFO] started tweaking crates.io crate streamdeck-rs 0.5.0
[INFO] finished tweaking crates.io crate streamdeck-rs 0.5.0
[INFO] tweaked toml for crates.io crate streamdeck-rs 0.5.0 written to /workspace/builds/worker-6/source/Cargo.toml
[INFO] running `Command { std: "/workspace/cargo-home/bin/cargo" "+beta-2021-08-01" "generate-lockfile" "--manifest-path" "Cargo.toml" "-Zno-index-update", kill_on_drop: false }`
[INFO] [stderr]     Blocking waiting for file lock on package cache
[INFO] running `Command { std: "/workspace/cargo-home/bin/cargo" "+beta-2021-08-01" "fetch" "--manifest-path" "Cargo.toml", kill_on_drop: false }`
[INFO] [stderr]     Blocking waiting for file lock on package cache
[INFO] [stderr]     Blocking waiting for file lock on package cache
[INFO] running `Command { std: "docker" "create" "-v" "/var/lib/crater-agent-workspace/builds/worker-6/target:/opt/rustwide/target:rw,Z" "-v" "/var/lib/crater-agent-workspace/builds/worker-6/source:/opt/rustwide/workdir:ro,Z" "-v" "/var/lib/crater-agent-workspace/cargo-home:/opt/rustwide/cargo-home:ro,Z" "-v" "/var/lib/crater-agent-workspace/rustup-home:/opt/rustwide/rustup-home:ro,Z" "-e" "SOURCE_DIR=/opt/rustwide/workdir" "-e" "CARGO_TARGET_DIR=/opt/rustwide/target" "-e" "CARGO_HOME=/opt/rustwide/cargo-home" "-e" "RUSTUP_HOME=/opt/rustwide/rustup-home" "-w" "/opt/rustwide/workdir" "-m" "1610612736" "--user" "0:0" "--network" "none" "ghcr.io/rust-lang/crates-build-env/linux@sha256:34b6a614d2c27851fe6cbf88fbd1137609cefab8b10d0615aaeb6fd47975d74e" "/opt/rustwide/cargo-home/bin/cargo" "+beta-2021-08-01" "metadata" "--no-deps" "--format-version=1", kill_on_drop: false }`
[INFO] [stderr] WARNING: Your kernel does not support swap limit capabilities or the cgroup is not mounted. Memory limited without swap.
[INFO] [stdout] f552a6a802b20941420fc577f894c33b4ae64654903af22817df055af59794f4
[INFO] running `Command { std: "docker" "start" "-a" "f552a6a802b20941420fc577f894c33b4ae64654903af22817df055af59794f4", kill_on_drop: false }`
[INFO] running `Command { std: "docker" "inspect" "f552a6a802b20941420fc577f894c33b4ae64654903af22817df055af59794f4", kill_on_drop: false }`
[INFO] running `Command { std: "docker" "rm" "-f" "f552a6a802b20941420fc577f894c33b4ae64654903af22817df055af59794f4", kill_on_drop: false }`
[INFO] [stdout] f552a6a802b20941420fc577f894c33b4ae64654903af22817df055af59794f4
[INFO] running `Command { std: "docker" "create" "-v" "/var/lib/crater-agent-workspace/builds/worker-6/target:/opt/rustwide/target:rw,Z" "-v" "/var/lib/crater-agent-workspace/builds/worker-6/source:/opt/rustwide/workdir:ro,Z" "-v" "/var/lib/crater-agent-workspace/cargo-home:/opt/rustwide/cargo-home:ro,Z" "-v" "/var/lib/crater-agent-workspace/rustup-home:/opt/rustwide/rustup-home:ro,Z" "-e" "SOURCE_DIR=/opt/rustwide/workdir" "-e" "CARGO_TARGET_DIR=/opt/rustwide/target" "-e" "CARGO_INCREMENTAL=0" "-e" "RUST_BACKTRACE=full" "-e" "RUSTFLAGS=--cap-lints=warn" "-e" "CARGO_HOME=/opt/rustwide/cargo-home" "-e" "RUSTUP_HOME=/opt/rustwide/rustup-home" "-w" "/opt/rustwide/workdir" "-m" "1610612736" "--user" "0:0" "--network" "none" "ghcr.io/rust-lang/crates-build-env/linux@sha256:34b6a614d2c27851fe6cbf88fbd1137609cefab8b10d0615aaeb6fd47975d74e" "/opt/rustwide/cargo-home/bin/cargo" "+beta-2021-08-01" "build" "--frozen" "--message-format=json", kill_on_drop: false }`
[INFO] [stderr] WARNING: Your kernel does not support swap limit capabilities or the cgroup is not mounted. Memory limited without swap.
[INFO] [stdout] 05ed450a54e9fbaf04c130c3197a246bed83d756df87eca1d08b8ae267c9651a
[INFO] running `Command { std: "docker" "start" "-a" "05ed450a54e9fbaf04c130c3197a246bed83d756df87eca1d08b8ae267c9651a", kill_on_drop: false }`
[INFO] [stderr]    Compiling syn v1.0.74
[INFO] [stderr]    Compiling input_buffer v0.3.1
[INFO] [stderr]    Compiling net2 v0.2.37
[INFO] [stderr]    Compiling iovec v0.1.4
[INFO] [stderr]    Compiling idna v0.2.3
[INFO] [stderr]    Compiling block-buffer v0.7.3
[INFO] [stderr]    Compiling serde_json v1.0.66
[INFO] [stderr]    Compiling sha-1 v0.8.2
[INFO] [stderr]    Compiling mio v0.6.23
[INFO] [stderr]    Compiling url v2.2.2
[INFO] [stderr]    Compiling mio-uds v0.6.8
[INFO] [stderr]    Compiling tungstenite v0.10.1
[INFO] [stderr]    Compiling tokio v0.2.25
[INFO] [stderr]    Compiling synstructure v0.12.5
[INFO] [stderr]    Compiling futures-macro v0.3.16
[INFO] [stderr]    Compiling pin-project-internal v0.4.28
[INFO] [stderr]    Compiling failure_derive v0.1.8
[INFO] [stderr]    Compiling serde_derive v1.0.127
[INFO] [stderr]    Compiling failure v0.1.8
[INFO] [stderr]    Compiling futures-util v0.3.16
[INFO] [stderr]    Compiling pin-project v0.4.28
[INFO] [stderr]    Compiling futures-executor v0.3.16
[INFO] [stderr]    Compiling futures v0.3.16
[INFO] [stderr]    Compiling tokio-tungstenite v0.10.1
[INFO] [stderr]    Compiling streamdeck-rs v0.5.0 (/opt/rustwide/workdir)
[INFO] [stderr]     Finished dev [unoptimized + debuginfo] target(s) in 34.40s
[INFO] running `Command { std: "docker" "inspect" "05ed450a54e9fbaf04c130c3197a246bed83d756df87eca1d08b8ae267c9651a", kill_on_drop: false }`
[INFO] running `Command { std: "docker" "rm" "-f" "05ed450a54e9fbaf04c130c3197a246bed83d756df87eca1d08b8ae267c9651a", kill_on_drop: false }`
[INFO] [stdout] 05ed450a54e9fbaf04c130c3197a246bed83d756df87eca1d08b8ae267c9651a
[INFO] running `Command { std: "docker" "create" "-v" "/var/lib/crater-agent-workspace/builds/worker-6/target:/opt/rustwide/target:rw,Z" "-v" "/var/lib/crater-agent-workspace/builds/worker-6/source:/opt/rustwide/workdir:ro,Z" "-v" "/var/lib/crater-agent-workspace/cargo-home:/opt/rustwide/cargo-home:ro,Z" "-v" "/var/lib/crater-agent-workspace/rustup-home:/opt/rustwide/rustup-home:ro,Z" "-e" "SOURCE_DIR=/opt/rustwide/workdir" "-e" "CARGO_TARGET_DIR=/opt/rustwide/target" "-e" "CARGO_INCREMENTAL=0" "-e" "RUST_BACKTRACE=full" "-e" "RUSTFLAGS=--cap-lints=warn" "-e" "CARGO_HOME=/opt/rustwide/cargo-home" "-e" "RUSTUP_HOME=/opt/rustwide/rustup-home" "-w" "/opt/rustwide/workdir" "-m" "1610612736" "--user" "0:0" "--network" "none" "ghcr.io/rust-lang/crates-build-env/linux@sha256:34b6a614d2c27851fe6cbf88fbd1137609cefab8b10d0615aaeb6fd47975d74e" "/opt/rustwide/cargo-home/bin/cargo" "+beta-2021-08-01" "test" "--frozen" "--no-run" "--message-format=json", kill_on_drop: false }`
[INFO] [stdout] e4f2b04d9b9648820f16dea8d4d4e8d01e41a8bd1332b7454c3d5124fd683059
[INFO] [stderr] WARNING: Your kernel does not support swap limit capabilities or the cgroup is not mounted. Memory limited without swap.
[INFO] running `Command { std: "docker" "start" "-a" "e4f2b04d9b9648820f16dea8d4d4e8d01e41a8bd1332b7454c3d5124fd683059", kill_on_drop: false }`
[INFO] [stderr]    Compiling streamdeck-rs v0.5.0 (/opt/rustwide/workdir)
[INFO] [stderr]     Finished test [unoptimized + debuginfo] target(s) in 2.17s
[INFO] running `Command { std: "docker" "inspect" "e4f2b04d9b9648820f16dea8d4d4e8d01e41a8bd1332b7454c3d5124fd683059", kill_on_drop: false }`
[INFO] running `Command { std: "docker" "rm" "-f" "e4f2b04d9b9648820f16dea8d4d4e8d01e41a8bd1332b7454c3d5124fd683059", kill_on_drop: false }`
[INFO] [stdout] e4f2b04d9b9648820f16dea8d4d4e8d01e41a8bd1332b7454c3d5124fd683059
[INFO] running `Command { std: "docker" "create" "-v" "/var/lib/crater-agent-workspace/builds/worker-6/target:/opt/rustwide/target:rw,Z" "-v" "/var/lib/crater-agent-workspace/builds/worker-6/source:/opt/rustwide/workdir:ro,Z" "-v" "/var/lib/crater-agent-workspace/cargo-home:/opt/rustwide/cargo-home:ro,Z" "-v" "/var/lib/crater-agent-workspace/rustup-home:/opt/rustwide/rustup-home:ro,Z" "-e" "SOURCE_DIR=/opt/rustwide/workdir" "-e" "CARGO_TARGET_DIR=/opt/rustwide/target" "-e" "CARGO_INCREMENTAL=0" "-e" "RUST_BACKTRACE=full" "-e" "RUSTFLAGS=--cap-lints=warn" "-e" "CARGO_HOME=/opt/rustwide/cargo-home" "-e" "RUSTUP_HOME=/opt/rustwide/rustup-home" "-w" "/opt/rustwide/workdir" "-m" "1610612736" "--user" "0:0" "--network" "none" "ghcr.io/rust-lang/crates-build-env/linux@sha256:34b6a614d2c27851fe6cbf88fbd1137609cefab8b10d0615aaeb6fd47975d74e" "/opt/rustwide/cargo-home/bin/cargo" "+beta-2021-08-01" "test" "--frozen", kill_on_drop: false }`
[INFO] [stdout] 0effb89526b578f5a6af4f7917bc2ce2e6b2b1295b94e01eacd9604d6c8d12fb
[INFO] [stderr] WARNING: Your kernel does not support swap limit capabilities or the cgroup is not mounted. Memory limited without swap.
[INFO] running `Command { std: "docker" "start" "-a" "0effb89526b578f5a6af4f7917bc2ce2e6b2b1295b94e01eacd9604d6c8d12fb", kill_on_drop: false }`
[INFO] [stderr]     Finished test [unoptimized + debuginfo] target(s) in 0.09s
[INFO] [stderr]      Running unittests (/opt/rustwide/target/debug/deps/streamdeck_rs-c44256034d5d6b7e)
[INFO] [stdout] 
[INFO] [stdout] running 0 tests
[INFO] [stdout] 
[INFO] [stdout] test result: ok. 0 passed; 0 failed; 0 ignored; 0 measured; 0 filtered out; finished in 0.00s
[INFO] [stdout] 
[INFO] [stderr]    Doc-tests streamdeck-rs
[INFO] [stdout] 
[INFO] [stdout] running 2 tests
[INFO] [stdout] test src/socket.rs - socket::StreamDeckSocket<G, S, MI, MO>::connect (line 33) ... FAILED
[INFO] [stdout] test src/registration.rs - registration::RegistrationParams::from_args (line 179) ... FAILED
[INFO] [stdout] 
[INFO] [stdout] failures:
[INFO] [stdout] 
[INFO] [stdout] ---- src/socket.rs - socket::StreamDeckSocket<G, S, MI, MO>::connect (line 33) stdout ----
[INFO] [stdout] error[E0433]: failed to resolve: use of undeclared crate or module `env`
[INFO] [stdout]  --> src/socket.rs:34:44
[INFO] [stdout]   |
[INFO] [stdout] 3 | let params = RegistrationParams::from_args(env::args()).unwrap();
[INFO] [stdout]   |                                            ^^^ use of undeclared crate or module `env`
[INFO] [stdout] 
[INFO] [stdout] error[E0433]: failed to resolve: use of undeclared type `RegistrationParams`
[INFO] [stdout]  --> src/socket.rs:34:14
[INFO] [stdout]   |
[INFO] [stdout] 3 | let params = RegistrationParams::from_args(env::args()).unwrap();
[INFO] [stdout]   |              ^^^^^^^^^^^^^^^^^^ not found in this scope
[INFO] [stdout]   |
[INFO] [stdout] help: consider importing this struct
[INFO] [stdout]   |
[INFO] [stdout] 2 | use streamdeck_rs::registration::RegistrationParams;
[INFO] [stdout]   |
[INFO] [stdout] 
[INFO] [stdout] error[E0433]: failed to resolve: use of undeclared type `StreamDeckSocket`
[INFO] [stdout]  --> src/socket.rs:35:15
[INFO] [stdout]   |
[INFO] [stdout] 4 | let connect = StreamDeckSocket::<GlobalSettings, ActionSettings, PiMessage, PiMessageOut>::connect(params.port, params.event, params.uuid);
[INFO] [stdout]   |               ^^^^^^^^^^^^^^^^ not found in this scope
[INFO] [stdout]   |
[INFO] [stdout] help: consider importing this struct
[INFO] [stdout]   |
[INFO] [stdout] 2 | use streamdeck_rs::StreamDeckSocket;
[INFO] [stdout]   |
[INFO] [stdout] 
[INFO] [stdout] error[E0412]: cannot find type `GlobalSettings` in this scope
[INFO] [stdout]  --> src/socket.rs:35:34
[INFO] [stdout]   |
[INFO] [stdout] 2 | fn main() { #[allow(non_snake_case)] fn _doctest_main_src_socket_rs_33_0() {
[INFO] [stdout]   |                                                                         - help: you might be missing a type parameter: `<GlobalSettings>`
[INFO] [stdout] 3 | let params = RegistrationParams::from_args(env::args()).unwrap();
[INFO] [stdout] 4 | let connect = StreamDeckSocket::<GlobalSettings, ActionSettings, PiMessage, PiMessageOut>::connect(params.port, params.event, params.uuid);
[INFO] [stdout]   |                                  ^^^^^^^^^^^^^^ not found in this scope
[INFO] [stdout] 
[INFO] [stdout] error[E0412]: cannot find type `ActionSettings` in this scope
[INFO] [stdout]  --> src/socket.rs:35:50
[INFO] [stdout]   |
[INFO] [stdout] 2 | fn main() { #[allow(non_snake_case)] fn _doctest_main_src_socket_rs_33_0() {
[INFO] [stdout]   |                                                                         - help: you might be missing a type parameter: `<ActionSettings>`
[INFO] [stdout] 3 | let params = RegistrationParams::from_args(env::args()).unwrap();
[INFO] [stdout] 4 | let connect = StreamDeckSocket::<GlobalSettings, ActionSettings, PiMessage, PiMessageOut>::connect(params.port, params.event, params.uuid);
[INFO] [stdout]   |                                                  ^^^^^^^^^^^^^^ not found in this scope
[INFO] [stdout] 
[INFO] [stdout] error[E0412]: cannot find type `PiMessage` in this scope
[INFO] [stdout]  --> src/socket.rs:35:66
[INFO] [stdout]   |
[INFO] [stdout] 2 | fn main() { #[allow(non_snake_case)] fn _doctest_main_src_socket_rs_33_0() {
[INFO] [stdout]   |                                                                         - help: you might be missing a type parameter: `<PiMessage>`
[INFO] [stdout] 3 | let params = RegistrationParams::from_args(env::args()).unwrap();
[INFO] [stdout] 4 | let connect = StreamDeckSocket::<GlobalSettings, ActionSettings, PiMessage, PiMessageOut>::connect(params.port, params.event, params.uuid);
[INFO] [stdout]   |                                                                  ^^^^^^^^^ not found in this scope
[INFO] [stdout] 
[INFO] [stdout] error[E0412]: cannot find type `PiMessageOut` in this scope
[INFO] [stdout]  --> src/socket.rs:35:77
[INFO] [stdout]   |
[INFO] [stdout] 2 | fn main() { #[allow(non_snake_case)] fn _doctest_main_src_socket_rs_33_0() {
[INFO] [stdout]   |                                                                         - help: you might be missing a type parameter: `<PiMessageOut>`
[INFO] [stdout] 3 | let params = RegistrationParams::from_args(env::args()).unwrap();
[INFO] [stdout] 4 | let connect = StreamDeckSocket::<GlobalSettings, ActionSettings, PiMessage, PiMessageOut>::connect(params.port, params.event, params.uuid);
[INFO] [stdout]   |                                                                             ^^^^^^^^^^^^ not found in this scope
[INFO] [stdout] 
[INFO] [stdout] error[E0425]: cannot find function `run` in crate `tokio`
[INFO] [stdout]  --> src/socket.rs:36:8
[INFO] [stdout]   |
[INFO] [stdout] 5 | tokio::run(connect
[INFO] [stdout]   |        ^^^ not found in `tokio`
[INFO] [stdout] 
[INFO] [stdout] error: aborting due to 8 previous errors
[INFO] [stdout] 
[INFO] [stdout] Some errors have detailed explanations: E0412, E0425, E0433.
[INFO] [stdout] For more information about an error, try `rustc --explain E0412`.
[INFO] [stdout] Couldn't compile the test.
[INFO] [stdout] ---- src/registration.rs - registration::RegistrationParams::from_args (line 179) stdout ----
[INFO] [stdout] error[E0433]: failed to resolve: use of undeclared crate or module `env`
[INFO] [stdout]  --> src/registration.rs:180:31
[INFO] [stdout]   |
[INFO] [stdout] 3 | RegistrationParams::from_args(env::args())
[INFO] [stdout]   |                               ^^^ use of undeclared crate or module `env`
[INFO] [stdout] 
[INFO] [stdout] error[E0433]: failed to resolve: use of undeclared type `RegistrationParams`
[INFO] [stdout]  --> src/registration.rs:180:1
[INFO] [stdout]   |
[INFO] [stdout] 3 | RegistrationParams::from_args(env::args())
[INFO] [stdout]   | ^^^^^^^^^^^^^^^^^^ not found in this scope
[INFO] [stdout]   |
[INFO] [stdout] help: consider importing this struct
[INFO] [stdout]   |
[INFO] [stdout] 2 | use streamdeck_rs::registration::RegistrationParams;
[INFO] [stdout]   |
[INFO] [stdout] 
[INFO] [stdout] error: aborting due to 2 previous errors
[INFO] [stdout] 
[INFO] [stdout] For more information about this error, try `rustc --explain E0433`.
[INFO] [stdout] Couldn't compile the test.
[INFO] [stdout] 
[INFO] [stdout] failures:
[INFO] [stdout]     src/registration.rs - registration::RegistrationParams::from_args (line 179)
[INFO] [stdout]     src/socket.rs - socket::StreamDeckSocket<G, S, MI, MO>::connect (line 33)
[INFO] [stdout] 
[INFO] [stdout] test result: FAILED. 0 passed; 2 failed; 0 ignored; 0 measured; 0 filtered out; finished in 0.26s
[INFO] [stdout] 
[INFO] [stderr] error: test failed, to rerun pass '--doc'
[INFO] running `Command { std: "docker" "inspect" "0effb89526b578f5a6af4f7917bc2ce2e6b2b1295b94e01eacd9604d6c8d12fb", kill_on_drop: false }`
[INFO] running `Command { std: "docker" "rm" "-f" "0effb89526b578f5a6af4f7917bc2ce2e6b2b1295b94e01eacd9604d6c8d12fb", kill_on_drop: false }`
[INFO] [stdout] 0effb89526b578f5a6af4f7917bc2ce2e6b2b1295b94e01eacd9604d6c8d12fb
