[INFO] fetching crate steam-workshop-api 0.2.5...
[INFO] testing steam-workshop-api-0.2.5 against beta-2021-08-01 for beta-1.55-1
[INFO] extracting crate steam-workshop-api 0.2.5 into /workspace/builds/worker-24/source
[INFO] validating manifest of crates.io crate steam-workshop-api 0.2.5 on toolchain beta-2021-08-01
[INFO] running `Command { std: "/workspace/cargo-home/bin/cargo" "+beta-2021-08-01" "metadata" "--manifest-path" "Cargo.toml" "--no-deps", kill_on_drop: false }`
[INFO] started tweaking crates.io crate steam-workshop-api 0.2.5
[INFO] finished tweaking crates.io crate steam-workshop-api 0.2.5
[INFO] tweaked toml for crates.io crate steam-workshop-api 0.2.5 written to /workspace/builds/worker-24/source/Cargo.toml
[INFO] running `Command { std: "/workspace/cargo-home/bin/cargo" "+beta-2021-08-01" "generate-lockfile" "--manifest-path" "Cargo.toml" "-Zno-index-update", kill_on_drop: false }`
[INFO] [stderr]     Blocking waiting for file lock on package cache
[INFO] running `Command { std: "/workspace/cargo-home/bin/cargo" "+beta-2021-08-01" "fetch" "--manifest-path" "Cargo.toml", kill_on_drop: false }`
[INFO] [stderr]     Blocking waiting for file lock on package cache
[INFO] [stderr]     Blocking waiting for file lock on package cache
[INFO] running `Command { std: "docker" "create" "-v" "/var/lib/crater-agent-workspace/builds/worker-24/target:/opt/rustwide/target:rw,Z" "-v" "/var/lib/crater-agent-workspace/builds/worker-24/source:/opt/rustwide/workdir:ro,Z" "-v" "/var/lib/crater-agent-workspace/cargo-home:/opt/rustwide/cargo-home:ro,Z" "-v" "/var/lib/crater-agent-workspace/rustup-home:/opt/rustwide/rustup-home:ro,Z" "-e" "SOURCE_DIR=/opt/rustwide/workdir" "-e" "CARGO_TARGET_DIR=/opt/rustwide/target" "-e" "CARGO_HOME=/opt/rustwide/cargo-home" "-e" "RUSTUP_HOME=/opt/rustwide/rustup-home" "-w" "/opt/rustwide/workdir" "-m" "1610612736" "--user" "0:0" "--network" "none" "ghcr.io/rust-lang/crates-build-env/linux@sha256:34b6a614d2c27851fe6cbf88fbd1137609cefab8b10d0615aaeb6fd47975d74e" "/opt/rustwide/cargo-home/bin/cargo" "+beta-2021-08-01" "metadata" "--no-deps" "--format-version=1", kill_on_drop: false }`
[INFO] [stdout] c75d09d684c373d37917da0267778a53d705a1dbf5c97430ad63bce5bb73b250
[INFO] running `Command { std: "docker" "start" "-a" "c75d09d684c373d37917da0267778a53d705a1dbf5c97430ad63bce5bb73b250", kill_on_drop: false }`
[INFO] running `Command { std: "docker" "inspect" "c75d09d684c373d37917da0267778a53d705a1dbf5c97430ad63bce5bb73b250", kill_on_drop: false }`
[INFO] running `Command { std: "docker" "rm" "-f" "c75d09d684c373d37917da0267778a53d705a1dbf5c97430ad63bce5bb73b250", kill_on_drop: false }`
[INFO] [stdout] c75d09d684c373d37917da0267778a53d705a1dbf5c97430ad63bce5bb73b250
[INFO] running `Command { std: "docker" "create" "-v" "/var/lib/crater-agent-workspace/builds/worker-24/target:/opt/rustwide/target:rw,Z" "-v" "/var/lib/crater-agent-workspace/builds/worker-24/source:/opt/rustwide/workdir:ro,Z" "-v" "/var/lib/crater-agent-workspace/cargo-home:/opt/rustwide/cargo-home:ro,Z" "-v" "/var/lib/crater-agent-workspace/rustup-home:/opt/rustwide/rustup-home:ro,Z" "-e" "SOURCE_DIR=/opt/rustwide/workdir" "-e" "CARGO_TARGET_DIR=/opt/rustwide/target" "-e" "CARGO_INCREMENTAL=0" "-e" "RUST_BACKTRACE=full" "-e" "RUSTFLAGS=--cap-lints=warn" "-e" "CARGO_HOME=/opt/rustwide/cargo-home" "-e" "RUSTUP_HOME=/opt/rustwide/rustup-home" "-w" "/opt/rustwide/workdir" "-m" "1610612736" "--user" "0:0" "--network" "none" "ghcr.io/rust-lang/crates-build-env/linux@sha256:34b6a614d2c27851fe6cbf88fbd1137609cefab8b10d0615aaeb6fd47975d74e" "/opt/rustwide/cargo-home/bin/cargo" "+beta-2021-08-01" "build" "--frozen" "--message-format=json", kill_on_drop: false }`
[INFO] [stdout] bd63b65d3bdc741b59a79935ca1532001df2358da0510e0519e7d07c5f76c51d
[INFO] running `Command { std: "docker" "start" "-a" "bd63b65d3bdc741b59a79935ca1532001df2358da0510e0519e7d07c5f76c51d", kill_on_drop: false }`
[INFO] [stderr]     Blocking waiting for file lock on package cache
[INFO] [stderr]     Blocking waiting for file lock on package cache
[INFO] [stderr]    Compiling pin-project-lite v0.2.7
[INFO] [stderr]    Compiling bytes v1.0.1
[INFO] [stderr]    Compiling futures-core v0.3.16
[INFO] [stderr]    Compiling futures-task v0.3.16
[INFO] [stderr]    Compiling futures-sink v0.3.16
[INFO] [stderr]    Compiling futures-io v0.3.16
[INFO] [stderr]    Compiling pin-utils v0.1.0
[INFO] [stderr]    Compiling futures-channel v0.3.16
[INFO] [stderr]    Compiling tower-service v0.3.1
[INFO] [stderr]    Compiling httpdate v1.0.1
[INFO] [stderr]    Compiling ipnet v2.3.1
[INFO] [stderr]    Compiling base64 v0.13.0
[INFO] [stderr]    Compiling tokio v1.9.0
[INFO] [stderr]    Compiling indexmap v1.7.0
[INFO] [stderr]    Compiling futures-util v0.3.16
[INFO] [stderr]    Compiling tracing-core v0.1.18
[INFO] [stderr]    Compiling mio v0.7.13
[INFO] [stderr]    Compiling want v0.3.0
[INFO] [stderr]    Compiling socket2 v0.4.1
[INFO] [stderr]    Compiling serde_derive v1.0.127
[INFO] [stderr]    Compiling native-tls v0.2.7
[INFO] [stderr]    Compiling tracing v0.1.26
[INFO] [stderr]    Compiling http v0.2.4
[INFO] [stderr]    Compiling http-body v0.4.2
[INFO] [stderr]    Compiling tokio-util v0.6.7
[INFO] [stderr]    Compiling tokio-native-tls v0.3.0
[INFO] [stderr]    Compiling h2 v0.3.3
[INFO] [stderr]    Compiling serde v1.0.127
[INFO] [stderr]    Compiling hyper v0.14.11
[INFO] [stderr]    Compiling serde_urlencoded v0.7.0
[INFO] [stderr]    Compiling serde_json v1.0.66
[INFO] [stderr]    Compiling hyper-tls v0.5.0
[INFO] [stderr]    Compiling reqwest v0.11.4
[INFO] [stderr]    Compiling steam-workshop-api v0.2.5 (/opt/rustwide/workdir)
[INFO] [stderr]     Finished dev [unoptimized + debuginfo] target(s) in 25.54s
[INFO] running `Command { std: "docker" "inspect" "bd63b65d3bdc741b59a79935ca1532001df2358da0510e0519e7d07c5f76c51d", kill_on_drop: false }`
[INFO] running `Command { std: "docker" "rm" "-f" "bd63b65d3bdc741b59a79935ca1532001df2358da0510e0519e7d07c5f76c51d", kill_on_drop: false }`
[INFO] [stdout] bd63b65d3bdc741b59a79935ca1532001df2358da0510e0519e7d07c5f76c51d
[INFO] running `Command { std: "docker" "create" "-v" "/var/lib/crater-agent-workspace/builds/worker-24/target:/opt/rustwide/target:rw,Z" "-v" "/var/lib/crater-agent-workspace/builds/worker-24/source:/opt/rustwide/workdir:ro,Z" "-v" "/var/lib/crater-agent-workspace/cargo-home:/opt/rustwide/cargo-home:ro,Z" "-v" "/var/lib/crater-agent-workspace/rustup-home:/opt/rustwide/rustup-home:ro,Z" "-e" "SOURCE_DIR=/opt/rustwide/workdir" "-e" "CARGO_TARGET_DIR=/opt/rustwide/target" "-e" "CARGO_INCREMENTAL=0" "-e" "RUST_BACKTRACE=full" "-e" "RUSTFLAGS=--cap-lints=warn" "-e" "CARGO_HOME=/opt/rustwide/cargo-home" "-e" "RUSTUP_HOME=/opt/rustwide/rustup-home" "-w" "/opt/rustwide/workdir" "-m" "1610612736" "--user" "0:0" "--network" "none" "ghcr.io/rust-lang/crates-build-env/linux@sha256:34b6a614d2c27851fe6cbf88fbd1137609cefab8b10d0615aaeb6fd47975d74e" "/opt/rustwide/cargo-home/bin/cargo" "+beta-2021-08-01" "test" "--frozen" "--no-run" "--message-format=json", kill_on_drop: false }`
[INFO] [stdout] 109ea5f0d7498fa4239592d8a56b4b652a68440820ca24bf0ee2ba0cd6740c10
[INFO] running `Command { std: "docker" "start" "-a" "109ea5f0d7498fa4239592d8a56b4b652a68440820ca24bf0ee2ba0cd6740c10", kill_on_drop: false }`
[INFO] [stderr]    Compiling steam-workshop-api v0.2.5 (/opt/rustwide/workdir)
[INFO] [stderr]     Finished test [unoptimized + debuginfo] target(s) in 3.04s
[INFO] running `Command { std: "docker" "inspect" "109ea5f0d7498fa4239592d8a56b4b652a68440820ca24bf0ee2ba0cd6740c10", kill_on_drop: false }`
[INFO] running `Command { std: "docker" "rm" "-f" "109ea5f0d7498fa4239592d8a56b4b652a68440820ca24bf0ee2ba0cd6740c10", kill_on_drop: false }`
[INFO] [stdout] 109ea5f0d7498fa4239592d8a56b4b652a68440820ca24bf0ee2ba0cd6740c10
[INFO] running `Command { std: "docker" "create" "-v" "/var/lib/crater-agent-workspace/builds/worker-24/target:/opt/rustwide/target:rw,Z" "-v" "/var/lib/crater-agent-workspace/builds/worker-24/source:/opt/rustwide/workdir:ro,Z" "-v" "/var/lib/crater-agent-workspace/cargo-home:/opt/rustwide/cargo-home:ro,Z" "-v" "/var/lib/crater-agent-workspace/rustup-home:/opt/rustwide/rustup-home:ro,Z" "-e" "SOURCE_DIR=/opt/rustwide/workdir" "-e" "CARGO_TARGET_DIR=/opt/rustwide/target" "-e" "CARGO_INCREMENTAL=0" "-e" "RUST_BACKTRACE=full" "-e" "RUSTFLAGS=--cap-lints=warn" "-e" "CARGO_HOME=/opt/rustwide/cargo-home" "-e" "RUSTUP_HOME=/opt/rustwide/rustup-home" "-w" "/opt/rustwide/workdir" "-m" "1610612736" "--user" "0:0" "--network" "none" "ghcr.io/rust-lang/crates-build-env/linux@sha256:34b6a614d2c27851fe6cbf88fbd1137609cefab8b10d0615aaeb6fd47975d74e" "/opt/rustwide/cargo-home/bin/cargo" "+beta-2021-08-01" "test" "--frozen", kill_on_drop: false }`
[INFO] [stdout] 4aaf6e052276f18a88e95ed157f5feef5bd43e1ff59394fa2d03b396a844c773
[INFO] running `Command { std: "docker" "start" "-a" "4aaf6e052276f18a88e95ed157f5feef5bd43e1ff59394fa2d03b396a844c773", kill_on_drop: false }`
[INFO] [stderr]     Finished test [unoptimized + debuginfo] target(s) in 0.10s
[INFO] [stderr]      Running unittests (/opt/rustwide/target/debug/deps/steam_workshop_api-b4523d2594ce9446)
[INFO] [stdout] 
[INFO] [stderr]    Doc-tests steam-workshop-api
[INFO] [stdout] running 0 tests
[INFO] [stdout] 
[INFO] [stdout] test result: ok. 0 passed; 0 failed; 0 ignored; 0 measured; 0 filtered out; finished in 0.00s
[INFO] [stdout] 
[INFO] [stdout] 
[INFO] [stdout] running 3 tests
[INFO] [stdout] test src/lib.rs - (line 27) ... FAILED
[INFO] [stdout] test src/lib.rs - (line 17) ... FAILED
[INFO] [stdout] test src/lib.rs - (line 6) ... FAILED
[INFO] [stdout] 
[INFO] [stdout] failures:
[INFO] [stdout] 
[INFO] [stdout] ---- src/lib.rs - (line 27) stdout ----
[INFO] [stdout] error: unexpected token: `...`
[INFO] [stdout]  --> src/lib.rs:32:18
[INFO] [stdout]   |
[INFO] [stdout] 8 | proxy.search_ids(...);
[INFO] [stdout]   |                  ^^^
[INFO] [stdout]   |
[INFO] [stdout] help: use `..` for an exclusive range
[INFO] [stdout]   |
[INFO] [stdout] 8 | proxy.search_ids(..);
[INFO] [stdout]   |                  ^^
[INFO] [stdout] help: or `..=` for an inclusive range
[INFO] [stdout]   |
[INFO] [stdout] 8 | proxy.search_ids(..=);
[INFO] [stdout]   |                  ^^^
[INFO] [stdout] 
[INFO] [stdout] error[E0586]: inclusive range with no end
[INFO] [stdout]  --> src/lib.rs:32:18
[INFO] [stdout]   |
[INFO] [stdout] 8 | proxy.search_ids(...);
[INFO] [stdout]   |                  ^^^ help: use `..` instead
[INFO] [stdout]   |
[INFO] [stdout]   = note: inclusive ranges must be bounded at the end (`..=b` or `a..=b`)
[INFO] [stdout] 
[INFO] [stdout] error[E0308]: mismatched types
[INFO] [stdout]  --> src/lib.rs:31:28
[INFO] [stdout]   |
[INFO] [stdout] 7 | let proxy = wsclient.proxy("https://jackz.me/l4d2/scripts/search_public.php");
[INFO] [stdout]   |                            ^^^^^^^^^^^^^^^^^^^^^^^^^^^^^^^^^^^^^^^^^^^^^^^^^
[INFO] [stdout]   |                            |
[INFO] [stdout]   |                            expected struct `String`, found `&str`
[INFO] [stdout]   |                            help: try using a conversion method: `"https://jackz.me/l4d2/scripts/search_public.php".to_string()`
[INFO] [stdout] 
[INFO] [stdout] error[E0061]: this function takes 3 arguments but 1 argument was supplied
[INFO] [stdout]    --> src/lib.rs:32:7
[INFO] [stdout]     |
[INFO] [stdout] 8   | proxy.search_ids(...);
[INFO] [stdout]     |       ^^^^^^^^^^ --- supplied 1 argument
[INFO] [stdout]     |       |
[INFO] [stdout]     |       expected 3 arguments
[INFO] [stdout]     |
[INFO] [stdout] note: associated function defined here
[INFO] [stdout]    --> /opt/rustwide/workdir/src/lib.rs:420:12
[INFO] [stdout]     |
[INFO] [stdout] 420 |     pub fn search_ids(&self, appid: u64, query: &str, count: usize) -> Result<Vec<String>, reqwest::Error> {
[INFO] [stdout]     |            ^^^^^^^^^^
[INFO] [stdout] 
[INFO] [stdout] error: aborting due to 4 previous errors
[INFO] [stdout] 
[INFO] [stdout] Some errors have detailed explanations: E0061, E0308, E0586.
[INFO] [stdout] For more information about an error, try `rustc --explain E0061`.
[INFO] [stdout] Couldn't compile the test.
[INFO] [stdout] ---- src/lib.rs - (line 17) stdout ----
[INFO] [stdout] error: unexpected token: `...`
[INFO] [stdout]  --> src/lib.rs:22:19
[INFO] [stdout]   |
[INFO] [stdout] 8 | authed.search_ids(...);
[INFO] [stdout]   |                   ^^^
[INFO] [stdout]   |
[INFO] [stdout] help: use `..` for an exclusive range
[INFO] [stdout]   |
[INFO] [stdout] 8 | authed.search_ids(..);
[INFO] [stdout]   |                   ^^
[INFO] [stdout] help: or `..=` for an inclusive range
[INFO] [stdout]   |
[INFO] [stdout] 8 | authed.search_ids(..=);
[INFO] [stdout]   |                   ^^^
[INFO] [stdout] 
[INFO] [stdout] error[E0586]: inclusive range with no end
[INFO] [stdout]  --> src/lib.rs:22:19
[INFO] [stdout]   |
[INFO] [stdout] 8 | authed.search_ids(...);
[INFO] [stdout]   |                   ^^^ help: use `..` instead
[INFO] [stdout]   |
[INFO] [stdout]   = note: inclusive ranges must be bounded at the end (`..=b` or `a..=b`)
[INFO] [stdout] 
[INFO] [stdout] error[E0308]: mismatched types
[INFO] [stdout]  --> src/lib.rs:21:29
[INFO] [stdout]   |
[INFO] [stdout] 7 | let authed = wsclient.login("MY_API_KEY");
[INFO] [stdout]   |                             ^^^^^^^^^^^^
[INFO] [stdout]   |                             |
[INFO] [stdout]   |                             expected struct `String`, found `&str`
[INFO] [stdout]   |                             help: try using a conversion method: `"MY_API_KEY".to_string()`
[INFO] [stdout] 
[INFO] [stdout] error[E0061]: this function takes 3 arguments but 1 argument was supplied
[INFO] [stdout]    --> src/lib.rs:22:8
[INFO] [stdout]     |
[INFO] [stdout] 8   | authed.search_ids(...);
[INFO] [stdout]     |        ^^^^^^^^^^ --- supplied 1 argument
[INFO] [stdout]     |        |
[INFO] [stdout]     |        expected 3 arguments
[INFO] [stdout]     |
[INFO] [stdout] note: associated function defined here
[INFO] [stdout]    --> /opt/rustwide/workdir/src/lib.rs:355:12
[INFO] [stdout]     |
[INFO] [stdout] 355 |     pub fn search_ids(&self, appid: u64, query: &str, count: usize) -> Result<Vec<String>, reqwest::Error> {
[INFO] [stdout]     |            ^^^^^^^^^^
[INFO] [stdout] 
[INFO] [stdout] error: aborting due to 4 previous errors
[INFO] [stdout] 
[INFO] [stdout] Some errors have detailed explanations: E0061, E0308, E0586.
[INFO] [stdout] For more information about an error, try `rustc --explain E0061`.
[INFO] [stdout] Couldn't compile the test.
[INFO] [stdout] ---- src/lib.rs - (line 6) stdout ----
[INFO] [stdout] error[E0308]: mismatched types
[INFO] [stdout]  --> src/lib.rs:11:39
[INFO] [stdout]   |
[INFO] [stdout] 8 | wsclient.get_published_file_details(&["fileid1"]);
[INFO] [stdout]   |                                       ^^^^^^^^^
[INFO] [stdout]   |                                       |
[INFO] [stdout]   |                                       expected struct `String`, found `&str`
[INFO] [stdout]   |                                       help: try using a conversion method: `"fileid1".to_string()`
[INFO] [stdout] 
[INFO] [stdout] error: aborting due to previous error
[INFO] [stdout] 
[INFO] [stdout] For more information about this error, try `rustc --explain E0308`.
[INFO] [stdout] Couldn't compile the test.
[INFO] [stdout] 
[INFO] [stdout] failures:
[INFO] [stdout]     src/lib.rs - (line 17)
[INFO] [stdout]     src/lib.rs - (line 27)
[INFO] [stdout]     src/lib.rs - (line 6)
[INFO] [stdout] 
[INFO] [stdout] test result: FAILED. 0 passed; 3 failed; 0 ignored; 0 measured; 0 filtered out; finished in 0.45s
[INFO] [stdout] 
[INFO] [stderr] error: test failed, to rerun pass '--doc'
[INFO] running `Command { std: "docker" "inspect" "4aaf6e052276f18a88e95ed157f5feef5bd43e1ff59394fa2d03b396a844c773", kill_on_drop: false }`
[INFO] running `Command { std: "docker" "rm" "-f" "4aaf6e052276f18a88e95ed157f5feef5bd43e1ff59394fa2d03b396a844c773", kill_on_drop: false }`
[INFO] [stdout] 4aaf6e052276f18a88e95ed157f5feef5bd43e1ff59394fa2d03b396a844c773
