[INFO] fetching crate steam-auth 1.0.0...
[INFO] testing steam-auth-1.0.0 against 1.54.0 for beta-1.55-1
[INFO] extracting crate steam-auth 1.0.0 into /workspace/builds/worker-103/source
[INFO] validating manifest of crates.io crate steam-auth 1.0.0 on toolchain 1.54.0
[INFO] running `Command { std: "/workspace/cargo-home/bin/cargo" "+1.54.0" "metadata" "--manifest-path" "Cargo.toml" "--no-deps", kill_on_drop: false }`
[INFO] started tweaking crates.io crate steam-auth 1.0.0
[INFO] finished tweaking crates.io crate steam-auth 1.0.0
[INFO] tweaked toml for crates.io crate steam-auth 1.0.0 written to /workspace/builds/worker-103/source/Cargo.toml
[INFO] running `Command { std: "/workspace/cargo-home/bin/cargo" "+1.54.0" "generate-lockfile" "--manifest-path" "Cargo.toml" "-Zno-index-update", kill_on_drop: false }`
[INFO] [stderr]     Blocking waiting for file lock on package cache
[INFO] running `Command { std: "/workspace/cargo-home/bin/cargo" "+1.54.0" "fetch" "--manifest-path" "Cargo.toml", kill_on_drop: false }`
[INFO] [stderr]     Blocking waiting for file lock on package cache
[INFO] [stderr]     Blocking waiting for file lock on package cache
[INFO] running `Command { std: "docker" "create" "-v" "/var/lib/crater-agent-workspace/builds/worker-103/target:/opt/rustwide/target:rw,Z" "-v" "/var/lib/crater-agent-workspace/builds/worker-103/source:/opt/rustwide/workdir:ro,Z" "-v" "/var/lib/crater-agent-workspace/cargo-home:/opt/rustwide/cargo-home:ro,Z" "-v" "/var/lib/crater-agent-workspace/rustup-home:/opt/rustwide/rustup-home:ro,Z" "-e" "SOURCE_DIR=/opt/rustwide/workdir" "-e" "CARGO_TARGET_DIR=/opt/rustwide/target" "-e" "CARGO_HOME=/opt/rustwide/cargo-home" "-e" "RUSTUP_HOME=/opt/rustwide/rustup-home" "-w" "/opt/rustwide/workdir" "-m" "1610612736" "--user" "0:0" "--network" "none" "ghcr.io/rust-lang/crates-build-env/linux@sha256:34b6a614d2c27851fe6cbf88fbd1137609cefab8b10d0615aaeb6fd47975d74e" "/opt/rustwide/cargo-home/bin/cargo" "+1.54.0" "metadata" "--no-deps" "--format-version=1", kill_on_drop: false }`
[INFO] [stdout] 1676122d1291dc3055961c4310c3f77dce218e07f54f5ad67e9c44726f966359
[INFO] running `Command { std: "docker" "start" "-a" "1676122d1291dc3055961c4310c3f77dce218e07f54f5ad67e9c44726f966359", kill_on_drop: false }`
[INFO] running `Command { std: "docker" "inspect" "1676122d1291dc3055961c4310c3f77dce218e07f54f5ad67e9c44726f966359", kill_on_drop: false }`
[INFO] running `Command { std: "docker" "rm" "-f" "1676122d1291dc3055961c4310c3f77dce218e07f54f5ad67e9c44726f966359", kill_on_drop: false }`
[INFO] [stdout] 1676122d1291dc3055961c4310c3f77dce218e07f54f5ad67e9c44726f966359
[INFO] running `Command { std: "docker" "create" "-v" "/var/lib/crater-agent-workspace/builds/worker-103/target:/opt/rustwide/target:rw,Z" "-v" "/var/lib/crater-agent-workspace/builds/worker-103/source:/opt/rustwide/workdir:ro,Z" "-v" "/var/lib/crater-agent-workspace/cargo-home:/opt/rustwide/cargo-home:ro,Z" "-v" "/var/lib/crater-agent-workspace/rustup-home:/opt/rustwide/rustup-home:ro,Z" "-e" "SOURCE_DIR=/opt/rustwide/workdir" "-e" "CARGO_TARGET_DIR=/opt/rustwide/target" "-e" "CARGO_INCREMENTAL=0" "-e" "RUST_BACKTRACE=full" "-e" "RUSTFLAGS=--cap-lints=warn" "-e" "CARGO_HOME=/opt/rustwide/cargo-home" "-e" "RUSTUP_HOME=/opt/rustwide/rustup-home" "-w" "/opt/rustwide/workdir" "-m" "1610612736" "--user" "0:0" "--network" "none" "ghcr.io/rust-lang/crates-build-env/linux@sha256:34b6a614d2c27851fe6cbf88fbd1137609cefab8b10d0615aaeb6fd47975d74e" "/opt/rustwide/cargo-home/bin/cargo" "+1.54.0" "build" "--frozen" "--message-format=json", kill_on_drop: false }`
[INFO] [stdout] b00bac1fe7ace27d1128b1e87a01f438c852c108623009cb80177336a59d7fc1
[INFO] running `Command { std: "docker" "start" "-a" "b00bac1fe7ace27d1128b1e87a01f438c852c108623009cb80177336a59d7fc1", kill_on_drop: false }`
[INFO] [stderr]    Compiling syn v1.0.74
[INFO] [stderr]    Compiling memchr v2.4.0
[INFO] [stderr]    Compiling adler v1.0.2
[INFO] [stderr]    Compiling gimli v0.25.0
[INFO] [stderr]    Compiling rustc-demangle v0.1.20
[INFO] [stderr]    Compiling miniz_oxide v0.4.4
[INFO] [stderr]    Compiling backtrace v0.3.61
[INFO] [stderr]    Compiling idna v0.1.5
[INFO] [stderr]    Compiling iovec v0.1.4
[INFO] [stderr]    Compiling bytes v0.4.12
[INFO] [stderr]    Compiling url v1.7.2
[INFO] [stderr]    Compiling http v0.1.21
[INFO] [stderr]    Compiling object v0.26.0
[INFO] [stderr]    Compiling serde_urlencoded v0.5.5
[INFO] [stderr]    Compiling addr2line v0.16.0
[INFO] [stderr]    Compiling synstructure v0.12.5
[INFO] [stderr]    Compiling failure_derive v0.1.8
[INFO] [stderr]    Compiling serde_derive v1.0.127
[INFO] [stderr]    Compiling failure v0.1.8
[INFO] [stderr]    Compiling steam-auth v1.0.0 (/opt/rustwide/workdir)
[INFO] [stderr]     Finished dev [unoptimized + debuginfo] target(s) in 13.36s
[INFO] running `Command { std: "docker" "inspect" "b00bac1fe7ace27d1128b1e87a01f438c852c108623009cb80177336a59d7fc1", kill_on_drop: false }`
[INFO] running `Command { std: "docker" "rm" "-f" "b00bac1fe7ace27d1128b1e87a01f438c852c108623009cb80177336a59d7fc1", kill_on_drop: false }`
[INFO] [stdout] b00bac1fe7ace27d1128b1e87a01f438c852c108623009cb80177336a59d7fc1
[INFO] running `Command { std: "docker" "create" "-v" "/var/lib/crater-agent-workspace/builds/worker-103/target:/opt/rustwide/target:rw,Z" "-v" "/var/lib/crater-agent-workspace/builds/worker-103/source:/opt/rustwide/workdir:ro,Z" "-v" "/var/lib/crater-agent-workspace/cargo-home:/opt/rustwide/cargo-home:ro,Z" "-v" "/var/lib/crater-agent-workspace/rustup-home:/opt/rustwide/rustup-home:ro,Z" "-e" "SOURCE_DIR=/opt/rustwide/workdir" "-e" "CARGO_TARGET_DIR=/opt/rustwide/target" "-e" "CARGO_INCREMENTAL=0" "-e" "RUST_BACKTRACE=full" "-e" "RUSTFLAGS=--cap-lints=warn" "-e" "CARGO_HOME=/opt/rustwide/cargo-home" "-e" "RUSTUP_HOME=/opt/rustwide/rustup-home" "-w" "/opt/rustwide/workdir" "-m" "1610612736" "--user" "0:0" "--network" "none" "ghcr.io/rust-lang/crates-build-env/linux@sha256:34b6a614d2c27851fe6cbf88fbd1137609cefab8b10d0615aaeb6fd47975d74e" "/opt/rustwide/cargo-home/bin/cargo" "+1.54.0" "test" "--frozen" "--no-run" "--message-format=json", kill_on_drop: false }`
[INFO] [stdout] f0ea7beb7668b52c430a22496df87885b08bc6a9f9d4797cdf447908b93f9832
[INFO] running `Command { std: "docker" "start" "-a" "f0ea7beb7668b52c430a22496df87885b08bc6a9f9d4797cdf447908b93f9832", kill_on_drop: false }`
[INFO] [stderr]    Compiling scoped_threadpool v0.1.9
[INFO] [stderr]    Compiling log v0.4.14
[INFO] [stderr]    Compiling log v0.3.9
[INFO] [stderr]    Compiling simple-server v0.4.0
[INFO] [stderr]    Compiling steam-auth v1.0.0 (/opt/rustwide/workdir)
[INFO] [stdout] warning: unused variable: `qs`
[INFO] [stdout]   --> examples/server.rs:31:21
[INFO] [stdout]    |
[INFO] [stdout] 31 |                 let qs = request.uri().query().unwrap();
[INFO] [stdout]    |                     ^^ help: if this is intentional, prefix it with an underscore: `_qs`
[INFO] [stdout]    |
[INFO] [stdout]    = note: `#[warn(unused_variables)]` on by default
[INFO] [stdout] 
[INFO] [stdout] 
[INFO] [stdout] warning: 1 warning emitted
[INFO] [stdout] 
[INFO] [stdout] 
[INFO] [stderr]     Finished test [unoptimized + debuginfo] target(s) in 4.53s
[INFO] running `Command { std: "docker" "inspect" "f0ea7beb7668b52c430a22496df87885b08bc6a9f9d4797cdf447908b93f9832", kill_on_drop: false }`
[INFO] running `Command { std: "docker" "rm" "-f" "f0ea7beb7668b52c430a22496df87885b08bc6a9f9d4797cdf447908b93f9832", kill_on_drop: false }`
[INFO] [stdout] f0ea7beb7668b52c430a22496df87885b08bc6a9f9d4797cdf447908b93f9832
[INFO] running `Command { std: "docker" "create" "-v" "/var/lib/crater-agent-workspace/builds/worker-103/target:/opt/rustwide/target:rw,Z" "-v" "/var/lib/crater-agent-workspace/builds/worker-103/source:/opt/rustwide/workdir:ro,Z" "-v" "/var/lib/crater-agent-workspace/cargo-home:/opt/rustwide/cargo-home:ro,Z" "-v" "/var/lib/crater-agent-workspace/rustup-home:/opt/rustwide/rustup-home:ro,Z" "-e" "SOURCE_DIR=/opt/rustwide/workdir" "-e" "CARGO_TARGET_DIR=/opt/rustwide/target" "-e" "CARGO_INCREMENTAL=0" "-e" "RUST_BACKTRACE=full" "-e" "RUSTFLAGS=--cap-lints=warn" "-e" "CARGO_HOME=/opt/rustwide/cargo-home" "-e" "RUSTUP_HOME=/opt/rustwide/rustup-home" "-w" "/opt/rustwide/workdir" "-m" "1610612736" "--user" "0:0" "--network" "none" "ghcr.io/rust-lang/crates-build-env/linux@sha256:34b6a614d2c27851fe6cbf88fbd1137609cefab8b10d0615aaeb6fd47975d74e" "/opt/rustwide/cargo-home/bin/cargo" "+1.54.0" "test" "--frozen", kill_on_drop: false }`
[INFO] [stdout] 497f847af61cabc2ddbdc6af5a607b180769731104c3089ae422f3f7dbb0135a
[INFO] running `Command { std: "docker" "start" "-a" "497f847af61cabc2ddbdc6af5a607b180769731104c3089ae422f3f7dbb0135a", kill_on_drop: false }`
[INFO] [stderr] warning: unused variable: `qs`
[INFO] [stderr]   --> examples/server.rs:31:21
[INFO] [stderr]    |
[INFO] [stderr] 31 |                 let qs = request.uri().query().unwrap();
[INFO] [stderr]    |                     ^^ help: if this is intentional, prefix it with an underscore: `_qs`
[INFO] [stderr]    |
[INFO] [stderr]    = note: `#[warn(unused_variables)]` on by default
[INFO] [stderr] 
[INFO] [stderr] warning: 1 warning emitted
[INFO] [stderr] 
[INFO] [stderr]     Finished test [unoptimized + debuginfo] target(s) in 0.09s
[INFO] [stderr]      Running unittests (/opt/rustwide/target/debug/deps/steam_auth-831ede05cf02e05d)
[INFO] [stdout] 
[INFO] [stderr]    Doc-tests steam-auth
[INFO] [stdout] running 0 tests
[INFO] [stdout] 
[INFO] [stdout] test result: ok. 0 passed; 0 failed; 0 ignored; 0 measured; 0 filtered out; finished in 0.00s
[INFO] [stdout] 
[INFO] [stdout] 
[INFO] [stdout] running 3 tests
[INFO] [stdout] test src/lib.rs - (line 9) ... FAILED
[INFO] [stdout] test src/redirector.rs - redirector::Redirector::new (line 12) ... ok
[INFO] [stdout] test src/verifier.rs - verifier::Verifier (line 12) ... ok
[INFO] [stdout] 
[INFO] [stdout] failures:
[INFO] [stdout] 
[INFO] [stdout] ---- src/lib.rs - (line 9) stdout ----
[INFO] [stdout] error[E0433]: failed to resolve: use of undeclared crate or module `reqwest`
[INFO] [stdout]   --> src/lib.rs:23:38
[INFO] [stdout]    |
[INFO] [stdout] 16 | match Verifier::make_verify_request(&reqwest::Client::new(), querystring) {
[INFO] [stdout]    |                                      ^^^^^^^ use of undeclared crate or module `reqwest`
[INFO] [stdout] 
[INFO] [stdout] error[E0599]: no function or associated item named `make_verify_request` found for struct `Verifier` in the current scope
[INFO] [stdout]   --> src/lib.rs:23:17
[INFO] [stdout]    |
[INFO] [stdout] 16 | match Verifier::make_verify_request(&reqwest::Client::new(), querystring) {
[INFO] [stdout]    |                 ^^^^^^^^^^^^^^^^^^^ function or associated item not found in `Verifier`
[INFO] [stdout] 
[INFO] [stdout] error: aborting due to 2 previous errors
[INFO] [stdout] 
[INFO] [stdout] Some errors have detailed explanations: E0433, E0599.
[INFO] [stdout] For more information about an error, try `rustc --explain E0433`.
[INFO] [stdout] Couldn't compile the test.
[INFO] [stdout] 
[INFO] [stdout] failures:
[INFO] [stdout]     src/lib.rs - (line 9)
[INFO] [stdout] 
[INFO] [stdout] test result: FAILED. 2 passed; 1 failed; 0 ignored; 0 measured; 0 filtered out; finished in 0.80s
[INFO] [stdout] 
[INFO] [stderr] error: test failed, to rerun pass '--doc'
[INFO] running `Command { std: "docker" "inspect" "497f847af61cabc2ddbdc6af5a607b180769731104c3089ae422f3f7dbb0135a", kill_on_drop: false }`
[INFO] running `Command { std: "docker" "rm" "-f" "497f847af61cabc2ddbdc6af5a607b180769731104c3089ae422f3f7dbb0135a", kill_on_drop: false }`
[INFO] [stdout] 497f847af61cabc2ddbdc6af5a607b180769731104c3089ae422f3f7dbb0135a
