[INFO] fetching crate state_machine 0.1.14...
[INFO] testing state_machine-0.1.14 against 1.54.0 for beta-1.55-1
[INFO] extracting crate state_machine 0.1.14 into /workspace/builds/worker-70/source
[INFO] validating manifest of crates.io crate state_machine 0.1.14 on toolchain 1.54.0
[INFO] running `Command { std: "/workspace/cargo-home/bin/cargo" "+1.54.0" "metadata" "--manifest-path" "Cargo.toml" "--no-deps", kill_on_drop: false }`
[INFO] started tweaking crates.io crate state_machine 0.1.14
[INFO] finished tweaking crates.io crate state_machine 0.1.14
[INFO] tweaked toml for crates.io crate state_machine 0.1.14 written to /workspace/builds/worker-70/source/Cargo.toml
[INFO] running `Command { std: "/workspace/cargo-home/bin/cargo" "+1.54.0" "generate-lockfile" "--manifest-path" "Cargo.toml" "-Zno-index-update", kill_on_drop: false }`
[INFO] running `Command { std: "/workspace/cargo-home/bin/cargo" "+1.54.0" "fetch" "--manifest-path" "Cargo.toml", kill_on_drop: false }`
[INFO] running `Command { std: "docker" "create" "-v" "/var/lib/crater-agent-workspace/builds/worker-70/target:/opt/rustwide/target:rw,Z" "-v" "/var/lib/crater-agent-workspace/builds/worker-70/source:/opt/rustwide/workdir:ro,Z" "-v" "/var/lib/crater-agent-workspace/cargo-home:/opt/rustwide/cargo-home:ro,Z" "-v" "/var/lib/crater-agent-workspace/rustup-home:/opt/rustwide/rustup-home:ro,Z" "-e" "SOURCE_DIR=/opt/rustwide/workdir" "-e" "CARGO_TARGET_DIR=/opt/rustwide/target" "-e" "CARGO_HOME=/opt/rustwide/cargo-home" "-e" "RUSTUP_HOME=/opt/rustwide/rustup-home" "-w" "/opt/rustwide/workdir" "-m" "1610612736" "--user" "0:0" "--network" "none" "ghcr.io/rust-lang/crates-build-env/linux@sha256:34b6a614d2c27851fe6cbf88fbd1137609cefab8b10d0615aaeb6fd47975d74e" "/opt/rustwide/cargo-home/bin/cargo" "+1.54.0" "metadata" "--no-deps" "--format-version=1", kill_on_drop: false }`
[INFO] [stdout] 141fe93f40c1e6aa0eda8d86c236c53e12040d5d82c6079401fb292af8c4df1f
[INFO] running `Command { std: "docker" "start" "-a" "141fe93f40c1e6aa0eda8d86c236c53e12040d5d82c6079401fb292af8c4df1f", kill_on_drop: false }`
[INFO] running `Command { std: "docker" "inspect" "141fe93f40c1e6aa0eda8d86c236c53e12040d5d82c6079401fb292af8c4df1f", kill_on_drop: false }`
[INFO] running `Command { std: "docker" "rm" "-f" "141fe93f40c1e6aa0eda8d86c236c53e12040d5d82c6079401fb292af8c4df1f", kill_on_drop: false }`
[INFO] [stdout] 141fe93f40c1e6aa0eda8d86c236c53e12040d5d82c6079401fb292af8c4df1f
[INFO] running `Command { std: "docker" "create" "-v" "/var/lib/crater-agent-workspace/builds/worker-70/target:/opt/rustwide/target:rw,Z" "-v" "/var/lib/crater-agent-workspace/builds/worker-70/source:/opt/rustwide/workdir:ro,Z" "-v" "/var/lib/crater-agent-workspace/cargo-home:/opt/rustwide/cargo-home:ro,Z" "-v" "/var/lib/crater-agent-workspace/rustup-home:/opt/rustwide/rustup-home:ro,Z" "-e" "SOURCE_DIR=/opt/rustwide/workdir" "-e" "CARGO_TARGET_DIR=/opt/rustwide/target" "-e" "CARGO_INCREMENTAL=0" "-e" "RUST_BACKTRACE=full" "-e" "RUSTFLAGS=--cap-lints=warn" "-e" "CARGO_HOME=/opt/rustwide/cargo-home" "-e" "RUSTUP_HOME=/opt/rustwide/rustup-home" "-w" "/opt/rustwide/workdir" "-m" "1610612736" "--user" "0:0" "--network" "none" "ghcr.io/rust-lang/crates-build-env/linux@sha256:34b6a614d2c27851fe6cbf88fbd1137609cefab8b10d0615aaeb6fd47975d74e" "/opt/rustwide/cargo-home/bin/cargo" "+1.54.0" "build" "--frozen" "--message-format=json", kill_on_drop: false }`
[INFO] [stdout] b0955f41963d461d123f1371ec474d7d3f13e0fc1833d37baca35cbd7365922b
[INFO] running `Command { std: "docker" "start" "-a" "b0955f41963d461d123f1371ec474d7d3f13e0fc1833d37baca35cbd7365922b", kill_on_drop: false }`
[INFO] [stderr]     Blocking waiting for file lock on package cache
[INFO] [stderr]    Compiling state_machine v0.1.14 (/opt/rustwide/workdir)
[INFO] [stdout] warning: trait objects without an explicit `dyn` are deprecated
[INFO] [stdout]   --> src/lib.rs:18:30
[INFO] [stdout]    |
[INFO] [stdout] 18 | type MachineVal<State> = Box<Machine<State>>;
[INFO] [stdout]    |                              ^^^^^^^^^^^^^^ help: use `dyn`: `dyn Machine<State>`
[INFO] [stdout]    |
[INFO] [stdout]    = note: `#[warn(bare_trait_objects)]` on by default
[INFO] [stdout]    = warning: this was previously accepted by the compiler but is being phased out; it will become a hard error in the 2021 edition!
[INFO] [stdout]    = note: for more information, see issue #80165 <https://github.com/rust-lang/rust/issues/80165>
[INFO] [stdout] 
[INFO] [stdout] 
[INFO] [stdout] warning: 1 warning emitted
[INFO] [stdout] 
[INFO] [stdout] 
[INFO] [stderr]     Finished dev [unoptimized + debuginfo] target(s) in 2.13s
[INFO] running `Command { std: "docker" "inspect" "b0955f41963d461d123f1371ec474d7d3f13e0fc1833d37baca35cbd7365922b", kill_on_drop: false }`
[INFO] running `Command { std: "docker" "rm" "-f" "b0955f41963d461d123f1371ec474d7d3f13e0fc1833d37baca35cbd7365922b", kill_on_drop: false }`
[INFO] [stdout] b0955f41963d461d123f1371ec474d7d3f13e0fc1833d37baca35cbd7365922b
[INFO] running `Command { std: "docker" "create" "-v" "/var/lib/crater-agent-workspace/builds/worker-70/target:/opt/rustwide/target:rw,Z" "-v" "/var/lib/crater-agent-workspace/builds/worker-70/source:/opt/rustwide/workdir:ro,Z" "-v" "/var/lib/crater-agent-workspace/cargo-home:/opt/rustwide/cargo-home:ro,Z" "-v" "/var/lib/crater-agent-workspace/rustup-home:/opt/rustwide/rustup-home:ro,Z" "-e" "SOURCE_DIR=/opt/rustwide/workdir" "-e" "CARGO_TARGET_DIR=/opt/rustwide/target" "-e" "CARGO_INCREMENTAL=0" "-e" "RUST_BACKTRACE=full" "-e" "RUSTFLAGS=--cap-lints=warn" "-e" "CARGO_HOME=/opt/rustwide/cargo-home" "-e" "RUSTUP_HOME=/opt/rustwide/rustup-home" "-w" "/opt/rustwide/workdir" "-m" "1610612736" "--user" "0:0" "--network" "none" "ghcr.io/rust-lang/crates-build-env/linux@sha256:34b6a614d2c27851fe6cbf88fbd1137609cefab8b10d0615aaeb6fd47975d74e" "/opt/rustwide/cargo-home/bin/cargo" "+1.54.0" "test" "--frozen" "--no-run" "--message-format=json", kill_on_drop: false }`
[INFO] [stdout] b6f7be647f7c8686e07ef4d8a53bc4edd9f4521483e5bf033a61b5ca7c657d2a
[INFO] running `Command { std: "docker" "start" "-a" "b6f7be647f7c8686e07ef4d8a53bc4edd9f4521483e5bf033a61b5ca7c657d2a", kill_on_drop: false }`
[INFO] [stdout] warning: trait objects without an explicit `dyn` are deprecated
[INFO] [stdout]   --> src/lib.rs:18:30
[INFO] [stdout]    |
[INFO] [stdout] 18 | type MachineVal<State> = Box<Machine<State>>;
[INFO] [stdout]    |                              ^^^^^^^^^^^^^^ help: use `dyn`: `dyn Machine<State>`
[INFO] [stdout]    |
[INFO] [stdout]    = note: `#[warn(bare_trait_objects)]` on by default
[INFO] [stdout]    = warning: this was previously accepted by the compiler but is being phased out; it will become a hard error in the 2021 edition!
[INFO] [stdout]    = note: for more information, see issue #80165 <https://github.com/rust-lang/rust/issues/80165>
[INFO] [stdout] 
[INFO] [stdout] 
[INFO] [stderr]    Compiling state_machine v0.1.14 (/opt/rustwide/workdir)
[INFO] [stdout] warning: 1 warning emitted
[INFO] [stdout] 
[INFO] [stdout] 
[INFO] [stdout] warning: trait objects without an explicit `dyn` are deprecated
[INFO] [stdout]   --> src/lib.rs:18:30
[INFO] [stdout]    |
[INFO] [stdout] 18 | type MachineVal<State> = Box<Machine<State>>;
[INFO] [stdout]    |                              ^^^^^^^^^^^^^^ help: use `dyn`: `dyn Machine<State>`
[INFO] [stdout]    |
[INFO] [stdout]    = note: `#[warn(bare_trait_objects)]` on by default
[INFO] [stdout]    = warning: this was previously accepted by the compiler but is being phased out; it will become a hard error in the 2021 edition!
[INFO] [stdout]    = note: for more information, see issue #80165 <https://github.com/rust-lang/rust/issues/80165>
[INFO] [stdout] 
[INFO] [stdout] 
[INFO] [stdout] warning: 1 warning emitted
[INFO] [stdout] 
[INFO] [stdout] 
[INFO] [stderr]     Finished test [unoptimized + debuginfo] target(s) in 0.65s
[INFO] running `Command { std: "docker" "inspect" "b6f7be647f7c8686e07ef4d8a53bc4edd9f4521483e5bf033a61b5ca7c657d2a", kill_on_drop: false }`
[INFO] running `Command { std: "docker" "rm" "-f" "b6f7be647f7c8686e07ef4d8a53bc4edd9f4521483e5bf033a61b5ca7c657d2a", kill_on_drop: false }`
[INFO] [stdout] b6f7be647f7c8686e07ef4d8a53bc4edd9f4521483e5bf033a61b5ca7c657d2a
[INFO] running `Command { std: "docker" "create" "-v" "/var/lib/crater-agent-workspace/builds/worker-70/target:/opt/rustwide/target:rw,Z" "-v" "/var/lib/crater-agent-workspace/builds/worker-70/source:/opt/rustwide/workdir:ro,Z" "-v" "/var/lib/crater-agent-workspace/cargo-home:/opt/rustwide/cargo-home:ro,Z" "-v" "/var/lib/crater-agent-workspace/rustup-home:/opt/rustwide/rustup-home:ro,Z" "-e" "SOURCE_DIR=/opt/rustwide/workdir" "-e" "CARGO_TARGET_DIR=/opt/rustwide/target" "-e" "CARGO_INCREMENTAL=0" "-e" "RUST_BACKTRACE=full" "-e" "RUSTFLAGS=--cap-lints=warn" "-e" "CARGO_HOME=/opt/rustwide/cargo-home" "-e" "RUSTUP_HOME=/opt/rustwide/rustup-home" "-w" "/opt/rustwide/workdir" "-m" "1610612736" "--user" "0:0" "--network" "none" "ghcr.io/rust-lang/crates-build-env/linux@sha256:34b6a614d2c27851fe6cbf88fbd1137609cefab8b10d0615aaeb6fd47975d74e" "/opt/rustwide/cargo-home/bin/cargo" "+1.54.0" "test" "--frozen", kill_on_drop: false }`
[INFO] [stdout] e0fe0a069ba4cf1574efdebad295baa7979c8a0c795bd1650567226540ee01ee
[INFO] running `Command { std: "docker" "start" "-a" "e0fe0a069ba4cf1574efdebad295baa7979c8a0c795bd1650567226540ee01ee", kill_on_drop: false }`
[INFO] [stderr] warning: trait objects without an explicit `dyn` are deprecated
[INFO] [stderr]   --> src/lib.rs:18:30
[INFO] [stderr]    |
[INFO] [stderr] 18 | type MachineVal<State> = Box<Machine<State>>;
[INFO] [stderr]    |                              ^^^^^^^^^^^^^^ help: use `dyn`: `dyn Machine<State>`
[INFO] [stderr]    |
[INFO] [stderr]    = note: `#[warn(bare_trait_objects)]` on by default
[INFO] [stderr]    = warning: this was previously accepted by the compiler but is being phased out; it will become a hard error in the 2021 edition!
[INFO] [stderr]    = note: for more information, see issue #80165 <https://github.com/rust-lang/rust/issues/80165>
[INFO] [stderr] 
[INFO] [stderr] warning: 1 warning emitted
[INFO] [stderr] 
[INFO] [stderr] warning: trait objects without an explicit `dyn` are deprecated
[INFO] [stderr]   --> src/lib.rs:18:30
[INFO] [stderr]    |
[INFO] [stderr] 18 | type MachineVal<State> = Box<Machine<State>>;
[INFO] [stderr]    |                              ^^^^^^^^^^^^^^ help: use `dyn`: `dyn Machine<State>`
[INFO] [stderr]    |
[INFO] [stderr]    = note: `#[warn(bare_trait_objects)]` on by default
[INFO] [stderr]    = warning: this was previously accepted by the compiler but is being phased out; it will become a hard error in the 2021 edition!
[INFO] [stderr]    = note: for more information, see issue #80165 <https://github.com/rust-lang/rust/issues/80165>
[INFO] [stderr] 
[INFO] [stderr] warning: 1 warning emitted
[INFO] [stderr] 
[INFO] [stderr]     Finished test [unoptimized + debuginfo] target(s) in 0.15s
[INFO] [stderr]      Running unittests (/opt/rustwide/target/debug/deps/state_machine-2cd85e5d84da6aaa)
[INFO] [stdout] 
[INFO] [stdout] running 2 tests
[INFO] [stdout] test test::contain ... ok
[INFO] [stdout] test test::get ... ok
[INFO] [stdout] 
[INFO] [stdout] test result: ok. 2 passed; 0 failed; 0 ignored; 0 measured; 0 filtered out; finished in 0.01s
[INFO] [stdout] 
[INFO] [stderr]    Doc-tests state_machine
[INFO] [stdout] 
[INFO] [stdout] running 8 tests
[INFO] [stdout] test src/lib.rs - StateMachine<State>::new (line 45) ... FAILED
[INFO] [stdout] test src/lib.rs - StateMachine<State>::next (line 81) ... FAILED
[INFO] [stdout] test src/lib.rs - StateMachine<State>::get_machine (line 189) ... FAILED
[INFO] [stdout] test src/lib.rs - StateMachine<State>::contain (line 170) ... FAILED
[INFO] [stdout] test src/lib.rs - StateMachine<State>::get_state (line 212) ... FAILED
[INFO] [stdout] test src/lib.rs - StateMachine<State>::add (line 115) ... FAILED
[INFO] [stdout] test src/lib.rs - StateMachine<State>::remove (line 151) ... FAILED
[INFO] [stdout] test src/lib.rs - StateMachine<State>::add_builder (line 133) ... FAILED
[INFO] [stdout] 
[INFO] [stdout] failures:
[INFO] [stdout] 
[INFO] [stdout] ---- src/lib.rs - StateMachine<State>::new (line 45) stdout ----
[INFO] [stdout] error: expected `;`, found `}`
[INFO] [stdout]  --> src/lib.rs:48:51
[INFO] [stdout]   |
[INFO] [stdout] 5 | let mut machine = StateMachine::new(States::Empty)
[INFO] [stdout]   |                                                   ^ help: add `;` here
[INFO] [stdout] 6 | } _doctest_main_src_lib_rs_45_0() }
[INFO] [stdout]   | - unexpected token
[INFO] [stdout] 
[INFO] [stdout] error[E0432]: unresolved import `StateMachine`
[INFO] [stdout]  --> src/lib.rs:46:5
[INFO] [stdout]   |
[INFO] [stdout] 3 | use StateMachine;
[INFO] [stdout]   |     ^^^^^^^^^^^^ no `StateMachine` in the root
[INFO] [stdout] 
[INFO] [stdout] error[E0433]: failed to resolve: use of undeclared type `States`
[INFO] [stdout]  --> src/lib.rs:48:37
[INFO] [stdout]   |
[INFO] [stdout] 5 | let mut machine = StateMachine::new(States::Empty)
[INFO] [stdout]   |                                     ^^^^^^ use of undeclared type `States`
[INFO] [stdout] 
[INFO] [stdout] error: aborting due to 3 previous errors
[INFO] [stdout] 
[INFO] [stdout] Some errors have detailed explanations: E0432, E0433.
[INFO] [stdout] For more information about an error, try `rustc --explain E0432`.
[INFO] [stdout] Couldn't compile the test.
[INFO] [stdout] ---- src/lib.rs - StateMachine<State>::next (line 81) stdout ----
[INFO] [stdout] error[E0432]: unresolved import `Machine`
[INFO] [stdout]  --> src/lib.rs:82:5
[INFO] [stdout]   |
[INFO] [stdout] 3 | use Machine;
[INFO] [stdout]   |     ^^^^^^^ no `Machine` in the root
[INFO] [stdout] 
[INFO] [stdout] error[E0432]: unresolved import `StateMachine`
[INFO] [stdout]  --> src/lib.rs:83:5
[INFO] [stdout]   |
[INFO] [stdout] 4 | use StateMachine;
[INFO] [stdout]   |     ^^^^^^^^^^^^ no `StateMachine` in the root
[INFO] [stdout] 
[INFO] [stdout] error[E0433]: failed to resolve: use of undeclared type `States`
[INFO] [stdout]  --> src/lib.rs:85:37
[INFO] [stdout]   |
[INFO] [stdout] 6 | let mut machine = StateMachine::new(States::Empty);
[INFO] [stdout]   |                                     ^^^^^^ use of undeclared type `States`
[INFO] [stdout] 
[INFO] [stdout] error[E0433]: failed to resolve: use of undeclared type `States`
[INFO] [stdout]  --> src/lib.rs:86:13
[INFO] [stdout]   |
[INFO] [stdout] 7 | machine.add(States::Empty, Box::new(EmptyImpl));
[INFO] [stdout]   |             ^^^^^^ use of undeclared type `States`
[INFO] [stdout] 
[INFO] [stdout] error[E0433]: failed to resolve: use of undeclared type `States`
[INFO] [stdout]  --> src/lib.rs:87:13
[INFO] [stdout]   |
[INFO] [stdout] 8 | machine.add(States::Fire, Box::new(FireImpl));
[INFO] [stdout]   |             ^^^^^^ use of undeclared type `States`
[INFO] [stdout] 
[INFO] [stdout] error[E0433]: failed to resolve: use of undeclared type `States`
[INFO] [stdout]  --> src/lib.rs:88:13
[INFO] [stdout]   |
[INFO] [stdout] 9 | machine.add(States::Stop, Box::new(StopImpl));
[INFO] [stdout]   |             ^^^^^^ use of undeclared type `States`
[INFO] [stdout] 
[INFO] [stdout] error[E0425]: cannot find value `EmptyImpl` in this scope
[INFO] [stdout]  --> src/lib.rs:86:37
[INFO] [stdout]   |
[INFO] [stdout] 7 | machine.add(States::Empty, Box::new(EmptyImpl));
[INFO] [stdout]   |                                     ^^^^^^^^^ not found in this scope
[INFO] [stdout] 
[INFO] [stdout] error[E0425]: cannot find value `FireImpl` in this scope
[INFO] [stdout]  --> src/lib.rs:87:36
[INFO] [stdout]   |
[INFO] [stdout] 8 | machine.add(States::Fire, Box::new(FireImpl));
[INFO] [stdout]   |                                    ^^^^^^^^ not found in this scope
[INFO] [stdout] 
[INFO] [stdout] error[E0425]: cannot find value `StopImpl` in this scope
[INFO] [stdout]  --> src/lib.rs:88:36
[INFO] [stdout]   |
[INFO] [stdout] 9 | machine.add(States::Stop, Box::new(StopImpl));
[INFO] [stdout]   |                                    ^^^^^^^^ not found in this scope
[INFO] [stdout] 
[INFO] [stdout] error: aborting due to 9 previous errors
[INFO] [stdout] 
[INFO] [stdout] Some errors have detailed explanations: E0425, E0432, E0433.
[INFO] [stdout] For more information about an error, try `rustc --explain E0425`.
[INFO] [stdout] Couldn't compile the test.
[INFO] [stdout] ---- src/lib.rs - StateMachine<State>::get_machine (line 189) stdout ----
[INFO] [stdout] error: comparison operators cannot be chained
[INFO] [stdout]   --> src/lib.rs:199:49
[INFO] [stdout]    |
[INFO] [stdout] 12 | assert_eq!(machine.get(&States::Fire), Some(&Box<Machine<States>>));
[INFO] [stdout]    |                                                 ^       ^
[INFO] [stdout]    |
[INFO] [stdout]    = help: use `::<...>` instead of `<...>` to specify type or const arguments
[INFO] [stdout]    = help: or use `(...)` if you meant to specify fn arguments
[INFO] [stdout] help: split the comparison into two
[INFO] [stdout]    |
[INFO] [stdout] 12 | assert_eq!(machine.get(&States::Fire), Some(&Box<Machine && Machine<States>>));
[INFO] [stdout]    |                                                          ^^^^^^^^^^
[INFO] [stdout] 
[INFO] [stdout] error[E0432]: unresolved import `Machine`
[INFO] [stdout]  --> src/lib.rs:190:5
[INFO] [stdout]   |
[INFO] [stdout] 3 | use Machine;
[INFO] [stdout]   |     ^^^^^^^ no `Machine` in the root
[INFO] [stdout] 
[INFO] [stdout] error[E0432]: unresolved import `StateMachine`
[INFO] [stdout]  --> src/lib.rs:191:5
[INFO] [stdout]   |
[INFO] [stdout] 4 | use StateMachine;
[INFO] [stdout]   |     ^^^^^^^^^^^^ no `StateMachine` in the root
[INFO] [stdout] 
[INFO] [stdout] error[E0433]: failed to resolve: use of undeclared type `States`
[INFO] [stdout]  --> src/lib.rs:193:37
[INFO] [stdout]   |
[INFO] [stdout] 6 | let mut machine = StateMachine::new(States::Empty);
[INFO] [stdout]   |                                     ^^^^^^ use of undeclared type `States`
[INFO] [stdout] 
[INFO] [stdout] error[E0433]: failed to resolve: use of undeclared type `States`
[INFO] [stdout]  --> src/lib.rs:194:13
[INFO] [stdout]   |
[INFO] [stdout] 7 | machine.add(States::Fire, Box::new(FireStateImpl));
[INFO] [stdout]   |             ^^^^^^ use of undeclared type `States`
[INFO] [stdout] 
[INFO] [stdout] error[E0433]: failed to resolve: use of undeclared type `States`
[INFO] [stdout]  --> src/lib.rs:196:29
[INFO] [stdout]   |
[INFO] [stdout] 9 | assert_eq!(machine.contain(&States::Fire), true);
[INFO] [stdout]   |                             ^^^^^^ use of undeclared type `States`
[INFO] [stdout] 
[INFO] [stdout] error[E0433]: failed to resolve: use of undeclared type `States`
[INFO] [stdout]   --> src/lib.rs:197:29
[INFO] [stdout]    |
[INFO] [stdout] 10 | assert_eq!(machine.contain(&States::Stop), false);
[INFO] [stdout]    |                             ^^^^^^ use of undeclared type `States`
[INFO] [stdout] 
[INFO] [stdout] error[E0433]: failed to resolve: use of undeclared type `States`
[INFO] [stdout]   --> src/lib.rs:199:25
[INFO] [stdout]    |
[INFO] [stdout] 12 | assert_eq!(machine.get(&States::Fire), Some(&Box<Machine<States>>));
[INFO] [stdout]    |                         ^^^^^^ use of undeclared type `States`
[INFO] [stdout] 
[INFO] [stdout] error[E0433]: failed to resolve: use of undeclared type `States`
[INFO] [stdout]   --> src/lib.rs:200:25
[INFO] [stdout]    |
[INFO] [stdout] 13 | assert_eq!(machine.get(&States::Empty), None);
[INFO] [stdout]    |                         ^^^^^^ use of undeclared type `States`
[INFO] [stdout] 
[INFO] [stdout] error[E0425]: cannot find value `FireStateImpl` in this scope
[INFO] [stdout]  --> src/lib.rs:194:36
[INFO] [stdout]   |
[INFO] [stdout] 7 | machine.add(States::Fire, Box::new(FireStateImpl));
[INFO] [stdout]   |                                    ^^^^^^^^^^^^^ not found in this scope
[INFO] [stdout] 
[INFO] [stdout] error: aborting due to 10 previous errors
[INFO] [stdout] 
[INFO] [stdout] Some errors have detailed explanations: E0425, E0432, E0433.
[INFO] [stdout] For more information about an error, try `rustc --explain E0425`.
[INFO] [stdout] Couldn't compile the test.
[INFO] [stdout] ---- src/lib.rs - StateMachine<State>::contain (line 170) stdout ----
[INFO] [stdout] error[E0432]: unresolved import `Machine`
[INFO] [stdout]  --> src/lib.rs:171:5
[INFO] [stdout]   |
[INFO] [stdout] 3 | use Machine;
[INFO] [stdout]   |     ^^^^^^^ no `Machine` in the root
[INFO] [stdout] 
[INFO] [stdout] error[E0432]: unresolved import `StateMachine`
[INFO] [stdout]  --> src/lib.rs:172:5
[INFO] [stdout]   |
[INFO] [stdout] 4 | use StateMachine;
[INFO] [stdout]   |     ^^^^^^^^^^^^ no `StateMachine` in the root
[INFO] [stdout] 
[INFO] [stdout] error[E0433]: failed to resolve: use of undeclared type `States`
[INFO] [stdout]  --> src/lib.rs:174:37
[INFO] [stdout]   |
[INFO] [stdout] 6 | let mut machine = StateMachine::new(States::Empty);
[INFO] [stdout]   |                                     ^^^^^^ use of undeclared type `States`
[INFO] [stdout] 
[INFO] [stdout] error[E0433]: failed to resolve: use of undeclared type `States`
[INFO] [stdout]  --> src/lib.rs:175:13
[INFO] [stdout]   |
[INFO] [stdout] 7 | machine.add(States::Fire, Box::new(FireStateImpl));
[INFO] [stdout]   |             ^^^^^^ use of undeclared type `States`
[INFO] [stdout] 
[INFO] [stdout] error[E0433]: failed to resolve: use of undeclared type `States`
[INFO] [stdout]  --> src/lib.rs:177:29
[INFO] [stdout]   |
[INFO] [stdout] 9 | assert_eq!(machine.contain(&States::Fire), true);
[INFO] [stdout]   |                             ^^^^^^ use of undeclared type `States`
[INFO] [stdout] 
[INFO] [stdout] error[E0433]: failed to resolve: use of undeclared type `States`
[INFO] [stdout]   --> src/lib.rs:178:29
[INFO] [stdout]    |
[INFO] [stdout] 10 | assert_eq!(machine.contain(&States::Stop), false);
[INFO] [stdout]    |                             ^^^^^^ use of undeclared type `States`
[INFO] [stdout] 
[INFO] [stdout] error[E0425]: cannot find value `FireStateImpl` in this scope
[INFO] [stdout]  --> src/lib.rs:175:36
[INFO] [stdout]   |
[INFO] [stdout] 7 | machine.add(States::Fire, Box::new(FireStateImpl));
[INFO] [stdout]   |                                    ^^^^^^^^^^^^^ not found in this scope
[INFO] [stdout] 
[INFO] [stdout] error: aborting due to 7 previous errors
[INFO] [stdout] 
[INFO] [stdout] Some errors have detailed explanations: E0425, E0432, E0433.
[INFO] [stdout] For more information about an error, try `rustc --explain E0425`.
[INFO] [stdout] Couldn't compile the test.
[INFO] [stdout] ---- src/lib.rs - StateMachine<State>::get_state (line 212) stdout ----
[INFO] [stdout] error: expected `;`, found `machine`
[INFO] [stdout]  --> src/lib.rs:216:51
[INFO] [stdout]   |
[INFO] [stdout] 6 | let mut machine = StateMachine::new(States::Empty)
[INFO] [stdout]   |                                                   ^ help: add `;` here
[INFO] [stdout] 7 | machine.add(States::Music, Box::new(MusicImpl));
[INFO] [stdout]   | ------- unexpected token
[INFO] [stdout] 
[INFO] [stdout] error[E0432]: unresolved import `Machine`
[INFO] [stdout]  --> src/lib.rs:213:5
[INFO] [stdout]   |
[INFO] [stdout] 3 | use Machine;
[INFO] [stdout]   |     ^^^^^^^ no `Machine` in the root
[INFO] [stdout] 
[INFO] [stdout] error[E0432]: unresolved import `StateMachine`
[INFO] [stdout]  --> src/lib.rs:214:5
[INFO] [stdout]   |
[INFO] [stdout] 4 | use StateMachine;
[INFO] [stdout]   |     ^^^^^^^^^^^^ no `StateMachine` in the root
[INFO] [stdout] 
[INFO] [stdout] error[E0433]: failed to resolve: use of undeclared type `States`
[INFO] [stdout]  --> src/lib.rs:216:37
[INFO] [stdout]   |
[INFO] [stdout] 6 | let mut machine = StateMachine::new(States::Empty)
[INFO] [stdout]   |                                     ^^^^^^ use of undeclared type `States`
[INFO] [stdout] 
[INFO] [stdout] error[E0433]: failed to resolve: use of undeclared type `States`
[INFO] [stdout]  --> src/lib.rs:217:13
[INFO] [stdout]   |
[INFO] [stdout] 7 | machine.add(States::Music, Box::new(MusicImpl));
[INFO] [stdout]   |             ^^^^^^ use of undeclared type `States`
[INFO] [stdout] 
[INFO] [stdout] error[E0433]: failed to resolve: use of undeclared type `States`
[INFO] [stdout]  --> src/lib.rs:218:13
[INFO] [stdout]   |
[INFO] [stdout] 8 | machine.add(States::Empty, Box::new(EmptyImpl));
[INFO] [stdout]   |             ^^^^^^ use of undeclared type `States`
[INFO] [stdout] 
[INFO] [stdout] error[E0433]: failed to resolve: use of undeclared type `States`
[INFO] [stderr] error: test failed, to rerun pass '--doc'
[INFO] [stdout]   --> src/lib.rs:220:34
[INFO] [stdout]    |
[INFO] [stdout] 10 | assert_eq!(*machine.get_state(), States::Empty);
[INFO] [stdout]    |                                  ^^^^^^ use of undeclared type `States`
[INFO] [stdout] 
[INFO] [stdout] error[E0433]: failed to resolve: use of undeclared type `States`
[INFO] [stdout]   --> src/lib.rs:223:34
[INFO] [stdout]    |
[INFO] [stdout] 13 | assert_eq!(*machine.get_state(), States::Music);
[INFO] [stdout]    |                                  ^^^^^^ use of undeclared type `States`
[INFO] [stdout] 
[INFO] [stdout] error[E0425]: cannot find value `MusicImpl` in this scope
[INFO] [stdout]  --> src/lib.rs:217:37
[INFO] [stdout]   |
[INFO] [stdout] 7 | machine.add(States::Music, Box::new(MusicImpl));
[INFO] [stdout]   |                                     ^^^^^^^^^ not found in this scope
[INFO] [stdout] 
[INFO] [stdout] error[E0425]: cannot find value `EmptyImpl` in this scope
[INFO] [stdout]  --> src/lib.rs:218:37
[INFO] [stdout]   |
[INFO] [stdout] 8 | machine.add(States::Empty, Box::new(EmptyImpl));
[INFO] [stdout]   |                                     ^^^^^^^^^ not found in this scope
[INFO] [stdout] 
[INFO] [stdout] error: aborting due to 10 previous errors
[INFO] [stdout] 
[INFO] [stdout] Some errors have detailed explanations: E0425, E0432, E0433.
[INFO] [stdout] For more information about an error, try `rustc --explain E0425`.
[INFO] [stdout] Couldn't compile the test.
[INFO] [stdout] ---- src/lib.rs - StateMachine<State>::add (line 115) stdout ----
[INFO] [stdout] error: comparison operators cannot be chained
[INFO] [stdout]  --> src/lib.rs:122:72
[INFO] [stdout]   |
[INFO] [stdout] 9 | assert_eq!(machine.add(States::Fire, Box::new(StopStateImpl)), Some(Box<Machine<States>>));
[INFO] [stdout]   |                                                                        ^       ^
[INFO] [stdout]   |
[INFO] [stdout]   = help: use `::<...>` instead of `<...>` to specify type or const arguments
[INFO] [stdout]   = help: or use `(...)` if you meant to specify fn arguments
[INFO] [stdout] help: split the comparison into two
[INFO] [stdout]   |
[INFO] [stdout] 9 | assert_eq!(machine.add(States::Fire, Box::new(StopStateImpl)), Some(Box<Machine && Machine<States>>));
[INFO] [stdout]   |                                                                                 ^^^^^^^^^^
[INFO] [stdout] 
[INFO] [stdout] error[E0432]: unresolved import `Machine`
[INFO] [stdout]  --> src/lib.rs:116:5
[INFO] [stdout]   |
[INFO] [stdout] 3 | use Machine;
[INFO] [stdout]   |     ^^^^^^^ no `Machine` in the root
[INFO] [stdout] 
[INFO] [stdout] error[E0432]: unresolved import `StateMachine`
[INFO] [stdout]  --> src/lib.rs:117:5
[INFO] [stdout]   |
[INFO] [stdout] 4 | use StateMachine;
[INFO] [stdout]   |     ^^^^^^^^^^^^ no `StateMachine` in the root
[INFO] [stdout] 
[INFO] [stdout] error[E0433]: failed to resolve: use of undeclared type `States`
[INFO] [stdout]  --> src/lib.rs:119:37
[INFO] [stdout]   |
[INFO] [stdout] 6 | let mut machine = StateMachine::new(States::Empty);
[INFO] [stdout]   |                                     ^^^^^^ use of undeclared type `States`
[INFO] [stdout] 
[INFO] [stdout] error[E0433]: failed to resolve: use of undeclared type `States`
[INFO] [stdout]  --> src/lib.rs:120:13
[INFO] [stdout]   |
[INFO] [stdout] 7 | machine.add(States::Fire, Box::new(FireStateImpl));
[INFO] [stdout]   |             ^^^^^^ use of undeclared type `States`
[INFO] [stdout] 
[INFO] [stdout] error[E0433]: failed to resolve: use of undeclared type `States`
[INFO] [stdout]  --> src/lib.rs:122:24
[INFO] [stdout]   |
[INFO] [stdout] 9 | assert_eq!(machine.add(States::Fire, Box::new(StopStateImpl)), Some(Box<Machine<States>>));
[INFO] [stdout]   |                        ^^^^^^ use of undeclared type `States`
[INFO] [stdout] 
[INFO] [stdout] error[E0433]: failed to resolve: use of undeclared type `States`
[INFO] [stdout]   --> src/lib.rs:123:25
[INFO] [stdout]    |
[INFO] [stdout] 10 | assert_eq!(machine.add(&States::Block), None);
[INFO] [stdout]    |                         ^^^^^^ use of undeclared type `States`
[INFO] [stdout] 
[INFO] [stdout] error[E0425]: cannot find value `FireStateImpl` in this scope
[INFO] [stdout]  --> src/lib.rs:120:36
[INFO] [stdout]   |
[INFO] [stdout] 7 | machine.add(States::Fire, Box::new(FireStateImpl));
[INFO] [stdout]   |                                    ^^^^^^^^^^^^^ not found in this scope
[INFO] [stdout] 
[INFO] [stdout] error[E0425]: cannot find value `StopStateImpl` in this scope
[INFO] [stdout]  --> src/lib.rs:122:47
[INFO] [stdout]   |
[INFO] [stdout] 9 | assert_eq!(machine.add(States::Fire, Box::new(StopStateImpl)), Some(Box<Machine<States>>));
[INFO] [stdout]   |                                               ^^^^^^^^^^^^^ not found in this scope
[INFO] [stdout] 
[INFO] [stdout] error: aborting due to 9 previous errors
[INFO] [stdout] 
[INFO] [stdout] Some errors have detailed explanations: E0425, E0432, E0433.
[INFO] [stdout] For more information about an error, try `rustc --explain E0425`.
[INFO] [stdout] Couldn't compile the test.
[INFO] [stdout] ---- src/lib.rs - StateMachine<State>::remove (line 151) stdout ----
[INFO] [stdout] error: comparison operators cannot be chained
[INFO] [stdout]  --> src/lib.rs:158:51
[INFO] [stdout]   |
[INFO] [stdout] 9 | assert_eq!(machine.remove(&States::Fire), Some(Box<Machine<States>>));
[INFO] [stdout]   |                                                   ^       ^
[INFO] [stdout]   |
[INFO] [stdout]   = help: use `::<...>` instead of `<...>` to specify type or const arguments
[INFO] [stdout]   = help: or use `(...)` if you meant to specify fn arguments
[INFO] [stdout] help: split the comparison into two
[INFO] [stdout]   |
[INFO] [stdout] 9 | assert_eq!(machine.remove(&States::Fire), Some(Box<Machine && Machine<States>>));
[INFO] [stdout]   |                                                            ^^^^^^^^^^
[INFO] [stdout] 
[INFO] [stdout] error[E0432]: unresolved import `Machine`
[INFO] [stdout]  --> src/lib.rs:152:5
[INFO] [stdout]   |
[INFO] [stdout] 3 | use Machine;
[INFO] [stdout]   |     ^^^^^^^ no `Machine` in the root
[INFO] [stdout] 
[INFO] [stdout] error[E0432]: unresolved import `StateMachine`
[INFO] [stdout]  --> src/lib.rs:153:5
[INFO] [stdout]   |
[INFO] [stdout] 4 | use StateMachine;
[INFO] [stdout]   |     ^^^^^^^^^^^^ no `StateMachine` in the root
[INFO] [stdout] 
[INFO] [stdout] error[E0433]: failed to resolve: use of undeclared type `States`
[INFO] [stdout]  --> src/lib.rs:155:37
[INFO] [stdout]   |
[INFO] [stdout] 6 | let mut machine = StateMachine::new(States::Empty);
[INFO] [stdout]   |                                     ^^^^^^ use of undeclared type `States`
[INFO] [stdout] 
[INFO] [stdout] error[E0433]: failed to resolve: use of undeclared type `States`
[INFO] [stdout]  --> src/lib.rs:156:13
[INFO] [stdout]   |
[INFO] [stdout] 7 | machine.add(States::Fire, Box::new(FireStateImpl));
[INFO] [stdout]   |             ^^^^^^ use of undeclared type `States`
[INFO] [stdout] 
[INFO] [stdout] error[E0433]: failed to resolve: use of undeclared type `States`
[INFO] [stdout]  --> src/lib.rs:158:28
[INFO] [stdout]   |
[INFO] [stdout] 9 | assert_eq!(machine.remove(&States::Fire), Some(Box<Machine<States>>));
[INFO] [stdout]   |                            ^^^^^^ use of undeclared type `States`
[INFO] [stdout] 
[INFO] [stdout] error[E0433]: failed to resolve: use of undeclared type `States`
[INFO] [stdout]   --> src/lib.rs:159:28
[INFO] [stdout]    |
[INFO] [stdout] 10 | assert_eq!(machine.remove(&States::Stop), None);
[INFO] [stdout]    |                            ^^^^^^ use of undeclared type `States`
[INFO] [stdout] 
[INFO] [stdout] error[E0425]: cannot find value `FireStateImpl` in this scope
[INFO] [stdout]  --> src/lib.rs:156:36
[INFO] [stdout]   |
[INFO] [stdout] 7 | machine.add(States::Fire, Box::new(FireStateImpl));
[INFO] [stdout]   |                                    ^^^^^^^^^^^^^ not found in this scope
[INFO] [stdout] 
[INFO] [stdout] error: aborting due to 8 previous errors
[INFO] [stdout] 
[INFO] [stdout] Some errors have detailed explanations: E0425, E0432, E0433.
[INFO] [stdout] For more information about an error, try `rustc --explain E0425`.
[INFO] [stdout] Couldn't compile the test.
[INFO] [stdout] ---- src/lib.rs - StateMachine<State>::add_builder (line 133) stdout ----
[INFO] [stdout] error[E0433]: failed to resolve: use of undeclared type `StateMachine`
[INFO] [stdout]  --> src/lib.rs:134:16
[INFO] [stdout]   |
[INFO] [stdout] 3 | let mut mach = StateMachine::new(1);
[INFO] [stdout]   |                ^^^^^^^^^^^^ use of undeclared type `StateMachine`
[INFO] [stdout] 
[INFO] [stdout] error[E0425]: cannot find value `State2` in this scope
[INFO] [stdout]  --> src/lib.rs:137:24
[INFO] [stdout]   |
[INFO] [stdout] 6 |        .add_builder(2, State2)
[INFO] [stdout]   |                        ^^^^^^ not found in this scope
[INFO] [stdout] 
[INFO] [stdout] error[E0425]: cannot find value `State3` in this scope
[INFO] [stdout]  --> src/lib.rs:138:24
[INFO] [stdout]   |
[INFO] [stdout] 7 |        .add_builder(3, State3);
[INFO] [stdout]   |                        ^^^^^^ not found in this scope
[INFO] [stdout] 
[INFO] [stdout] error: aborting due to 3 previous errors
[INFO] [stdout] 
[INFO] [stdout] Some errors have detailed explanations: E0425, E0433.
[INFO] [stdout] For more information about an error, try `rustc --explain E0425`.
[INFO] [stdout] Couldn't compile the test.
[INFO] [stdout] 
[INFO] [stdout] failures:
[INFO] [stdout]     src/lib.rs - StateMachine<State>::add (line 115)
[INFO] [stdout]     src/lib.rs - StateMachine<State>::add_builder (line 133)
[INFO] [stdout]     src/lib.rs - StateMachine<State>::contain (line 170)
[INFO] [stdout]     src/lib.rs - StateMachine<State>::get_machine (line 189)
[INFO] [stdout]     src/lib.rs - StateMachine<State>::get_state (line 212)
[INFO] [stdout]     src/lib.rs - StateMachine<State>::new (line 45)
[INFO] [stdout]     src/lib.rs - StateMachine<State>::next (line 81)
[INFO] [stdout]     src/lib.rs - StateMachine<State>::remove (line 151)
[INFO] [stdout] 
[INFO] [stdout] test result: FAILED. 0 passed; 8 failed; 0 ignored; 0 measured; 0 filtered out; finished in 0.26s
[INFO] [stdout] 
[INFO] running `Command { std: "docker" "inspect" "e0fe0a069ba4cf1574efdebad295baa7979c8a0c795bd1650567226540ee01ee", kill_on_drop: false }`
[INFO] running `Command { std: "docker" "rm" "-f" "e0fe0a069ba4cf1574efdebad295baa7979c8a0c795bd1650567226540ee01ee", kill_on_drop: false }`
[INFO] [stdout] e0fe0a069ba4cf1574efdebad295baa7979c8a0c795bd1650567226540ee01ee
