[INFO] fetching crate stackdriver_logger_kv 0.7.3...
[INFO] testing stackdriver_logger_kv-0.7.3 against beta-2021-08-01 for beta-1.55-1
[INFO] extracting crate stackdriver_logger_kv 0.7.3 into /workspace/builds/worker-61/source
[INFO] validating manifest of crates.io crate stackdriver_logger_kv 0.7.3 on toolchain beta-2021-08-01
[INFO] running `Command { std: "/workspace/cargo-home/bin/cargo" "+beta-2021-08-01" "metadata" "--manifest-path" "Cargo.toml" "--no-deps", kill_on_drop: false }`
[INFO] started tweaking crates.io crate stackdriver_logger_kv 0.7.3
[INFO] finished tweaking crates.io crate stackdriver_logger_kv 0.7.3
[INFO] tweaked toml for crates.io crate stackdriver_logger_kv 0.7.3 written to /workspace/builds/worker-61/source/Cargo.toml
[INFO] running `Command { std: "/workspace/cargo-home/bin/cargo" "+beta-2021-08-01" "generate-lockfile" "--manifest-path" "Cargo.toml" "-Zno-index-update", kill_on_drop: false }`
[INFO] running `Command { std: "/workspace/cargo-home/bin/cargo" "+beta-2021-08-01" "fetch" "--manifest-path" "Cargo.toml", kill_on_drop: false }`
[INFO] [stderr]     Blocking waiting for file lock on package cache
[INFO] running `Command { std: "docker" "create" "-v" "/var/lib/crater-agent-workspace/builds/worker-61/target:/opt/rustwide/target:rw,Z" "-v" "/var/lib/crater-agent-workspace/builds/worker-61/source:/opt/rustwide/workdir:ro,Z" "-v" "/var/lib/crater-agent-workspace/cargo-home:/opt/rustwide/cargo-home:ro,Z" "-v" "/var/lib/crater-agent-workspace/rustup-home:/opt/rustwide/rustup-home:ro,Z" "-e" "SOURCE_DIR=/opt/rustwide/workdir" "-e" "CARGO_TARGET_DIR=/opt/rustwide/target" "-e" "CARGO_HOME=/opt/rustwide/cargo-home" "-e" "RUSTUP_HOME=/opt/rustwide/rustup-home" "-w" "/opt/rustwide/workdir" "-m" "1610612736" "--user" "0:0" "--network" "none" "ghcr.io/rust-lang/crates-build-env/linux@sha256:34b6a614d2c27851fe6cbf88fbd1137609cefab8b10d0615aaeb6fd47975d74e" "/opt/rustwide/cargo-home/bin/cargo" "+beta-2021-08-01" "metadata" "--no-deps" "--format-version=1", kill_on_drop: false }`
[INFO] [stdout] 21d17444fb9b9b4b87b851cd5e73ff25348d09612613ed2764a64ac64e152563
[INFO] running `Command { std: "docker" "start" "-a" "21d17444fb9b9b4b87b851cd5e73ff25348d09612613ed2764a64ac64e152563", kill_on_drop: false }`
[INFO] running `Command { std: "docker" "inspect" "21d17444fb9b9b4b87b851cd5e73ff25348d09612613ed2764a64ac64e152563", kill_on_drop: false }`
[INFO] running `Command { std: "docker" "rm" "-f" "21d17444fb9b9b4b87b851cd5e73ff25348d09612613ed2764a64ac64e152563", kill_on_drop: false }`
[INFO] [stdout] 21d17444fb9b9b4b87b851cd5e73ff25348d09612613ed2764a64ac64e152563
[INFO] running `Command { std: "docker" "create" "-v" "/var/lib/crater-agent-workspace/builds/worker-61/target:/opt/rustwide/target:rw,Z" "-v" "/var/lib/crater-agent-workspace/builds/worker-61/source:/opt/rustwide/workdir:ro,Z" "-v" "/var/lib/crater-agent-workspace/cargo-home:/opt/rustwide/cargo-home:ro,Z" "-v" "/var/lib/crater-agent-workspace/rustup-home:/opt/rustwide/rustup-home:ro,Z" "-e" "SOURCE_DIR=/opt/rustwide/workdir" "-e" "CARGO_TARGET_DIR=/opt/rustwide/target" "-e" "CARGO_INCREMENTAL=0" "-e" "RUST_BACKTRACE=full" "-e" "RUSTFLAGS=--cap-lints=warn" "-e" "CARGO_HOME=/opt/rustwide/cargo-home" "-e" "RUSTUP_HOME=/opt/rustwide/rustup-home" "-w" "/opt/rustwide/workdir" "-m" "1610612736" "--user" "0:0" "--network" "none" "ghcr.io/rust-lang/crates-build-env/linux@sha256:34b6a614d2c27851fe6cbf88fbd1137609cefab8b10d0615aaeb6fd47975d74e" "/opt/rustwide/cargo-home/bin/cargo" "+beta-2021-08-01" "build" "--frozen" "--message-format=json", kill_on_drop: false }`
[INFO] [stdout] 0d01e24f694c46a6a289ef3f74c3a252137fd2e6e74e6d9ba80bdbe88748868f
[INFO] running `Command { std: "docker" "start" "-a" "0d01e24f694c46a6a289ef3f74c3a252137fd2e6e74e6d9ba80bdbe88748868f", kill_on_drop: false }`
[INFO] [stderr]     Blocking waiting for file lock on package cache
[INFO] [stderr]     Blocking waiting for file lock on package cache
[INFO] [stderr]    Compiling serde v1.0.127
[INFO] [stderr]    Compiling log v0.4.14
[INFO] [stderr]    Compiling regex-syntax v0.6.25
[INFO] [stderr]    Compiling termcolor v1.1.2
[INFO] [stderr]    Compiling humantime v1.3.0
[INFO] [stderr]    Compiling atty v0.2.14
[INFO] [stderr]    Compiling aho-corasick v0.7.18
[INFO] [stderr]    Compiling regex v1.5.4
[INFO] [stderr]    Compiling env_logger v0.7.1
[INFO] [stderr]    Compiling serde_json v1.0.66
[INFO] [stderr]    Compiling toml v0.5.8
[INFO] [stderr]    Compiling pretty_env_logger v0.4.0
[INFO] [stderr]    Compiling stackdriver_logger_kv v0.7.3 (/opt/rustwide/workdir)
[INFO] [stderr]     Finished dev [unoptimized + debuginfo] target(s) in 7.93s
[INFO] running `Command { std: "docker" "inspect" "0d01e24f694c46a6a289ef3f74c3a252137fd2e6e74e6d9ba80bdbe88748868f", kill_on_drop: false }`
[INFO] running `Command { std: "docker" "rm" "-f" "0d01e24f694c46a6a289ef3f74c3a252137fd2e6e74e6d9ba80bdbe88748868f", kill_on_drop: false }`
[INFO] [stdout] 0d01e24f694c46a6a289ef3f74c3a252137fd2e6e74e6d9ba80bdbe88748868f
[INFO] running `Command { std: "docker" "create" "-v" "/var/lib/crater-agent-workspace/builds/worker-61/target:/opt/rustwide/target:rw,Z" "-v" "/var/lib/crater-agent-workspace/builds/worker-61/source:/opt/rustwide/workdir:ro,Z" "-v" "/var/lib/crater-agent-workspace/cargo-home:/opt/rustwide/cargo-home:ro,Z" "-v" "/var/lib/crater-agent-workspace/rustup-home:/opt/rustwide/rustup-home:ro,Z" "-e" "SOURCE_DIR=/opt/rustwide/workdir" "-e" "CARGO_TARGET_DIR=/opt/rustwide/target" "-e" "CARGO_INCREMENTAL=0" "-e" "RUST_BACKTRACE=full" "-e" "RUSTFLAGS=--cap-lints=warn" "-e" "CARGO_HOME=/opt/rustwide/cargo-home" "-e" "RUSTUP_HOME=/opt/rustwide/rustup-home" "-w" "/opt/rustwide/workdir" "-m" "1610612736" "--user" "0:0" "--network" "none" "ghcr.io/rust-lang/crates-build-env/linux@sha256:34b6a614d2c27851fe6cbf88fbd1137609cefab8b10d0615aaeb6fd47975d74e" "/opt/rustwide/cargo-home/bin/cargo" "+beta-2021-08-01" "test" "--frozen" "--no-run" "--message-format=json", kill_on_drop: false }`
[INFO] [stdout] 08005a207ea06b7735fac710e53412ba7ba6fda464cad292868b01ac53160171
[INFO] running `Command { std: "docker" "start" "-a" "08005a207ea06b7735fac710e53412ba7ba6fda464cad292868b01ac53160171", kill_on_drop: false }`
[INFO] [stderr]     Blocking waiting for file lock on package cache
[INFO] [stderr]    Compiling stackdriver_logger_kv v0.7.3 (/opt/rustwide/workdir)
[INFO] [stderr]     Finished test [unoptimized + debuginfo] target(s) in 1.76s
[INFO] running `Command { std: "docker" "inspect" "08005a207ea06b7735fac710e53412ba7ba6fda464cad292868b01ac53160171", kill_on_drop: false }`
[INFO] running `Command { std: "docker" "rm" "-f" "08005a207ea06b7735fac710e53412ba7ba6fda464cad292868b01ac53160171", kill_on_drop: false }`
[INFO] [stdout] 08005a207ea06b7735fac710e53412ba7ba6fda464cad292868b01ac53160171
[INFO] running `Command { std: "docker" "create" "-v" "/var/lib/crater-agent-workspace/builds/worker-61/target:/opt/rustwide/target:rw,Z" "-v" "/var/lib/crater-agent-workspace/builds/worker-61/source:/opt/rustwide/workdir:ro,Z" "-v" "/var/lib/crater-agent-workspace/cargo-home:/opt/rustwide/cargo-home:ro,Z" "-v" "/var/lib/crater-agent-workspace/rustup-home:/opt/rustwide/rustup-home:ro,Z" "-e" "SOURCE_DIR=/opt/rustwide/workdir" "-e" "CARGO_TARGET_DIR=/opt/rustwide/target" "-e" "CARGO_INCREMENTAL=0" "-e" "RUST_BACKTRACE=full" "-e" "RUSTFLAGS=--cap-lints=warn" "-e" "CARGO_HOME=/opt/rustwide/cargo-home" "-e" "RUSTUP_HOME=/opt/rustwide/rustup-home" "-w" "/opt/rustwide/workdir" "-m" "1610612736" "--user" "0:0" "--network" "none" "ghcr.io/rust-lang/crates-build-env/linux@sha256:34b6a614d2c27851fe6cbf88fbd1137609cefab8b10d0615aaeb6fd47975d74e" "/opt/rustwide/cargo-home/bin/cargo" "+beta-2021-08-01" "test" "--frozen", kill_on_drop: false }`
[INFO] [stdout] ba1cbfbb9b6394bc9ea348503b730ee6e6d224f3142d0a6c37ea617e216fcad2
[INFO] running `Command { std: "docker" "start" "-a" "ba1cbfbb9b6394bc9ea348503b730ee6e6d224f3142d0a6c37ea617e216fcad2", kill_on_drop: false }`
[INFO] [stderr]     Finished test [unoptimized + debuginfo] target(s) in 0.08s
[INFO] [stderr]      Running unittests (/opt/rustwide/target/debug/deps/stackdriver_logger_kv-57290714afbe8539)
[INFO] [stdout] 
[INFO] [stdout] running 2 tests
[INFO] [stdout] test tests::info_formatter ... ok
[INFO] [stdout] test tests::error_formatter ... ok
[INFO] [stdout] 
[INFO] [stdout] test result: ok. 2 passed; 0 failed; 0 ignored; 0 measured; 0 filtered out; finished in 0.00s
[INFO] [stdout] 
[INFO] [stderr]    Doc-tests stackdriver_logger_kv
[INFO] [stdout] 
[INFO] [stdout] running 5 tests
[INFO] [stdout] test src/macros.rs - init_with_cargo (line 19) ... FAILED
[INFO] [stdout] test src/macros.rs - init_with_cargo (line 10) ... FAILED
[INFO] [stdout] test src/lib.rs - init_with (line 99) ... FAILED
[INFO] [stdout] test src/lib.rs - init (line 72) ... FAILED
[INFO] [stdout] test src/lib.rs - init_with (line 85) ... FAILED
[INFO] [stdout] 
[INFO] [stdout] failures:
[INFO] [stdout] 
[INFO] [stdout] ---- src/macros.rs - init_with_cargo (line 19) stdout ----
[INFO] [stdout] error[E0433]: failed to resolve: use of undeclared crate or module `stackdriver_logger`
[INFO] [stdout]  --> src/macros.rs:23:5
[INFO] [stdout]   |
[INFO] [stdout] 5 |     stackdriver_logger::init_with_cargo!("../Cargo.toml");
[INFO] [stdout]   |     ^^^^^^^^^^^^^^^^^^ use of undeclared crate or module `stackdriver_logger`
[INFO] [stdout] 
[INFO] [stdout] error: aborting due to previous error
[INFO] [stdout] 
[INFO] [stdout] For more information about this error, try `rustc --explain E0433`.
[INFO] [stdout] Couldn't compile the test.
[INFO] [stdout] ---- src/macros.rs - init_with_cargo (line 10) stdout ----
[INFO] [stdout] error[E0433]: failed to resolve: use of undeclared crate or module `stackdriver_logger`
[INFO] [stdout]  --> src/macros.rs:14:5
[INFO] [stdout]   |
[INFO] [stdout] 5 |     stackdriver_logger::init_with_cargo!();
[INFO] [stdout]   |     ^^^^^^^^^^^^^^^^^^ use of undeclared crate or module `stackdriver_logger`
[INFO] [stdout] 
[INFO] [stdout] error: aborting due to previous error
[INFO] [stdout] 
[INFO] [stdout] For more information about this error, try `rustc --explain E0433`.
[INFO] [stdout] Couldn't compile the test.
[INFO] [stdout] ---- src/lib.rs - init_with (line 99) stdout ----
[INFO] [stdout] error[E0433]: failed to resolve: use of undeclared crate or module `stackdriver_logger`
[INFO] [stdout]  --> src/lib.rs:102:1
[INFO] [stdout]   |
[INFO] [stdout] 5 | stackdriver_logger::init_with(None, false);
[INFO] [stdout]   | ^^^^^^^^^^^^^^^^^^ use of undeclared crate or module `stackdriver_logger`
[INFO] [stdout] 
[INFO] [stdout] error: aborting due to previous error
[INFO] [stdout] 
[INFO] [stdout] For more information about this error, try `rustc --explain E0433`.
[INFO] [stdout] Couldn't compile the test.
[INFO] [stdout] ---- src/lib.rs - init (line 72) stdout ----
[INFO] [stdout] error[E0433]: failed to resolve: use of undeclared crate or module `stackdriver_logger`
[INFO] [stdout]  --> src/lib.rs:75:1
[INFO] [stdout]   |
[INFO] [stdout] 5 | stackdriver_logger::init();
[INFO] [stdout]   | ^^^^^^^^^^^^^^^^^^ use of undeclared crate or module `stackdriver_logger`
[INFO] [stdout] 
[INFO] [stdout] error: aborting due to previous error
[INFO] [stdout] 
[INFO] [stdout] For more information about this error, try `rustc --explain E0433`.
[INFO] [stdout] Couldn't compile the test.
[INFO] [stdout] ---- src/lib.rs - init_with (line 85) stdout ----
[INFO] [stdout] error[E0432]: unresolved import `stackdriver_logger`
[INFO] [stdout]  --> src/lib.rs:87:5
[INFO] [stdout]   |
[INFO] [stdout] 4 | use stackdriver_logger::Service;
[INFO] [stdout]   |     ^^^^^^^^^^^^^^^^^^ use of undeclared crate or module `stackdriver_logger`
[INFO] [stdout] 
[INFO] [stdout] error[E0433]: failed to resolve: use of undeclared crate or module `stackdriver_logger`
[INFO] [stdout]   --> src/lib.rs:94:1
[INFO] [stdout]    |
[INFO] [stdout] 11 | stackdriver_logger::init_with(Some(params), true);
[INFO] [stdout]    | ^^^^^^^^^^^^^^^^^^ use of undeclared crate or module `stackdriver_logger`
[INFO] [stdout] 
[INFO] [stdout] error: aborting due to 2 previous errors
[INFO] [stdout] 
[INFO] [stdout] Some errors have detailed explanations: E0432, E0433.
[INFO] [stdout] For more information about an error, try `rustc --explain E0432`.
[INFO] [stdout] Couldn't compile the test.
[INFO] [stdout] 
[INFO] [stdout] failures:
[INFO] [stdout]     src/lib.rs - init (line 72)
[INFO] [stdout]     src/lib.rs - init_with (line 85)
[INFO] [stdout]     src/lib.rs - init_with (line 99)
[INFO] [stdout]     src/macros.rs - init_with_cargo (line 10)
[INFO] [stdout]     src/macros.rs - init_with_cargo (line 19)
[INFO] [stdout] 
[INFO] [stdout] test result: FAILED. 0 passed; 5 failed; 0 ignored; 0 measured; 0 filtered out; finished in 0.12s
[INFO] [stdout] 
[INFO] [stderr] error: test failed, to rerun pass '--doc'
[INFO] running `Command { std: "docker" "inspect" "ba1cbfbb9b6394bc9ea348503b730ee6e6d224f3142d0a6c37ea617e216fcad2", kill_on_drop: false }`
[INFO] running `Command { std: "docker" "rm" "-f" "ba1cbfbb9b6394bc9ea348503b730ee6e6d224f3142d0a6c37ea617e216fcad2", kill_on_drop: false }`
[INFO] [stdout] ba1cbfbb9b6394bc9ea348503b730ee6e6d224f3142d0a6c37ea617e216fcad2
