[INFO] fetching crate sse-client 1.1.1...
[INFO] testing sse-client-1.1.1 against 1.54.0 for beta-1.55-1
[INFO] extracting crate sse-client 1.1.1 into /workspace/builds/worker-82/source
[INFO] validating manifest of crates.io crate sse-client 1.1.1 on toolchain 1.54.0
[INFO] running `Command { std: "/workspace/cargo-home/bin/cargo" "+1.54.0" "metadata" "--manifest-path" "Cargo.toml" "--no-deps", kill_on_drop: false }`
[INFO] started tweaking crates.io crate sse-client 1.1.1
[INFO] finished tweaking crates.io crate sse-client 1.1.1
[INFO] tweaked toml for crates.io crate sse-client 1.1.1 written to /workspace/builds/worker-82/source/Cargo.toml
[INFO] running `Command { std: "/workspace/cargo-home/bin/cargo" "+1.54.0" "generate-lockfile" "--manifest-path" "Cargo.toml" "-Zno-index-update", kill_on_drop: false }`
[INFO] [stderr]     Blocking waiting for file lock on package cache
[INFO] running `Command { std: "/workspace/cargo-home/bin/cargo" "+1.54.0" "fetch" "--manifest-path" "Cargo.toml", kill_on_drop: false }`
[INFO] [stderr]     Blocking waiting for file lock on package cache
[INFO] [stderr]  Downloading crates ...
[INFO] [stderr]   Downloaded http-test-server v1.0.1
[INFO] running `Command { std: "docker" "create" "-v" "/var/lib/crater-agent-workspace/builds/worker-82/target:/opt/rustwide/target:rw,Z" "-v" "/var/lib/crater-agent-workspace/builds/worker-82/source:/opt/rustwide/workdir:ro,Z" "-v" "/var/lib/crater-agent-workspace/cargo-home:/opt/rustwide/cargo-home:ro,Z" "-v" "/var/lib/crater-agent-workspace/rustup-home:/opt/rustwide/rustup-home:ro,Z" "-e" "SOURCE_DIR=/opt/rustwide/workdir" "-e" "CARGO_TARGET_DIR=/opt/rustwide/target" "-e" "CARGO_HOME=/opt/rustwide/cargo-home" "-e" "RUSTUP_HOME=/opt/rustwide/rustup-home" "-w" "/opt/rustwide/workdir" "-m" "1610612736" "--user" "0:0" "--network" "none" "ghcr.io/rust-lang/crates-build-env/linux@sha256:34b6a614d2c27851fe6cbf88fbd1137609cefab8b10d0615aaeb6fd47975d74e" "/opt/rustwide/cargo-home/bin/cargo" "+1.54.0" "metadata" "--no-deps" "--format-version=1", kill_on_drop: false }`
[INFO] [stdout] 59db866b7c8be5fd6def7e3ee904a0a90a4d42640bb00ba3b95f8735f5cb5307
[INFO] running `Command { std: "docker" "start" "-a" "59db866b7c8be5fd6def7e3ee904a0a90a4d42640bb00ba3b95f8735f5cb5307", kill_on_drop: false }`
[INFO] running `Command { std: "docker" "inspect" "59db866b7c8be5fd6def7e3ee904a0a90a4d42640bb00ba3b95f8735f5cb5307", kill_on_drop: false }`
[INFO] running `Command { std: "docker" "rm" "-f" "59db866b7c8be5fd6def7e3ee904a0a90a4d42640bb00ba3b95f8735f5cb5307", kill_on_drop: false }`
[INFO] [stdout] 59db866b7c8be5fd6def7e3ee904a0a90a4d42640bb00ba3b95f8735f5cb5307
[INFO] running `Command { std: "docker" "create" "-v" "/var/lib/crater-agent-workspace/builds/worker-82/target:/opt/rustwide/target:rw,Z" "-v" "/var/lib/crater-agent-workspace/builds/worker-82/source:/opt/rustwide/workdir:ro,Z" "-v" "/var/lib/crater-agent-workspace/cargo-home:/opt/rustwide/cargo-home:ro,Z" "-v" "/var/lib/crater-agent-workspace/rustup-home:/opt/rustwide/rustup-home:ro,Z" "-e" "SOURCE_DIR=/opt/rustwide/workdir" "-e" "CARGO_TARGET_DIR=/opt/rustwide/target" "-e" "CARGO_INCREMENTAL=0" "-e" "RUST_BACKTRACE=full" "-e" "RUSTFLAGS=--cap-lints=warn" "-e" "CARGO_HOME=/opt/rustwide/cargo-home" "-e" "RUSTUP_HOME=/opt/rustwide/rustup-home" "-w" "/opt/rustwide/workdir" "-m" "1610612736" "--user" "0:0" "--network" "none" "ghcr.io/rust-lang/crates-build-env/linux@sha256:34b6a614d2c27851fe6cbf88fbd1137609cefab8b10d0615aaeb6fd47975d74e" "/opt/rustwide/cargo-home/bin/cargo" "+1.54.0" "build" "--frozen" "--message-format=json", kill_on_drop: false }`
[INFO] [stdout] 3a8354a0629b2f32772dce0d5bdbc63dd825f6790b285f97dc317e419fd912b7
[INFO] running `Command { std: "docker" "start" "-a" "3a8354a0629b2f32772dce0d5bdbc63dd825f6790b285f97dc317e419fd912b7", kill_on_drop: false }`
[INFO] [stderr]     Blocking waiting for file lock on package cache
[INFO] [stderr]    Compiling sse-client v1.1.1 (/opt/rustwide/workdir)
[INFO] [stderr]     Finished dev [unoptimized + debuginfo] target(s) in 1.88s
[INFO] running `Command { std: "docker" "inspect" "3a8354a0629b2f32772dce0d5bdbc63dd825f6790b285f97dc317e419fd912b7", kill_on_drop: false }`
[INFO] running `Command { std: "docker" "rm" "-f" "3a8354a0629b2f32772dce0d5bdbc63dd825f6790b285f97dc317e419fd912b7", kill_on_drop: false }`
[INFO] [stdout] 3a8354a0629b2f32772dce0d5bdbc63dd825f6790b285f97dc317e419fd912b7
[INFO] running `Command { std: "docker" "create" "-v" "/var/lib/crater-agent-workspace/builds/worker-82/target:/opt/rustwide/target:rw,Z" "-v" "/var/lib/crater-agent-workspace/builds/worker-82/source:/opt/rustwide/workdir:ro,Z" "-v" "/var/lib/crater-agent-workspace/cargo-home:/opt/rustwide/cargo-home:ro,Z" "-v" "/var/lib/crater-agent-workspace/rustup-home:/opt/rustwide/rustup-home:ro,Z" "-e" "SOURCE_DIR=/opt/rustwide/workdir" "-e" "CARGO_TARGET_DIR=/opt/rustwide/target" "-e" "CARGO_INCREMENTAL=0" "-e" "RUST_BACKTRACE=full" "-e" "RUSTFLAGS=--cap-lints=warn" "-e" "CARGO_HOME=/opt/rustwide/cargo-home" "-e" "RUSTUP_HOME=/opt/rustwide/rustup-home" "-w" "/opt/rustwide/workdir" "-m" "1610612736" "--user" "0:0" "--network" "none" "ghcr.io/rust-lang/crates-build-env/linux@sha256:34b6a614d2c27851fe6cbf88fbd1137609cefab8b10d0615aaeb6fd47975d74e" "/opt/rustwide/cargo-home/bin/cargo" "+1.54.0" "test" "--frozen" "--no-run" "--message-format=json", kill_on_drop: false }`
[INFO] [stdout] 985d9e3823397e6147ba4ca751f16d70d4f76e9e75c90ec689a03b1fb2b62a10
[INFO] running `Command { std: "docker" "start" "-a" "985d9e3823397e6147ba4ca751f16d70d4f76e9e75c90ec689a03b1fb2b62a10", kill_on_drop: false }`
[INFO] [stderr]    Compiling http-test-server v1.0.1
[INFO] [stderr]    Compiling sse-client v1.1.1 (/opt/rustwide/workdir)
[INFO] [stderr]     Finished test [unoptimized + debuginfo] target(s) in 5.78s
[INFO] running `Command { std: "docker" "inspect" "985d9e3823397e6147ba4ca751f16d70d4f76e9e75c90ec689a03b1fb2b62a10", kill_on_drop: false }`
[INFO] running `Command { std: "docker" "rm" "-f" "985d9e3823397e6147ba4ca751f16d70d4f76e9e75c90ec689a03b1fb2b62a10", kill_on_drop: false }`
[INFO] [stdout] 985d9e3823397e6147ba4ca751f16d70d4f76e9e75c90ec689a03b1fb2b62a10
[INFO] running `Command { std: "docker" "create" "-v" "/var/lib/crater-agent-workspace/builds/worker-82/target:/opt/rustwide/target:rw,Z" "-v" "/var/lib/crater-agent-workspace/builds/worker-82/source:/opt/rustwide/workdir:ro,Z" "-v" "/var/lib/crater-agent-workspace/cargo-home:/opt/rustwide/cargo-home:ro,Z" "-v" "/var/lib/crater-agent-workspace/rustup-home:/opt/rustwide/rustup-home:ro,Z" "-e" "SOURCE_DIR=/opt/rustwide/workdir" "-e" "CARGO_TARGET_DIR=/opt/rustwide/target" "-e" "CARGO_INCREMENTAL=0" "-e" "RUST_BACKTRACE=full" "-e" "RUSTFLAGS=--cap-lints=warn" "-e" "CARGO_HOME=/opt/rustwide/cargo-home" "-e" "RUSTUP_HOME=/opt/rustwide/rustup-home" "-w" "/opt/rustwide/workdir" "-m" "1610612736" "--user" "0:0" "--network" "none" "ghcr.io/rust-lang/crates-build-env/linux@sha256:34b6a614d2c27851fe6cbf88fbd1137609cefab8b10d0615aaeb6fd47975d74e" "/opt/rustwide/cargo-home/bin/cargo" "+1.54.0" "test" "--frozen", kill_on_drop: false }`
[INFO] [stdout] 5b926ccf00c84c8d75bc4405bc154d44c8a252990f86fb5a53942579d304478d
[INFO] running `Command { std: "docker" "start" "-a" "5b926ccf00c84c8d75bc4405bc154d44c8a252990f86fb5a53942579d304478d", kill_on_drop: false }`
[INFO] [stderr]     Finished test [unoptimized + debuginfo] target(s) in 0.03s
[INFO] [stderr]      Running unittests (/opt/rustwide/target/debug/deps/sse_client-be57331fe74ef778)
[INFO] [stdout] 
[INFO] [stdout] running 59 tests
[INFO] [stdout] test data::tests::should_be_empty_when_only_comments_received ... ok
[INFO] [stdout] test data::tests::should_change_status_to_empty_when_event_is_complete_and_empty_message_is_received ... ok
[INFO] [stdout] test data::tests::should_change_status_to_complete_when_empty_message_received ... ok
[INFO] [stdout] test data::tests::should_fill_data_field ... ok
[INFO] [stdout] test data::tests::should_fill_event_id_field ... ok
[INFO] [stdout] test data::tests::should_fill_event_type_field ... ok
[INFO] [stdout] test data::tests::should_ignore_messages_without_colon ... ok
[INFO] [stdout] test data::tests::should_ignore_updates_started_with_colon ... ok
[INFO] [stdout] test data::tests::should_incrementally_fill_event_fields ... ok
[INFO] [stdout] test data::tests::should_parse_messages_even_with_colons ... ok
[INFO] [stdout] test data::tests::should_remain_as_empty_if_empty_message_is_received_while_buffer_is_empty ... ok
[INFO] [stdout] test data::tests::should_return_event_on_update ... ok
[INFO] [stdout] test data::tests::should_set_message_as_default_event_type ... ok
[INFO] [stdout] test data::tests::should_start_clean_event_after_previous_is_completed ... ok
[INFO] [stdout] test data::tests::should_start_with_empty_state ... ok
[INFO] [stdout] test network::tests::should_create_stream_object ... ok
[INFO] [stdout] test network::tests::should_use_port_80_as_default_when_no_port_provided ... ok
[INFO] [stdout] test pub_sub::tests::should_allow_multiple_listener_for_same_event ... ok
[INFO] [stdout] test pub_sub::tests::should_not_break_when_published_event_with_no_subscribers ... ok
[INFO] [stdout] test pub_sub::tests::should_trigger_listener ... ok
[INFO] [stdout] test network::tests::should_use_port_443_as_default_when_https_and_no_port_provided ... ok
[INFO] [stdout] test pub_sub::tests::should_trigger_only_listener_for_published_event ... ok
[INFO] [stdout] test pub_sub::tests::should_work_with_other_types ... ok
[INFO] [stdout] test tests::should_thrown_an_error_when_malformed_url_provided ... ok
[INFO] [stdout] test network::tests::should_close_connection_when_content_type_is_not_event_stream ... ok
[INFO] [stdout] test network::tests::should_have_status_closed_after_closing_connection ... ok
[INFO] [stdout] test network::tests::should_have_status_connecting_while_opening_connection ... ok
[INFO] [stdout] test network::tests::should_trigger_error_when_status_code_is_not_success ... ok
[INFO] [stdout] test network::tests::should_trigger_error_when_first_connection_fails ... FAILED
[INFO] [stdout] test network::tests::should_close_connection_when_returned_any_status_not_handled_in_previous_scenarios ... ok
[INFO] [stdout] test network::tests::should_trigger_on_open_listener ... ok
[INFO] [stdout] test network::tests::should_have_status_open_after_connection_stabilished ... ok
[INFO] [stdout] test network::tests::should_reconnect_to_original_host_when_connection_to_redirected_host_is_lost ... ok
[INFO] [stdout] test network::tests::should_reconnect_when_connection_closed_by_server ... ok
[INFO] [stdout] test network::tests::should_keep_query_parameters_in_connection_url ... ok
[INFO] [stdout] test tests::should_create_client ... ok
[INFO] [stdout] test network::tests::should_trigger_on_error_when_connection_closed_by_server ... ok
[INFO] [stdout] test network::tests::should_connect_to_provided_host_when_status_302 ... ok
[INFO] [stdout] test network::tests::should_connect_to_new_host_when_status_303 ... ok
[INFO] [stdout] test tests::ignore_empty_messages ... ok
[INFO] [stdout] test tests::should_not_trigger_listeners_for_comments ... ok
[INFO] [stdout] test tests::should_expose_blocking_api ... ok
[INFO] [stdout] test tests::event_trigger_its_defined_listener ... ok
[INFO] [stdout] test network::tests::should_trigger_listeners_when_message_received ... ok
[INFO] [stdout] test tests::accept_closure_as_listeners ... ok
[INFO] [stdout] test tests::receiver_should_get_error_events ... ok
[INFO] [stdout] test network::tests::should_connect_to_new_host_when_status_307 ... ok
[INFO] [stdout] test tests::should_trigger_listeners_when_message_received ... ok
[INFO] [stdout] test tests::should_trigger_on_open_callback_when_connected ... ok
[INFO] [stdout] test network::tests::should_reconnect_to_new_host_when_connection_lost_after_moved_permanently ... ok
[INFO] [stdout] test tests::should_return_stream_connection_status ... ok
[INFO] [stdout] test tests::should_close_connection ... ok
[INFO] [stdout] test tests::dont_trigger_on_message_for_event ... ok
[INFO] [stdout] test network::tests::should_reset_connection_on_status_205 ... ok
[INFO] [stdout] test network::tests::should_reconnect_when_status_in_range_2xx_but_not_200 ... ok
[INFO] [stdout] test tests::should_send_last_event_id_on_reconnection ... ok
[INFO] [stdout] test network::tests::should_reset_exponential_backoff_after_success_connection ... ok
[INFO] [stdout] test network::tests::should_try_to_reconnect_with_an_exponential_backoff ... ok
[INFO] [stdout] test network::tests::should_stop_reconnection_when_status_204 has been running for over 60 seconds
[INFO] [stdout] test network::tests::should_stop_reconnection_when_status_204 ... ok
[INFO] [stdout] 
[INFO] [stdout] failures:
[INFO] [stdout] 
[INFO] [stdout] ---- network::tests::should_trigger_error_when_first_connection_fails stdout ----
[INFO] [stdout] thread 'network::tests::should_trigger_error_when_first_connection_fails' panicked at 'assertion failed: message.contains(\"Connection refused\")', src/network.rs:537:9
[INFO] [stdout] stack backtrace:
[INFO] [stdout]    0:     0x556544349df0 - std::backtrace_rs::backtrace::libunwind::trace::h34055254b57d8e79
[INFO] [stdout]                                at /rustc/a178d0322ce20e33eac124758e837cbd80a6f633/library/std/src/../../backtrace/src/backtrace/libunwind.rs:90:5
[INFO] [stdout]    1:     0x556544349df0 - std::backtrace_rs::backtrace::trace_unsynchronized::h8f1e3fbd9afff6ec
[INFO] [stdout]                                at /rustc/a178d0322ce20e33eac124758e837cbd80a6f633/library/std/src/../../backtrace/src/backtrace/mod.rs:66:5
[INFO] [stdout]    2:     0x556544349df0 - std::sys_common::backtrace::_print_fmt::h3a99a796b770c360
[INFO] [stdout]                                at /rustc/a178d0322ce20e33eac124758e837cbd80a6f633/library/std/src/sys_common/backtrace.rs:67:5
[INFO] [stdout]    3:     0x556544349df0 - <std::sys_common::backtrace::_print::DisplayBacktrace as core::fmt::Display>::fmt::h32d1f94a80615d18
[INFO] [stdout]                                at /rustc/a178d0322ce20e33eac124758e837cbd80a6f633/library/std/src/sys_common/backtrace.rs:46:22
[INFO] [stdout]    4:     0x55654436ce6c - core::fmt::write::h306731c068f7162c
[INFO] [stdout]                                at /rustc/a178d0322ce20e33eac124758e837cbd80a6f633/library/core/src/fmt/mod.rs:1110:17
[INFO] [stdout]    5:     0x5565443449e5 - std::io::Write::write_fmt::h87f19b0a2cd190bc
[INFO] [stdout]                                at /rustc/a178d0322ce20e33eac124758e837cbd80a6f633/library/std/src/io/mod.rs:1588:15
[INFO] [stdout]    6:     0x55654434bf5b - std::sys_common::backtrace::_print::h5abaa2601a852287
[INFO] [stdout]                                at /rustc/a178d0322ce20e33eac124758e837cbd80a6f633/library/std/src/sys_common/backtrace.rs:49:5
[INFO] [stdout]    7:     0x55654434bf5b - std::sys_common::backtrace::print::h8d81445442bb638f
[INFO] [stdout]                                at /rustc/a178d0322ce20e33eac124758e837cbd80a6f633/library/std/src/sys_common/backtrace.rs:36:9
[INFO] [stdout]    8:     0x55654434bf5b - std::panicking::default_hook::{{closure}}::hcfe804496a9fa747
[INFO] [stdout]                                at /rustc/a178d0322ce20e33eac124758e837cbd80a6f633/library/std/src/panicking.rs:208:50
[INFO] [stdout]    9:     0x55654434ba6c - std::panicking::default_hook::hbea8e3ccf2ba8901
[INFO] [stdout]                                at /rustc/a178d0322ce20e33eac124758e837cbd80a6f633/library/std/src/panicking.rs:222:9
[INFO] [stdout]   10:     0x55654434c624 - std::panicking::rust_panic_with_hook::h7ee9e1a2d0f8975a
[INFO] [stdout]                                at /rustc/a178d0322ce20e33eac124758e837cbd80a6f633/library/std/src/panicking.rs:622:17
[INFO] [stdout]   11:     0x55654434c0d7 - std::panicking::begin_panic_handler::{{closure}}::h8ab3b4491718b2c7
[INFO] [stdout]                                at /rustc/a178d0322ce20e33eac124758e837cbd80a6f633/library/std/src/panicking.rs:517:13
[INFO] [stdout]   12:     0x55654434a2ec - std::sys_common::backtrace::__rust_end_short_backtrace::hd489062ffa586a9f
[INFO] [stdout]                                at /rustc/a178d0322ce20e33eac124758e837cbd80a6f633/library/std/src/sys_common/backtrace.rs:141:18
[INFO] [stdout]   13:     0x55654434c069 - rust_begin_unwind
[INFO] [stdout]                                at /rustc/a178d0322ce20e33eac124758e837cbd80a6f633/library/std/src/panicking.rs:515:5
[INFO] [stdout]   14:     0x5565441e8821 - core::panicking::panic_fmt::hca6330e3e14086b4
[INFO] [stdout]                                at /rustc/a178d0322ce20e33eac124758e837cbd80a6f633/library/core/src/panicking.rs:92:14
[INFO] [stdout]   15:     0x5565441e876d - core::panicking::panic::h1a48d878ff3dcd40
[INFO] [stdout]                                at /rustc/a178d0322ce20e33eac124758e837cbd80a6f633/library/core/src/panicking.rs:50:5
[INFO] [stdout]   16:     0x55654421f2df - sse_client::network::tests::should_trigger_error_when_first_connection_fails::hf607388beebb7354
[INFO] [stdout]                                at /opt/rustwide/workdir/src/network.rs:537:9
[INFO] [stdout]   17:     0x55654421f07a - sse_client::network::tests::should_trigger_error_when_first_connection_fails::{{closure}}::h72fd5db3e1d779eb
[INFO] [stdout]                                at /opt/rustwide/workdir/src/network.rs:526:5
[INFO] [stdout]   18:     0x55654424c71e - core::ops::function::FnOnce::call_once::h051c0092c6436240
[INFO] [stdout]                                at /rustc/a178d0322ce20e33eac124758e837cbd80a6f633/library/core/src/ops/function.rs:227:5
[INFO] [stdout]   19:     0x556544281cf3 - core::ops::function::FnOnce::call_once::h152e7e439ff59e19
[INFO] [stdout]                                at /rustc/a178d0322ce20e33eac124758e837cbd80a6f633/library/core/src/ops/function.rs:227:5
[INFO] [stdout]   20:     0x556544281cf3 - test::__rust_begin_short_backtrace::h0908f3b1fdbb72ab
[INFO] [stdout]                                at /rustc/a178d0322ce20e33eac124758e837cbd80a6f633/library/test/src/lib.rs:577:5
[INFO] [stdout]   21:     0x5565442807b0 - <alloc::boxed::Box<F,A> as core::ops::function::FnOnce<Args>>::call_once::hf6d2a51e5587546c
[INFO] [stdout]                                at /rustc/a178d0322ce20e33eac124758e837cbd80a6f633/library/alloc/src/boxed.rs:1575:9
[INFO] [stdout]   22:     0x5565442807b0 - <std::panic::AssertUnwindSafe<F> as core::ops::function::FnOnce<()>>::call_once::h8af660f3a89ef593
[INFO] [stdout]                                at /rustc/a178d0322ce20e33eac124758e837cbd80a6f633/library/std/src/panic.rs:347:9
[INFO] [stdout]   23:     0x5565442807b0 - std::panicking::try::do_call::hd36aef60f84b6d36
[INFO] [stdout]                                at /rustc/a178d0322ce20e33eac124758e837cbd80a6f633/library/std/src/panicking.rs:401:40
[INFO] [stdout]   24:     0x5565442807b0 - std::panicking::try::h9932b4480e69817c
[INFO] [stdout]                                at /rustc/a178d0322ce20e33eac124758e837cbd80a6f633/library/std/src/panicking.rs:365:19
[INFO] [stdout]   25:     0x5565442807b0 - std::panic::catch_unwind::h6aa177099cfff5f8
[INFO] [stdout]                                at /rustc/a178d0322ce20e33eac124758e837cbd80a6f633/library/std/src/panic.rs:434:14
[INFO] [stdout]   26:     0x5565442807b0 - test::run_test_in_process::h5884d6f2d99e20c3
[INFO] [stdout]                                at /rustc/a178d0322ce20e33eac124758e837cbd80a6f633/library/test/src/lib.rs:600:18
[INFO] [stdout]   27:     0x5565442807b0 - test::run_test::run_test_inner::{{closure}}::h6fdc58c6d5f5b6e3
[INFO] [stdout]                                at /rustc/a178d0322ce20e33eac124758e837cbd80a6f633/library/test/src/lib.rs:492:39
[INFO] [stdout]   28:     0x556544259e62 - test::run_test::run_test_inner::{{closure}}::h408365d67a78ade8
[INFO] [stdout]                                at /rustc/a178d0322ce20e33eac124758e837cbd80a6f633/library/test/src/lib.rs:519:37
[INFO] [stdout]   29:     0x556544259e62 - std::sys_common::backtrace::__rust_begin_short_backtrace::hb560b77c4f701523
[INFO] [stdout]                                at /rustc/a178d0322ce20e33eac124758e837cbd80a6f633/library/std/src/sys_common/backtrace.rs:125:18
[INFO] [stdout]   30:     0x55654425da18 - std::thread::Builder::spawn_unchecked::{{closure}}::{{closure}}::hf2e7831dad93c597
[INFO] [stdout]                                at /rustc/a178d0322ce20e33eac124758e837cbd80a6f633/library/std/src/thread/mod.rs:481:17
[INFO] [stdout]   31:     0x55654425da18 - <std::panic::AssertUnwindSafe<F> as core::ops::function::FnOnce<()>>::call_once::hd2e08783d8be4d02
[INFO] [stdout]                                at /rustc/a178d0322ce20e33eac124758e837cbd80a6f633/library/std/src/panic.rs:347:9
[INFO] [stdout]   32:     0x55654425da18 - std::panicking::try::do_call::h062597b7acfd6b82
[INFO] [stdout]                                at /rustc/a178d0322ce20e33eac124758e837cbd80a6f633/library/std/src/panicking.rs:401:40
[INFO] [stdout]   33:     0x55654425da18 - std::panicking::try::h0d7b79db04c14552
[INFO] [stdout]                                at /rustc/a178d0322ce20e33eac124758e837cbd80a6f633/library/std/src/panicking.rs:365:19
[INFO] [stdout]   34:     0x55654425da18 - std::panic::catch_unwind::hb01a0b5e7c8cd43b
[INFO] [stdout]                                at /rustc/a178d0322ce20e33eac124758e837cbd80a6f633/library/std/src/panic.rs:434:14
[INFO] [stdout]   35:     0x55654425da18 - std::thread::Builder::spawn_unchecked::{{closure}}::h5bde48cc887e0d1e
[INFO] [stdout]                                at /rustc/a178d0322ce20e33eac124758e837cbd80a6f633/library/std/src/thread/mod.rs:480:30
[INFO] [stdout]   36:     0x55654425da18 - core::ops::function::FnOnce::call_once{{vtable.shim}}::h745ea30807a29e55
[INFO] [stdout]                                at /rustc/a178d0322ce20e33eac124758e837cbd80a6f633/library/core/src/ops/function.rs:227:5
[INFO] [stdout]   37:     0x556544351917 - <alloc::boxed::Box<F,A> as core::ops::function::FnOnce<Args>>::call_once::h7ece6cfefaff1005
[INFO] [stdout]                                at /rustc/a178d0322ce20e33eac124758e837cbd80a6f633/library/alloc/src/boxed.rs:1575:9
[INFO] [stdout]   38:     0x556544351917 - <alloc::boxed::Box<F,A> as core::ops::function::FnOnce<Args>>::call_once::hb8b48e55c21f193e
[INFO] [stdout]                                at /rustc/a178d0322ce20e33eac124758e837cbd80a6f633/library/alloc/src/boxed.rs:1575:9
[INFO] [stdout]   39:     0x556544351917 - std::sys::unix::thread::Thread::new::thread_start::h8c7c4450dba62914
[INFO] [stdout]                                at /rustc/a178d0322ce20e33eac124758e837cbd80a6f633/library/std/src/sys/unix/thread.rs:71:17
[INFO] [stdout]   40:     0x7f0ba2e2d609 - start_thread
[INFO] [stdout]   41:     0x7f0ba2bff293 - clone
[INFO] [stdout]   42:                0x0 - <unknown>
[INFO] [stdout] 
[INFO] [stdout] 
[INFO] [stdout] failures:
[INFO] [stdout]     network::tests::should_trigger_error_when_first_connection_fails
[INFO] [stdout] 
[INFO] [stdout] test result: FAILED. 58 passed; 1 failed; 0 ignored; 0 measured; 0 filtered out; finished in 62.40s
[INFO] [stdout] 
[INFO] [stderr] error: test failed, to rerun pass '--lib'
[INFO] running `Command { std: "docker" "inspect" "5b926ccf00c84c8d75bc4405bc154d44c8a252990f86fb5a53942579d304478d", kill_on_drop: false }`
[INFO] running `Command { std: "docker" "rm" "-f" "5b926ccf00c84c8d75bc4405bc154d44c8a252990f86fb5a53942579d304478d", kill_on_drop: false }`
[INFO] [stdout] 5b926ccf00c84c8d75bc4405bc154d44c8a252990f86fb5a53942579d304478d
