[INFO] fetching crate ss_ewasm_api 0.11.0...
[INFO] testing ss_ewasm_api-0.11.0 against 1.54.0 for beta-1.55-1
[INFO] extracting crate ss_ewasm_api 0.11.0 into /workspace/builds/worker-52/source
[INFO] validating manifest of crates.io crate ss_ewasm_api 0.11.0 on toolchain 1.54.0
[INFO] running `Command { std: "/workspace/cargo-home/bin/cargo" "+1.54.0" "metadata" "--manifest-path" "Cargo.toml" "--no-deps", kill_on_drop: false }`
[INFO] removed /workspace/builds/worker-52/source/.cargo/config
[INFO] started tweaking crates.io crate ss_ewasm_api 0.11.0
[INFO] finished tweaking crates.io crate ss_ewasm_api 0.11.0
[INFO] tweaked toml for crates.io crate ss_ewasm_api 0.11.0 written to /workspace/builds/worker-52/source/Cargo.toml
[INFO] running `Command { std: "/workspace/cargo-home/bin/cargo" "+1.54.0" "generate-lockfile" "--manifest-path" "Cargo.toml" "-Zno-index-update", kill_on_drop: false }`
[INFO] [stderr]     Blocking waiting for file lock on package cache
[INFO] running `Command { std: "/workspace/cargo-home/bin/cargo" "+1.54.0" "fetch" "--manifest-path" "Cargo.toml", kill_on_drop: false }`
[INFO] [stderr]     Blocking waiting for file lock on package cache
[INFO] [stderr]     Blocking waiting for file lock on package cache
[INFO] [stderr]  Downloading crates ...
[INFO] [stderr]   Downloaded qimalloc v0.1.0
[INFO] running `Command { std: "docker" "create" "-v" "/var/lib/crater-agent-workspace/builds/worker-52/target:/opt/rustwide/target:rw,Z" "-v" "/var/lib/crater-agent-workspace/builds/worker-52/source:/opt/rustwide/workdir:ro,Z" "-v" "/var/lib/crater-agent-workspace/cargo-home:/opt/rustwide/cargo-home:ro,Z" "-v" "/var/lib/crater-agent-workspace/rustup-home:/opt/rustwide/rustup-home:ro,Z" "-e" "SOURCE_DIR=/opt/rustwide/workdir" "-e" "CARGO_TARGET_DIR=/opt/rustwide/target" "-e" "CARGO_HOME=/opt/rustwide/cargo-home" "-e" "RUSTUP_HOME=/opt/rustwide/rustup-home" "-w" "/opt/rustwide/workdir" "-m" "1610612736" "--user" "0:0" "--network" "none" "ghcr.io/rust-lang/crates-build-env/linux@sha256:34b6a614d2c27851fe6cbf88fbd1137609cefab8b10d0615aaeb6fd47975d74e" "/opt/rustwide/cargo-home/bin/cargo" "+1.54.0" "metadata" "--no-deps" "--format-version=1", kill_on_drop: false }`
[INFO] [stdout] 9d8ce4322e2028832db9358d4ecd36899e2980454a2cfa58dfeb97c89436a703
[INFO] running `Command { std: "docker" "start" "-a" "9d8ce4322e2028832db9358d4ecd36899e2980454a2cfa58dfeb97c89436a703", kill_on_drop: false }`
[INFO] running `Command { std: "docker" "inspect" "9d8ce4322e2028832db9358d4ecd36899e2980454a2cfa58dfeb97c89436a703", kill_on_drop: false }`
[INFO] running `Command { std: "docker" "rm" "-f" "9d8ce4322e2028832db9358d4ecd36899e2980454a2cfa58dfeb97c89436a703", kill_on_drop: false }`
[INFO] [stdout] 9d8ce4322e2028832db9358d4ecd36899e2980454a2cfa58dfeb97c89436a703
[INFO] running `Command { std: "docker" "create" "-v" "/var/lib/crater-agent-workspace/builds/worker-52/target:/opt/rustwide/target:rw,Z" "-v" "/var/lib/crater-agent-workspace/builds/worker-52/source:/opt/rustwide/workdir:ro,Z" "-v" "/var/lib/crater-agent-workspace/cargo-home:/opt/rustwide/cargo-home:ro,Z" "-v" "/var/lib/crater-agent-workspace/rustup-home:/opt/rustwide/rustup-home:ro,Z" "-e" "SOURCE_DIR=/opt/rustwide/workdir" "-e" "CARGO_TARGET_DIR=/opt/rustwide/target" "-e" "CARGO_INCREMENTAL=0" "-e" "RUST_BACKTRACE=full" "-e" "RUSTFLAGS=--cap-lints=warn" "-e" "CARGO_HOME=/opt/rustwide/cargo-home" "-e" "RUSTUP_HOME=/opt/rustwide/rustup-home" "-w" "/opt/rustwide/workdir" "-m" "1610612736" "--user" "0:0" "--network" "none" "ghcr.io/rust-lang/crates-build-env/linux@sha256:34b6a614d2c27851fe6cbf88fbd1137609cefab8b10d0615aaeb6fd47975d74e" "/opt/rustwide/cargo-home/bin/cargo" "+1.54.0" "build" "--frozen" "--message-format=json", kill_on_drop: false }`
[INFO] [stdout] 428b1b6196901b4a94533e3ddad437c5fe75c2915922b57338afd29cbaabfac3
[INFO] running `Command { std: "docker" "start" "-a" "428b1b6196901b4a94533e3ddad437c5fe75c2915922b57338afd29cbaabfac3", kill_on_drop: false }`
[INFO] [stderr]     Blocking waiting for file lock on package cache
[INFO] [stderr]     Blocking waiting for file lock on package cache
[INFO] [stderr]    Compiling libc v0.2.98
[INFO] [stderr]    Compiling wee_alloc v0.4.5
[INFO] [stderr]    Compiling memory_units v0.4.0
[INFO] [stderr]    Compiling cfg-if v0.1.10
[INFO] [stderr]    Compiling ss_ewasm_api v0.11.0 (/opt/rustwide/workdir)
[INFO] [stderr]     Finished dev [unoptimized + debuginfo] target(s) in 5.62s
[INFO] running `Command { std: "docker" "inspect" "428b1b6196901b4a94533e3ddad437c5fe75c2915922b57338afd29cbaabfac3", kill_on_drop: false }`
[INFO] running `Command { std: "docker" "rm" "-f" "428b1b6196901b4a94533e3ddad437c5fe75c2915922b57338afd29cbaabfac3", kill_on_drop: false }`
[INFO] [stdout] 428b1b6196901b4a94533e3ddad437c5fe75c2915922b57338afd29cbaabfac3
[INFO] running `Command { std: "docker" "create" "-v" "/var/lib/crater-agent-workspace/builds/worker-52/target:/opt/rustwide/target:rw,Z" "-v" "/var/lib/crater-agent-workspace/builds/worker-52/source:/opt/rustwide/workdir:ro,Z" "-v" "/var/lib/crater-agent-workspace/cargo-home:/opt/rustwide/cargo-home:ro,Z" "-v" "/var/lib/crater-agent-workspace/rustup-home:/opt/rustwide/rustup-home:ro,Z" "-e" "SOURCE_DIR=/opt/rustwide/workdir" "-e" "CARGO_TARGET_DIR=/opt/rustwide/target" "-e" "CARGO_INCREMENTAL=0" "-e" "RUST_BACKTRACE=full" "-e" "RUSTFLAGS=--cap-lints=warn" "-e" "CARGO_HOME=/opt/rustwide/cargo-home" "-e" "RUSTUP_HOME=/opt/rustwide/rustup-home" "-w" "/opt/rustwide/workdir" "-m" "1610612736" "--user" "0:0" "--network" "none" "ghcr.io/rust-lang/crates-build-env/linux@sha256:34b6a614d2c27851fe6cbf88fbd1137609cefab8b10d0615aaeb6fd47975d74e" "/opt/rustwide/cargo-home/bin/cargo" "+1.54.0" "test" "--frozen" "--no-run" "--message-format=json", kill_on_drop: false }`
[INFO] [stdout] cb621d034aa422db3463af5ad476dee1dce44b57dab5edd722d1cf51c2e290f7
[INFO] running `Command { std: "docker" "start" "-a" "cb621d034aa422db3463af5ad476dee1dce44b57dab5edd722d1cf51c2e290f7", kill_on_drop: false }`
[INFO] [stderr]    Compiling ss_ewasm_api v0.11.0 (/opt/rustwide/workdir)
[INFO] [stderr]     Finished test [unoptimized + debuginfo] target(s) in 0.86s
[INFO] running `Command { std: "docker" "inspect" "cb621d034aa422db3463af5ad476dee1dce44b57dab5edd722d1cf51c2e290f7", kill_on_drop: false }`
[INFO] running `Command { std: "docker" "rm" "-f" "cb621d034aa422db3463af5ad476dee1dce44b57dab5edd722d1cf51c2e290f7", kill_on_drop: false }`
[INFO] [stdout] cb621d034aa422db3463af5ad476dee1dce44b57dab5edd722d1cf51c2e290f7
[INFO] running `Command { std: "docker" "create" "-v" "/var/lib/crater-agent-workspace/builds/worker-52/target:/opt/rustwide/target:rw,Z" "-v" "/var/lib/crater-agent-workspace/builds/worker-52/source:/opt/rustwide/workdir:ro,Z" "-v" "/var/lib/crater-agent-workspace/cargo-home:/opt/rustwide/cargo-home:ro,Z" "-v" "/var/lib/crater-agent-workspace/rustup-home:/opt/rustwide/rustup-home:ro,Z" "-e" "SOURCE_DIR=/opt/rustwide/workdir" "-e" "CARGO_TARGET_DIR=/opt/rustwide/target" "-e" "CARGO_INCREMENTAL=0" "-e" "RUST_BACKTRACE=full" "-e" "RUSTFLAGS=--cap-lints=warn" "-e" "CARGO_HOME=/opt/rustwide/cargo-home" "-e" "RUSTUP_HOME=/opt/rustwide/rustup-home" "-w" "/opt/rustwide/workdir" "-m" "1610612736" "--user" "0:0" "--network" "none" "ghcr.io/rust-lang/crates-build-env/linux@sha256:34b6a614d2c27851fe6cbf88fbd1137609cefab8b10d0615aaeb6fd47975d74e" "/opt/rustwide/cargo-home/bin/cargo" "+1.54.0" "test" "--frozen", kill_on_drop: false }`
[INFO] [stdout] 68677577c6710ab4eca7cd21e29e35e696533a32e4cd2877acabc0eb71ed3f45
[INFO] running `Command { std: "docker" "start" "-a" "68677577c6710ab4eca7cd21e29e35e696533a32e4cd2877acabc0eb71ed3f45", kill_on_drop: false }`
[INFO] [stderr]     Finished test [unoptimized + debuginfo] target(s) in 0.06s
[INFO] [stderr]      Running unittests (/opt/rustwide/target/debug/deps/ss_ewasm_api-0386cf17e5b6df44)
[INFO] [stderr]    Doc-tests ss_ewasm_api
[INFO] [stdout] 
[INFO] [stdout] running 5 tests
[INFO] [stdout] test types::tests::test_bytes20 ... ok
[INFO] [stdout] test types::tests::test_uint256 ... ok
[INFO] [stdout] test types::tests::test_uint128 ... ok
[INFO] [stdout] test utils::tests::smoke ... ok
[INFO] [stdout] test types::tests::test_bytes32 ... ok
[INFO] [stdout] 
[INFO] [stdout] test result: ok. 5 passed; 0 failed; 0 ignored; 0 measured; 0 filtered out; finished in 0.01s
[INFO] [stdout] 
[INFO] [stdout] 
[INFO] [stdout] running 2 tests
[INFO] [stdout] test src/lib.rs - (line 29) ... ignored
[INFO] [stdout] test src/lib.rs - (line 17) ... FAILED
[INFO] [stderr] error: test failed, to rerun pass '--doc'
[INFO] [stdout] 
[INFO] [stdout] failures:
[INFO] [stdout] 
[INFO] [stdout] ---- src/lib.rs - (line 17) stdout ----
[INFO] [stdout] error[E0433]: failed to resolve: use of undeclared crate or module `ewasm_api`
[INFO] [stdout]  --> src/lib.rs:18:5
[INFO] [stdout]   |
[INFO] [stdout] 3 | use ewasm_api::prelude::*;
[INFO] [stdout]   |     ^^^^^^^^^ use of undeclared crate or module `ewasm_api`
[INFO] [stdout] 
[INFO] [stdout] error: cannot find macro `ewasm_entry_point` in this scope
[INFO] [stdout]   --> src/lib.rs:25:1
[INFO] [stdout]    |
[INFO] [stdout] 10 | ewasm_entry_point!(entry);
[INFO] [stdout]    | ^^^^^^^^^^^^^^^^^
[INFO] [stdout]    |
[INFO] [stdout]    = note: consider importing this macro:
[INFO] [stdout]            ss_ewasm_api::ewasm_entry_point
[INFO] [stdout] 
[INFO] [stdout] error[E0573]: expected type, found derive macro `Hash`
[INFO] [stdout]  --> src/lib.rs:21:12
[INFO] [stdout]   |
[INFO] [stdout] 6 |     let a: Hash = block_hash(1);
[INFO] [stdout]   |            ^^^^ not a type
[INFO] [stdout]   |
[INFO] [stdout] help: consider importing one of these items instead
[INFO] [stdout]   |
[INFO] [stdout] 2 | use core::hash::Hash;
[INFO] [stdout]   |
[INFO] [stdout] 2 | use ss_ewasm_api::prelude::Hash;
[INFO] [stdout]   |
[INFO] [stdout] 2 | use std::hash::Hash;
[INFO] [stdout]   |
[INFO] [stdout] 
[INFO] [stdout] error[E0425]: cannot find function `block_hash` in this scope
[INFO] [stdout]  --> src/lib.rs:21:19
[INFO] [stdout]   |
[INFO] [stdout] 6 |     let a: Hash = block_hash(1);
[INFO] [stdout]   |                   ^^^^^^^^^^ not found in this scope
[INFO] [stdout]   |
[INFO] [stdout] help: consider importing this function
[INFO] [stdout]   |
[INFO] [stdout] 2 | use ss_ewasm_api::block_hash;
[INFO] [stdout]   |
[INFO] [stdout] 
[INFO] [stdout] error[E0425]: cannot find function `finish_data` in this scope
[INFO] [stdout]  --> src/lib.rs:22:5
[INFO] [stdout]   |
[INFO] [stdout] 7 |     finish_data(&a.bytes);
[INFO] [stdout]   |     ^^^^^^^^^^^ not found in this scope
[INFO] [stdout]   |
[INFO] [stdout] help: consider importing this function
[INFO] [stdout]   |
[INFO] [stdout] 2 | use ss_ewasm_api::finish_data;
[INFO] [stdout]   |
[INFO] [stdout] 
[INFO] [stdout] error: aborting due to 5 previous errors
[INFO] [stdout] 
[INFO] [stdout] Some errors have detailed explanations: E0425, E0433, E0573.
[INFO] [stdout] For more information about an error, try `rustc --explain E0425`.
[INFO] [stdout] Couldn't compile the test.
[INFO] [stdout] 
[INFO] [stdout] failures:
[INFO] [stdout]     src/lib.rs - (line 17)
[INFO] [stdout] 
[INFO] [stdout] test result: FAILED. 0 passed; 1 failed; 1 ignored; 0 measured; 0 filtered out; finished in 0.12s
[INFO] [stdout] 
[INFO] running `Command { std: "docker" "inspect" "68677577c6710ab4eca7cd21e29e35e696533a32e4cd2877acabc0eb71ed3f45", kill_on_drop: false }`
[INFO] running `Command { std: "docker" "rm" "-f" "68677577c6710ab4eca7cd21e29e35e696533a32e4cd2877acabc0eb71ed3f45", kill_on_drop: false }`
[INFO] [stdout] 68677577c6710ab4eca7cd21e29e35e696533a32e4cd2877acabc0eb71ed3f45
