[INFO] fetching crate srv-rs 0.2.0...
[INFO] testing srv-rs-0.2.0 against beta-2021-08-01 for beta-1.55-1
[INFO] extracting crate srv-rs 0.2.0 into /workspace/builds/worker-16/source
[INFO] validating manifest of crates.io crate srv-rs 0.2.0 on toolchain beta-2021-08-01
[INFO] running `Command { std: "/workspace/cargo-home/bin/cargo" "+beta-2021-08-01" "metadata" "--manifest-path" "Cargo.toml" "--no-deps", kill_on_drop: false }`
[INFO] started tweaking crates.io crate srv-rs 0.2.0
[INFO] finished tweaking crates.io crate srv-rs 0.2.0
[INFO] tweaked toml for crates.io crate srv-rs 0.2.0 written to /workspace/builds/worker-16/source/Cargo.toml
[INFO] running `Command { std: "/workspace/cargo-home/bin/cargo" "+beta-2021-08-01" "generate-lockfile" "--manifest-path" "Cargo.toml" "-Zno-index-update", kill_on_drop: false }`
[INFO] [stderr]     Blocking waiting for file lock on package cache
[INFO] running `Command { std: "/workspace/cargo-home/bin/cargo" "+beta-2021-08-01" "fetch" "--manifest-path" "Cargo.toml", kill_on_drop: false }`
[INFO] [stderr]     Blocking waiting for file lock on package cache
[INFO] [stderr]  Downloading crates ...
[INFO] [stderr]   Downloaded libresolv-sys v0.2.0
[INFO] running `Command { std: "docker" "create" "-v" "/var/lib/crater-agent-workspace/builds/worker-16/target:/opt/rustwide/target:rw,Z" "-v" "/var/lib/crater-agent-workspace/builds/worker-16/source:/opt/rustwide/workdir:ro,Z" "-v" "/var/lib/crater-agent-workspace/cargo-home:/opt/rustwide/cargo-home:ro,Z" "-v" "/var/lib/crater-agent-workspace/rustup-home:/opt/rustwide/rustup-home:ro,Z" "-e" "SOURCE_DIR=/opt/rustwide/workdir" "-e" "CARGO_TARGET_DIR=/opt/rustwide/target" "-e" "CARGO_HOME=/opt/rustwide/cargo-home" "-e" "RUSTUP_HOME=/opt/rustwide/rustup-home" "-w" "/opt/rustwide/workdir" "-m" "1610612736" "--user" "0:0" "--network" "none" "ghcr.io/rust-lang/crates-build-env/linux@sha256:34b6a614d2c27851fe6cbf88fbd1137609cefab8b10d0615aaeb6fd47975d74e" "/opt/rustwide/cargo-home/bin/cargo" "+beta-2021-08-01" "metadata" "--no-deps" "--format-version=1", kill_on_drop: false }`
[INFO] [stdout] 67c99bab222fa5ba5de95e55f62104d3a8943f4b2e53198144120b838b2c3cd7
[INFO] running `Command { std: "docker" "start" "-a" "67c99bab222fa5ba5de95e55f62104d3a8943f4b2e53198144120b838b2c3cd7", kill_on_drop: false }`
[INFO] running `Command { std: "docker" "inspect" "67c99bab222fa5ba5de95e55f62104d3a8943f4b2e53198144120b838b2c3cd7", kill_on_drop: false }`
[INFO] running `Command { std: "docker" "rm" "-f" "67c99bab222fa5ba5de95e55f62104d3a8943f4b2e53198144120b838b2c3cd7", kill_on_drop: false }`
[INFO] [stdout] 67c99bab222fa5ba5de95e55f62104d3a8943f4b2e53198144120b838b2c3cd7
[INFO] running `Command { std: "docker" "create" "-v" "/var/lib/crater-agent-workspace/builds/worker-16/target:/opt/rustwide/target:rw,Z" "-v" "/var/lib/crater-agent-workspace/builds/worker-16/source:/opt/rustwide/workdir:ro,Z" "-v" "/var/lib/crater-agent-workspace/cargo-home:/opt/rustwide/cargo-home:ro,Z" "-v" "/var/lib/crater-agent-workspace/rustup-home:/opt/rustwide/rustup-home:ro,Z" "-e" "SOURCE_DIR=/opt/rustwide/workdir" "-e" "CARGO_TARGET_DIR=/opt/rustwide/target" "-e" "CARGO_INCREMENTAL=0" "-e" "RUST_BACKTRACE=full" "-e" "RUSTFLAGS=--cap-lints=warn" "-e" "CARGO_HOME=/opt/rustwide/cargo-home" "-e" "RUSTUP_HOME=/opt/rustwide/rustup-home" "-w" "/opt/rustwide/workdir" "-m" "1610612736" "--user" "0:0" "--network" "none" "ghcr.io/rust-lang/crates-build-env/linux@sha256:34b6a614d2c27851fe6cbf88fbd1137609cefab8b10d0615aaeb6fd47975d74e" "/opt/rustwide/cargo-home/bin/cargo" "+beta-2021-08-01" "build" "--frozen" "--message-format=json", kill_on_drop: false }`
[INFO] [stdout] 95a5baf22e455172efb349eb2fb3efe4a1f1fe446f2daddaa3497fd6210a414c
[INFO] running `Command { std: "docker" "start" "-a" "95a5baf22e455172efb349eb2fb3efe4a1f1fe446f2daddaa3497fd6210a414c", kill_on_drop: false }`
[INFO] [stderr]    Compiling proc-macro2 v1.0.28
[INFO] [stderr]    Compiling unicode-xid v0.2.2
[INFO] [stderr]    Compiling syn v1.0.74
[INFO] [stderr]    Compiling libc v0.2.98
[INFO] [stderr]    Compiling autocfg v1.0.1
[INFO] [stderr]    Compiling cfg-if v1.0.0
[INFO] [stderr]    Compiling getrandom v0.1.16
[INFO] [stderr]    Compiling proc-macro-hack v0.5.19
[INFO] [stderr]    Compiling futures-core v0.3.16
[INFO] [stderr]    Compiling futures-channel v0.3.16
[INFO] [stderr]    Compiling futures-task v0.3.16
[INFO] [stderr]    Compiling memchr v2.4.0
[INFO] [stderr]    Compiling proc-macro-nested v0.1.7
[INFO] [stderr]    Compiling log v0.4.14
[INFO] [stderr]    Compiling ppv-lite86 v0.2.10
[INFO] [stderr]    Compiling futures-sink v0.3.16
[INFO] [stderr]    Compiling lazy_static v1.4.0
[INFO] [stderr]    Compiling pin-project-lite v0.2.7
[INFO] [stderr]    Compiling async-trait v0.1.51
[INFO] [stderr]    Compiling pin-utils v0.1.0
[INFO] [stderr]    Compiling slab v0.4.4
[INFO] [stderr]    Compiling itoa v0.4.7
[INFO] [stderr]    Compiling fnv v1.0.7
[INFO] [stderr]    Compiling bytes v1.0.1
[INFO] [stderr]    Compiling futures-io v0.3.16
[INFO] [stderr]    Compiling arc-swap v1.3.0
[INFO] [stderr]    Compiling tracing-core v0.1.18
[INFO] [stderr]    Compiling futures-macro v0.3.16
[INFO] [stderr]    Compiling futures-util v0.3.16
[INFO] [stderr]    Compiling http v0.2.4
[INFO] [stderr]    Compiling quote v1.0.9
[INFO] [stderr]    Compiling rand_core v0.5.1
[INFO] [stderr]    Compiling rand_chacha v0.2.2
[INFO] [stderr]    Compiling rand v0.7.3
[INFO] [stderr]    Compiling thiserror-impl v1.0.26
[INFO] [stderr]    Compiling tracing-attributes v0.1.15
[INFO] [stderr]    Compiling thiserror v1.0.26
[INFO] [stderr]    Compiling tracing v0.1.26
[INFO] [stderr]    Compiling srv-rs v0.2.0 (/opt/rustwide/workdir)
[INFO] [stderr]     Finished dev [unoptimized + debuginfo] target(s) in 15.51s
[INFO] running `Command { std: "docker" "inspect" "95a5baf22e455172efb349eb2fb3efe4a1f1fe446f2daddaa3497fd6210a414c", kill_on_drop: false }`
[INFO] running `Command { std: "docker" "rm" "-f" "95a5baf22e455172efb349eb2fb3efe4a1f1fe446f2daddaa3497fd6210a414c", kill_on_drop: false }`
[INFO] [stdout] 95a5baf22e455172efb349eb2fb3efe4a1f1fe446f2daddaa3497fd6210a414c
[INFO] running `Command { std: "docker" "create" "-v" "/var/lib/crater-agent-workspace/builds/worker-16/target:/opt/rustwide/target:rw,Z" "-v" "/var/lib/crater-agent-workspace/builds/worker-16/source:/opt/rustwide/workdir:ro,Z" "-v" "/var/lib/crater-agent-workspace/cargo-home:/opt/rustwide/cargo-home:ro,Z" "-v" "/var/lib/crater-agent-workspace/rustup-home:/opt/rustwide/rustup-home:ro,Z" "-e" "SOURCE_DIR=/opt/rustwide/workdir" "-e" "CARGO_TARGET_DIR=/opt/rustwide/target" "-e" "CARGO_INCREMENTAL=0" "-e" "RUST_BACKTRACE=full" "-e" "RUSTFLAGS=--cap-lints=warn" "-e" "CARGO_HOME=/opt/rustwide/cargo-home" "-e" "RUSTUP_HOME=/opt/rustwide/rustup-home" "-w" "/opt/rustwide/workdir" "-m" "1610612736" "--user" "0:0" "--network" "none" "ghcr.io/rust-lang/crates-build-env/linux@sha256:34b6a614d2c27851fe6cbf88fbd1137609cefab8b10d0615aaeb6fd47975d74e" "/opt/rustwide/cargo-home/bin/cargo" "+beta-2021-08-01" "test" "--frozen" "--no-run" "--message-format=json", kill_on_drop: false }`
[INFO] [stdout] fc9df4f2fe4a0d299a093a15b6c783a3dea30e6135b077142eb01518772d0888
[INFO] running `Command { std: "docker" "start" "-a" "fc9df4f2fe4a0d299a093a15b6c783a3dea30e6135b077142eb01518772d0888", kill_on_drop: false }`
[INFO] [stderr]     Blocking waiting for file lock on package cache
[INFO] [stderr]    Compiling crossbeam-utils v0.8.5
[INFO] [stderr]    Compiling serde v1.0.127
[INFO] [stderr]    Compiling semver v1.0.4
[INFO] [stderr]    Compiling ryu v1.0.5
[INFO] [stderr]    Compiling crossbeam-epoch v0.9.5
[INFO] [stderr]    Compiling cfg-if v0.1.10
[INFO] [stderr]    Compiling bytes v0.5.6
[INFO] [stderr]    Compiling scopeguard v1.1.0
[INFO] [stderr]    Compiling rayon-core v1.9.1
[INFO] [stderr]    Compiling bitflags v1.2.1
[INFO] [stderr]    Compiling pin-project-lite v0.1.12
[INFO] [stderr]    Compiling either v1.6.1
[INFO] [stderr]    Compiling serde_json v1.0.66
[INFO] [stderr]    Compiling httparse v1.4.1
[INFO] [stderr]    Compiling serde_derive v1.0.127
[INFO] [stderr]    Compiling plotters-backend v0.3.2
[INFO] [stderr]    Compiling hashbrown v0.11.2
[INFO] [stderr]    Compiling regex-automata v0.1.10
[INFO] [stderr]    Compiling unicode-width v0.1.8
[INFO] [stderr]    Compiling try-lock v0.2.3
[INFO] [stderr]    Compiling regex-syntax v0.6.25
[INFO] [stderr]    Compiling same-file v1.0.6
[INFO] [stderr]    Compiling half v1.7.1
[INFO] [stderr]    Compiling oorandom v11.1.3
[INFO] [stderr]    Compiling tower-service v0.3.1
[INFO] [stderr]    Compiling httpdate v0.3.2
[INFO] [stderr]    Compiling memoffset v0.6.4
[INFO] [stderr]    Compiling indexmap v1.7.0
[INFO] [stderr]    Compiling num-traits v0.2.14
[INFO] [stderr]    Compiling rayon v1.5.1
[INFO] [stderr]    Compiling num_cpus v1.13.0
[INFO] [stderr]    Compiling iovec v0.1.4
[INFO] [stderr]    Compiling csv-core v0.1.10
[INFO] [stderr]    Compiling atty v0.2.14
[INFO] [stderr]    Compiling socket2 v0.3.19
[INFO] [stderr]    Compiling pin-project-internal v1.0.8
[INFO] [stderr]    Compiling tokio-macros v0.2.6
[INFO] [stderr]    Compiling futures-executor v0.3.16
[INFO] [stderr]    Compiling net2 v0.2.37
[INFO] [stderr]    Compiling want v0.3.0
[INFO] [stderr]    Compiling itertools v0.10.1
[INFO] [stderr]    Compiling textwrap v0.11.0
[INFO] [stderr]    Compiling walkdir v2.3.2
[INFO] [stderr]    Compiling futures v0.3.16
[INFO] [stderr]    Compiling plotters-svg v0.3.1
[INFO] [stderr]    Compiling mio v0.6.23
[INFO] [stderr]    Compiling http-body v0.3.1
[INFO] [stderr]    Compiling clap v2.33.3
[INFO] [stderr]    Compiling crossbeam-channel v0.5.1
[INFO] [stderr]    Compiling rustc_version v0.4.0
[INFO] [stderr]    Compiling crossbeam-deque v0.8.1
[INFO] [stderr]    Compiling cast v0.2.7
[INFO] [stderr]    Compiling tokio v0.2.25
[INFO] [stderr]    Compiling regex v1.5.4
[INFO] [stderr]    Compiling plotters v0.3.1
[INFO] [stderr]    Compiling criterion-plot v0.4.4
[INFO] [stderr]    Compiling pin-project v1.0.8
[INFO] [stderr]    Compiling tracing-futures v0.2.5
[INFO] [stderr]    Compiling bstr v0.2.16
[INFO] [stderr]    Compiling serde_cbor v0.11.1
[INFO] [stderr]    Compiling tokio-util v0.3.1
[INFO] [stderr]    Compiling csv v1.1.6
[INFO] [stderr]    Compiling h2 v0.2.7
[INFO] [stderr]    Compiling tinytemplate v1.2.1
[INFO] [stderr]    Compiling criterion v0.3.5
[INFO] [stderr]    Compiling hyper v0.13.10
[INFO] [stderr]    Compiling srv-rs v0.2.0 (/opt/rustwide/workdir)
[INFO] [stderr]     Finished test [unoptimized + debuginfo] target(s) in 23.22s
[INFO] running `Command { std: "docker" "inspect" "fc9df4f2fe4a0d299a093a15b6c783a3dea30e6135b077142eb01518772d0888", kill_on_drop: false }`
[INFO] running `Command { std: "docker" "rm" "-f" "fc9df4f2fe4a0d299a093a15b6c783a3dea30e6135b077142eb01518772d0888", kill_on_drop: false }`
[INFO] [stdout] fc9df4f2fe4a0d299a093a15b6c783a3dea30e6135b077142eb01518772d0888
[INFO] running `Command { std: "docker" "create" "-v" "/var/lib/crater-agent-workspace/builds/worker-16/target:/opt/rustwide/target:rw,Z" "-v" "/var/lib/crater-agent-workspace/builds/worker-16/source:/opt/rustwide/workdir:ro,Z" "-v" "/var/lib/crater-agent-workspace/cargo-home:/opt/rustwide/cargo-home:ro,Z" "-v" "/var/lib/crater-agent-workspace/rustup-home:/opt/rustwide/rustup-home:ro,Z" "-e" "SOURCE_DIR=/opt/rustwide/workdir" "-e" "CARGO_TARGET_DIR=/opt/rustwide/target" "-e" "CARGO_INCREMENTAL=0" "-e" "RUST_BACKTRACE=full" "-e" "RUSTFLAGS=--cap-lints=warn" "-e" "CARGO_HOME=/opt/rustwide/cargo-home" "-e" "RUSTUP_HOME=/opt/rustwide/rustup-home" "-w" "/opt/rustwide/workdir" "-m" "1610612736" "--user" "0:0" "--network" "none" "ghcr.io/rust-lang/crates-build-env/linux@sha256:34b6a614d2c27851fe6cbf88fbd1137609cefab8b10d0615aaeb6fd47975d74e" "/opt/rustwide/cargo-home/bin/cargo" "+beta-2021-08-01" "test" "--frozen", kill_on_drop: false }`
[INFO] [stdout] d1aa01a092d98b77ce11a1481b7651529ccaca117075fd220e7093ba6637fff1
[INFO] running `Command { std: "docker" "start" "-a" "d1aa01a092d98b77ce11a1481b7651529ccaca117075fd220e7093ba6637fff1", kill_on_drop: false }`
[INFO] [stderr]     Finished test [unoptimized + debuginfo] target(s) in 0.20s
[INFO] [stderr]      Running unittests (/opt/rustwide/target/debug/deps/srv_rs-4b97100d11a19002)
[INFO] [stdout] 
[INFO] [stdout] running 6 tests
[INFO] [stdout] test client::cache::tests::default_is_invalid ... ok
[INFO] [stdout] test client::cache::tests::empty_is_invalid ... ok
[INFO] [stdout] test client::cache::tests::expired_is_invalid ... ok
[INFO] [stdout] test client::policy::affinity_uris_iter_order ... ok
[INFO] [stderr]    Doc-tests srv-rs
[INFO] [stdout] test client::cache::tests::nonempty_and_fresh_is_valid ... ok
[INFO] [stdout] test client::policy::balance_uris_iter_order ... ok
[INFO] [stdout] 
[INFO] [stdout] test result: ok. 6 passed; 0 failed; 0 ignored; 0 measured; 0 filtered out; finished in 0.02s
[INFO] [stdout] 
[INFO] [stderr] warning: lint `broken_intra_doc_links` has been renamed to `rustdoc::broken_intra_doc_links`
[INFO] [stderr]  --> /opt/rustwide/workdir/src/lib.rs:2:9
[INFO] [stderr]   |
[INFO] [stderr] 2 | #![warn(broken_intra_doc_links)]
[INFO] [stderr]   |         ^^^^^^^^^^^^^^^^^^^^^^ help: use the new name: `rustdoc::broken_intra_doc_links`
[INFO] [stderr]   |
[INFO] [stderr]   = note: `#[warn(renamed_and_removed_lints)]` on by default
[INFO] [stderr] 
[INFO] [stderr] warning: 1 warning emitted
[INFO] [stderr] 
[INFO] [stdout] 
[INFO] [stdout] running 6 tests
[INFO] [stdout] test src/record.rs - record::SrvRecord::parse (line 28) ... FAILED
[INFO] [stdout] test src/client/mod.rs - client::SrvClient<Resolver, Policy>::policy (line 318) ... FAILED
[INFO] [stdout] test src/client/mod.rs - client::SrvClient<Resolver, Policy>::new (line 83) ... FAILED
[INFO] [stdout] test src/client/mod.rs - client::SrvClient<Resolver, Policy>::execute (line 238) ... FAILED
[INFO] [stdout] test src/client/mod.rs - client::SrvClient<Resolver, Policy>::execute_stream (line 163) ... FAILED
[INFO] [stdout] test src/lib.rs - (line 31) ... FAILED
[INFO] [stdout] 
[INFO] [stdout] failures:
[INFO] [stdout] 
[INFO] [stdout] ---- src/record.rs - record::SrvRecord::parse (line 28) stdout ----
[INFO] [stdout] error[E0432]: unresolved import `srv_rs::resolver::libresolv`
[INFO] [stdout]  --> src/record.rs:30:24
[INFO] [stdout]   |
[INFO] [stdout] 5 | use srv_rs::{resolver::libresolv::LibResolvSrvRecord, SrvRecord};
[INFO] [stdout]   |                        ^^^^^^^^^ could not find `libresolv` in `resolver`
[INFO] [stdout] 
[INFO] [stdout] error: aborting due to previous error
[INFO] [stdout] 
[INFO] [stdout] For more information about this error, try `rustc --explain E0432`.
[INFO] [stdout] Couldn't compile the test.
[INFO] [stdout] ---- src/client/mod.rs - client::SrvClient<Resolver, Policy>::policy (line 318) stdout ----
[INFO] [stdout] error[E0432]: unresolved import `srv_rs::resolver::libresolv`
[INFO] [stdout]  --> src/client/mod.rs:320:52
[INFO] [stdout]   |
[INFO] [stdout] 5 | use srv_rs::{SrvClient, policy::Rfc2782, resolver::libresolv::LibResolv};
[INFO] [stdout]   |                                                    ^^^^^^^^^ could not find `libresolv` in `resolver`
[INFO] [stdout] 
[INFO] [stdout] error: aborting due to previous error
[INFO] [stdout] 
[INFO] [stdout] For more information about this error, try `rustc --explain E0432`.
[INFO] [stdout] Couldn't compile the test.
[INFO] [stdout] ---- src/client/mod.rs - client::SrvClient<Resolver, Policy>::new (line 83) stdout ----
[INFO] [stdout] error[E0432]: unresolved import `srv_rs::resolver::libresolv`
[INFO] [stdout]  --> src/client/mod.rs:84:35
[INFO] [stdout]   |
[INFO] [stdout] 4 | use srv_rs::{SrvClient, resolver::libresolv::LibResolv};
[INFO] [stdout]   |                                   ^^^^^^^^^ could not find `libresolv` in `resolver`
[INFO] [stdout] 
[INFO] [stdout] error: aborting due to previous error
[INFO] [stdout] 
[INFO] [stdout] For more information about this error, try `rustc --explain E0432`.
[INFO] [stdout] Couldn't compile the test.
[INFO] [stdout] ---- src/client/mod.rs - client::SrvClient<Resolver, Policy>::execute (line 238) stdout ----
[INFO] [stdout] error[E0432]: unresolved import `srv_rs::resolver::libresolv`
[INFO] [stdout]  --> src/client/mod.rs:241:23
[INFO] [stdout]   |
[INFO] [stdout] 5 | use srv_rs::resolver::libresolv::{LibResolv, LibResolvError};
[INFO] [stdout]   |                       ^^^^^^^^^ could not find `libresolv` in `resolver`
[INFO] [stdout] 
[INFO] [stdout] error: aborting due to previous error
[INFO] [stdout] 
[INFO] [stdout] For more information about this error, try `rustc --explain E0432`.
[INFO] [stdout] Couldn't compile the test.
[INFO] [stdout] ---- src/client/mod.rs - client::SrvClient<Resolver, Policy>::execute_stream (line 163) stdout ----
[INFO] [stdout] error[E0432]: unresolved import `srv_rs::resolver::libresolv`
[INFO] [stdout]  --> src/client/mod.rs:166:23
[INFO] [stdout]   |
[INFO] [stdout] 5 | use srv_rs::resolver::libresolv::{LibResolv, LibResolvError};
[INFO] [stdout]   |                       ^^^^^^^^^ could not find `libresolv` in `resolver`
[INFO] [stdout] 
[INFO] [stdout] error: aborting due to previous error
[INFO] [stdout] 
[INFO] [stdout] For more information about this error, try `rustc --explain E0432`.
[INFO] [stdout] Couldn't compile the test.
[INFO] [stdout] ---- src/lib.rs - (line 31) stdout ----
[INFO] [stdout] error[E0432]: unresolved import `srv_rs::resolver::libresolv`
[INFO] [stdout]  --> src/lib.rs:34:46
[INFO] [stdout]   |
[INFO] [stdout] 5 | use srv_rs::{SrvClient, Execution, resolver::libresolv::LibResolv};
[INFO] [stdout]   |                                              ^^^^^^^^^ could not find `libresolv` in `resolver`
[INFO] [stdout] 
[INFO] [stdout] error: aborting due to previous error
[INFO] [stdout] 
[INFO] [stdout] For more information about this error, try `rustc --explain E0432`.
[INFO] [stdout] Couldn't compile the test.
[INFO] [stdout] 
[INFO] [stdout] failures:
[INFO] [stdout]     src/client/mod.rs - client::SrvClient<Resolver, Policy>::execute (line 238)
[INFO] [stdout]     src/client/mod.rs - client::SrvClient<Resolver, Policy>::execute_stream (line 163)
[INFO] [stdout]     src/client/mod.rs - client::SrvClient<Resolver, Policy>::new (line 83)
[INFO] [stdout]     src/client/mod.rs - client::SrvClient<Resolver, Policy>::policy (line 318)
[INFO] [stdout]     src/lib.rs - (line 31)
[INFO] [stdout]     src/record.rs - record::SrvRecord::parse (line 28)
[INFO] [stdout] 
[INFO] [stdout] test result: FAILED. 0 passed; 6 failed; 0 ignored; 0 measured; 0 filtered out; finished in 0.42s
[INFO] [stdout] 
[INFO] [stderr] error: test failed, to rerun pass '--doc'
[INFO] running `Command { std: "docker" "inspect" "d1aa01a092d98b77ce11a1481b7651529ccaca117075fd220e7093ba6637fff1", kill_on_drop: false }`
[INFO] running `Command { std: "docker" "rm" "-f" "d1aa01a092d98b77ce11a1481b7651529ccaca117075fd220e7093ba6637fff1", kill_on_drop: false }`
[INFO] [stdout] d1aa01a092d98b77ce11a1481b7651529ccaca117075fd220e7093ba6637fff1
