[INFO] fetching crate sram23x 0.3.1...
[INFO] testing sram23x-0.3.1 against beta-2021-08-01 for beta-1.55-1
[INFO] extracting crate sram23x 0.3.1 into /workspace/builds/worker-30/source
[INFO] validating manifest of crates.io crate sram23x 0.3.1 on toolchain beta-2021-08-01
[INFO] running `Command { std: "/workspace/cargo-home/bin/cargo" "+beta-2021-08-01" "metadata" "--manifest-path" "Cargo.toml" "--no-deps", kill_on_drop: false }`
[INFO] started tweaking crates.io crate sram23x 0.3.1
[INFO] finished tweaking crates.io crate sram23x 0.3.1
[INFO] tweaked toml for crates.io crate sram23x 0.3.1 written to /workspace/builds/worker-30/source/Cargo.toml
[INFO] running `Command { std: "/workspace/cargo-home/bin/cargo" "+beta-2021-08-01" "generate-lockfile" "--manifest-path" "Cargo.toml" "-Zno-index-update", kill_on_drop: false }`
[INFO] [stderr]     Blocking waiting for file lock on package cache
[INFO] running `Command { std: "/workspace/cargo-home/bin/cargo" "+beta-2021-08-01" "fetch" "--manifest-path" "Cargo.toml", kill_on_drop: false }`
[INFO] [stderr]     Blocking waiting for file lock on package cache
[INFO] [stderr]     Blocking waiting for file lock on package cache
[INFO] [stderr]  Downloading crates ...
[INFO] [stderr]   Downloaded bit_field v0.10.1
[INFO] [stderr]   Downloaded embedded-hal-mock v0.7.2
[INFO] running `Command { std: "docker" "create" "-v" "/var/lib/crater-agent-workspace/builds/worker-30/target:/opt/rustwide/target:rw,Z" "-v" "/var/lib/crater-agent-workspace/builds/worker-30/source:/opt/rustwide/workdir:ro,Z" "-v" "/var/lib/crater-agent-workspace/cargo-home:/opt/rustwide/cargo-home:ro,Z" "-v" "/var/lib/crater-agent-workspace/rustup-home:/opt/rustwide/rustup-home:ro,Z" "-e" "SOURCE_DIR=/opt/rustwide/workdir" "-e" "CARGO_TARGET_DIR=/opt/rustwide/target" "-e" "CARGO_HOME=/opt/rustwide/cargo-home" "-e" "RUSTUP_HOME=/opt/rustwide/rustup-home" "-w" "/opt/rustwide/workdir" "-m" "1610612736" "--user" "0:0" "--network" "none" "ghcr.io/rust-lang/crates-build-env/linux@sha256:34b6a614d2c27851fe6cbf88fbd1137609cefab8b10d0615aaeb6fd47975d74e" "/opt/rustwide/cargo-home/bin/cargo" "+beta-2021-08-01" "metadata" "--no-deps" "--format-version=1", kill_on_drop: false }`
[INFO] [stdout] 56d31f0c11af1dc516d3a17859c7bce1ffcdd9c956054f8f2a1be8d23a2cb883
[INFO] running `Command { std: "docker" "start" "-a" "56d31f0c11af1dc516d3a17859c7bce1ffcdd9c956054f8f2a1be8d23a2cb883", kill_on_drop: false }`
[INFO] running `Command { std: "docker" "inspect" "56d31f0c11af1dc516d3a17859c7bce1ffcdd9c956054f8f2a1be8d23a2cb883", kill_on_drop: false }`
[INFO] running `Command { std: "docker" "rm" "-f" "56d31f0c11af1dc516d3a17859c7bce1ffcdd9c956054f8f2a1be8d23a2cb883", kill_on_drop: false }`
[INFO] [stdout] 56d31f0c11af1dc516d3a17859c7bce1ffcdd9c956054f8f2a1be8d23a2cb883
[INFO] running `Command { std: "docker" "create" "-v" "/var/lib/crater-agent-workspace/builds/worker-30/target:/opt/rustwide/target:rw,Z" "-v" "/var/lib/crater-agent-workspace/builds/worker-30/source:/opt/rustwide/workdir:ro,Z" "-v" "/var/lib/crater-agent-workspace/cargo-home:/opt/rustwide/cargo-home:ro,Z" "-v" "/var/lib/crater-agent-workspace/rustup-home:/opt/rustwide/rustup-home:ro,Z" "-e" "SOURCE_DIR=/opt/rustwide/workdir" "-e" "CARGO_TARGET_DIR=/opt/rustwide/target" "-e" "CARGO_INCREMENTAL=0" "-e" "RUST_BACKTRACE=full" "-e" "RUSTFLAGS=--cap-lints=warn" "-e" "CARGO_HOME=/opt/rustwide/cargo-home" "-e" "RUSTUP_HOME=/opt/rustwide/rustup-home" "-w" "/opt/rustwide/workdir" "-m" "1610612736" "--user" "0:0" "--network" "none" "ghcr.io/rust-lang/crates-build-env/linux@sha256:34b6a614d2c27851fe6cbf88fbd1137609cefab8b10d0615aaeb6fd47975d74e" "/opt/rustwide/cargo-home/bin/cargo" "+beta-2021-08-01" "build" "--frozen" "--message-format=json", kill_on_drop: false }`
[INFO] [stdout] 9ff8034bc543dfa247e5a8c3d2821c27b03215632edd7b67e468773c4ef3fbee
[INFO] running `Command { std: "docker" "start" "-a" "9ff8034bc543dfa247e5a8c3d2821c27b03215632edd7b67e468773c4ef3fbee", kill_on_drop: false }`
[INFO] [stderr]    Compiling nb v1.0.0
[INFO] [stderr]    Compiling void v1.0.2
[INFO] [stderr]    Compiling bit_field v0.10.1
[INFO] [stderr]    Compiling nb v0.1.3
[INFO] [stderr]    Compiling embedded-hal v0.2.6
[INFO] [stderr]    Compiling sram23x v0.3.1 (/opt/rustwide/workdir)
[INFO] [stderr]     Finished dev [unoptimized + debuginfo] target(s) in 2.70s
[INFO] running `Command { std: "docker" "inspect" "9ff8034bc543dfa247e5a8c3d2821c27b03215632edd7b67e468773c4ef3fbee", kill_on_drop: false }`
[INFO] running `Command { std: "docker" "rm" "-f" "9ff8034bc543dfa247e5a8c3d2821c27b03215632edd7b67e468773c4ef3fbee", kill_on_drop: false }`
[INFO] [stdout] 9ff8034bc543dfa247e5a8c3d2821c27b03215632edd7b67e468773c4ef3fbee
[INFO] running `Command { std: "docker" "create" "-v" "/var/lib/crater-agent-workspace/builds/worker-30/target:/opt/rustwide/target:rw,Z" "-v" "/var/lib/crater-agent-workspace/builds/worker-30/source:/opt/rustwide/workdir:ro,Z" "-v" "/var/lib/crater-agent-workspace/cargo-home:/opt/rustwide/cargo-home:ro,Z" "-v" "/var/lib/crater-agent-workspace/rustup-home:/opt/rustwide/rustup-home:ro,Z" "-e" "SOURCE_DIR=/opt/rustwide/workdir" "-e" "CARGO_TARGET_DIR=/opt/rustwide/target" "-e" "CARGO_INCREMENTAL=0" "-e" "RUST_BACKTRACE=full" "-e" "RUSTFLAGS=--cap-lints=warn" "-e" "CARGO_HOME=/opt/rustwide/cargo-home" "-e" "RUSTUP_HOME=/opt/rustwide/rustup-home" "-w" "/opt/rustwide/workdir" "-m" "1610612736" "--user" "0:0" "--network" "none" "ghcr.io/rust-lang/crates-build-env/linux@sha256:34b6a614d2c27851fe6cbf88fbd1137609cefab8b10d0615aaeb6fd47975d74e" "/opt/rustwide/cargo-home/bin/cargo" "+beta-2021-08-01" "test" "--frozen" "--no-run" "--message-format=json", kill_on_drop: false }`
[INFO] [stdout] 136f1e17e1a6f39701dca11ad8db917d9ab1e89ba8d326545a9bc286a2230e7d
[INFO] running `Command { std: "docker" "start" "-a" "136f1e17e1a6f39701dca11ad8db917d9ab1e89ba8d326545a9bc286a2230e7d", kill_on_drop: false }`
[INFO] [stderr]    Compiling embedded-hal-mock v0.7.2
[INFO] [stderr]    Compiling sram23x v0.3.1 (/opt/rustwide/workdir)
[INFO] [stderr]     Finished test [unoptimized + debuginfo] target(s) in 1.65s
[INFO] running `Command { std: "docker" "inspect" "136f1e17e1a6f39701dca11ad8db917d9ab1e89ba8d326545a9bc286a2230e7d", kill_on_drop: false }`
[INFO] running `Command { std: "docker" "rm" "-f" "136f1e17e1a6f39701dca11ad8db917d9ab1e89ba8d326545a9bc286a2230e7d", kill_on_drop: false }`
[INFO] [stdout] 136f1e17e1a6f39701dca11ad8db917d9ab1e89ba8d326545a9bc286a2230e7d
[INFO] running `Command { std: "docker" "create" "-v" "/var/lib/crater-agent-workspace/builds/worker-30/target:/opt/rustwide/target:rw,Z" "-v" "/var/lib/crater-agent-workspace/builds/worker-30/source:/opt/rustwide/workdir:ro,Z" "-v" "/var/lib/crater-agent-workspace/cargo-home:/opt/rustwide/cargo-home:ro,Z" "-v" "/var/lib/crater-agent-workspace/rustup-home:/opt/rustwide/rustup-home:ro,Z" "-e" "SOURCE_DIR=/opt/rustwide/workdir" "-e" "CARGO_TARGET_DIR=/opt/rustwide/target" "-e" "CARGO_INCREMENTAL=0" "-e" "RUST_BACKTRACE=full" "-e" "RUSTFLAGS=--cap-lints=warn" "-e" "CARGO_HOME=/opt/rustwide/cargo-home" "-e" "RUSTUP_HOME=/opt/rustwide/rustup-home" "-w" "/opt/rustwide/workdir" "-m" "1610612736" "--user" "0:0" "--network" "none" "ghcr.io/rust-lang/crates-build-env/linux@sha256:34b6a614d2c27851fe6cbf88fbd1137609cefab8b10d0615aaeb6fd47975d74e" "/opt/rustwide/cargo-home/bin/cargo" "+beta-2021-08-01" "test" "--frozen", kill_on_drop: false }`
[INFO] [stdout] 1320e401d8e8906c0b8eee784513b845d654b5b437e9bfc6c83c7bfbfdef6d3d
[INFO] running `Command { std: "docker" "start" "-a" "1320e401d8e8906c0b8eee784513b845d654b5b437e9bfc6c83c7bfbfdef6d3d", kill_on_drop: false }`
[INFO] [stderr]     Finished test [unoptimized + debuginfo] target(s) in 0.06s
[INFO] [stderr]      Running unittests (/opt/rustwide/target/debug/deps/sram23x-98faae7f47bda29b)
[INFO] [stdout] 
[INFO] [stdout] running 0 tests
[INFO] [stdout] 
[INFO] [stdout] test result: ok. 0 passed; 0 failed; 0 ignored; 0 measured; 0 filtered out; finished in 0.00s
[INFO] [stdout] 
[INFO] [stderr]    Doc-tests sram23x
[INFO] [stdout] 
[INFO] [stdout] running 1 test
[INFO] [stdout] test src/lib.rs - (line 48) ... FAILED
[INFO] [stdout] 
[INFO] [stdout] failures:
[INFO] [stdout] 
[INFO] [stdout] ---- src/lib.rs - (line 48) stdout ----
[INFO] [stdout] error[E0425]: cannot find value `spi` in this scope
[INFO] [stdout]   --> src/lib.rs:57:33
[INFO] [stdout]    |
[INFO] [stdout] 10 |     let mut sram = Sram23x::new(spi, cs, hold, device_type::M23xv1024).unwrap();
[INFO] [stdout]    |                                 ^^^ not found in this scope
[INFO] [stdout] 
[INFO] [stdout] error[E0425]: cannot find value `cs` in this scope
[INFO] [stdout]   --> src/lib.rs:57:38
[INFO] [stdout]    |
[INFO] [stdout] 10 |     let mut sram = Sram23x::new(spi, cs, hold, device_type::M23xv1024).unwrap();
[INFO] [stdout]    |                                      ^^ not found in this scope
[INFO] [stdout] 
[INFO] [stdout] error[E0425]: cannot find value `hold` in this scope
[INFO] [stdout]   --> src/lib.rs:57:42
[INFO] [stdout]    |
[INFO] [stdout] 10 |     let mut sram = Sram23x::new(spi, cs, hold, device_type::M23xv1024).unwrap();
[INFO] [stdout]    |                                          ^^^^ not found in this scope
[INFO] [stdout] 
[INFO] [stdout] error: aborting due to 3 previous errors
[INFO] [stdout] 
[INFO] [stdout] For more information about this error, try `rustc --explain E0425`.
[INFO] [stdout] Couldn't compile the test.
[INFO] [stdout] 
[INFO] [stdout] failures:
[INFO] [stdout]     src/lib.rs - (line 48)
[INFO] [stdout] 
[INFO] [stdout] test result: FAILED. 0 passed; 1 failed; 0 ignored; 0 measured; 0 filtered out; finished in 0.11s
[INFO] [stdout] 
[INFO] [stderr] error: test failed, to rerun pass '--doc'
[INFO] running `Command { std: "docker" "inspect" "1320e401d8e8906c0b8eee784513b845d654b5b437e9bfc6c83c7bfbfdef6d3d", kill_on_drop: false }`
[INFO] running `Command { std: "docker" "rm" "-f" "1320e401d8e8906c0b8eee784513b845d654b5b437e9bfc6c83c7bfbfdef6d3d", kill_on_drop: false }`
[INFO] [stdout] 1320e401d8e8906c0b8eee784513b845d654b5b437e9bfc6c83c7bfbfdef6d3d
