[INFO] fetching crate squawk-parser 0.4.0...
[INFO] testing squawk-parser-0.4.0 against 1.54.0 for beta-1.55-1
[INFO] extracting crate squawk-parser 0.4.0 into /workspace/builds/worker-47/source
[INFO] validating manifest of crates.io crate squawk-parser 0.4.0 on toolchain 1.54.0
[INFO] running `Command { std: "/workspace/cargo-home/bin/cargo" "+1.54.0" "metadata" "--manifest-path" "Cargo.toml" "--no-deps", kill_on_drop: false }`
[INFO] started tweaking crates.io crate squawk-parser 0.4.0
[INFO] finished tweaking crates.io crate squawk-parser 0.4.0
[INFO] tweaked toml for crates.io crate squawk-parser 0.4.0 written to /workspace/builds/worker-47/source/Cargo.toml
[INFO] running `Command { std: "/workspace/cargo-home/bin/cargo" "+1.54.0" "generate-lockfile" "--manifest-path" "Cargo.toml" "-Zno-index-update", kill_on_drop: false }`
[INFO] running `Command { std: "/workspace/cargo-home/bin/cargo" "+1.54.0" "fetch" "--manifest-path" "Cargo.toml", kill_on_drop: false }`
[INFO] [stderr]     Blocking waiting for file lock on package cache
[INFO] running `Command { std: "docker" "create" "-v" "/var/lib/crater-agent-workspace/builds/worker-47/target:/opt/rustwide/target:rw,Z" "-v" "/var/lib/crater-agent-workspace/builds/worker-47/source:/opt/rustwide/workdir:ro,Z" "-v" "/var/lib/crater-agent-workspace/cargo-home:/opt/rustwide/cargo-home:ro,Z" "-v" "/var/lib/crater-agent-workspace/rustup-home:/opt/rustwide/rustup-home:ro,Z" "-e" "SOURCE_DIR=/opt/rustwide/workdir" "-e" "CARGO_TARGET_DIR=/opt/rustwide/target" "-e" "CARGO_HOME=/opt/rustwide/cargo-home" "-e" "RUSTUP_HOME=/opt/rustwide/rustup-home" "-w" "/opt/rustwide/workdir" "-m" "1610612736" "--user" "0:0" "--network" "none" "ghcr.io/rust-lang/crates-build-env/linux@sha256:34b6a614d2c27851fe6cbf88fbd1137609cefab8b10d0615aaeb6fd47975d74e" "/opt/rustwide/cargo-home/bin/cargo" "+1.54.0" "metadata" "--no-deps" "--format-version=1", kill_on_drop: false }`
[INFO] [stdout] 55aa845fc08f9198751183ce0ab8b0547e6bd6e5d1ff41c86f2f48a789ffbc7a
[INFO] running `Command { std: "docker" "start" "-a" "55aa845fc08f9198751183ce0ab8b0547e6bd6e5d1ff41c86f2f48a789ffbc7a", kill_on_drop: false }`
[INFO] running `Command { std: "docker" "inspect" "55aa845fc08f9198751183ce0ab8b0547e6bd6e5d1ff41c86f2f48a789ffbc7a", kill_on_drop: false }`
[INFO] running `Command { std: "docker" "rm" "-f" "55aa845fc08f9198751183ce0ab8b0547e6bd6e5d1ff41c86f2f48a789ffbc7a", kill_on_drop: false }`
[INFO] [stdout] 55aa845fc08f9198751183ce0ab8b0547e6bd6e5d1ff41c86f2f48a789ffbc7a
[INFO] running `Command { std: "docker" "create" "-v" "/var/lib/crater-agent-workspace/builds/worker-47/target:/opt/rustwide/target:rw,Z" "-v" "/var/lib/crater-agent-workspace/builds/worker-47/source:/opt/rustwide/workdir:ro,Z" "-v" "/var/lib/crater-agent-workspace/cargo-home:/opt/rustwide/cargo-home:ro,Z" "-v" "/var/lib/crater-agent-workspace/rustup-home:/opt/rustwide/rustup-home:ro,Z" "-e" "SOURCE_DIR=/opt/rustwide/workdir" "-e" "CARGO_TARGET_DIR=/opt/rustwide/target" "-e" "CARGO_INCREMENTAL=0" "-e" "RUST_BACKTRACE=full" "-e" "RUSTFLAGS=--cap-lints=warn" "-e" "CARGO_HOME=/opt/rustwide/cargo-home" "-e" "RUSTUP_HOME=/opt/rustwide/rustup-home" "-w" "/opt/rustwide/workdir" "-m" "1610612736" "--user" "0:0" "--network" "none" "ghcr.io/rust-lang/crates-build-env/linux@sha256:34b6a614d2c27851fe6cbf88fbd1137609cefab8b10d0615aaeb6fd47975d74e" "/opt/rustwide/cargo-home/bin/cargo" "+1.54.0" "build" "--frozen" "--message-format=json", kill_on_drop: false }`
[INFO] [stdout] e062e01c4e8f4d76d7366b9de922de6523d421b86160aba38b2eba77bfef2e85
[INFO] running `Command { std: "docker" "start" "-a" "e062e01c4e8f4d76d7366b9de922de6523d421b86160aba38b2eba77bfef2e85", kill_on_drop: false }`
[INFO] [stderr]    Compiling memchr v2.4.0
[INFO] [stderr]    Compiling glob v0.3.0
[INFO] [stderr]    Compiling version_check v0.9.3
[INFO] [stderr]    Compiling bitflags v1.2.1
[INFO] [stderr]    Compiling log v0.4.14
[INFO] [stderr]    Compiling regex-syntax v0.6.25
[INFO] [stderr]    Compiling unicode-width v0.1.8
[INFO] [stderr]    Compiling bindgen v0.58.1
[INFO] [stderr]    Compiling vec_map v0.8.2
[INFO] [stderr]    Compiling strsim v0.8.0
[INFO] [stderr]    Compiling termcolor v1.1.2
[INFO] [stderr]    Compiling humantime v2.1.0
[INFO] [stderr]    Compiling ansi_term v0.11.0
[INFO] [stderr]    Compiling lazycell v1.3.0
[INFO] [stderr]    Compiling peeking_take_while v0.1.2
[INFO] [stderr]    Compiling shlex v1.0.0
[INFO] [stderr]    Compiling rustc-hash v1.1.0
[INFO] [stderr]    Compiling make-cmd v0.1.0
[INFO] [stderr]    Compiling serde v1.0.127
[INFO] [stderr]    Compiling libloading v0.7.0
[INFO] [stderr]    Compiling atty v0.2.14
[INFO] [stderr]    Compiling which v3.1.1
[INFO] [stderr]    Compiling serde_repr v0.1.7
[INFO] [stderr]    Compiling textwrap v0.11.0
[INFO] [stderr]    Compiling clang-sys v1.2.0
[INFO] [stderr]    Compiling clap v2.33.3
[INFO] [stderr]    Compiling nom v5.1.2
[INFO] [stderr]    Compiling aho-corasick v0.7.18
[INFO] [stderr]    Compiling regex v1.5.4
[INFO] [stderr]    Compiling cexpr v0.4.0
[INFO] [stderr]    Compiling env_logger v0.8.4
[INFO] [stderr]    Compiling serde_json v1.0.66
[INFO] [stderr]    Compiling libpg_query-sys v0.1.3
[INFO] [stderr]    Compiling squawk-parser v0.4.0 (/opt/rustwide/workdir)
[INFO] [stderr]     Finished dev [unoptimized + debuginfo] target(s) in 1m 28s
[INFO] running `Command { std: "docker" "inspect" "e062e01c4e8f4d76d7366b9de922de6523d421b86160aba38b2eba77bfef2e85", kill_on_drop: false }`
[INFO] running `Command { std: "docker" "rm" "-f" "e062e01c4e8f4d76d7366b9de922de6523d421b86160aba38b2eba77bfef2e85", kill_on_drop: false }`
[INFO] [stdout] e062e01c4e8f4d76d7366b9de922de6523d421b86160aba38b2eba77bfef2e85
[INFO] running `Command { std: "docker" "create" "-v" "/var/lib/crater-agent-workspace/builds/worker-47/target:/opt/rustwide/target:rw,Z" "-v" "/var/lib/crater-agent-workspace/builds/worker-47/source:/opt/rustwide/workdir:ro,Z" "-v" "/var/lib/crater-agent-workspace/cargo-home:/opt/rustwide/cargo-home:ro,Z" "-v" "/var/lib/crater-agent-workspace/rustup-home:/opt/rustwide/rustup-home:ro,Z" "-e" "SOURCE_DIR=/opt/rustwide/workdir" "-e" "CARGO_TARGET_DIR=/opt/rustwide/target" "-e" "CARGO_INCREMENTAL=0" "-e" "RUST_BACKTRACE=full" "-e" "RUSTFLAGS=--cap-lints=warn" "-e" "CARGO_HOME=/opt/rustwide/cargo-home" "-e" "RUSTUP_HOME=/opt/rustwide/rustup-home" "-w" "/opt/rustwide/workdir" "-m" "1610612736" "--user" "0:0" "--network" "none" "ghcr.io/rust-lang/crates-build-env/linux@sha256:34b6a614d2c27851fe6cbf88fbd1137609cefab8b10d0615aaeb6fd47975d74e" "/opt/rustwide/cargo-home/bin/cargo" "+1.54.0" "test" "--frozen" "--no-run" "--message-format=json", kill_on_drop: false }`
[INFO] [stdout] ab15940d21964e5be0c33911084ca0a32811f169eeac9cd7d5adca5ae678d2df
[INFO] running `Command { std: "docker" "start" "-a" "ab15940d21964e5be0c33911084ca0a32811f169eeac9cd7d5adca5ae678d2df", kill_on_drop: false }`
[INFO] [stderr]    Compiling linked-hash-map v0.5.4
[INFO] [stderr]    Compiling dtoa v0.4.8
[INFO] [stderr]    Compiling difference v2.0.0
[INFO] [stderr]    Compiling termios v0.3.3
[INFO] [stderr]    Compiling terminal_size v0.1.17
[INFO] [stderr]    Compiling yaml-rust v0.4.5
[INFO] [stderr]    Compiling console v0.11.3
[INFO] [stderr]    Compiling serde_yaml v0.8.17
[INFO] [stderr]    Compiling insta v0.16.1
[INFO] [stderr]    Compiling squawk-parser v0.4.0 (/opt/rustwide/workdir)
[INFO] [stderr]     Finished test [unoptimized + debuginfo] target(s) in 9.67s
[INFO] running `Command { std: "docker" "inspect" "ab15940d21964e5be0c33911084ca0a32811f169eeac9cd7d5adca5ae678d2df", kill_on_drop: false }`
[INFO] running `Command { std: "docker" "rm" "-f" "ab15940d21964e5be0c33911084ca0a32811f169eeac9cd7d5adca5ae678d2df", kill_on_drop: false }`
[INFO] [stdout] ab15940d21964e5be0c33911084ca0a32811f169eeac9cd7d5adca5ae678d2df
[INFO] running `Command { std: "docker" "create" "-v" "/var/lib/crater-agent-workspace/builds/worker-47/target:/opt/rustwide/target:rw,Z" "-v" "/var/lib/crater-agent-workspace/builds/worker-47/source:/opt/rustwide/workdir:ro,Z" "-v" "/var/lib/crater-agent-workspace/cargo-home:/opt/rustwide/cargo-home:ro,Z" "-v" "/var/lib/crater-agent-workspace/rustup-home:/opt/rustwide/rustup-home:ro,Z" "-e" "SOURCE_DIR=/opt/rustwide/workdir" "-e" "CARGO_TARGET_DIR=/opt/rustwide/target" "-e" "CARGO_INCREMENTAL=0" "-e" "RUST_BACKTRACE=full" "-e" "RUSTFLAGS=--cap-lints=warn" "-e" "CARGO_HOME=/opt/rustwide/cargo-home" "-e" "RUSTUP_HOME=/opt/rustwide/rustup-home" "-w" "/opt/rustwide/workdir" "-m" "1610612736" "--user" "0:0" "--network" "none" "ghcr.io/rust-lang/crates-build-env/linux@sha256:34b6a614d2c27851fe6cbf88fbd1137609cefab8b10d0615aaeb6fd47975d74e" "/opt/rustwide/cargo-home/bin/cargo" "+1.54.0" "test" "--frozen", kill_on_drop: false }`
[INFO] [stdout] 7296567e28dc38be6b999ee07793ccb4c4d85f7e28aa5c1feecf37627c89ddda
[INFO] running `Command { std: "docker" "start" "-a" "7296567e28dc38be6b999ee07793ccb4c4d85f7e28aa5c1feecf37627c89ddda", kill_on_drop: false }`
[INFO] [stderr]     Finished test [unoptimized + debuginfo] target(s) in 0.06s
[INFO] [stdout] 
[INFO] [stderr]      Running unittests (/opt/rustwide/target/debug/deps/squawk_parser-635f8f2f85006364)
[INFO] [stdout] running 111 tests
[INFO] [stdout] test parse::tests::test_alter_default_privileges_stmt ... ok
[INFO] [stdout] test parse::tests::test_adding_index_non_concurrently ... ok
[INFO] [stdout] test parse::tests::test_alter_enum_stmt ... ok
[INFO] [stdout] test parse::tests::test_alter_database_stmt ... ok
[INFO] [stdout] test parse::tests::test_alter_event_trigger_stmt ... ok
[INFO] [stdout] test parse::tests::test_alter_foreign_data_wrapper ... ok
[INFO] [stdout] test parse::tests::test_alter_extension_contents_stmt ... ok
[INFO] [stdout] test parse::tests::test_alter_foreign_server_stmt ... ok
[INFO] [stdout] test parse::tests::test_alter_op_class_stmt ... ok
[INFO] [stdout] test parse::tests::test_alter_function_stmt ... ok
[INFO] [stdout] test parse::tests::test_alter_object_depends_stmt ... ok
[INFO] [stdout] test parse::tests::test_alter_op_family_stmt ... ok
[INFO] [stdout] test parse::tests::test_alter_publication ... ok
[INFO] [stdout] test parse::tests::test_alter_policy_stmt ... ok
[INFO] [stdout] test parse::tests::test_alter_operator_stmt ... ok
[INFO] [stdout] test parse::tests::test_alter_role_set_stmt ... ok
[INFO] [stdout] test parse::tests::test_alter_role_stmt ... ok
[INFO] [stdout] test parse::tests::test_alter_table_extension ... ok
[INFO] [stdout] test parse::tests::test_alter_sequence_stmt ... ok
[INFO] [stdout] test parse::tests::test_alter_subscription_stmt ... ok
[INFO] [stdout] test parse::tests::test_alter_table_space_stmt ... ok
[INFO] [stdout] test parse::tests::test_alter_ts_configuration_stmt ... ok
[INFO] [stdout] test parse::tests::test_alter_ts_dictionary_stmt ... ok
[INFO] [stdout] test parse::tests::test_alter_system_stmt ... ok
[INFO] [stdout] test parse::tests::test_alter_user_mapping_stmt ... ok
[INFO] [stdout] test parse::tests::test_create_cast_stmt ... ok
[INFO] [stdout] test parse::tests::test_composite_type_stmt ... ok
[INFO] [stdout] test parse::tests::test_close_portal_stmt ... ok
[INFO] [stdout] test parse::tests::test_checkpoint ... ok
[INFO] [stdout] test parse::tests::test_create_domain_stmt ... ok
[INFO] [stdout] test parse::tests::test_cluster_stmt ... ok
[INFO] [stdout] test parse::tests::test_create_database_stmt ... ok
[INFO] [stdout] test parse::tests::test_create_access_method_stmt ... ok
[INFO] [stdout] test parse::tests::test_comment_on_stmt ... ok
[INFO] [stdout] test parse::tests::test_create_conversion_stmt ... ok
[INFO] [stdout] test parse::tests::test_create_enum_stmt ... ok
[INFO] [stdout] test parse::tests::test_create_event_trigger_stmt ... ok
[INFO] [stdout] test parse::tests::test_create_publication_stmt ... ok
[INFO] [stdout] test parse::tests::test_create_foreign_data_wrapper ... ok
[INFO] [stdout] test parse::tests::test_create_plang_stmt ... ok
[INFO] [stdout] test parse::tests::test_create_foreign_server_stmt ... ok
[INFO] [stdout] test parse::tests::test_create_foriegn_table_stmt ... ok
[INFO] [stdout] test parse::tests::test_create_function_stmt ... ok
[INFO] [stdout] test parse::tests::test_create_policy_stmt ... ok
[INFO] [stdout] test parse::tests::test_create_range_stmt ... ok
[INFO] [stdout] test parse::tests::test_create_op_class_stmt ... ok
[INFO] [stdout] test parse::tests::test_create_extension ... ok
[INFO] [stdout] test parse::tests::test_create_role_stmt ... ok
[INFO] [stdout] test parse::tests::test_deallocate_stmt ... ok
[INFO] [stdout] test parse::tests::test_create_trigger_stmt ... ok
[INFO] [stdout] test parse::tests::test_create_transform_stmt ... ok
[INFO] [stdout] test parse::tests::test_create_user_mapping_stmt ... ok
[INFO] [stdout] test parse::tests::test_declare_cursor_stmt ... ok
[INFO] [stdout] test parse::tests::test_create_sequence_stmt ... ok
[INFO] [stdout] test parse::tests::test_create_stats_stmt ... ok
[INFO] [stdout] test parse::tests::test_create_subscription_stmt ... ok
[INFO] [stdout] test parse::tests::test_create_table_as_stmt ... ok
[INFO] [stdout] test parse::tests::test_create_view_stmt ... ok
[INFO] [stdout] test parse::tests::test_discard_stmt ... ok
[INFO] [stdout] test parse::tests::test_drop_database_stmt ... ok
[INFO] [stdout] test parse::tests::test_define_stmt ... ok
[INFO] [stdout] test parse::tests::test_drop_subscription_stmt ... ok
[INFO] [stdout] test parse::tests::test_drop_role_set_stmt ... ok
[INFO] [stdout] test parse::tests::test_parse_alter_collation_stmt ... ok
[INFO] [stdout] test parse::tests::test_load_stmt ... ok
[INFO] [stdout] test parse::tests::test_import_foreign_schema_stmt ... ok
[INFO] [stdout] test parse::tests::test_listen_stmt ... ok
[INFO] [stdout] test parse::tests::test_fetch_stmt ... ok
[INFO] [stdout] test parse::tests::test_lock_stmt ... ok
[INFO] [stdout] test parse::tests::test_parsing_copy_stmt ... ok
[INFO] [stdout] test parse::tests::test_parse_sql_create_unique_index_safe ... ok
[INFO] [stdout] test parse::tests::test_execute_stmt ... ok
[INFO] [stdout] test parse::tests::test_parse_sql_create_index_concurrently ... ok
[INFO] [stdout] test parse::tests::test_parse_delete_stmt ... ok
[INFO] [stdout] test parse::tests::test_parsing_create_table_space_stmt ... ok
[INFO] [stdout] test parse::tests::test_parsing_grant_role ... ok
[INFO] [stdout] test parse::tests::test_notify_stmt ... ok
[INFO] [stdout] test parse::tests::test_migration ... ok
[INFO] [stdout] test parse::tests::test_explain_stmt ... ok
[INFO] [stdout] test parse::tests::test_drop_owned_stmt ... ok
[INFO] [stdout] test parse::tests::test_parse_sql_create_index ... ok
[INFO] [stdout] test parse::tests::test_parse_create_schema_stmt ... ok
[INFO] [stdout] test parse::tests::test_parsing_create_table ... ok
[INFO] [stdout] test parse::tests::test_drop_user_mapping_stmt ... ok
[INFO] [stdout] test parse::tests::test_parse_replica_identity_stmt ... ok
[INFO] [stdout] test parse::tests::test_parsing_grant_stmt ... ok
[INFO] [stdout] test parse::tests::test_parse_alter_domain_stmt ... ok
[INFO] [stdout] test parse::tests::test_parsing_insert_stmt ... ok
[INFO] [stdout] test parse::tests::test_drop_extension ... ok
[INFO] [stdout] test parse::tests::test_parsing_drop_table_space_stmt ... ok
[INFO] [stdout] test parse::tests::test_parse_set_operations_stmt ... ok
[INFO] [stdout] test parse::tests::test_parsing_variable_set_stmt ... ok
[INFO] [stdout] test parse::tests::test_parsing_update_stmt ... ok
[INFO] [stdout] test parse::tests::test_prepare_stmt ... ok
[INFO] [stdout] test parse::tests::test_parsing_variable_show_stmt ... ok
[INFO] [stdout] test parse::tests::test_reassign_owned_stmt ... ok
[INFO] [stdout] test parse::tests::test_refresh_material_view_stmt ... ok
[INFO] [stdout] test parse::tests::test_reindex_stmt ... ok
[INFO] [stdout] test parse::tests::test_select_one ... ok
[INFO] [stdout] test parse::tests::test_span_with_new_line_and_indent ... ok
[INFO] [stdout] test parse::tests::test_security_label_stmt ... ok
[INFO] [stdout] test parse::tests::test_vacuum_stmt ... ok
[INFO] [stdout] test parse::tests::test_select_string_literal ... ok
[INFO] [stdout] test parse::tests::test_truncate_stmt ... ok
[INFO] [stdout] test parse::tests::test_span_with_indent ... ok
[INFO] [stdout] test parse::tests::test_set_constraints ... ok
[INFO] [stdout] test parse::tests::test_rule_stmt ... ok
[INFO] [stdout] test parse::tests::test_unlisten_stmt ... ok
[INFO] [stdout] test parse::tests::test_do_stmt ... FAILED
[INFO] [stdout] test parse::tests::test_error_paths ... FAILED
[INFO] [stdout] test parse::tests::test_create_procedure_stmt ... FAILED
[INFO] [stdout] 
[INFO] [stdout] failures:
[INFO] [stdout] 
[INFO] [stdout] ---- parse::tests::test_do_stmt stdout ----
[INFO] [stdout] ━━━━━━━━━━━━━━━━━━━━━━━━━━━━━ Snapshot Differences ━━━━━━━━━━━━━━━━━━━━━━━━━━━━━
[INFO] [stdout] Snapshot file: src/snapshots/squawk_parser__parse__tests__do_stmt.snap
[INFO] [stdout] Snapshot: do_stmt
[INFO] [stdout] Source: src/parse.rs:779
[INFO] [stdout] -old snapshot
[INFO] [stdout] +new results
[INFO] [stdout] ────────────────────────────────────────────────────────────────────────────────
[INFO] [stdout] res
[INFO] [stdout] ────────────┬───────────────────────────────────────────────────────────────────
[INFO] [stdout]     9     9 │                                 "DefElem": Object({
[INFO] [stdout]    10    10 │                                     "arg": Object({
[INFO] [stdout]    11    11 │                                         "String": Object({
[INFO] [stdout]    12    12 │                                             "str": String(
[INFO] [stdout]    13       │-                                                "DECLARE r record;\nBEGIN\n    FOR r IN SELECT table_schema, table_name FROM information_schema.tables\n             WHERE table_type = \'VIEW\' AND table_schema = \'public\'\n    LOOP\n        EXECUTE \'GRANT ALL ON \' || quote_ident(r.table_schema) || \'.\' || quote_ident(r.table_name) || \' TO webuser\';\n    END LOOP;\nEND",
[INFO] [stdout]          13 │+                                                "DECLARE r record;\nBEGIN\n    FOR r IN SELECT table_schema, table_name FROM information_schema.tables\n             WHERE table_type = 'VIEW' AND table_schema = 'public'\n    LOOP\n        EXECUTE 'GRANT ALL ON ' || quote_ident(r.table_schema) || '.' || quote_ident(r.table_name) || ' TO webuser';\n    END LOOP;\nEND",
[INFO] [stdout]    14    14 │                                             ),
[INFO] [stdout]    15    15 │                                         }),
[INFO] [stdout]    16    16 │                                     }),
[INFO] [stdout]    17    17 │                                     "defaction": Number(
[INFO] [stdout]    18    18 │                                         0,
[INFO] [stdout] ────────────┴───────────────────────────────────────────────────────────────────
[INFO] [stdout] thread 'parse::tests::test_do_stmt' panicked at 'called `Result::unwrap()` on an `Err` value: Os { code: 30, kind: Other, message: "Read-only file system" }', src/parse.rs:779:9
[INFO] [stdout] stack backtrace:
[INFO] [stdout]    0:     0x562809fda3c0 - std::backtrace_rs::backtrace::libunwind::trace::h34055254b57d8e79
[INFO] [stdout]                                at /rustc/a178d0322ce20e33eac124758e837cbd80a6f633/library/std/src/../../backtrace/src/backtrace/libunwind.rs:90:5
[INFO] [stdout]    1:     0x562809fda3c0 - std::backtrace_rs::backtrace::trace_unsynchronized::h8f1e3fbd9afff6ec
[INFO] [stdout]                                at /rustc/a178d0322ce20e33eac124758e837cbd80a6f633/library/std/src/../../backtrace/src/backtrace/mod.rs:66:5
[INFO] [stdout]    2:     0x562809fda3c0 - std::sys_common::backtrace::_print_fmt::h3a99a796b770c360
[INFO] [stdout]                                at /rustc/a178d0322ce20e33eac124758e837cbd80a6f633/library/std/src/sys_common/backtrace.rs:67:5
[INFO] [stdout]    3:     0x562809fda3c0 - <std::sys_common::backtrace::_print::DisplayBacktrace as core::fmt::Display>::fmt::h32d1f94a80615d18
[INFO] [stdout]                                at /rustc/a178d0322ce20e33eac124758e837cbd80a6f633/library/std/src/sys_common/backtrace.rs:46:22
[INFO] [stdout]    4:     0x562809fff2dc - core::fmt::write::h306731c068f7162c
[INFO] [stdout]                                at /rustc/a178d0322ce20e33eac124758e837cbd80a6f633/library/core/src/fmt/mod.rs:1110:17
[INFO] [stdout]    5:     0x562809fd6985 - std::io::Write::write_fmt::h87f19b0a2cd190bc
[INFO] [stdout]                                at /rustc/a178d0322ce20e33eac124758e837cbd80a6f633/library/std/src/io/mod.rs:1588:15
[INFO] [stdout]    6:     0x562809fdc55b - std::sys_common::backtrace::_print::h5abaa2601a852287
[INFO] [stdout]                                at /rustc/a178d0322ce20e33eac124758e837cbd80a6f633/library/std/src/sys_common/backtrace.rs:49:5
[INFO] [stdout]    7:     0x562809fdc55b - std::sys_common::backtrace::print::h8d81445442bb638f
[INFO] [stdout]                                at /rustc/a178d0322ce20e33eac124758e837cbd80a6f633/library/std/src/sys_common/backtrace.rs:36:9
[INFO] [stdout]    8:     0x562809fdc55b - std::panicking::default_hook::{{closure}}::hcfe804496a9fa747
[INFO] [stdout]                                at /rustc/a178d0322ce20e33eac124758e837cbd80a6f633/library/std/src/panicking.rs:208:50
[INFO] [stdout]    9:     0x562809fdc06c - std::panicking::default_hook::hbea8e3ccf2ba8901
[INFO] [stdout]                                at /rustc/a178d0322ce20e33eac124758e837cbd80a6f633/library/std/src/panicking.rs:222:9
[INFO] [stdout]   10:     0x562809fdcc24 - std::panicking::rust_panic_with_hook::h7ee9e1a2d0f8975a
[INFO] [stdout]                                at /rustc/a178d0322ce20e33eac124758e837cbd80a6f633/library/std/src/panicking.rs:622:17
[INFO] [stdout]   11:     0x562809fdc707 - std::panicking::begin_panic_handler::{{closure}}::h8ab3b4491718b2c7
[INFO] [stdout]                                at /rustc/a178d0322ce20e33eac124758e837cbd80a6f633/library/std/src/panicking.rs:519:13
[INFO] [stdout]   12:     0x562809fda8bc - std::sys_common::backtrace::__rust_end_short_backtrace::hd489062ffa586a9f
[INFO] [stdout]                                at /rustc/a178d0322ce20e33eac124758e837cbd80a6f633/library/std/src/sys_common/backtrace.rs:141:18
[INFO] [stdout]   13:     0x562809fdc669 - rust_begin_unwind
[INFO] [stdout]                                at /rustc/a178d0322ce20e33eac124758e837cbd80a6f633/library/std/src/panicking.rs:515:5
[INFO] [stdout]   14:     0x562809d88e71 - core::panicking::panic_fmt::hca6330e3e14086b4
[INFO] [stdout]                                at /rustc/a178d0322ce20e33eac124758e837cbd80a6f633/library/core/src/panicking.rs:92:14
[INFO] [stdout]   15:     0x562809d88f63 - core::result::unwrap_failed::h6160d2b4bfbb0e87
[INFO] [stdout]                                at /rustc/a178d0322ce20e33eac124758e837cbd80a6f633/library/core/src/result.rs:1355:5
[INFO] [stdout]   16:     0x562809e26959 - core::result::Result<T,E>::unwrap::hb23afb40e8dbbe74
[INFO] [stdout]                                at /rustc/a178d0322ce20e33eac124758e837cbd80a6f633/library/core/src/result.rs:1037:23
[INFO] [stdout]   17:     0x562809e153af - squawk_parser::parse::tests::test_do_stmt::hb0ae5a4a53434fa6
[INFO] [stdout]                                at /opt/rustwide/workdir/src/parse.rs:779:9
[INFO] [stdout]   18:     0x562809e1514a - squawk_parser::parse::tests::test_do_stmt::{{closure}}::h5afe51fbd6044852
[INFO] [stdout]                                at /opt/rustwide/workdir/src/parse.rs:767:5
[INFO] [stdout]   19:     0x562809dff06e - core::ops::function::FnOnce::call_once::h3347bef731b936e6
[INFO] [stdout]                                at /rustc/a178d0322ce20e33eac124758e837cbd80a6f633/library/core/src/ops/function.rs:227:5
[INFO] [stdout]   20:     0x562809e5b1e3 - core::ops::function::FnOnce::call_once::h152e7e439ff59e19
[INFO] [stdout]                                at /rustc/a178d0322ce20e33eac124758e837cbd80a6f633/library/core/src/ops/function.rs:227:5
[INFO] [stdout]   21:     0x562809e5b1e3 - test::__rust_begin_short_backtrace::h0908f3b1fdbb72ab
[INFO] [stdout]                                at /rustc/a178d0322ce20e33eac124758e837cbd80a6f633/library/test/src/lib.rs:577:5
[INFO] [stdout]   22:     0x562809e59ca0 - <alloc::boxed::Box<F,A> as core::ops::function::FnOnce<Args>>::call_once::hf6d2a51e5587546c
[INFO] [stdout]                                at /rustc/a178d0322ce20e33eac124758e837cbd80a6f633/library/alloc/src/boxed.rs:1575:9
[INFO] [stdout]   23:     0x562809e59ca0 - <std::panic::AssertUnwindSafe<F> as core::ops::function::FnOnce<()>>::call_once::h8af660f3a89ef593
[INFO] [stdout]                                at /rustc/a178d0322ce20e33eac124758e837cbd80a6f633/library/std/src/panic.rs:347:9
[INFO] [stdout]   24:     0x562809e59ca0 - std::panicking::try::do_call::hd36aef60f84b6d36
[INFO] [stdout]                                at /rustc/a178d0322ce20e33eac124758e837cbd80a6f633/library/std/src/panicking.rs:401:40
[INFO] [stdout]   25:     0x562809e59ca0 - std::panicking::try::h9932b4480e69817c
[INFO] [stdout]                                at /rustc/a178d0322ce20e33eac124758e837cbd80a6f633/library/std/src/panicking.rs:365:19
[INFO] [stdout]   26:     0x562809e59ca0 - std::panic::catch_unwind::h6aa177099cfff5f8
[INFO] [stdout]                                at /rustc/a178d0322ce20e33eac124758e837cbd80a6f633/library/std/src/panic.rs:434:14
[INFO] [stdout]   27:     0x562809e59ca0 - test::run_test_in_process::h5884d6f2d99e20c3
[INFO] [stdout]                                at /rustc/a178d0322ce20e33eac124758e837cbd80a6f633/library/test/src/lib.rs:600:18
[INFO] [stdout]   28:     0x562809e59ca0 - test::run_test::run_test_inner::{{closure}}::h6fdc58c6d5f5b6e3
[INFO] [stdout]                                at /rustc/a178d0322ce20e33eac124758e837cbd80a6f633/library/test/src/lib.rs:492:39
[INFO] [stdout]   29:     0x562809e33352 - test::run_test::run_test_inner::{{closure}}::h408365d67a78ade8
[INFO] [stdout]                                at /rustc/a178d0322ce20e33eac124758e837cbd80a6f633/library/test/src/lib.rs:519:37
[INFO] [stdout]   30:     0x562809e33352 - std::sys_common::backtrace::__rust_begin_short_backtrace::hb560b77c4f701523
[INFO] [stdout]                                at /rustc/a178d0322ce20e33eac124758e837cbd80a6f633/library/std/src/sys_common/backtrace.rs:125:18
[INFO] [stdout]   31:     0x562809e36f08 - std::thread::Builder::spawn_unchecked::{{closure}}::{{closure}}::hf2e7831dad93c597
[INFO] [stdout]                                at /rustc/a178d0322ce20e33eac124758e837cbd80a6f633/library/std/src/thread/mod.rs:481:17
[INFO] [stdout]   32:     0x562809e36f08 - <std::panic::AssertUnwindSafe<F> as core::ops::function::FnOnce<()>>::call_once::hd2e08783d8be4d02
[INFO] [stdout]                                at /rustc/a178d0322ce20e33eac124758e837cbd80a6f633/library/std/src/panic.rs:347:9
[INFO] [stdout]   33:     0x562809e36f08 - std::panicking::try::do_call::h062597b7acfd6b82
[INFO] [stdout]                                at /rustc/a178d0322ce20e33eac124758e837cbd80a6f633/library/std/src/panicking.rs:401:40
[INFO] [stdout]   34:     0x562809e36f08 - std::panicking::try::h0d7b79db04c14552
[INFO] [stdout]                                at /rustc/a178d0322ce20e33eac124758e837cbd80a6f633/library/std/src/panicking.rs:365:19
[INFO] [stdout]   35:     0x562809e36f08 - std::panic::catch_unwind::hb01a0b5e7c8cd43b
[INFO] [stdout]                                at /rustc/a178d0322ce20e33eac124758e837cbd80a6f633/library/std/src/panic.rs:434:14
[INFO] [stdout]   36:     0x562809e36f08 - std::thread::Builder::spawn_unchecked::{{closure}}::h5bde48cc887e0d1e
[INFO] [stdout]                                at /rustc/a178d0322ce20e33eac124758e837cbd80a6f633/library/std/src/thread/mod.rs:480:30
[INFO] [stdout]   37:     0x562809e36f08 - core::ops::function::FnOnce::call_once{{vtable.shim}}::h745ea30807a29e55
[INFO] [stdout]                                at /rustc/a178d0322ce20e33eac124758e837cbd80a6f633/library/core/src/ops/function.rs:227:5
[INFO] [stdout]   38:     0x562809fe1e77 - <alloc::boxed::Box<F,A> as core::ops::function::FnOnce<Args>>::call_once::h7ece6cfefaff1005
[INFO] [stdout]                                at /rustc/a178d0322ce20e33eac124758e837cbd80a6f633/library/alloc/src/boxed.rs:1575:9
[INFO] [stdout]   39:     0x562809fe1e77 - <alloc::boxed::Box<F,A> as core::ops::function::FnOnce<Args>>::call_once::hb8b48e55c21f193e
[INFO] [stdout]                                at /rustc/a178d0322ce20e33eac124758e837cbd80a6f633/library/alloc/src/boxed.rs:1575:9
[INFO] [stdout]   40:     0x562809fe1e77 - std::sys::unix::thread::Thread::new::thread_start::h8c7c4450dba62914
[INFO] [stdout]                                at /rustc/a178d0322ce20e33eac124758e837cbd80a6f633/library/std/src/sys/unix/thread.rs:71:17
[INFO] [stdout]   41:     0x7f9cf0f5e609 - start_thread
[INFO] [stdout]   42:     0x7f9cf10b5293 - clone
[INFO] [stdout]   43:                0x0 - <unknown>
[INFO] [stdout] 
[INFO] [stdout] ---- parse::tests::test_error_paths stdout ----
[INFO] [stdout] ━━━━━━━━━━━━━━━━━━━━━━━━━━━━━ Snapshot Differences ━━━━━━━━━━━━━━━━━━━━━━━━━━━━━
[INFO] [stdout] Snapshot file: src/snapshots/squawk_parser__parse__tests__error_paths.snap
[INFO] [stdout] Snapshot: error_paths
[INFO] [stdout] Source: src/parse.rs:103
[INFO] [stdout] -old snapshot
[INFO] [stdout] +new results
[INFO] [stdout] ────────────────────────────────────────────────────────────────────────────────
[INFO] [stdout] res
[INFO] [stdout] ────────────┬───────────────────────────────────────────────────────────────────
[INFO] [stdout]     9     9 │             ),
[INFO] [stdout]    10    10 │             filename: Some(
[INFO] [stdout]    11    11 │                 "scan.l",
[INFO] [stdout]    12    12 │             ),
[INFO] [stdout]    13       │-            lineno: 1121,
[INFO] [stdout]          13 │+            lineno: 1117,
[INFO] [stdout]    14    14 │             cursorpos: 1,
[INFO] [stdout]    15    15 │             context: None,
[INFO] [stdout]    16    16 │         },
[INFO] [stdout]    17    17 │     ),
[INFO] [stdout]    18    18 │ )
[INFO] [stdout] ────────────┴───────────────────────────────────────────────────────────────────
[INFO] [stdout] thread 'parse::tests::test_error_paths' panicked at 'called `Result::unwrap()` on an `Err` value: Os { code: 30, kind: Other, message: "Read-only file system" }', src/parse.rs:103:9
[INFO] [stdout] stack backtrace:
[INFO] [stdout]    0:     0x562809fda3c0 - std::backtrace_rs::backtrace::libunwind::trace::h34055254b57d8e79
[INFO] [stdout]                                at /rustc/a178d0322ce20e33eac124758e837cbd80a6f633/library/std/src/../../backtrace/src/backtrace/libunwind.rs:90:5
[INFO] [stdout]    1:     0x562809fda3c0 - std::backtrace_rs::backtrace::trace_unsynchronized::h8f1e3fbd9afff6ec
[INFO] [stdout]                                at /rustc/a178d0322ce20e33eac124758e837cbd80a6f633/library/std/src/../../backtrace/src/backtrace/mod.rs:66:5
[INFO] [stdout]    2:     0x562809fda3c0 - std::sys_common::backtrace::_print_fmt::h3a99a796b770c360
[INFO] [stdout]                                at /rustc/a178d0322ce20e33eac124758e837cbd80a6f633/library/std/src/sys_common/backtrace.rs:67:5
[INFO] [stdout]    3:     0x562809fda3c0 - <std::sys_common::backtrace::_print::DisplayBacktrace as core::fmt::Display>::fmt::h32d1f94a80615d18
[INFO] [stdout]                                at /rustc/a178d0322ce20e33eac124758e837cbd80a6f633/library/std/src/sys_common/backtrace.rs:46:22
[INFO] [stdout]    4:     0x562809fff2dc - core::fmt::write::h306731c068f7162c
[INFO] [stdout]                                at /rustc/a178d0322ce20e33eac124758e837cbd80a6f633/library/core/src/fmt/mod.rs:1110:17
[INFO] [stdout]    5:     0x562809fd6985 - std::io::Write::write_fmt::h87f19b0a2cd190bc
[INFO] [stdout]                                at /rustc/a178d0322ce20e33eac124758e837cbd80a6f633/library/std/src/io/mod.rs:1588:15
[INFO] [stdout]    6:     0x562809fdc55b - std::sys_common::backtrace::_print::h5abaa2601a852287
[INFO] [stdout]                                at /rustc/a178d0322ce20e33eac124758e837cbd80a6f633/library/std/src/sys_common/backtrace.rs:49:5
[INFO] [stdout]    7:     0x562809fdc55b - std::sys_common::backtrace::print::h8d81445442bb638f
[INFO] [stdout]                                at /rustc/a178d0322ce20e33eac124758e837cbd80a6f633/library/std/src/sys_common/backtrace.rs:36:9
[INFO] [stdout]    8:     0x562809fdc55b - std::panicking::default_hook::{{closure}}::hcfe804496a9fa747
[INFO] [stdout]                                at /rustc/a178d0322ce20e33eac124758e837cbd80a6f633/library/std/src/panicking.rs:208:50
[INFO] [stdout]    9:     0x562809fdc06c - std::panicking::default_hook::hbea8e3ccf2ba8901
[INFO] [stdout]                                at /rustc/a178d0322ce20e33eac124758e837cbd80a6f633/library/std/src/panicking.rs:222:9
[INFO] [stdout]   10:     0x562809fdcc24 - std::panicking::rust_panic_with_hook::h7ee9e1a2d0f8975a
[INFO] [stdout]                                at /rustc/a178d0322ce20e33eac124758e837cbd80a6f633/library/std/src/panicking.rs:622:17
[INFO] [stdout]   11:     0x562809fdc707 - std::panicking::begin_panic_handler::{{closure}}::h8ab3b4491718b2c7
[INFO] [stdout]                                at /rustc/a178d0322ce20e33eac124758e837cbd80a6f633/library/std/src/panicking.rs:519:13
[INFO] [stdout]   12:     0x562809fda8bc - std::sys_common::backtrace::__rust_end_short_backtrace::hd489062ffa586a9f
[INFO] [stdout]                                at /rustc/a178d0322ce20e33eac124758e837cbd80a6f633/library/std/src/sys_common/backtrace.rs:141:18
[INFO] [stdout]   13:     0x562809fdc669 - rust_begin_unwind
[INFO] [stdout]                                at /rustc/a178d0322ce20e33eac124758e837cbd80a6f633/library/std/src/panicking.rs:515:5
[INFO] [stdout]   14:     0x562809d88e71 - core::panicking::panic_fmt::hca6330e3e14086b4
[INFO] [stdout]                                at /rustc/a178d0322ce20e33eac124758e837cbd80a6f633/library/core/src/panicking.rs:92:14
[INFO] [stdout]   15:     0x562809d88f63 - core::result::unwrap_failed::h6160d2b4bfbb0e87
[INFO] [stdout]                                at /rustc/a178d0322ce20e33eac124758e837cbd80a6f633/library/core/src/result.rs:1355:5
[INFO] [stdout]   16:     0x562809e26959 - core::result::Result<T,E>::unwrap::hb23afb40e8dbbe74
[INFO] [stdout]                                at /rustc/a178d0322ce20e33eac124758e837cbd80a6f633/library/core/src/result.rs:1037:23
[INFO] [stdout]   17:     0x562809e08baf - squawk_parser::parse::tests::test_error_paths::h0c59a44cdaf25447
[INFO] [stdout]                                at /opt/rustwide/workdir/src/parse.rs:103:9
[INFO] [stdout]   18:     0x562809e0894a - squawk_parser::parse::tests::test_error_paths::{{closure}}::h9acba8ed7c06fd81
[INFO] [stdout]                                at /opt/rustwide/workdir/src/parse.rs:100:5
[INFO] [stdout]   19:     0x562809e0134e - core::ops::function::FnOnce::call_once::ha78cc3ef8f2de76c
[INFO] [stdout]                                at /rustc/a178d0322ce20e33eac124758e837cbd80a6f633/library/core/src/ops/function.rs:227:5
[INFO] [stdout]   20:     0x562809e5b1e3 - core::ops::function::FnOnce::call_once::h152e7e439ff59e19
[INFO] [stdout]                                at /rustc/a178d0322ce20e33eac124758e837cbd80a6f633/library/core/src/ops/function.rs:227:5
[INFO] [stdout]   21:     0x562809e5b1e3 - test::__rust_begin_short_backtrace::h0908f3b1fdbb72ab
[INFO] [stdout]                                at /rustc/a178d0322ce20e33eac124758e837cbd80a6f633/library/test/src/lib.rs:577:5
[INFO] [stdout]   22:     0x562809e59ca0 - <alloc::boxed::Box<F,A> as core::ops::function::FnOnce<Args>>::call_once::hf6d2a51e5587546c
[INFO] [stdout]                                at /rustc/a178d0322ce20e33eac124758e837cbd80a6f633/library/alloc/src/boxed.rs:1575:9
[INFO] [stdout]   23:     0x562809e59ca0 - <std::panic::AssertUnwindSafe<F> as core::ops::function::FnOnce<()>>::call_once::h8af660f3a89ef593
[INFO] [stdout]                                at /rustc/a178d0322ce20e33eac124758e837cbd80a6f633/library/std/src/panic.rs:347:9
[INFO] [stdout]   24:     0x562809e59ca0 - std::panicking::try::do_call::hd36aef60f84b6d36
[INFO] [stdout]                                at /rustc/a178d0322ce20e33eac124758e837cbd80a6f633/library/std/src/panicking.rs:401:40
[INFO] [stdout]   25:     0x562809e59ca0 - std::panicking::try::h9932b4480e69817c
[INFO] [stdout]                                at /rustc/a178d0322ce20e33eac124758e837cbd80a6f633/library/std/src/panicking.rs:365:19
[INFO] [stdout]   26:     0x562809e59ca0 - std::panic::catch_unwind::h6aa177099cfff5f8
[INFO] [stdout]                                at /rustc/a178d0322ce20e33eac124758e837cbd80a6f633/library/std/src/panic.rs:434:14
[INFO] [stdout]   27:     0x562809e59ca0 - test::run_test_in_process::h5884d6f2d99e20c3
[INFO] [stdout]                                at /rustc/a178d0322ce20e33eac124758e837cbd80a6f633/library/test/src/lib.rs:600:18
[INFO] [stdout]   28:     0x562809e59ca0 - test::run_test::run_test_inner::{{closure}}::h6fdc58c6d5f5b6e3
[INFO] [stdout]                                at /rustc/a178d0322ce20e33eac124758e837cbd80a6f633/library/test/src/lib.rs:492:39
[INFO] [stdout]   29:     0x562809e33352 - test::run_test::run_test_inner::{{closure}}::h408365d67a78ade8
[INFO] [stdout]                                at /rustc/a178d0322ce20e33eac124758e837cbd80a6f633/library/test/src/lib.rs:519:37
[INFO] [stdout]   30:     0x562809e33352 - std::sys_common::backtrace::__rust_begin_short_backtrace::hb560b77c4f701523
[INFO] [stdout]                                at /rustc/a178d0322ce20e33eac124758e837cbd80a6f633/library/std/src/sys_common/backtrace.rs:125:18
[INFO] [stdout]   31:     0x562809e36f08 - std::thread::Builder::spawn_unchecked::{{closure}}::{{closure}}::hf2e7831dad93c597
[INFO] [stdout]                                at /rustc/a178d0322ce20e33eac124758e837cbd80a6f633/library/std/src/thread/mod.rs:481:17
[INFO] [stdout]   32:     0x562809e36f08 - <std::panic::AssertUnwindSafe<F> as core::ops::function::FnOnce<()>>::call_once::hd2e08783d8be4d02
[INFO] [stdout]                                at /rustc/a178d0322ce20e33eac124758e837cbd80a6f633/library/std/src/panic.rs:347:9
[INFO] [stdout]   33:     0x562809e36f08 - std::panicking::try::do_call::h062597b7acfd6b82
[INFO] [stdout]                                at /rustc/a178d0322ce20e33eac124758e837cbd80a6f633/library/std/src/panicking.rs:401:40
[INFO] [stdout]   34:     0x562809e36f08 - std::panicking::try::h0d7b79db04c14552
[INFO] [stdout]                                at /rustc/a178d0322ce20e33eac124758e837cbd80a6f633/library/std/src/panicking.rs:365:19
[INFO] [stdout]   35:     0x562809e36f08 - std::panic::catch_unwind::hb01a0b5e7c8cd43b
[INFO] [stdout]                                at /rustc/a178d0322ce20e33eac124758e837cbd80a6f633/library/std/src/panic.rs:434:14
[INFO] [stdout]   36:     0x562809e36f08 - std::thread::Builder::spawn_unchecked::{{closure}}::h5bde48cc887e0d1e
[INFO] [stdout]                                at /rustc/a178d0322ce20e33eac124758e837cbd80a6f633/library/std/src/thread/mod.rs:480:30
[INFO] [stdout]   37:     0x562809e36f08 - core::ops::function::FnOnce::call_once{{vtable.shim}}::h745ea30807a29e55
[INFO] [stdout]                                at /rustc/a178d0322ce20e33eac124758e837cbd80a6f633/library/core/src/ops/function.rs:227:5
[INFO] [stdout]   38:     0x562809fe1e77 - <alloc::boxed::Box<F,A> as core::ops::function::FnOnce<Args>>::call_once::h7ece6cfefaff1005
[INFO] [stdout]                                at /rustc/a178d0322ce20e33eac124758e837cbd80a6f633/library/alloc/src/boxed.rs:1575:9
[INFO] [stdout]   39:     0x562809fe1e77 - <alloc::boxed::Box<F,A> as core::ops::function::FnOnce<Args>>::call_once::hb8b48e55c21f193e
[INFO] [stdout]                                at /rustc/a178d0322ce20e33eac124758e837cbd80a6f633/library/alloc/src/boxed.rs:1575:9
[INFO] [stdout]   40:     0x562809fe1e77 - std::sys::unix::thread::Thread::new::thread_start::h8c7c4450dba62914
[INFO] [stdout]                                at /rustc/a178d0322ce20e33eac124758e837cbd80a6f633/library/std/src/sys/unix/thread.rs:71:17
[INFO] [stdout]   41:     0x7f9cf0f5e609 - start_thread
[INFO] [stdout]   42:     0x7f9cf10b5293 - clone
[INFO] [stdout]   43:                0x0 - <unknown>
[INFO] [stdout] 
[INFO] [stdout] ---- parse::tests::test_create_procedure_stmt stdout ----
[INFO] [stdout] ━━━━━━━━━━━━━━━━━━━━━━━━━━━━━ Snapshot Differences ━━━━━━━━━━━━━━━━━━━━━━━━━━━━━
[INFO] [stdout] Snapshot file: src/snapshots/squawk_parser__parse__tests__create_procedure_stmt.snap
[INFO] [stdout] Snapshot: create_procedure_stmt
[INFO] [stdout] Source: src/parse.rs:481
[INFO] [stdout] -old snapshot
[INFO] [stdout] +new results
[INFO] [stdout] ────────────────────────────────────────────────────────────────────────────────
[INFO] [stdout] res
[INFO] [stdout] ────────────┬───────────────────────────────────────────────────────────────────
[INFO] [stdout]     9     9 │             ),
[INFO] [stdout]    10    10 │             filename: Some(
[INFO] [stdout]    11    11 │                 "scan.l",
[INFO] [stdout]    12    12 │             ),
[INFO] [stdout]    13       │-            lineno: 1121,
[INFO] [stdout]          13 │+            lineno: 1117,
[INFO] [stdout]    14    14 │             cursorpos: 9,
[INFO] [stdout]    15    15 │             context: None,
[INFO] [stdout]    16    16 │         },
[INFO] [stdout]    17    17 │     ),
[INFO] [stdout]    18    18 │ )
[INFO] [stdout] ────────────┴───────────────────────────────────────────────────────────────────
[INFO] [stdout] thread 'parse::tests::test_create_procedure_stmt' panicked at 'called `Result::unwrap()` on an `Err` value: Os { code: 30, kind: Other, message: "Read-only file system" }', src/parse.rs:481:9
[INFO] [stdout] stack backtrace:
[INFO] [stdout]    0:     0x562809fda3c0 - std::backtrace_rs::backtrace::libunwind::trace::h34055254b57d8e79
[INFO] [stdout]                                at /rustc/a178d0322ce20e33eac124758e837cbd80a6f633/library/std/src/../../backtrace/src/backtrace/libunwind.rs:90:5
[INFO] [stdout]    1:     0x562809fda3c0 - std::backtrace_rs::backtrace::trace_unsynchronized::h8f1e3fbd9afff6ec
[INFO] [stdout]                                at /rustc/a178d0322ce20e33eac124758e837cbd80a6f633/library/std/src/../../backtrace/src/backtrace/mod.rs:66:5
[INFO] [stdout]    2:     0x562809fda3c0 - std::sys_common::backtrace::_print_fmt::h3a99a796b770c360
[INFO] [stdout]                                at /rustc/a178d0322ce20e33eac124758e837cbd80a6f633/library/std/src/sys_common/backtrace.rs:67:5
[INFO] [stdout]    3:     0x562809fda3c0 - <std::sys_common::backtrace::_print::DisplayBacktrace as core::fmt::Display>::fmt::h32d1f94a80615d18
[INFO] [stdout]                                at /rustc/a178d0322ce20e33eac124758e837cbd80a6f633/library/std/src/sys_common/backtrace.rs:46:22
[INFO] [stdout]    4:     0x562809fff2dc - core::fmt::write::h306731c068f7162c
[INFO] [stdout]                                at /rustc/a178d0322ce20e33eac124758e837cbd80a6f633/library/core/src/fmt/mod.rs:1110:17
[INFO] [stdout]    5:     0x562809fd6985 - std::io::Write::write_fmt::h87f19b0a2cd190bc
[INFO] [stdout]                                at /rustc/a178d0322ce20e33eac124758e837cbd80a6f633/library/std/src/io/mod.rs:1588:15
[INFO] [stdout]    6:     0x562809fdc55b - std::sys_common::backtrace::_print::h5abaa2601a852287
[INFO] [stdout]                                at /rustc/a178d0322ce20e33eac124758e837cbd80a6f633/library/std/src/sys_common/backtrace.rs:49:5
[INFO] [stdout]    7:     0x562809fdc55b - std::sys_common::backtrace::print::h8d81445442bb638f
[INFO] [stdout]                                at /rustc/a178d0322ce20e33eac124758e837cbd80a6f633/library/std/src/sys_common/backtrace.rs:36:9
[INFO] [stdout]    8:     0x562809fdc55b - std::panicking::default_hook::{{closure}}::hcfe804496a9fa747
[INFO] [stdout]                                at /rustc/a178d0322ce20e33eac124758e837cbd80a6f633/library/std/src/panicking.rs:208:50
[INFO] [stdout]    9:     0x562809fdc06c - std::panicking::default_hook::hbea8e3ccf2ba8901
[INFO] [stdout]                                at /rustc/a178d0322ce20e33eac124758e837cbd80a6f633/library/std/src/panicking.rs:222:9
[INFO] [stdout]   10:     0x562809fdcc24 - std::panicking::rust_panic_with_hook::h7ee9e1a2d0f8975a
[INFO] [stdout]                                at /rustc/a178d0322ce20e33eac124758e837cbd80a6f633/library/std/src/panicking.rs:622:17
[INFO] [stdout]   11:     0x562809fdc707 - std::panicking::begin_panic_handler::{{closure}}::h8ab3b4491718b2c7
[INFO] [stdout]                                at /rustc/a178d0322ce20e33eac124758e837cbd80a6f633/library/std/src/panicking.rs:519:13
[INFO] [stdout]   12:     0x562809fda8bc - std::sys_common::backtrace::__rust_end_short_backtrace::hd489062ffa586a9f
[INFO] [stdout]                                at /rustc/a178d0322ce20e33eac124758e837cbd80a6f633/library/std/src/sys_common/backtrace.rs:141:18
[INFO] [stdout]   13:     0x562809fdc669 - rust_begin_unwind
[INFO] [stdout]                                at /rustc/a178d0322ce20e33eac124758e837cbd80a6f633/library/std/src/panicking.rs:515:5
[INFO] [stdout]   14:     0x562809d88e71 - core::panicking::panic_fmt::hca6330e3e14086b4
[INFO] [stdout]                                at /rustc/a178d0322ce20e33eac124758e837cbd80a6f633/library/core/src/panicking.rs:92:14
[INFO] [stdout]   15:     0x562809d88f63 - core::result::unwrap_failed::h6160d2b4bfbb0e87
[INFO] [stdout]                                at /rustc/a178d0322ce20e33eac124758e837cbd80a6f633/library/core/src/result.rs:1355:5
[INFO] [stdout]   16:     0x562809e26959 - core::result::Result<T,E>::unwrap::hb23afb40e8dbbe74
[INFO] [stdout]                                at /rustc/a178d0322ce20e33eac124758e837cbd80a6f633/library/core/src/result.rs:1037:23
[INFO] [stdout]   17:     0x562809e10f2f - squawk_parser::parse::tests::test_create_procedure_stmt::he5e49d4ca3c40643
[INFO] [stdout]                                at /opt/rustwide/workdir/src/parse.rs:481:9
[INFO] [stdout]   18:     0x562809e10cca - squawk_parser::parse::tests::test_create_procedure_stmt::{{closure}}::h39898b591f4d717e
[INFO] [stdout]                                at /opt/rustwide/workdir/src/parse.rs:469:5
[INFO] [stdout]   19:     0x562809e0174e - core::ops::function::FnOnce::call_once::hc2c68015e0516d17
[INFO] [stdout]                                at /rustc/a178d0322ce20e33eac124758e837cbd80a6f633/library/core/src/ops/function.rs:227:5
[INFO] [stdout]   20:     0x562809e5b1e3 - core::ops::function::FnOnce::call_once::h152e7e439ff59e19
[INFO] [stdout]                                at /rustc/a178d0322ce20e33eac124758e837cbd80a6f633/library/core/src/ops/function.rs:227:5
[INFO] [stdout]   21:     0x562809e5b1e3 - test::__rust_begin_short_backtrace::h0908f3b1fdbb72ab
[INFO] [stdout]                                at /rustc/a178d0322ce20e33eac124758e837cbd80a6f633/library/test/src/lib.rs:577:5
[INFO] [stdout]   22:     0x562809e59ca0 - <alloc::boxed::Box<F,A> as core::ops::function::FnOnce<Args>>::call_once::hf6d2a51e5587546c
[INFO] [stdout]                                at /rustc/a178d0322ce20e33eac124758e837cbd80a6f633/library/alloc/src/boxed.rs:1575:9
[INFO] [stdout]   23:     0x562809e59ca0 - <std::panic::AssertUnwindSafe<F> as core::ops::function::FnOnce<()>>::call_once::h8af660f3a89ef593
[INFO] [stdout]                                at /rustc/a178d0322ce20e33eac124758e837cbd80a6f633/library/std/src/panic.rs:347:9
[INFO] [stdout]   24:     0x562809e59ca0 - std::panicking::try::do_call::hd36aef60f84b6d36
[INFO] [stdout]                                at /rustc/a178d0322ce20e33eac124758e837cbd80a6f633/library/std/src/panicking.rs:401:40
[INFO] [stdout]   25:     0x562809e59ca0 - std::panicking::try::h9932b4480e69817c
[INFO] [stdout]                                at /rustc/a178d0322ce20e33eac124758e837cbd80a6f633/library/std/src/panicking.rs:365:19
[INFO] [stdout]   26:     0x562809e59ca0 - std::panic::catch_unwind::h6aa177099cfff5f8
[INFO] [stdout]                                at /rustc/a178d0322ce20e33eac124758e837cbd80a6f633/library/std/src/panic.rs:434:14
[INFO] [stdout]   27:     0x562809e59ca0 - test::run_test_in_process::h5884d6f2d99e20c3
[INFO] [stdout]                                at /rustc/a178d0322ce20e33eac124758e837cbd80a6f633/library/test/src/lib.rs:600:18
[INFO] [stdout]   28:     0x562809e59ca0 - test::run_test::run_test_inner::{{closure}}::h6fdc58c6d5f5b6e3
[INFO] [stdout]                                at /rustc/a178d0322ce20e33eac124758e837cbd80a6f633/library/test/src/lib.rs:492:39
[INFO] [stdout]   29:     0x562809e33352 - test::run_test::run_test_inner::{{closure}}::h408365d67a78ade8
[INFO] [stdout]                                at /rustc/a178d0322ce20e33eac124758e837cbd80a6f633/library/test/src/lib.rs:519:37
[INFO] [stdout]   30:     0x562809e33352 - std::sys_common::backtrace::__rust_begin_short_backtrace::hb560b77c4f701523
[INFO] [stdout]                                at /rustc/a178d0322ce20e33eac124758e837cbd80a6f633/library/std/src/sys_common/backtrace.rs:125:18
[INFO] [stdout]   31:     0x562809e36f08 - std::thread::Builder::spawn_unchecked::{{closure}}::{{closure}}::hf2e7831dad93c597
[INFO] [stdout]                                at /rustc/a178d0322ce20e33eac124758e837cbd80a6f633/library/std/src/thread/mod.rs:481:17
[INFO] [stdout]   32:     0x562809e36f08 - <std::panic::AssertUnwindSafe<F> as core::ops::function::FnOnce<()>>::call_once::hd2e08783d8be4d02
[INFO] [stdout]                                at /rustc/a178d0322ce20e33eac124758e837cbd80a6f633/library/std/src/panic.rs:347:9
[INFO] [stdout]   33:     0x562809e36f08 - std::panicking::try::do_call::h062597b7acfd6b82
[INFO] [stdout]                                at /rustc/a178d0322ce20e33eac124758e837cbd80a6f633/library/std/src/panicking.rs:401:40
[INFO] [stdout]   34:     0x562809e36f08 - std::panicking::try::h0d7b79db04c14552
[INFO] [stdout]                                at /rustc/a178d0322ce20e33eac124758e837cbd80a6f633/library/std/src/panicking.rs:365:19
[INFO] [stdout]   35:     0x562809e36f08 - std::panic::catch_unwind::hb01a0b5e7c8cd43b
[INFO] [stdout]                                at /rustc/a178d0322ce20e33eac124758e837cbd80a6f633/library/std/src/panic.rs:434:14
[INFO] [stdout]   36:     0x562809e36f08 - std::thread::Builder::spawn_unchecked::{{closure}}::h5bde48cc887e0d1e
[INFO] [stdout]                                at /rustc/a178d0322ce20e33eac124758e837cbd80a6f633/library/std/src/thread/mod.rs:480:30
[INFO] [stdout]   37:     0x562809e36f08 - core::ops::function::FnOnce::call_once{{vtable.shim}}::h745ea30807a29e55
[INFO] [stdout]                                at /rustc/a178d0322ce20e33eac124758e837cbd80a6f633/library/core/src/ops/function.rs:227:5
[INFO] [stdout]   38:     0x562809fe1e77 - <alloc::boxed::Box<F,A> as core::ops::function::FnOnce<Args>>::call_once::h7ece6cfefaff1005
[INFO] [stdout]                                at /rustc/a178d0322ce20e33eac124758e837cbd80a6f633/library/alloc/src/boxed.rs:1575:9
[INFO] [stdout]   39:     0x562809fe1e77 - <alloc::boxed::Box<F,A> as core::ops::function::FnOnce<Args>>::call_once::hb8b48e55c21f193e
[INFO] [stdout]                                at /rustc/a178d0322ce20e33eac124758e837cbd80a6f633/library/alloc/src/boxed.rs:1575:9
[INFO] [stdout]   40:     0x562809fe1e77 - std::sys::unix::thread::Thread::new::thread_start::h8c7c4450dba62914
[INFO] [stdout]                                at /rustc/a178d0322ce20e33eac124758e837cbd80a6f633/library/std/src/sys/unix/thread.rs:71:17
[INFO] [stdout]   41:     0x7f9cf0f5e609 - start_thread
[INFO] [stdout]   42:     0x7f9cf10b5293 - clone
[INFO] [stdout]   43:                0x0 - <unknown>
[INFO] [stdout] 
[INFO] [stdout] 
[INFO] [stdout] failures:
[INFO] [stdout]     parse::tests::test_create_procedure_stmt
[INFO] [stdout]     parse::tests::test_do_stmt
[INFO] [stdout]     parse::tests::test_error_paths
[INFO] [stdout] 
[INFO] [stdout] test result: FAILED. 108 passed; 3 failed; 0 ignored; 0 measured; 0 filtered out; finished in 1.01s
[INFO] [stdout] 
[INFO] [stderr] error: test failed, to rerun pass '--lib'
[INFO] running `Command { std: "docker" "inspect" "7296567e28dc38be6b999ee07793ccb4c4d85f7e28aa5c1feecf37627c89ddda", kill_on_drop: false }`
[INFO] running `Command { std: "docker" "rm" "-f" "7296567e28dc38be6b999ee07793ccb4c4d85f7e28aa5c1feecf37627c89ddda", kill_on_drop: false }`
[INFO] [stdout] 7296567e28dc38be6b999ee07793ccb4c4d85f7e28aa5c1feecf37627c89ddda
