[INFO] fetching crate sqlite3builder 0.3.0...
[INFO] testing sqlite3builder-0.3.0 against 1.54.0 for beta-1.55-1
[INFO] extracting crate sqlite3builder 0.3.0 into /workspace/builds/worker-42/source
[INFO] validating manifest of crates.io crate sqlite3builder 0.3.0 on toolchain 1.54.0
[INFO] running `Command { std: "/workspace/cargo-home/bin/cargo" "+1.54.0" "metadata" "--manifest-path" "Cargo.toml" "--no-deps", kill_on_drop: false }`
[INFO] started tweaking crates.io crate sqlite3builder 0.3.0
[INFO] finished tweaking crates.io crate sqlite3builder 0.3.0
[INFO] tweaked toml for crates.io crate sqlite3builder 0.3.0 written to /workspace/builds/worker-42/source/Cargo.toml
[INFO] running `Command { std: "/workspace/cargo-home/bin/cargo" "+1.54.0" "generate-lockfile" "--manifest-path" "Cargo.toml" "-Zno-index-update", kill_on_drop: false }`
[INFO] [stderr]     Blocking waiting for file lock on package cache
[INFO] running `Command { std: "/workspace/cargo-home/bin/cargo" "+1.54.0" "fetch" "--manifest-path" "Cargo.toml", kill_on_drop: false }`
[INFO] [stderr]     Blocking waiting for file lock on package cache
[INFO] [stderr]     Blocking waiting for file lock on package cache
[INFO] running `Command { std: "docker" "create" "-v" "/var/lib/crater-agent-workspace/builds/worker-42/target:/opt/rustwide/target:rw,Z" "-v" "/var/lib/crater-agent-workspace/builds/worker-42/source:/opt/rustwide/workdir:ro,Z" "-v" "/var/lib/crater-agent-workspace/cargo-home:/opt/rustwide/cargo-home:ro,Z" "-v" "/var/lib/crater-agent-workspace/rustup-home:/opt/rustwide/rustup-home:ro,Z" "-e" "SOURCE_DIR=/opt/rustwide/workdir" "-e" "CARGO_TARGET_DIR=/opt/rustwide/target" "-e" "CARGO_HOME=/opt/rustwide/cargo-home" "-e" "RUSTUP_HOME=/opt/rustwide/rustup-home" "-w" "/opt/rustwide/workdir" "-m" "1610612736" "--user" "0:0" "--network" "none" "ghcr.io/rust-lang/crates-build-env/linux@sha256:34b6a614d2c27851fe6cbf88fbd1137609cefab8b10d0615aaeb6fd47975d74e" "/opt/rustwide/cargo-home/bin/cargo" "+1.54.0" "metadata" "--no-deps" "--format-version=1", kill_on_drop: false }`
[INFO] [stdout] 86175eaeca86e113c7ac62864f1f4a966356d3f584b19fe5589b57f5e0fd11e3
[INFO] running `Command { std: "docker" "start" "-a" "86175eaeca86e113c7ac62864f1f4a966356d3f584b19fe5589b57f5e0fd11e3", kill_on_drop: false }`
[INFO] running `Command { std: "docker" "inspect" "86175eaeca86e113c7ac62864f1f4a966356d3f584b19fe5589b57f5e0fd11e3", kill_on_drop: false }`
[INFO] running `Command { std: "docker" "rm" "-f" "86175eaeca86e113c7ac62864f1f4a966356d3f584b19fe5589b57f5e0fd11e3", kill_on_drop: false }`
[INFO] [stdout] 86175eaeca86e113c7ac62864f1f4a966356d3f584b19fe5589b57f5e0fd11e3
[INFO] running `Command { std: "docker" "create" "-v" "/var/lib/crater-agent-workspace/builds/worker-42/target:/opt/rustwide/target:rw,Z" "-v" "/var/lib/crater-agent-workspace/builds/worker-42/source:/opt/rustwide/workdir:ro,Z" "-v" "/var/lib/crater-agent-workspace/cargo-home:/opt/rustwide/cargo-home:ro,Z" "-v" "/var/lib/crater-agent-workspace/rustup-home:/opt/rustwide/rustup-home:ro,Z" "-e" "SOURCE_DIR=/opt/rustwide/workdir" "-e" "CARGO_TARGET_DIR=/opt/rustwide/target" "-e" "CARGO_INCREMENTAL=0" "-e" "RUST_BACKTRACE=full" "-e" "RUSTFLAGS=--cap-lints=warn" "-e" "CARGO_HOME=/opt/rustwide/cargo-home" "-e" "RUSTUP_HOME=/opt/rustwide/rustup-home" "-w" "/opt/rustwide/workdir" "-m" "1610612736" "--user" "0:0" "--network" "none" "ghcr.io/rust-lang/crates-build-env/linux@sha256:34b6a614d2c27851fe6cbf88fbd1137609cefab8b10d0615aaeb6fd47975d74e" "/opt/rustwide/cargo-home/bin/cargo" "+1.54.0" "build" "--frozen" "--message-format=json", kill_on_drop: false }`
[INFO] [stdout] 2ea41d1600ae807dc48a319d0b1f9acfba6ceb642523b9b4f9bf8694675f4038
[INFO] running `Command { std: "docker" "start" "-a" "2ea41d1600ae807dc48a319d0b1f9acfba6ceb642523b9b4f9bf8694675f4038", kill_on_drop: false }`
[INFO] [stderr]     Blocking waiting for file lock on package cache
[INFO] [stderr]    Compiling libc v0.2.98
[INFO] [stderr]    Compiling cfg-if v1.0.0
[INFO] [stderr]    Compiling pkg-config v0.3.19
[INFO] [stderr]    Compiling cc v1.0.69
[INFO] [stderr]    Compiling scopeguard v1.1.0
[INFO] [stderr]    Compiling smallvec v1.6.1
[INFO] [stderr]    Compiling log v0.4.14
[INFO] [stderr]    Compiling ryu v1.0.5
[INFO] [stderr]    Compiling serde v1.0.127
[INFO] [stderr]    Compiling serde_json v1.0.66
[INFO] [stderr]    Compiling itoa v0.4.7
[INFO] [stderr]    Compiling sql-builder v0.8.1
[INFO] [stderr]    Compiling instant v0.1.10
[INFO] [stderr]    Compiling lock_api v0.4.4
[INFO] [stderr]    Compiling sqlite3-src v0.2.12
[INFO] [stderr]    Compiling parking_lot_core v0.8.3
[INFO] [stderr]    Compiling sqlite3-sys v0.12.0
[INFO] [stderr]    Compiling parking_lot v0.11.1
[INFO] [stderr]    Compiling sqlite3 v0.24.0
[INFO] [stderr]    Compiling scheduled-thread-pool v0.2.5
[INFO] [stderr]    Compiling r2d2 v0.8.9
[INFO] [stderr]    Compiling r2d2-sqlite3 v0.1.1
[INFO] [stderr]    Compiling sqlite3builder v0.3.0 (/opt/rustwide/workdir)
[INFO] [stderr]     Finished dev [unoptimized + debuginfo] target(s) in 18.55s
[INFO] running `Command { std: "docker" "inspect" "2ea41d1600ae807dc48a319d0b1f9acfba6ceb642523b9b4f9bf8694675f4038", kill_on_drop: false }`
[INFO] running `Command { std: "docker" "rm" "-f" "2ea41d1600ae807dc48a319d0b1f9acfba6ceb642523b9b4f9bf8694675f4038", kill_on_drop: false }`
[INFO] [stdout] 2ea41d1600ae807dc48a319d0b1f9acfba6ceb642523b9b4f9bf8694675f4038
[INFO] running `Command { std: "docker" "create" "-v" "/var/lib/crater-agent-workspace/builds/worker-42/target:/opt/rustwide/target:rw,Z" "-v" "/var/lib/crater-agent-workspace/builds/worker-42/source:/opt/rustwide/workdir:ro,Z" "-v" "/var/lib/crater-agent-workspace/cargo-home:/opt/rustwide/cargo-home:ro,Z" "-v" "/var/lib/crater-agent-workspace/rustup-home:/opt/rustwide/rustup-home:ro,Z" "-e" "SOURCE_DIR=/opt/rustwide/workdir" "-e" "CARGO_TARGET_DIR=/opt/rustwide/target" "-e" "CARGO_INCREMENTAL=0" "-e" "RUST_BACKTRACE=full" "-e" "RUSTFLAGS=--cap-lints=warn" "-e" "CARGO_HOME=/opt/rustwide/cargo-home" "-e" "RUSTUP_HOME=/opt/rustwide/rustup-home" "-w" "/opt/rustwide/workdir" "-m" "1610612736" "--user" "0:0" "--network" "none" "ghcr.io/rust-lang/crates-build-env/linux@sha256:34b6a614d2c27851fe6cbf88fbd1137609cefab8b10d0615aaeb6fd47975d74e" "/opt/rustwide/cargo-home/bin/cargo" "+1.54.0" "test" "--frozen" "--no-run" "--message-format=json", kill_on_drop: false }`
[INFO] [stdout] 72771cab6e82f8c6955cd946131e4d104d2a0f51e73ebea5cef881b8f36a2e36
[INFO] running `Command { std: "docker" "start" "-a" "72771cab6e82f8c6955cd946131e4d104d2a0f51e73ebea5cef881b8f36a2e36", kill_on_drop: false }`
[INFO] [stderr]    Compiling sqlite3builder v0.3.0 (/opt/rustwide/workdir)
[INFO] [stderr]     Finished test [unoptimized + debuginfo] target(s) in 1.29s
[INFO] running `Command { std: "docker" "inspect" "72771cab6e82f8c6955cd946131e4d104d2a0f51e73ebea5cef881b8f36a2e36", kill_on_drop: false }`
[INFO] running `Command { std: "docker" "rm" "-f" "72771cab6e82f8c6955cd946131e4d104d2a0f51e73ebea5cef881b8f36a2e36", kill_on_drop: false }`
[INFO] [stdout] 72771cab6e82f8c6955cd946131e4d104d2a0f51e73ebea5cef881b8f36a2e36
[INFO] running `Command { std: "docker" "create" "-v" "/var/lib/crater-agent-workspace/builds/worker-42/target:/opt/rustwide/target:rw,Z" "-v" "/var/lib/crater-agent-workspace/builds/worker-42/source:/opt/rustwide/workdir:ro,Z" "-v" "/var/lib/crater-agent-workspace/cargo-home:/opt/rustwide/cargo-home:ro,Z" "-v" "/var/lib/crater-agent-workspace/rustup-home:/opt/rustwide/rustup-home:ro,Z" "-e" "SOURCE_DIR=/opt/rustwide/workdir" "-e" "CARGO_TARGET_DIR=/opt/rustwide/target" "-e" "CARGO_INCREMENTAL=0" "-e" "RUST_BACKTRACE=full" "-e" "RUSTFLAGS=--cap-lints=warn" "-e" "CARGO_HOME=/opt/rustwide/cargo-home" "-e" "RUSTUP_HOME=/opt/rustwide/rustup-home" "-w" "/opt/rustwide/workdir" "-m" "1610612736" "--user" "0:0" "--network" "none" "ghcr.io/rust-lang/crates-build-env/linux@sha256:34b6a614d2c27851fe6cbf88fbd1137609cefab8b10d0615aaeb6fd47975d74e" "/opt/rustwide/cargo-home/bin/cargo" "+1.54.0" "test" "--frozen", kill_on_drop: false }`
[INFO] [stdout] 6bc2a1d1319b97be4eb90c1da6b764dfc99bde05eb7161c6c94567ae5fa1d845
[INFO] running `Command { std: "docker" "start" "-a" "6bc2a1d1319b97be4eb90c1da6b764dfc99bde05eb7161c6c94567ae5fa1d845", kill_on_drop: false }`
[INFO] [stderr]     Finished test [unoptimized + debuginfo] target(s) in 0.05s
[INFO] [stderr]      Running unittests (/opt/rustwide/target/debug/deps/sqlite3builder-6ee02b41614aebff)
[INFO] [stdout] 
[INFO] [stdout] running 26 tests
[INFO] [stderr]    Doc-tests sqlite3builder
[INFO] [stdout] test tests::test_add_books_from_warehouse ... ok
[INFO] [stdout] test tests::test_add_new_books ... ok
[INFO] [stdout] test tests::test_esc ... ok
[INFO] [stdout] test tests::test_find_cheap_or_harry_potter ... ok
[INFO] [stdout] test tests::test_group_books_by_price ... ok
[INFO] [stdout] test tests::test_count_books_in_shops ... ok
[INFO] [stdout] test tests::test_group_books_by_price_category ... ok
[INFO] [stdout] test tests::test_books_without_price ... ok
[INFO] [stdout] test tests::test_mark_as_not_distr ... ok
[INFO] [stdout] test tests::test_grow_price ... ok
[INFO] [stdout] test tests::test_order_harry_potter_by_price ... ok
[INFO] [stdout] test tests::test_quote ... ok
[INFO] [stdout] test tests::test_remove_all_expensive_books ... ok
[INFO] [stdout] test tests::test_select_all_books ... ok
[INFO] [stdout] test tests::test_select_expensive_books ... ok
[INFO] [stdout] test tests::test_find_books_not_about_alice ... ok
[INFO] [stdout] test tests::test_select_expensive_harry_potter ... ok
[INFO] [stdout] test tests::test_select_first_3_harry_potter_books ... ok
[INFO] [stdout] test tests::test_select_only_values ... ok
[INFO] [stdout] test tests::test_select_price_for_harry_potter_and_phil_stone ... ok
[INFO] [stdout] test tests::test_select_harry_potter_from_second_book ... ok
[INFO] [stdout] test tests::test_select_price_not_for_harry_potter_and_phil_stone ... ok
[INFO] [stdout] test tests::test_select_title_and_price ... ok
[INFO] [stdout] test tests::test_sold_all_harry_potter ... ok
[INFO] [stdout] test tests::test_select_strange_books ... ok
[INFO] [stdout] test tests::test_show_all_prices ... ok
[INFO] [stdout] 
[INFO] [stdout] test result: ok. 26 passed; 0 failed; 0 ignored; 0 measured; 0 filtered out; finished in 0.01s
[INFO] [stdout] 
[INFO] [stdout] 
[INFO] [stdout] running 74 tests
[INFO] [stdout] test src/lib.rs - Sqlite3Builder::subquery (line 2005) ... FAILED
[INFO] [stdout] test src/lib.rs - Sqlite3Builder::or_where_not_like_right (line 1638) ... FAILED
[INFO] [stdout] test src/lib.rs - Sqlite3Builder::order_by (line 1848) ... FAILED
[INFO] [stdout] test src/lib.rs - Sqlite3Builder::or_where_not_like_left (line 1668) ... FAILED
[INFO] [stdout] test src/lib.rs - Sqlite3Builder::set_fields (line 487) ... FAILED
[INFO] [stdout] test src/lib.rs - Sqlite3Builder::fields (line 463) ... FAILED
[INFO] [stdout] test src/lib.rs - Sqlite3Builder::set_field (line 564) ... FAILED
[INFO] [stdout] test src/lib.rs - Sqlite3Builder::or_where_like_any (line 1578) ... FAILED
[INFO] [stdout] test src/lib.rs - Sqlite3Builder::or_where_like_left (line 1548) ... FAILED
[INFO] [stdout] test src/lib.rs - Sqlite3Builder::order_asc (line 1875) ... FAILED
[INFO] [stderr] error: test failed, to rerun pass '--doc'
[INFO] [stderr] 
[INFO] [stderr] Caused by:
[INFO] [stderr]   process didn't exit successfully: `rustdoc --edition=2018 --crate-type lib --crate-name sqlite3builder --test /opt/rustwide/workdir/src/lib.rs -L dependency=/opt/rustwide/target/debug/deps -L dependency=/opt/rustwide/target/debug/deps -L native=/usr/lib/x86_64-linux-gnu --extern log=/opt/rustwide/target/debug/deps/liblog-975203197fcf8dc1.rlib --extern r2d2=/opt/rustwide/target/debug/deps/libr2d2-4ad71bfbe4a6f510.rlib --extern r2d2_sqlite3=/opt/rustwide/target/debug/deps/libr2d2_sqlite3-64233eec9a3e66df.rlib --extern serde_json=/opt/rustwide/target/debug/deps/libserde_json-5da3fa9544a63ac7.rlib --extern sql_builder=/opt/rustwide/target/debug/deps/libsql_builder-cb01e15668b1ceb2.rlib --extern sqlite3=/opt/rustwide/target/debug/deps/libsqlite3-fa6a5015e9533d18.rlib --extern sqlite3builder=/opt/rustwide/target/debug/deps/libsqlite3builder-05c20828aca13a1b.rlib -C embed-bitcode=no --error-format human` (signal: 9, SIGKILL: kill)
[INFO] running `Command { std: "docker" "inspect" "6bc2a1d1319b97be4eb90c1da6b764dfc99bde05eb7161c6c94567ae5fa1d845", kill_on_drop: false }`
[INFO] running `Command { std: "docker" "rm" "-f" "6bc2a1d1319b97be4eb90c1da6b764dfc99bde05eb7161c6c94567ae5fa1d845", kill_on_drop: false }`
[INFO] [stdout] 6bc2a1d1319b97be4eb90c1da6b764dfc99bde05eb7161c6c94567ae5fa1d845
