[INFO] fetching crate sqlite-zstd 0.1.1...
[INFO] testing sqlite-zstd-0.1.1 against 1.54.0 for beta-1.55-1
[INFO] extracting crate sqlite-zstd 0.1.1 into /workspace/builds/worker-14/source
[INFO] validating manifest of crates.io crate sqlite-zstd 0.1.1 on toolchain 1.54.0
[INFO] running `Command { std: "/workspace/cargo-home/bin/cargo" "+1.54.0" "metadata" "--manifest-path" "Cargo.toml" "--no-deps", kill_on_drop: false }`
[INFO] started tweaking crates.io crate sqlite-zstd 0.1.1
[INFO] finished tweaking crates.io crate sqlite-zstd 0.1.1
[INFO] tweaked toml for crates.io crate sqlite-zstd 0.1.1 written to /workspace/builds/worker-14/source/Cargo.toml
[INFO] crate crates.io crate sqlite-zstd 0.1.1 already has a lockfile, it will not be regenerated
[INFO] running `Command { std: "/workspace/cargo-home/bin/cargo" "+1.54.0" "fetch" "--manifest-path" "Cargo.toml", kill_on_drop: false }`
[INFO] [stderr]     Blocking waiting for file lock on package cache
[INFO] [stderr]     Blocking waiting for file lock on package cache
[INFO] running `Command { std: "docker" "create" "-v" "/var/lib/crater-agent-workspace/builds/worker-14/target:/opt/rustwide/target:rw,Z" "-v" "/var/lib/crater-agent-workspace/builds/worker-14/source:/opt/rustwide/workdir:ro,Z" "-v" "/var/lib/crater-agent-workspace/cargo-home:/opt/rustwide/cargo-home:ro,Z" "-v" "/var/lib/crater-agent-workspace/rustup-home:/opt/rustwide/rustup-home:ro,Z" "-e" "SOURCE_DIR=/opt/rustwide/workdir" "-e" "CARGO_TARGET_DIR=/opt/rustwide/target" "-e" "CARGO_HOME=/opt/rustwide/cargo-home" "-e" "RUSTUP_HOME=/opt/rustwide/rustup-home" "-w" "/opt/rustwide/workdir" "-m" "1610612736" "--user" "0:0" "--network" "none" "ghcr.io/rust-lang/crates-build-env/linux@sha256:34b6a614d2c27851fe6cbf88fbd1137609cefab8b10d0615aaeb6fd47975d74e" "/opt/rustwide/cargo-home/bin/cargo" "+1.54.0" "metadata" "--no-deps" "--format-version=1", kill_on_drop: false }`
[INFO] [stdout] 5f893c3a99d4c1fda5cde5de66cb1db4452de5c9d447d089b796ac9a9e3e7363
[INFO] running `Command { std: "docker" "start" "-a" "5f893c3a99d4c1fda5cde5de66cb1db4452de5c9d447d089b796ac9a9e3e7363", kill_on_drop: false }`
[INFO] running `Command { std: "docker" "inspect" "5f893c3a99d4c1fda5cde5de66cb1db4452de5c9d447d089b796ac9a9e3e7363", kill_on_drop: false }`
[INFO] running `Command { std: "docker" "rm" "-f" "5f893c3a99d4c1fda5cde5de66cb1db4452de5c9d447d089b796ac9a9e3e7363", kill_on_drop: false }`
[INFO] [stdout] 5f893c3a99d4c1fda5cde5de66cb1db4452de5c9d447d089b796ac9a9e3e7363
[INFO] running `Command { std: "docker" "create" "-v" "/var/lib/crater-agent-workspace/builds/worker-14/target:/opt/rustwide/target:rw,Z" "-v" "/var/lib/crater-agent-workspace/builds/worker-14/source:/opt/rustwide/workdir:ro,Z" "-v" "/var/lib/crater-agent-workspace/cargo-home:/opt/rustwide/cargo-home:ro,Z" "-v" "/var/lib/crater-agent-workspace/rustup-home:/opt/rustwide/rustup-home:ro,Z" "-e" "SOURCE_DIR=/opt/rustwide/workdir" "-e" "CARGO_TARGET_DIR=/opt/rustwide/target" "-e" "CARGO_INCREMENTAL=0" "-e" "RUST_BACKTRACE=full" "-e" "RUSTFLAGS=--cap-lints=warn" "-e" "CARGO_HOME=/opt/rustwide/cargo-home" "-e" "RUSTUP_HOME=/opt/rustwide/rustup-home" "-w" "/opt/rustwide/workdir" "-m" "1610612736" "--user" "0:0" "--network" "none" "ghcr.io/rust-lang/crates-build-env/linux@sha256:34b6a614d2c27851fe6cbf88fbd1137609cefab8b10d0615aaeb6fd47975d74e" "/opt/rustwide/cargo-home/bin/cargo" "+1.54.0" "build" "--frozen" "--message-format=json", kill_on_drop: false }`
[INFO] [stdout] 5c667c10ae5318a575ca282094dd0a83183d5ad202a924b4370df046787a7aad
[INFO] running `Command { std: "docker" "start" "-a" "5c667c10ae5318a575ca282094dd0a83183d5ad202a924b4370df046787a7aad", kill_on_drop: false }`
[INFO] [stderr]    Compiling libc v0.2.82
[INFO] [stderr]    Compiling proc-macro2 v1.0.24
[INFO] [stderr]    Compiling either v1.6.1
[INFO] [stderr]    Compiling memchr v2.3.4
[INFO] [stderr]    Compiling glob v0.3.0
[INFO] [stderr]    Compiling unicode-xid v0.2.1
[INFO] [stderr]    Compiling getrandom v0.2.2
[INFO] [stderr]    Compiling syn v1.0.60
[INFO] [stderr]    Compiling serde_derive v1.0.122
[INFO] [stderr]    Compiling pkg-config v0.3.19
[INFO] [stderr]    Compiling bitflags v1.2.1
[INFO] [stderr]    Compiling serde v1.0.122
[INFO] [stderr]    Compiling zstd-safe v3.0.0+zstd.1.4.8
[INFO] [stderr]    Compiling once_cell v1.5.2
[INFO] [stderr]    Compiling ryu v1.0.5
[INFO] [stderr]    Compiling log v0.4.13
[INFO] [stderr]    Compiling ahash v0.4.7
[INFO] [stderr]    Compiling regex-syntax v0.6.22
[INFO] [stderr]    Compiling ppv-lite86 v0.2.10
[INFO] [stderr]    Compiling anyhow v1.0.38
[INFO] [stderr]    Compiling serde_json v1.0.61
[INFO] [stderr]    Compiling cfg-if v0.1.10
[INFO] [stderr]    Compiling lazy_static v1.4.0
[INFO] [stderr]    Compiling fallible-streaming-iterator v0.1.9
[INFO] [stderr]    Compiling humantime v2.1.0
[INFO] [stderr]    Compiling termcolor v1.1.2
[INFO] [stderr]    Compiling smallvec v1.6.1
[INFO] [stderr]    Compiling itoa v0.4.7
[INFO] [stderr]    Compiling fallible-iterator v0.2.0
[INFO] [stderr]    Compiling stable_deref_trait v1.2.0
[INFO] [stderr]    Compiling lru_time_cache v0.11.5
[INFO] [stderr]    Compiling itertools v0.9.0
[INFO] [stderr]    Compiling owning_ref v0.4.1
[INFO] [stderr]    Compiling thread_local v1.1.2
[INFO] [stderr]    Compiling hashbrown v0.9.1
[INFO] [stderr]    Compiling aho-corasick v0.7.15
[INFO] [stderr]    Compiling hashlink v0.6.0
[INFO] [stderr]    Compiling quote v1.0.8
[INFO] [stderr]    Compiling jobserver v0.1.21
[INFO] [stderr]    Compiling atty v0.2.14
[INFO] [stderr]    Compiling cc v1.0.66
[INFO] [stderr]    Compiling rand_core v0.6.1
[INFO] [stderr]    Compiling rand_chacha v0.3.0
[INFO] [stderr]    Compiling regex v1.4.3
[INFO] [stderr]    Compiling rand v0.8.2
[INFO] [stderr]    Compiling zstd-sys v1.4.19+zstd.1.4.8
[INFO] [stderr]    Compiling libsqlite3-sys-le v0.21.0
[INFO] [stderr]    Compiling env_logger v0.8.2
[INFO] [stderr]    Compiling rusqlite-le v0.24.2
[INFO] [stderr]    Compiling zstd v0.6.0+zstd.1.4.8
[INFO] [stderr]    Compiling sqlite-zstd v0.1.1 (/opt/rustwide/workdir)
[INFO] [stderr]     Finished dev [unoptimized + debuginfo] target(s) in 45.23s
[INFO] running `Command { std: "docker" "inspect" "5c667c10ae5318a575ca282094dd0a83183d5ad202a924b4370df046787a7aad", kill_on_drop: false }`
[INFO] running `Command { std: "docker" "rm" "-f" "5c667c10ae5318a575ca282094dd0a83183d5ad202a924b4370df046787a7aad", kill_on_drop: false }`
[INFO] [stdout] 5c667c10ae5318a575ca282094dd0a83183d5ad202a924b4370df046787a7aad
[INFO] running `Command { std: "docker" "create" "-v" "/var/lib/crater-agent-workspace/builds/worker-14/target:/opt/rustwide/target:rw,Z" "-v" "/var/lib/crater-agent-workspace/builds/worker-14/source:/opt/rustwide/workdir:ro,Z" "-v" "/var/lib/crater-agent-workspace/cargo-home:/opt/rustwide/cargo-home:ro,Z" "-v" "/var/lib/crater-agent-workspace/rustup-home:/opt/rustwide/rustup-home:ro,Z" "-e" "SOURCE_DIR=/opt/rustwide/workdir" "-e" "CARGO_TARGET_DIR=/opt/rustwide/target" "-e" "CARGO_INCREMENTAL=0" "-e" "RUST_BACKTRACE=full" "-e" "RUSTFLAGS=--cap-lints=warn" "-e" "CARGO_HOME=/opt/rustwide/cargo-home" "-e" "RUSTUP_HOME=/opt/rustwide/rustup-home" "-w" "/opt/rustwide/workdir" "-m" "1610612736" "--user" "0:0" "--network" "none" "ghcr.io/rust-lang/crates-build-env/linux@sha256:34b6a614d2c27851fe6cbf88fbd1137609cefab8b10d0615aaeb6fd47975d74e" "/opt/rustwide/cargo-home/bin/cargo" "+1.54.0" "test" "--frozen" "--no-run" "--message-format=json", kill_on_drop: false }`
[INFO] [stdout] 94fe8dbe7463fd21c0b670d180386e5f40a321e0fc479a6a01236c996d465afe
[INFO] running `Command { std: "docker" "start" "-a" "94fe8dbe7463fd21c0b670d180386e5f40a321e0fc479a6a01236c996d465afe", kill_on_drop: false }`
[INFO] [stderr]     Blocking waiting for file lock on package cache
[INFO] [stderr]    Compiling autocfg v1.0.1
[INFO] [stderr]    Compiling names v0.11.0
[INFO] [stderr]    Compiling difference v2.0.0
[INFO] [stderr]    Compiling ansi_term v0.11.0
[INFO] [stderr]    Compiling rand v0.4.6
[INFO] [stderr]    Compiling time v0.1.44
[INFO] [stderr]    Compiling pretty_assertions v0.6.1
[INFO] [stderr]    Compiling rand v0.3.23
[INFO] [stderr]    Compiling num-traits v0.2.14
[INFO] [stderr]    Compiling num-integer v0.1.44
[INFO] [stderr]    Compiling chrono v0.4.19
[INFO] [stderr]    Compiling sqlite-zstd v0.1.1 (/opt/rustwide/workdir)
[INFO] [stdout] warning: unused import: `rand::thread_rng`
[INFO] [stdout]   --> src/add_functions.rs:63:9
[INFO] [stdout]    |
[INFO] [stdout] 63 |     use rand::thread_rng;
[INFO] [stdout]    |         ^^^^^^^^^^^^^^^^
[INFO] [stdout]    |
[INFO] [stdout]    = note: `#[warn(unused_imports)]` on by default
[INFO] [stdout] 
[INFO] [stdout] 
[INFO] [stdout] warning: unused variable: `id`
[INFO] [stdout]    --> src/transparent.rs:836:32
[INFO] [stdout]     |
[INFO] [stdout] 836 |     fn insert(db: &Connection, id: i64, id2: i64) -> anyhow::Result<()> {
[INFO] [stdout]     |                                ^^ help: if this is intentional, prefix it with an underscore: `_id`
[INFO] [stdout]     |
[INFO] [stdout]     = note: `#[warn(unused_variables)]` on by default
[INFO] [stdout] 
[INFO] [stdout] 
[INFO] [stdout] warning: unused variable: `id2`
[INFO] [stdout]    --> src/transparent.rs:836:41
[INFO] [stdout]     |
[INFO] [stdout] 836 |     fn insert(db: &Connection, id: i64, id2: i64) -> anyhow::Result<()> {
[INFO] [stdout]     |                                         ^^^ help: if this is intentional, prefix it with an underscore: `_id2`
[INFO] [stdout] 
[INFO] [stdout] 
[INFO] [stdout] warning: unused variable: `updc`
[INFO] [stdout]    --> src/transparent.rs:845:13
[INFO] [stdout]     |
[INFO] [stdout] 845 | ...   let updc = db.execute("update events set data='fooooooooooooooooooooooooooooooooooooooooooooobar' where id = ?", params![id]).conte...
[INFO] [stdout]     |           ^^^^ help: if this is intentional, prefix it with an underscore: `_updc`
[INFO] [stdout] 
[INFO] [stdout] 
[INFO] [stdout] warning: unused variable: `id2`
[INFO] [stdout]    --> src/transparent.rs:844:50
[INFO] [stdout]     |
[INFO] [stdout] 844 |     fn update_comp_col(db: &Connection, id: i64, id2: i64) -> anyhow::Result<()> {
[INFO] [stdout]     |                                                  ^^^ help: if this is intentional, prefix it with an underscore: `_id2`
[INFO] [stdout] 
[INFO] [stdout] 
[INFO] [stdout] warning: unused variable: `updc`
[INFO] [stdout]    --> src/transparent.rs:852:13
[INFO] [stdout]     |
[INFO] [stdout] 852 |         let updc = db
[INFO] [stdout]     |             ^^^^ help: if this is intentional, prefix it with an underscore: `_updc`
[INFO] [stdout] 
[INFO] [stdout] 
[INFO] [stdout] warning: unused variable: `id2`
[INFO] [stdout]    --> src/transparent.rs:851:51
[INFO] [stdout]     |
[INFO] [stdout] 851 |     fn update_other_col(db: &Connection, id: i64, id2: i64) -> anyhow::Result<()> {
[INFO] [stdout]     |                                                   ^^^ help: if this is intentional, prefix it with an underscore: `_id2`
[INFO] [stdout] 
[INFO] [stdout] 
[INFO] [stdout] warning: unused variable: `updc`
[INFO] [stdout]    --> src/transparent.rs:865:13
[INFO] [stdout]     |
[INFO] [stdout] 865 |         let updc = db
[INFO] [stdout]     |             ^^^^ help: if this is intentional, prefix it with an underscore: `_updc`
[INFO] [stdout] 
[INFO] [stdout] 
[INFO] [stdout] warning: unused variable: `updc`
[INFO] [stdout]    --> src/transparent.rs:878:13
[INFO] [stdout]     |
[INFO] [stdout] 878 | ...   let updc = db.execute("update events set timestamp = '2020-02-01', id=?, data='fooooooooooooooooooooooooooooooooooooooooooooobar' w...
[INFO] [stdout]     |           ^^^^ help: if this is intentional, prefix it with an underscore: `_updc`
[INFO] [stdout] 
[INFO] [stdout] 
[INFO] [stdout] warning: unused variable: `updc`
[INFO] [stdout]    --> src/transparent.rs:885:13
[INFO] [stdout]     |
[INFO] [stdout] 885 | ...   let updc = db.execute("update events set timestamp = '2020-02-01', data='fooooooooooooooooooooooooooooooooooooooooooooobar' where i...
[INFO] [stdout]     |           ^^^^ help: if this is intentional, prefix it with an underscore: `_updc`
[INFO] [stdout] 
[INFO] [stdout] 
[INFO] [stdout] warning: unused variable: `updc`
[INFO] [stdout]    --> src/transparent.rs:892:13
[INFO] [stdout]     |
[INFO] [stdout] 892 |         let updc = db
[INFO] [stdout]     |             ^^^^ help: if this is intentional, prefix it with an underscore: `_updc`
[INFO] [stdout] 
[INFO] [stdout] 
[INFO] [stdout] warning: unused variable: `updc`
[INFO] [stdout]    --> src/transparent.rs:900:13
[INFO] [stdout]     |
[INFO] [stdout] 900 |         let updc = db
[INFO] [stdout]     |             ^^^^ help: if this is intentional, prefix it with an underscore: `_updc`
[INFO] [stdout] 
[INFO] [stdout] 
[INFO] [stdout] warning: unused variable: `updc`
[INFO] [stdout]    --> src/transparent.rs:911:13
[INFO] [stdout]     |
[INFO] [stdout] 911 |         let updc = db
[INFO] [stdout]     |             ^^^^ help: if this is intentional, prefix it with an underscore: `_updc`
[INFO] [stdout] 
[INFO] [stdout] 
[INFO] [stdout] warning: unused variable: `id2`
[INFO] [stdout]    --> src/transparent.rs:910:45
[INFO] [stdout]     |
[INFO] [stdout] 910 |     fn delete_one(db: &Connection, id: i64, id2: i64) -> anyhow::Result<()> {
[INFO] [stdout]     |                                             ^^^ help: if this is intentional, prefix it with an underscore: `_id2`
[INFO] [stdout] 
[INFO] [stdout] 
[INFO] [stdout] warning: unused variable: `updc`
[INFO] [stdout]    --> src/transparent.rs:924:13
[INFO] [stdout]     |
[INFO] [stdout] 924 |         let updc = db
[INFO] [stdout]     |             ^^^^ help: if this is intentional, prefix it with an underscore: `_updc`
[INFO] [stdout] 
[INFO] [stdout] 
[INFO] [stdout] warning: unused variable: `id2`
[INFO] [stdout]    --> src/transparent.rs:918:53
[INFO] [stdout]     |
[INFO] [stdout] 918 |     fn delete_where_other(db: &Connection, id: i64, id2: i64) -> anyhow::Result<()> {
[INFO] [stdout]     |                                                     ^^^ help: if this is intentional, prefix it with an underscore: `_id2`
[INFO] [stdout] 
[INFO] [stdout] 
[INFO] [stdout] warning: unused variable: `i`
[INFO] [stdout]    --> src/transparent.rs:946:13
[INFO] [stdout]     |
[INFO] [stdout] 946 |         for i in 0..100 {
[INFO] [stdout]     |             ^ help: if this is intentional, prefix it with an underscore: `_i`
[INFO] [stdout] 
[INFO] [stdout] 
[INFO] [stdout] warning: static variable `app_names` should have an upper case name
[INFO] [stdout]   --> src/add_functions.rs:88:24
[INFO] [stdout]    |
[INFO] [stdout] 88 |             static ref app_names: Vec<String> = names::Generator::with_naming(names::Name::Plain)
[INFO] [stdout]    |                        ^^^^^^^^^ help: convert the identifier to upper case: `APP_NAMES`
[INFO] [stdout]    |
[INFO] [stdout]    = note: `#[warn(non_upper_case_globals)]` on by default
[INFO] [stdout] 
[INFO] [stdout] 
[INFO] [stdout] warning: static variable `app_types` should have an upper case name
[INFO] [stdout]   --> src/add_functions.rs:92:24
[INFO] [stdout]    |
[INFO] [stdout] 92 |             static ref app_types: Vec<String> = names::Generator::with_naming(names::Name::Plain)
[INFO] [stdout]    |                        ^^^^^^^^^ help: convert the identifier to upper case: `APP_TYPES`
[INFO] [stdout] 
[INFO] [stdout] 
[INFO] [stdout] warning: 19 warnings emitted
[INFO] [stdout] 
[INFO] [stdout] 
[INFO] [stderr]     Finished test [unoptimized + debuginfo] target(s) in 16.35s
[INFO] running `Command { std: "docker" "inspect" "94fe8dbe7463fd21c0b670d180386e5f40a321e0fc479a6a01236c996d465afe", kill_on_drop: false }`
[INFO] running `Command { std: "docker" "rm" "-f" "94fe8dbe7463fd21c0b670d180386e5f40a321e0fc479a6a01236c996d465afe", kill_on_drop: false }`
[INFO] [stdout] 94fe8dbe7463fd21c0b670d180386e5f40a321e0fc479a6a01236c996d465afe
[INFO] running `Command { std: "docker" "create" "-v" "/var/lib/crater-agent-workspace/builds/worker-14/target:/opt/rustwide/target:rw,Z" "-v" "/var/lib/crater-agent-workspace/builds/worker-14/source:/opt/rustwide/workdir:ro,Z" "-v" "/var/lib/crater-agent-workspace/cargo-home:/opt/rustwide/cargo-home:ro,Z" "-v" "/var/lib/crater-agent-workspace/rustup-home:/opt/rustwide/rustup-home:ro,Z" "-e" "SOURCE_DIR=/opt/rustwide/workdir" "-e" "CARGO_TARGET_DIR=/opt/rustwide/target" "-e" "CARGO_INCREMENTAL=0" "-e" "RUST_BACKTRACE=full" "-e" "RUSTFLAGS=--cap-lints=warn" "-e" "CARGO_HOME=/opt/rustwide/cargo-home" "-e" "RUSTUP_HOME=/opt/rustwide/rustup-home" "-w" "/opt/rustwide/workdir" "-m" "1610612736" "--user" "0:0" "--network" "none" "ghcr.io/rust-lang/crates-build-env/linux@sha256:34b6a614d2c27851fe6cbf88fbd1137609cefab8b10d0615aaeb6fd47975d74e" "/opt/rustwide/cargo-home/bin/cargo" "+1.54.0" "test" "--frozen", kill_on_drop: false }`
[INFO] [stdout] f30cc3f02e6422c7a7bf0864db3dc5a459f7ebe0c7b4a8f0c606b346045f6a0d
[INFO] running `Command { std: "docker" "start" "-a" "f30cc3f02e6422c7a7bf0864db3dc5a459f7ebe0c7b4a8f0c606b346045f6a0d", kill_on_drop: false }`
[INFO] [stderr]     Blocking waiting for file lock on package cache
[INFO] [stderr] warning: unused import: `rand::thread_rng`
[INFO] [stderr]   --> src/add_functions.rs:63:9
[INFO] [stderr]    |
[INFO] [stderr] 63 |     use rand::thread_rng;
[INFO] [stderr]    |         ^^^^^^^^^^^^^^^^
[INFO] [stderr]    |
[INFO] [stderr]    = note: `#[warn(unused_imports)]` on by default
[INFO] [stderr] 
[INFO] [stderr] warning: unused variable: `id`
[INFO] [stderr]    --> src/transparent.rs:836:32
[INFO] [stderr]     |
[INFO] [stderr] 836 |     fn insert(db: &Connection, id: i64, id2: i64) -> anyhow::Result<()> {
[INFO] [stderr]     |                                ^^ help: if this is intentional, prefix it with an underscore: `_id`
[INFO] [stderr]     |
[INFO] [stderr]     = note: `#[warn(unused_variables)]` on by default
[INFO] [stderr] 
[INFO] [stderr] warning: unused variable: `id2`
[INFO] [stderr]    --> src/transparent.rs:836:41
[INFO] [stderr]     |
[INFO] [stderr] 836 |     fn insert(db: &Connection, id: i64, id2: i64) -> anyhow::Result<()> {
[INFO] [stderr]     |                                         ^^^ help: if this is intentional, prefix it with an underscore: `_id2`
[INFO] [stderr] 
[INFO] [stderr] warning: unused variable: `updc`
[INFO] [stderr]    --> src/transparent.rs:845:13
[INFO] [stderr]     |
[INFO] [stderr] 845 | ...   let updc = db.execute("update events set data='fooooooooooooooooooooooooooooooooooooooooooooobar' where id = ?", params![id]).conte...
[INFO] [stderr]     |           ^^^^ help: if this is intentional, prefix it with an underscore: `_updc`
[INFO] [stderr] 
[INFO] [stderr] warning: unused variable: `id2`
[INFO] [stderr]    --> src/transparent.rs:844:50
[INFO] [stderr]     |
[INFO] [stderr] 844 |     fn update_comp_col(db: &Connection, id: i64, id2: i64) -> anyhow::Result<()> {
[INFO] [stderr]     |                                                  ^^^ help: if this is intentional, prefix it with an underscore: `_id2`
[INFO] [stderr] 
[INFO] [stderr] warning: unused variable: `updc`
[INFO] [stderr]    --> src/transparent.rs:852:13
[INFO] [stderr]     |
[INFO] [stderr] 852 |         let updc = db
[INFO] [stderr]     |             ^^^^ help: if this is intentional, prefix it with an underscore: `_updc`
[INFO] [stderr] 
[INFO] [stderr] warning: unused variable: `id2`
[INFO] [stderr]    --> src/transparent.rs:851:51
[INFO] [stderr]     |
[INFO] [stderr] 851 |     fn update_other_col(db: &Connection, id: i64, id2: i64) -> anyhow::Result<()> {
[INFO] [stderr]     |                                                   ^^^ help: if this is intentional, prefix it with an underscore: `_id2`
[INFO] [stderr] 
[INFO] [stderr] warning: unused variable: `updc`
[INFO] [stderr]    --> src/transparent.rs:865:13
[INFO] [stderr]     |
[INFO] [stderr] 865 |         let updc = db
[INFO] [stderr]     |             ^^^^ help: if this is intentional, prefix it with an underscore: `_updc`
[INFO] [stderr] 
[INFO] [stderr] warning: unused variable: `updc`
[INFO] [stderr]    --> src/transparent.rs:878:13
[INFO] [stderr]     |
[INFO] [stderr] 878 | ...   let updc = db.execute("update events set timestamp = '2020-02-01', id=?, data='fooooooooooooooooooooooooooooooooooooooooooooobar' w...
[INFO] [stderr]     |           ^^^^ help: if this is intentional, prefix it with an underscore: `_updc`
[INFO] [stderr] 
[INFO] [stderr] warning: unused variable: `updc`
[INFO] [stderr]    --> src/transparent.rs:885:13
[INFO] [stderr]     |
[INFO] [stderr] 885 | ...   let updc = db.execute("update events set timestamp = '2020-02-01', data='fooooooooooooooooooooooooooooooooooooooooooooobar' where i...
[INFO] [stderr]     |           ^^^^ help: if this is intentional, prefix it with an underscore: `_updc`
[INFO] [stderr] 
[INFO] [stderr] warning: unused variable: `updc`
[INFO] [stderr]    --> src/transparent.rs:892:13
[INFO] [stderr]     |
[INFO] [stderr] 892 |         let updc = db
[INFO] [stderr]     |             ^^^^ help: if this is intentional, prefix it with an underscore: `_updc`
[INFO] [stderr] 
[INFO] [stderr] warning: unused variable: `updc`
[INFO] [stderr]    --> src/transparent.rs:900:13
[INFO] [stderr]     |
[INFO] [stderr] 900 |         let updc = db
[INFO] [stderr]     |             ^^^^ help: if this is intentional, prefix it with an underscore: `_updc`
[INFO] [stderr] 
[INFO] [stderr] warning: unused variable: `updc`
[INFO] [stderr]    --> src/transparent.rs:911:13
[INFO] [stderr]     |
[INFO] [stderr] 911 |         let updc = db
[INFO] [stderr]     |             ^^^^ help: if this is intentional, prefix it with an underscore: `_updc`
[INFO] [stderr] 
[INFO] [stderr] warning: unused variable: `id2`
[INFO] [stderr]    --> src/transparent.rs:910:45
[INFO] [stderr]     |
[INFO] [stderr] 910 |     fn delete_one(db: &Connection, id: i64, id2: i64) -> anyhow::Result<()> {
[INFO] [stderr]     |                                             ^^^ help: if this is intentional, prefix it with an underscore: `_id2`
[INFO] [stderr] 
[INFO] [stderr] warning: unused variable: `updc`
[INFO] [stderr]    --> src/transparent.rs:924:13
[INFO] [stderr]     |
[INFO] [stderr] 924 |         let updc = db
[INFO] [stderr]     |             ^^^^ help: if this is intentional, prefix it with an underscore: `_updc`
[INFO] [stderr] 
[INFO] [stderr] warning: unused variable: `id2`
[INFO] [stderr]    --> src/transparent.rs:918:53
[INFO] [stderr]     |
[INFO] [stderr] 918 |     fn delete_where_other(db: &Connection, id: i64, id2: i64) -> anyhow::Result<()> {
[INFO] [stderr]     |                                                     ^^^ help: if this is intentional, prefix it with an underscore: `_id2`
[INFO] [stderr] 
[INFO] [stderr] warning: unused variable: `i`
[INFO] [stderr]    --> src/transparent.rs:946:13
[INFO] [stderr]     |
[INFO] [stderr] 946 |         for i in 0..100 {
[INFO] [stderr]     |             ^ help: if this is intentional, prefix it with an underscore: `_i`
[INFO] [stderr] 
[INFO] [stderr] warning: static variable `app_names` should have an upper case name
[INFO] [stderr]   --> src/add_functions.rs:88:24
[INFO] [stderr]    |
[INFO] [stderr] 88 |             static ref app_names: Vec<String> = names::Generator::with_naming(names::Name::Plain)
[INFO] [stderr]    |                        ^^^^^^^^^ help: convert the identifier to upper case: `APP_NAMES`
[INFO] [stderr]    |
[INFO] [stderr]    = note: `#[warn(non_upper_case_globals)]` on by default
[INFO] [stderr] 
[INFO] [stderr] warning: static variable `app_types` should have an upper case name
[INFO] [stderr]   --> src/add_functions.rs:92:24
[INFO] [stderr]    |
[INFO] [stderr] 92 |             static ref app_types: Vec<String> = names::Generator::with_naming(names::Name::Plain)
[INFO] [stderr]    |                        ^^^^^^^^^ help: convert the identifier to upper case: `APP_TYPES`
[INFO] [stderr] 
[INFO] [stderr] warning: 19 warnings emitted
[INFO] [stderr] 
[INFO] [stderr]     Finished test [unoptimized + debuginfo] target(s) in 1.11s
[INFO] [stderr]      Running unittests (/opt/rustwide/target/debug/deps/sqlite_zstd-36157050e24e7cf1)
[INFO] [stdout] 
[INFO] [stdout] running 10 tests
[INFO] [stdout] test add_functions::tests::compress_decompress_roundtrip ... ok
[INFO] [stdout] test add_functions::tests::compress_is_deterministic ... ok
[INFO] [stdout] test add_functions::tests::decompress_type ... ok
[INFO] [stdout] test add_functions::tests::sanity ... ok
[INFO] [stdout] test add_functions::tests::compress_with_dict_smaller ... ok
[INFO] [stdout] test add_functions::tests::dict_saving_works ... ok
[INFO] [stdout] test transparent::tests::sanity ... ok
[INFO] [stderr] [2021-08-07T11:31:49Z WARN  sqlite_zstd::transparent] Warning: It is recommended to set `pragma journal_mode=WAL;`
[INFO] [stderr] [2021-08-07T11:31:49Z WARN  sqlite_zstd::transparent] Warning: It is recommended to set `pragma auto_vacuum=full;`
[INFO] [stderr] [2021-08-07T11:31:49Z WARN  sqlite_zstd::transparent] Warning: It is recommended to set `pragma journal_mode=WAL;`
[INFO] [stderr] [2021-08-07T11:31:49Z WARN  sqlite_zstd::transparent] Warning: It is recommended to set `pragma auto_vacuum=full;`
[INFO] [stderr] [2021-08-07T11:31:49Z INFO  sqlite_zstd::transparent] events.data: Total 2000 rows (903.72kB) to potentially compress.
[INFO] [stdout] test add_functions::tests::levels ... ok
[INFO] [stderr] [2021-08-07T11:31:49Z WARN  sqlite_zstd::transparent] Warning: It is recommended to set `pragma journal_mode=WAL;`
[INFO] [stderr] [2021-08-07T11:31:49Z WARN  sqlite_zstd::transparent] Warning: It is recommended to set `pragma auto_vacuum=full;`
[INFO] [stderr] [2021-08-07T11:31:49Z INFO  sqlite_zstd::transparent] Compressed 2000 rows with dict_choice=1 (dict_id=1). Total size of entries before: 903.72kB, afterwards: 52.47kB, (average: before=451B, after=26B)
[INFO] [stderr] [2021-08-07T11:31:49Z INFO  sqlite_zstd::transparent] Handled 2000 / 2000 rows  (903.72kB / 903.72kB)
[INFO] [stderr] [2021-08-07T11:31:49Z INFO  sqlite_zstd::transparent] All maintenance work completed!
[INFO] [stdout] test transparent::tests::enable_transparent ... ok
[INFO] [stdout] test transparent::tests::test_many ... FAILED
[INFO] [stdout] 
[INFO] [stdout] failures:
[INFO] [stdout] 
[INFO] [stdout] ---- transparent::tests::test_many stdout ----
[INFO] [stdout] Error: Could not run operation on compressed db
[INFO] [stdout] 
[INFO] [stdout] Caused by:
[INFO] [stdout]     0: deleting from events by id
[INFO] [stdout]     1: decoding
[INFO] [stdout]        
[INFO] [stdout]        Caused by:
[INFO] [stdout]            Corrupted block detected
[INFO] [stdout]     2: Error code 1: SQL error or missing database
[INFO] [stdout] thread 'transparent::tests::test_many' panicked at 'assertion failed: `(left == right)`
[INFO] [stdout]   left: `1`,
[INFO] [stdout]  right: `0`: the test returned a termination value with a non-zero status code (1) which indicates a failure', /rustc/a178d0322ce20e33eac124758e837cbd80a6f633/library/test/src/lib.rs:193:5
[INFO] [stdout] stack backtrace:
[INFO] [stdout]    0:     0x559642577b60 - std::backtrace_rs::backtrace::libunwind::trace::h34055254b57d8e79
[INFO] [stdout]                                at /rustc/a178d0322ce20e33eac124758e837cbd80a6f633/library/std/src/../../backtrace/src/backtrace/libunwind.rs:90:5
[INFO] [stdout]    1:     0x559642577b60 - std::backtrace_rs::backtrace::trace_unsynchronized::h8f1e3fbd9afff6ec
[INFO] [stdout]                                at /rustc/a178d0322ce20e33eac124758e837cbd80a6f633/library/std/src/../../backtrace/src/backtrace/mod.rs:66:5
[INFO] [stdout]    2:     0x559642577b60 - std::sys_common::backtrace::_print_fmt::h3a99a796b770c360
[INFO] [stdout]                                at /rustc/a178d0322ce20e33eac124758e837cbd80a6f633/library/std/src/sys_common/backtrace.rs:67:5
[INFO] [stdout]    3:     0x559642577b60 - <std::sys_common::backtrace::_print::DisplayBacktrace as core::fmt::Display>::fmt::h32d1f94a80615d18
[INFO] [stdout]                                at /rustc/a178d0322ce20e33eac124758e837cbd80a6f633/library/std/src/sys_common/backtrace.rs:46:22
[INFO] [stdout]    4:     0x55964259afcc - core::fmt::write::h306731c068f7162c
[INFO] [stdout]                                at /rustc/a178d0322ce20e33eac124758e837cbd80a6f633/library/core/src/fmt/mod.rs:1110:17
[INFO] [stdout]    5:     0x559642574945 - std::io::Write::write_fmt::h87f19b0a2cd190bc
[INFO] [stdout]                                at /rustc/a178d0322ce20e33eac124758e837cbd80a6f633/library/std/src/io/mod.rs:1588:15
[INFO] [stdout]    6:     0x559642579d2b - std::sys_common::backtrace::_print::h5abaa2601a852287
[INFO] [stdout]                                at /rustc/a178d0322ce20e33eac124758e837cbd80a6f633/library/std/src/sys_common/backtrace.rs:49:5
[INFO] [stdout]    7:     0x559642579d2b - std::sys_common::backtrace::print::h8d81445442bb638f
[INFO] [stdout]                                at /rustc/a178d0322ce20e33eac124758e837cbd80a6f633/library/std/src/sys_common/backtrace.rs:36:9
[INFO] [stdout]    8:     0x559642579d2b - std::panicking::default_hook::{{closure}}::hcfe804496a9fa747
[INFO] [stdout]                                at /rustc/a178d0322ce20e33eac124758e837cbd80a6f633/library/std/src/panicking.rs:208:50
[INFO] [stdout]    9:     0x55964257983c - std::panicking::default_hook::hbea8e3ccf2ba8901
[INFO] [stdout]                                at /rustc/a178d0322ce20e33eac124758e837cbd80a6f633/library/std/src/panicking.rs:222:9
[INFO] [stdout]   10:     0x55964257a3f4 - std::panicking::rust_panic_with_hook::h7ee9e1a2d0f8975a
[INFO] [stdout]                                at /rustc/a178d0322ce20e33eac124758e837cbd80a6f633/library/std/src/panicking.rs:622:17
[INFO] [stdout]   11:     0x559642579ed7 - std::panicking::begin_panic_handler::{{closure}}::h8ab3b4491718b2c7
[INFO] [stdout]                                at /rustc/a178d0322ce20e33eac124758e837cbd80a6f633/library/std/src/panicking.rs:519:13
[INFO] [stdout]   12:     0x55964257805c - std::sys_common::backtrace::__rust_end_short_backtrace::hd489062ffa586a9f
[INFO] [stdout]                                at /rustc/a178d0322ce20e33eac124758e837cbd80a6f633/library/std/src/sys_common/backtrace.rs:141:18
[INFO] [stdout]   13:     0x559642579e39 - rust_begin_unwind
[INFO] [stdout]                                at /rustc/a178d0322ce20e33eac124758e837cbd80a6f633/library/std/src/panicking.rs:515:5
[INFO] [stdout]   14:     0x559641fcfdf1 - core::panicking::panic_fmt::hca6330e3e14086b4
[INFO] [stdout]                                at /rustc/a178d0322ce20e33eac124758e837cbd80a6f633/library/core/src/panicking.rs:92:14
[INFO] [stdout]   15:     0x55964259915e - core::panicking::assert_failed_inner::h33b45280069a80ed
[INFO] [stdout]   16:     0x5596424062da - core::panicking::assert_failed::h5d2d13ea49805c65
[INFO] [stdout]                                at /rustc/a178d0322ce20e33eac124758e837cbd80a6f633/library/core/src/panicking.rs:117:5
[INFO] [stdout]   17:     0x559642059c31 - test::assert_test_result::hf2dd838f7489a095
[INFO] [stdout]                                at /rustc/a178d0322ce20e33eac124758e837cbd80a6f633/library/test/src/lib.rs:193:5
[INFO] [stdout]   18:     0x55964207a8fd - sqlite_zstd::transparent::tests::test_many::{{closure}}::h635b3a78ebc91630
[INFO] [stdout]                                at /opt/rustwide/workdir/src/transparent.rs:932:5
[INFO] [stdout]   19:     0x5596420809ee - core::ops::function::FnOnce::call_once::hc4fbc6fbfe10fdaa
[INFO] [stdout]                                at /rustc/a178d0322ce20e33eac124758e837cbd80a6f633/library/core/src/ops/function.rs:227:5
[INFO] [stdout]   20:     0x5596422c1343 - core::ops::function::FnOnce::call_once::h152e7e439ff59e19
[INFO] [stdout]                                at /rustc/a178d0322ce20e33eac124758e837cbd80a6f633/library/core/src/ops/function.rs:227:5
[INFO] [stdout]   21:     0x5596422c1343 - test::__rust_begin_short_backtrace::h0908f3b1fdbb72ab
[INFO] [stdout]                                at /rustc/a178d0322ce20e33eac124758e837cbd80a6f633/library/test/src/lib.rs:577:5
[INFO] [stdout]   22:     0x5596422bfe00 - <alloc::boxed::Box<F,A> as core::ops::function::FnOnce<Args>>::call_once::hf6d2a51e5587546c
[INFO] [stdout]                                at /rustc/a178d0322ce20e33eac124758e837cbd80a6f633/library/alloc/src/boxed.rs:1575:9
[INFO] [stdout]   23:     0x5596422bfe00 - <std::panic::AssertUnwindSafe<F> as core::ops::function::FnOnce<()>>::call_once::h8af660f3a89ef593
[INFO] [stdout]                                at /rustc/a178d0322ce20e33eac124758e837cbd80a6f633/library/std/src/panic.rs:347:9
[INFO] [stdout]   24:     0x5596422bfe00 - std::panicking::try::do_call::hd36aef60f84b6d36
[INFO] [stdout]                                at /rustc/a178d0322ce20e33eac124758e837cbd80a6f633/library/std/src/panicking.rs:401:40
[INFO] [stdout]   25:     0x5596422bfe00 - std::panicking::try::h9932b4480e69817c
[INFO] [stdout]                                at /rustc/a178d0322ce20e33eac124758e837cbd80a6f633/library/std/src/panicking.rs:365:19
[INFO] [stdout]   26:     0x5596422bfe00 - std::panic::catch_unwind::h6aa177099cfff5f8
[INFO] [stdout]                                at /rustc/a178d0322ce20e33eac124758e837cbd80a6f633/library/std/src/panic.rs:434:14
[INFO] [stdout]   27:     0x5596422bfe00 - test::run_test_in_process::h5884d6f2d99e20c3
[INFO] [stdout]                                at /rustc/a178d0322ce20e33eac124758e837cbd80a6f633/library/test/src/lib.rs:600:18
[INFO] [stdout]   28:     0x5596422bfe00 - test::run_test::run_test_inner::{{closure}}::h6fdc58c6d5f5b6e3
[INFO] [stdout]                                at /rustc/a178d0322ce20e33eac124758e837cbd80a6f633/library/test/src/lib.rs:492:39
[INFO] [stdout]   29:     0x5596422994b2 - test::run_test::run_test_inner::{{closure}}::h408365d67a78ade8
[INFO] [stdout]                                at /rustc/a178d0322ce20e33eac124758e837cbd80a6f633/library/test/src/lib.rs:519:37
[INFO] [stdout]   30:     0x5596422994b2 - std::sys_common::backtrace::__rust_begin_short_backtrace::hb560b77c4f701523
[INFO] [stdout]                                at /rustc/a178d0322ce20e33eac124758e837cbd80a6f633/library/std/src/sys_common/backtrace.rs:125:18
[INFO] [stdout]   31:     0x55964229d068 - std::thread::Builder::spawn_unchecked::{{closure}}::{{closure}}::hf2e7831dad93c597
[INFO] [stdout]                                at /rustc/a178d0322ce20e33eac124758e837cbd80a6f633/library/std/src/thread/mod.rs:481:17
[INFO] [stdout]   32:     0x55964229d068 - <std::panic::AssertUnwindSafe<F> as core::ops::function::FnOnce<()>>::call_once::hd2e08783d8be4d02
[INFO] [stdout]                                at /rustc/a178d0322ce20e33eac124758e837cbd80a6f633/library/std/src/panic.rs:347:9
[INFO] [stdout]   33:     0x55964229d068 - std::panicking::try::do_call::h062597b7acfd6b82
[INFO] [stdout]                                at /rustc/a178d0322ce20e33eac124758e837cbd80a6f633/library/std/src/panicking.rs:401:40
[INFO] [stdout]   34:     0x55964229d068 - std::panicking::try::h0d7b79db04c14552
[INFO] [stdout]                                at /rustc/a178d0322ce20e33eac124758e837cbd80a6f633/library/std/src/panicking.rs:365:19
[INFO] [stdout]   35:     0x55964229d068 - std::panic::catch_unwind::hb01a0b5e7c8cd43b
[INFO] [stdout]                                at /rustc/a178d0322ce20e33eac124758e837cbd80a6f633/library/std/src/panic.rs:434:14
[INFO] [stdout]   36:     0x55964229d068 - std::thread::Builder::spawn_unchecked::{{closure}}::h5bde48cc887e0d1e
[INFO] [stdout]                                at /rustc/a178d0322ce20e33eac124758e837cbd80a6f633/library/std/src/thread/mod.rs:480:30
[INFO] [stdout]   37:     0x55964229d068 - core::ops::function::FnOnce::call_once{{vtable.shim}}::h745ea30807a29e55
[INFO] [stdout]                                at /rustc/a178d0322ce20e33eac124758e837cbd80a6f633/library/core/src/ops/function.rs:227:5
[INFO] [stdout]   38:     0x55964257ef47 - <alloc::boxed::Box<F,A> as core::ops::function::FnOnce<Args>>::call_once::h7ece6cfefaff1005
[INFO] [stdout]                                at /rustc/a178d0322ce20e33eac124758e837cbd80a6f633/library/alloc/src/boxed.rs:1575:9
[INFO] [stdout]   39:     0x55964257ef47 - <alloc::boxed::Box<F,A> as core::ops::function::FnOnce<Args>>::call_once::hb8b48e55c21f193e
[INFO] [stdout]                                at /rustc/a178d0322ce20e33eac124758e837cbd80a6f633/library/alloc/src/boxed.rs:1575:9
[INFO] [stdout]   40:     0x55964257ef47 - std::sys::unix::thread::Thread::new::thread_start::h8c7c4450dba62914
[INFO] [stdout]                                at /rustc/a178d0322ce20e33eac124758e837cbd80a6f633/library/std/src/sys/unix/thread.rs:71:17
[INFO] [stdout]   41:     0x7f04a8ade609 - start_thread
[INFO] [stdout]   42:     0x7f04a88b0293 - clone
[INFO] [stdout]   43:                0x0 - <unknown>
[INFO] [stdout] 
[INFO] [stdout] 
[INFO] [stdout] failures:
[INFO] [stdout]     transparent::tests::test_many
[INFO] [stdout] 
[INFO] [stdout] test result: FAILED. 9 passed; 1 failed; 0 ignored; 0 measured; 0 filtered out; finished in 6.72s
[INFO] [stdout] 
[INFO] [stderr] error: test failed, to rerun pass '--lib'
[INFO] running `Command { std: "docker" "inspect" "f30cc3f02e6422c7a7bf0864db3dc5a459f7ebe0c7b4a8f0c606b346045f6a0d", kill_on_drop: false }`
[INFO] running `Command { std: "docker" "rm" "-f" "f30cc3f02e6422c7a7bf0864db3dc5a459f7ebe0c7b4a8f0c606b346045f6a0d", kill_on_drop: false }`
[INFO] [stdout] f30cc3f02e6422c7a7bf0864db3dc5a459f7ebe0c7b4a8f0c606b346045f6a0d
