[INFO] fetching crate sql-builder 3.1.1...
[INFO] testing sql-builder-3.1.1 against 1.54.0 for beta-1.55-1
[INFO] extracting crate sql-builder 3.1.1 into /workspace/builds/worker-73/source
[INFO] validating manifest of crates.io crate sql-builder 3.1.1 on toolchain 1.54.0
[INFO] running `Command { std: "/workspace/cargo-home/bin/cargo" "+1.54.0" "metadata" "--manifest-path" "Cargo.toml" "--no-deps", kill_on_drop: false }`
[INFO] started tweaking crates.io crate sql-builder 3.1.1
[INFO] finished tweaking crates.io crate sql-builder 3.1.1
[INFO] tweaked toml for crates.io crate sql-builder 3.1.1 written to /workspace/builds/worker-73/source/Cargo.toml
[INFO] running `Command { std: "/workspace/cargo-home/bin/cargo" "+1.54.0" "generate-lockfile" "--manifest-path" "Cargo.toml" "-Zno-index-update", kill_on_drop: false }`
[INFO] running `Command { std: "/workspace/cargo-home/bin/cargo" "+1.54.0" "fetch" "--manifest-path" "Cargo.toml", kill_on_drop: false }`
[INFO] [stderr]     Blocking waiting for file lock on package cache
[INFO] [stderr]     Blocking waiting for file lock on package cache
[INFO] running `Command { std: "docker" "create" "-v" "/var/lib/crater-agent-workspace/builds/worker-73/target:/opt/rustwide/target:rw,Z" "-v" "/var/lib/crater-agent-workspace/builds/worker-73/source:/opt/rustwide/workdir:ro,Z" "-v" "/var/lib/crater-agent-workspace/cargo-home:/opt/rustwide/cargo-home:ro,Z" "-v" "/var/lib/crater-agent-workspace/rustup-home:/opt/rustwide/rustup-home:ro,Z" "-e" "SOURCE_DIR=/opt/rustwide/workdir" "-e" "CARGO_TARGET_DIR=/opt/rustwide/target" "-e" "CARGO_HOME=/opt/rustwide/cargo-home" "-e" "RUSTUP_HOME=/opt/rustwide/rustup-home" "-w" "/opt/rustwide/workdir" "-m" "1610612736" "--user" "0:0" "--network" "none" "ghcr.io/rust-lang/crates-build-env/linux@sha256:34b6a614d2c27851fe6cbf88fbd1137609cefab8b10d0615aaeb6fd47975d74e" "/opt/rustwide/cargo-home/bin/cargo" "+1.54.0" "metadata" "--no-deps" "--format-version=1", kill_on_drop: false }`
[INFO] [stdout] 1e8e2495db2e0734cbb7776b24195eea2f943ecd3c156b8adad4123beeb885c9
[INFO] running `Command { std: "docker" "start" "-a" "1e8e2495db2e0734cbb7776b24195eea2f943ecd3c156b8adad4123beeb885c9", kill_on_drop: false }`
[INFO] running `Command { std: "docker" "inspect" "1e8e2495db2e0734cbb7776b24195eea2f943ecd3c156b8adad4123beeb885c9", kill_on_drop: false }`
[INFO] running `Command { std: "docker" "rm" "-f" "1e8e2495db2e0734cbb7776b24195eea2f943ecd3c156b8adad4123beeb885c9", kill_on_drop: false }`
[INFO] [stdout] 1e8e2495db2e0734cbb7776b24195eea2f943ecd3c156b8adad4123beeb885c9
[INFO] running `Command { std: "docker" "create" "-v" "/var/lib/crater-agent-workspace/builds/worker-73/target:/opt/rustwide/target:rw,Z" "-v" "/var/lib/crater-agent-workspace/builds/worker-73/source:/opt/rustwide/workdir:ro,Z" "-v" "/var/lib/crater-agent-workspace/cargo-home:/opt/rustwide/cargo-home:ro,Z" "-v" "/var/lib/crater-agent-workspace/rustup-home:/opt/rustwide/rustup-home:ro,Z" "-e" "SOURCE_DIR=/opt/rustwide/workdir" "-e" "CARGO_TARGET_DIR=/opt/rustwide/target" "-e" "CARGO_INCREMENTAL=0" "-e" "RUST_BACKTRACE=full" "-e" "RUSTFLAGS=--cap-lints=warn" "-e" "CARGO_HOME=/opt/rustwide/cargo-home" "-e" "RUSTUP_HOME=/opt/rustwide/rustup-home" "-w" "/opt/rustwide/workdir" "-m" "1610612736" "--user" "0:0" "--network" "none" "ghcr.io/rust-lang/crates-build-env/linux@sha256:34b6a614d2c27851fe6cbf88fbd1137609cefab8b10d0615aaeb6fd47975d74e" "/opt/rustwide/cargo-home/bin/cargo" "+1.54.0" "build" "--frozen" "--message-format=json", kill_on_drop: false }`
[INFO] [stdout] 491bd21ae963a76e8c34475888f8a902e7b2f950d3d5af0012e764ed439dd914
[INFO] running `Command { std: "docker" "start" "-a" "491bd21ae963a76e8c34475888f8a902e7b2f950d3d5af0012e764ed439dd914", kill_on_drop: false }`
[INFO] [stderr]     Blocking waiting for file lock on package cache
[INFO] [stderr]    Compiling proc-macro2 v1.0.28
[INFO] [stderr]    Compiling unicode-xid v0.2.2
[INFO] [stderr]    Compiling syn v1.0.74
[INFO] [stderr]    Compiling anyhow v1.0.42
[INFO] [stderr]    Compiling quote v1.0.9
[INFO] [stderr]    Compiling thiserror-impl v1.0.26
[INFO] [stderr]    Compiling thiserror v1.0.26
[INFO] [stderr]    Compiling sql-builder v3.1.1 (/opt/rustwide/workdir)
[INFO] [stderr]     Finished dev [unoptimized + debuginfo] target(s) in 12.06s
[INFO] running `Command { std: "docker" "inspect" "491bd21ae963a76e8c34475888f8a902e7b2f950d3d5af0012e764ed439dd914", kill_on_drop: false }`
[INFO] running `Command { std: "docker" "rm" "-f" "491bd21ae963a76e8c34475888f8a902e7b2f950d3d5af0012e764ed439dd914", kill_on_drop: false }`
[INFO] [stdout] 491bd21ae963a76e8c34475888f8a902e7b2f950d3d5af0012e764ed439dd914
[INFO] running `Command { std: "docker" "create" "-v" "/var/lib/crater-agent-workspace/builds/worker-73/target:/opt/rustwide/target:rw,Z" "-v" "/var/lib/crater-agent-workspace/builds/worker-73/source:/opt/rustwide/workdir:ro,Z" "-v" "/var/lib/crater-agent-workspace/cargo-home:/opt/rustwide/cargo-home:ro,Z" "-v" "/var/lib/crater-agent-workspace/rustup-home:/opt/rustwide/rustup-home:ro,Z" "-e" "SOURCE_DIR=/opt/rustwide/workdir" "-e" "CARGO_TARGET_DIR=/opt/rustwide/target" "-e" "CARGO_INCREMENTAL=0" "-e" "RUST_BACKTRACE=full" "-e" "RUSTFLAGS=--cap-lints=warn" "-e" "CARGO_HOME=/opt/rustwide/cargo-home" "-e" "RUSTUP_HOME=/opt/rustwide/rustup-home" "-w" "/opt/rustwide/workdir" "-m" "1610612736" "--user" "0:0" "--network" "none" "ghcr.io/rust-lang/crates-build-env/linux@sha256:34b6a614d2c27851fe6cbf88fbd1137609cefab8b10d0615aaeb6fd47975d74e" "/opt/rustwide/cargo-home/bin/cargo" "+1.54.0" "test" "--frozen" "--no-run" "--message-format=json", kill_on_drop: false }`
[INFO] [stdout] 7e65c4920307d0360a759c5aec16eb637f5092bb69e9d4f28288d00a9bd456c1
[INFO] running `Command { std: "docker" "start" "-a" "7e65c4920307d0360a759c5aec16eb637f5092bb69e9d4f28288d00a9bd456c1", kill_on_drop: false }`
[INFO] [stderr]     Blocking waiting for file lock on package cache
[INFO] [stderr]    Compiling sql-builder v3.1.1 (/opt/rustwide/workdir)
[INFO] [stderr]     Finished test [unoptimized + debuginfo] target(s) in 2.45s
[INFO] running `Command { std: "docker" "inspect" "7e65c4920307d0360a759c5aec16eb637f5092bb69e9d4f28288d00a9bd456c1", kill_on_drop: false }`
[INFO] running `Command { std: "docker" "rm" "-f" "7e65c4920307d0360a759c5aec16eb637f5092bb69e9d4f28288d00a9bd456c1", kill_on_drop: false }`
[INFO] [stdout] 7e65c4920307d0360a759c5aec16eb637f5092bb69e9d4f28288d00a9bd456c1
[INFO] running `Command { std: "docker" "create" "-v" "/var/lib/crater-agent-workspace/builds/worker-73/target:/opt/rustwide/target:rw,Z" "-v" "/var/lib/crater-agent-workspace/builds/worker-73/source:/opt/rustwide/workdir:ro,Z" "-v" "/var/lib/crater-agent-workspace/cargo-home:/opt/rustwide/cargo-home:ro,Z" "-v" "/var/lib/crater-agent-workspace/rustup-home:/opt/rustwide/rustup-home:ro,Z" "-e" "SOURCE_DIR=/opt/rustwide/workdir" "-e" "CARGO_TARGET_DIR=/opt/rustwide/target" "-e" "CARGO_INCREMENTAL=0" "-e" "RUST_BACKTRACE=full" "-e" "RUSTFLAGS=--cap-lints=warn" "-e" "CARGO_HOME=/opt/rustwide/cargo-home" "-e" "RUSTUP_HOME=/opt/rustwide/rustup-home" "-w" "/opt/rustwide/workdir" "-m" "1610612736" "--user" "0:0" "--network" "none" "ghcr.io/rust-lang/crates-build-env/linux@sha256:34b6a614d2c27851fe6cbf88fbd1137609cefab8b10d0615aaeb6fd47975d74e" "/opt/rustwide/cargo-home/bin/cargo" "+1.54.0" "test" "--frozen", kill_on_drop: false }`
[INFO] [stdout] 022fe2061145f0cda9b5103572485832d0a0a4f54b9d6b6cf3f8f8b9c72d2c24
[INFO] running `Command { std: "docker" "start" "-a" "022fe2061145f0cda9b5103572485832d0a0a4f54b9d6b6cf3f8f8b9c72d2c24", kill_on_drop: false }`
[INFO] [stderr]     Finished test [unoptimized + debuginfo] target(s) in 0.03s
[INFO] [stderr]      Running unittests (/opt/rustwide/target/debug/deps/sql_builder-8438114f9611a81c)
[INFO] [stdout] 
[INFO] [stdout] running 37 tests
[INFO] [stdout] test bind::tests::test_bind ... ok
[INFO] [stdout] test bind::tests::test_bind_doc ... ok
[INFO] [stdout] test bind::tests::test_bind_names ... ok
[INFO] [stdout] test bind::tests::test_binds ... ok
[INFO] [stdout] test bind::tests::test_null ... ok
[INFO] [stdout] test name::tests::test_baquoted_name ... ok
[INFO] [stdout] test name::tests::test_quoted_name ... ok
[INFO] [stdout] test name::tests::test_brquoted_name ... ok
[INFO] [stdout] test name::tests::test_simple_name ... ok
[INFO] [stdout] test name::tests::test_spaced_name ... ok
[INFO] [stdout] test tests::test_add_books_from_warehouse ... ok
[INFO] [stdout] test name::tests::test_dquoted_name ... ok
[INFO] [stdout] test tests::test_add_new_books ... ok
[INFO] [stdout] test tests::test_books_without_price ... ok
[INFO] [stdout] test tests::test_count_books_in_shops ... ok
[INFO] [stdout] test tests::test_esc ... ok
[INFO] [stdout] test tests::test_find_books_not_about_alice ... ok
[INFO] [stdout] test tests::test_group_books_by_price_category ... ok
[INFO] [stdout] test tests::test_group_books_by_price ... ok
[INFO] [stdout] test tests::test_grow_price ... ok
[INFO] [stdout] test tests::test_mark_as_not_distr ... ok
[INFO] [stdout] test tests::test_quote ... ok
[INFO] [stdout] test tests::test_order_harry_potter_by_price ... ok
[INFO] [stdout] test tests::test_find_cheap_or_harry_potter ... ok
[INFO] [stdout] test tests::test_remove_all_expensive_books ... ok
[INFO] [stdout] test tests::test_select_all_books ... ok
[INFO] [stdout] test tests::test_select_expensive_books ... ok
[INFO] [stdout] test tests::test_select_expensive_harry_potter ... ok
[INFO] [stdout] test tests::test_select_first_3_harry_potter_books ... ok
[INFO] [stdout] test tests::test_select_harry_potter_from_second_book ... ok
[INFO] [stdout] test tests::test_select_only_values ... ok
[INFO] [stdout] test tests::test_select_price_for_harry_potter_and_phil_stone ... ok
[INFO] [stdout] test tests::test_select_price_not_for_harry_potter_and_phil_stone ... ok
[INFO] [stdout] test tests::test_select_strange_books ... ok
[INFO] [stdout] test tests::test_select_title_and_price ... ok
[INFO] [stdout] test tests::test_show_all_prices ... ok
[INFO] [stdout] test tests::test_sold_all_harry_potter ... ok
[INFO] [stdout] 
[INFO] [stdout] test result: ok. 37 passed; 0 failed; 0 ignored; 0 measured; 0 filtered out; finished in 0.04s
[INFO] [stdout] 
[INFO] [stderr]    Doc-tests sql-builder
[INFO] [stdout] 
[INFO] [stdout] running 137 tests
[INFO] [stdout] test src/lib.rs - SqlBuilder::join (line 581) ... FAILED
[INFO] [stdout] test src/lib.rs - SqlBuilder::or_where_in (line 2435) ... FAILED
[INFO] [stdout] test src/lib.rs - SqlBuilder::and_where_not_like (line 1465) ... FAILED
[INFO] [stdout] test src/lib.rs - SqlBuilder::or_where_between (line 2665) ... FAILED
[INFO] [stdout] test src/lib.rs - SqlBuilder::or_where_like_right (line 2168) ... FAILED
[INFO] [stdout] test src/lib.rs - SqlBuilder::or_where_eq (line 1953) ... FAILED
[INFO] [stderr] error: test failed, to rerun pass '--doc'
[INFO] [stderr] 
[INFO] [stderr] Caused by:
[INFO] [stderr]   process didn't exit successfully: `rustdoc --edition=2018 --crate-type lib --crate-name sql_builder --test /opt/rustwide/workdir/src/lib.rs -L dependency=/opt/rustwide/target/debug/deps -L dependency=/opt/rustwide/target/debug/deps --extern anyhow=/opt/rustwide/target/debug/deps/libanyhow-d1e64256fbcc8ff8.rlib --extern sql_builder=/opt/rustwide/target/debug/deps/libsql_builder-1068786a2efbf0a4.rlib --extern thiserror=/opt/rustwide/target/debug/deps/libthiserror-ff5f058dedddaafa.rlib -C embed-bitcode=no --error-format human` (signal: 9, SIGKILL: kill)
[INFO] running `Command { std: "docker" "inspect" "022fe2061145f0cda9b5103572485832d0a0a4f54b9d6b6cf3f8f8b9c72d2c24", kill_on_drop: false }`
[INFO] running `Command { std: "docker" "rm" "-f" "022fe2061145f0cda9b5103572485832d0a0a4f54b9d6b6cf3f8f8b9c72d2c24", kill_on_drop: false }`
[INFO] [stdout] 022fe2061145f0cda9b5103572485832d0a0a4f54b9d6b6cf3f8f8b9c72d2c24
