[INFO] fetching crate splinter 0.5.13...
[INFO] testing splinter-0.5.13 against beta-2021-08-01 for beta-1.55-1
[INFO] extracting crate splinter 0.5.13 into /workspace/builds/worker-100/source
[INFO] validating manifest of crates.io crate splinter 0.5.13 on toolchain beta-2021-08-01
[INFO] running `Command { std: "/workspace/cargo-home/bin/cargo" "+beta-2021-08-01" "metadata" "--manifest-path" "Cargo.toml" "--no-deps", kill_on_drop: false }`
[INFO] started tweaking crates.io crate splinter 0.5.13
[INFO] finished tweaking crates.io crate splinter 0.5.13
[INFO] tweaked toml for crates.io crate splinter 0.5.13 written to /workspace/builds/worker-100/source/Cargo.toml
[INFO] crate crates.io crate splinter 0.5.13 already has a lockfile, it will not be regenerated
[INFO] running `Command { std: "/workspace/cargo-home/bin/cargo" "+beta-2021-08-01" "fetch" "--manifest-path" "Cargo.toml", kill_on_drop: false }`
[INFO] [stderr]  Downloading crates ...
[INFO] [stderr]   Downloaded serial_test_derive v0.3.2
[INFO] [stderr]   Downloaded secp256k1 v0.19.0
[INFO] [stderr]   Downloaded secp256k1-sys v0.3.0
[INFO] [stderr]   Downloaded tokio-openssl v0.3.0
[INFO] [stderr]   Downloaded tokio-openssl v0.4.0
[INFO] [stderr]   Downloaded blowfish v0.4.0
[INFO] [stderr]   Downloaded actix_derive v0.5.0
[INFO] [stderr]   Downloaded metrics-core v0.5.2
[INFO] [stderr]   Downloaded oauth2 v3.0.0
[INFO] [stderr]   Downloaded actix v0.10.0
[INFO] [stderr]   Downloaded actix-web-actors v1.0.4
[INFO] [stderr]   Downloaded jsonwebtoken v6.0.1
[INFO] [stderr]   Downloaded addr2line v0.15.2
[INFO] [stderr]   Downloaded surf v2.2.0
[INFO] [stderr]   Downloaded idna v0.2.1
[INFO] [stderr]   Downloaded object v0.25.3
[INFO] [stderr]   Downloaded influxdb v0.4.0
[INFO] [stderr]   Downloaded http-client v6.4.1
[INFO] [stderr]   Downloaded metrics v0.12.1
[INFO] [stderr]   Downloaded serial_test v0.3.2
[INFO] [stderr]   Downloaded tungstenite v0.10.1
[INFO] [stderr]   Downloaded backtrace v0.3.60
[INFO] [stderr]   Downloaded atomicwrites v0.2.5
[INFO] [stderr]   Downloaded influxdb_derive v0.4.0
[INFO] [stderr]   Downloaded bcrypt v0.6.3
[INFO] [stderr]   Downloaded cylinder v0.2.2
[INFO] running `Command { std: "docker" "create" "-v" "/var/lib/crater-agent-workspace/builds/worker-100/target:/opt/rustwide/target:rw,Z" "-v" "/var/lib/crater-agent-workspace/builds/worker-100/source:/opt/rustwide/workdir:ro,Z" "-v" "/var/lib/crater-agent-workspace/cargo-home:/opt/rustwide/cargo-home:ro,Z" "-v" "/var/lib/crater-agent-workspace/rustup-home:/opt/rustwide/rustup-home:ro,Z" "-e" "SOURCE_DIR=/opt/rustwide/workdir" "-e" "CARGO_TARGET_DIR=/opt/rustwide/target" "-e" "CARGO_HOME=/opt/rustwide/cargo-home" "-e" "RUSTUP_HOME=/opt/rustwide/rustup-home" "-w" "/opt/rustwide/workdir" "-m" "1610612736" "--user" "0:0" "--network" "none" "ghcr.io/rust-lang/crates-build-env/linux@sha256:34b6a614d2c27851fe6cbf88fbd1137609cefab8b10d0615aaeb6fd47975d74e" "/opt/rustwide/cargo-home/bin/cargo" "+beta-2021-08-01" "metadata" "--no-deps" "--format-version=1", kill_on_drop: false }`
[INFO] [stdout] 9036edde01313bc93fe631f330936dd007d64362708d9a85435162f24ae61fbc
[INFO] running `Command { std: "docker" "start" "-a" "9036edde01313bc93fe631f330936dd007d64362708d9a85435162f24ae61fbc", kill_on_drop: false }`
[INFO] running `Command { std: "docker" "inspect" "9036edde01313bc93fe631f330936dd007d64362708d9a85435162f24ae61fbc", kill_on_drop: false }`
[INFO] running `Command { std: "docker" "rm" "-f" "9036edde01313bc93fe631f330936dd007d64362708d9a85435162f24ae61fbc", kill_on_drop: false }`
[INFO] [stdout] 9036edde01313bc93fe631f330936dd007d64362708d9a85435162f24ae61fbc
[INFO] running `Command { std: "docker" "create" "-v" "/var/lib/crater-agent-workspace/builds/worker-100/target:/opt/rustwide/target:rw,Z" "-v" "/var/lib/crater-agent-workspace/builds/worker-100/source:/opt/rustwide/workdir:ro,Z" "-v" "/var/lib/crater-agent-workspace/cargo-home:/opt/rustwide/cargo-home:ro,Z" "-v" "/var/lib/crater-agent-workspace/rustup-home:/opt/rustwide/rustup-home:ro,Z" "-e" "SOURCE_DIR=/opt/rustwide/workdir" "-e" "CARGO_TARGET_DIR=/opt/rustwide/target" "-e" "CARGO_INCREMENTAL=0" "-e" "RUST_BACKTRACE=full" "-e" "RUSTFLAGS=--cap-lints=warn" "-e" "CARGO_HOME=/opt/rustwide/cargo-home" "-e" "RUSTUP_HOME=/opt/rustwide/rustup-home" "-w" "/opt/rustwide/workdir" "-m" "1610612736" "--user" "0:0" "--network" "none" "ghcr.io/rust-lang/crates-build-env/linux@sha256:34b6a614d2c27851fe6cbf88fbd1137609cefab8b10d0615aaeb6fd47975d74e" "/opt/rustwide/cargo-home/bin/cargo" "+beta-2021-08-01" "build" "--frozen" "--message-format=json", kill_on_drop: false }`
[INFO] [stdout] 8fdab7f2091ddbac22e6daacbea6a5aaa300277a273611e647aa28c570b07df0
[INFO] running `Command { std: "docker" "start" "-a" "8fdab7f2091ddbac22e6daacbea6a5aaa300277a273611e647aa28c570b07df0", kill_on_drop: false }`
[INFO] [stderr]     Blocking waiting for file lock on package cache
[INFO] [stderr]     Blocking waiting for file lock on package cache
[INFO] [stderr]     Blocking waiting for file lock on package cache
[INFO] [stderr]     Blocking waiting for file lock on package cache
[INFO] [stderr]    Compiling libc v0.2.98
[INFO] [stderr]    Compiling cc v1.0.69
[INFO] [stderr]    Compiling log v0.4.14
[INFO] [stderr]    Compiling ppv-lite86 v0.2.10
[INFO] [stderr]    Compiling cfg-if v0.1.10
[INFO] [stderr]    Compiling getrandom v0.1.16
[INFO] [stderr]    Compiling protobuf v2.24.1
[INFO] [stderr]    Compiling syn v1.0.74
[INFO] [stderr]    Compiling maybe-uninit v2.0.0
[INFO] [stderr]    Compiling remove_dir_all v0.5.3
[INFO] [stderr]    Compiling pkg-config v0.3.19
[INFO] [stderr]    Compiling serde_derive v1.0.126
[INFO] [stderr]    Compiling either v1.6.1
[INFO] [stderr]    Compiling serde v1.0.126
[INFO] [stderr]    Compiling gcc v0.3.55
[INFO] [stderr]    Compiling nix v0.14.1
[INFO] [stderr]    Compiling matches v0.1.8
[INFO] [stderr]    Compiling glob v0.2.11
[INFO] [stderr]    Compiling foreign-types-shared v0.1.1
[INFO] [stderr]    Compiling openssl v0.10.35
[INFO] [stderr]    Compiling rustc-serialize v0.3.24
[INFO] [stderr]    Compiling slab v0.4.3
[INFO] [stderr]    Compiling linked-hash-map v0.5.4
[INFO] [stderr]    Compiling void v1.0.2
[INFO] [stderr]    Compiling serde_json v1.0.64
[INFO] [stderr]    Compiling once_cell v1.8.0
[INFO] [stderr]    Compiling percent-encoding v1.0.1
[INFO] [stderr]    Compiling sha1 v0.6.0
[INFO] [stderr]    Compiling dtoa v0.4.8
[INFO] [stderr]    Compiling lazycell v1.3.0
[INFO] [stderr]    Compiling byteorder v1.4.3
[INFO] [stderr]    Compiling foreign-types v0.3.2
[INFO] [stderr]    Compiling unicode-bidi v0.3.5
[INFO] [stderr]    Compiling crossbeam-utils v0.6.6
[INFO] [stderr]    Compiling yaml-rust v0.4.5
[INFO] [stderr]    Compiling crossbeam-channel v0.3.9
[INFO] [stderr]    Compiling log v0.3.9
[INFO] [stderr]    Compiling smallvec v0.6.14
[INFO] [stderr]    Compiling rust-crypto v0.2.36
[INFO] [stderr]    Compiling unicode-normalization v0.1.9
[INFO] [stderr]    Compiling openssl-sys v0.9.65
[INFO] [stderr]    Compiling secp256k1-sys v0.3.0
[INFO] [stderr]    Compiling getrandom v0.2.3
[INFO] [stderr]    Compiling rand v0.4.6
[INFO] [stderr]    Compiling which v4.1.0
[INFO] [stderr]    Compiling time v0.1.43
[INFO] [stderr]    Compiling iovec v0.1.4
[INFO] [stderr]    Compiling net2 v0.2.37
[INFO] [stderr]    Compiling protoc v2.24.1
[INFO] [stderr]    Compiling rand_core v0.5.1
[INFO] [stderr]    Compiling rand_core v0.6.3
[INFO] [stderr]    Compiling uuid v0.8.2
[INFO] [stderr]    Compiling mio v0.6.23
[INFO] [stderr]    Compiling idna v0.1.5
[INFO] [stderr]    Compiling rand_chacha v0.2.2
[INFO] [stderr]    Compiling rand_chacha v0.3.1
[INFO] [stderr]    Compiling rand v0.7.3
[INFO] [stderr]    Compiling rand v0.8.4
[INFO] [stderr]    Compiling rand v0.3.23
[INFO] [stderr]    Compiling tempdir v0.3.7
[INFO] [stderr]    Compiling mio-extras v2.0.6
[INFO] [stderr]    Compiling secp256k1 v0.19.0
[INFO] [stderr]    Compiling url v1.7.2
[INFO] [stderr]    Compiling tempfile v3.2.0
[INFO] [stderr]    Compiling protobuf-codegen v2.24.1
[INFO] [stderr]    Compiling atomicwrites v0.2.5
[INFO] [stderr]    Compiling protoc-rust v2.24.1
[INFO] [stderr]    Compiling cylinder v0.2.2
[INFO] [stderr]    Compiling splinter v0.5.13 (/opt/rustwide/workdir)
[INFO] [stderr]    Compiling serde_yaml v0.8.17
[INFO] [stderr]     Finished dev [unoptimized + debuginfo] target(s) in 48.06s
[INFO] running `Command { std: "docker" "inspect" "8fdab7f2091ddbac22e6daacbea6a5aaa300277a273611e647aa28c570b07df0", kill_on_drop: false }`
[INFO] running `Command { std: "docker" "rm" "-f" "8fdab7f2091ddbac22e6daacbea6a5aaa300277a273611e647aa28c570b07df0", kill_on_drop: false }`
[INFO] [stdout] 8fdab7f2091ddbac22e6daacbea6a5aaa300277a273611e647aa28c570b07df0
[INFO] running `Command { std: "docker" "create" "-v" "/var/lib/crater-agent-workspace/builds/worker-100/target:/opt/rustwide/target:rw,Z" "-v" "/var/lib/crater-agent-workspace/builds/worker-100/source:/opt/rustwide/workdir:ro,Z" "-v" "/var/lib/crater-agent-workspace/cargo-home:/opt/rustwide/cargo-home:ro,Z" "-v" "/var/lib/crater-agent-workspace/rustup-home:/opt/rustwide/rustup-home:ro,Z" "-e" "SOURCE_DIR=/opt/rustwide/workdir" "-e" "CARGO_TARGET_DIR=/opt/rustwide/target" "-e" "CARGO_INCREMENTAL=0" "-e" "RUST_BACKTRACE=full" "-e" "RUSTFLAGS=--cap-lints=warn" "-e" "CARGO_HOME=/opt/rustwide/cargo-home" "-e" "RUSTUP_HOME=/opt/rustwide/rustup-home" "-w" "/opt/rustwide/workdir" "-m" "1610612736" "--user" "0:0" "--network" "none" "ghcr.io/rust-lang/crates-build-env/linux@sha256:34b6a614d2c27851fe6cbf88fbd1137609cefab8b10d0615aaeb6fd47975d74e" "/opt/rustwide/cargo-home/bin/cargo" "+beta-2021-08-01" "test" "--frozen" "--no-run" "--message-format=json", kill_on_drop: false }`
[INFO] [stdout] edba0d5da9047e43073d31897f7b5b75e0022654997d85630dc904597c8010c8
[INFO] running `Command { std: "docker" "start" "-a" "edba0d5da9047e43073d31897f7b5b75e0022654997d85630dc904597c8010c8", kill_on_drop: false }`
[INFO] [stderr]     Blocking waiting for file lock on package cache
[INFO] [stderr]    Compiling futures-core v0.3.15
[INFO] [stderr]    Compiling memchr v2.4.0
[INFO] [stderr]    Compiling fnv v1.0.7
[INFO] [stderr]    Compiling semver-parser v0.7.0
[INFO] [stderr]    Compiling bytes v0.5.6
[INFO] [stderr]    Compiling pin-project-lite v0.2.7
[INFO] [stderr]    Compiling pin-project-lite v0.1.12
[INFO] [stderr]    Compiling futures-task v0.3.15
[INFO] [stderr]    Compiling version_check v0.9.3
[INFO] [stderr]    Compiling bytes v1.0.1
[INFO] [stderr]    Compiling native-tls v0.2.7
[INFO] [stderr]    Compiling httparse v1.4.1
[INFO] [stderr]    Compiling futures-channel v0.3.15
[INFO] [stderr]    Compiling futures-sink v0.3.15
[INFO] [stderr]    Compiling futures-io v0.3.15
[INFO] [stderr]    Compiling pin-utils v0.1.0
[INFO] [stderr]    Compiling hashbrown v0.11.2
[INFO] [stderr]    Compiling openssl-probe v0.1.4
[INFO] [stderr]    Compiling try-lock v0.2.3
[INFO] [stderr]    Compiling percent-encoding v2.1.0
[INFO] [stderr]    Compiling encoding_rs v0.8.28
[INFO] [stderr]    Compiling tower-service v0.3.1
[INFO] [stderr]    Compiling httpdate v0.3.2
[INFO] [stderr]    Compiling mime v0.3.16
[INFO] [stderr]    Compiling base64 v0.13.0
[INFO] [stderr]    Compiling ipnet v2.3.1
[INFO] [stderr]    Compiling tracing-core v0.1.18
[INFO] [stderr]    Compiling futures-util v0.3.15
[INFO] [stderr]    Compiling indexmap v1.7.0
[INFO] [stderr]    Compiling lock_api v0.3.4
[INFO] [stderr]    Compiling num_cpus v1.13.0
[INFO] [stderr]    Compiling socket2 v0.3.19
[INFO] [stderr]    Compiling pin-project-internal v1.0.8
[INFO] [stderr]    Compiling idna v0.2.1
[INFO] [stderr]    Compiling serial_test_derive v0.3.2
[INFO] [stderr]    Compiling want v0.3.0
[INFO] [stderr]    Compiling semver v0.9.0
[INFO] [stderr]    Compiling tracing v0.1.26
[INFO] [stderr]    Compiling rustc_version v0.2.3
[INFO] [stderr]    Compiling form_urlencoded v1.0.1
[INFO] [stderr]    Compiling http v0.2.4
[INFO] [stderr]    Compiling unicase v2.6.0
[INFO] [stderr]    Compiling serde_urlencoded v0.7.0
[INFO] [stderr]    Compiling parking_lot_core v0.6.2
[INFO] [stderr]    Compiling parking_lot v0.9.0
[INFO] [stderr]    Compiling url v2.2.2
[INFO] [stderr]    Compiling tokio v0.2.25
[INFO] [stderr]    Compiling mime_guess v2.0.3
[INFO] [stderr]    Compiling serial_test v0.3.2
[INFO] [stderr]    Compiling pin-project v1.0.8
[INFO] [stderr]    Compiling tracing-futures v0.2.5
[INFO] [stderr]    Compiling http-body v0.3.1
[INFO] [stderr]    Compiling tokio-util v0.3.1
[INFO] [stderr]    Compiling tokio-tls v0.3.1
[INFO] [stderr]    Compiling h2 v0.2.7
[INFO] [stderr]    Compiling hyper v0.13.10
[INFO] [stderr]    Compiling hyper-tls v0.4.3
[INFO] [stderr]    Compiling reqwest v0.10.10
[INFO] [stderr]    Compiling splinter v0.5.13 (/opt/rustwide/workdir)
[INFO] [stderr]     Finished test [unoptimized + debuginfo] target(s) in 1m 04s
[INFO] running `Command { std: "docker" "inspect" "edba0d5da9047e43073d31897f7b5b75e0022654997d85630dc904597c8010c8", kill_on_drop: false }`
[INFO] running `Command { std: "docker" "rm" "-f" "edba0d5da9047e43073d31897f7b5b75e0022654997d85630dc904597c8010c8", kill_on_drop: false }`
[INFO] [stdout] edba0d5da9047e43073d31897f7b5b75e0022654997d85630dc904597c8010c8
[INFO] running `Command { std: "docker" "create" "-v" "/var/lib/crater-agent-workspace/builds/worker-100/target:/opt/rustwide/target:rw,Z" "-v" "/var/lib/crater-agent-workspace/builds/worker-100/source:/opt/rustwide/workdir:ro,Z" "-v" "/var/lib/crater-agent-workspace/cargo-home:/opt/rustwide/cargo-home:ro,Z" "-v" "/var/lib/crater-agent-workspace/rustup-home:/opt/rustwide/rustup-home:ro,Z" "-e" "SOURCE_DIR=/opt/rustwide/workdir" "-e" "CARGO_TARGET_DIR=/opt/rustwide/target" "-e" "CARGO_INCREMENTAL=0" "-e" "RUST_BACKTRACE=full" "-e" "RUSTFLAGS=--cap-lints=warn" "-e" "CARGO_HOME=/opt/rustwide/cargo-home" "-e" "RUSTUP_HOME=/opt/rustwide/rustup-home" "-w" "/opt/rustwide/workdir" "-m" "1610612736" "--user" "0:0" "--network" "none" "ghcr.io/rust-lang/crates-build-env/linux@sha256:34b6a614d2c27851fe6cbf88fbd1137609cefab8b10d0615aaeb6fd47975d74e" "/opt/rustwide/cargo-home/bin/cargo" "+beta-2021-08-01" "test" "--frozen", kill_on_drop: false }`
[INFO] [stdout] 53ad26c79b2cd6d54c01b51f37245341391d08668d69f1424a5d78a36a39d124
[INFO] running `Command { std: "docker" "start" "-a" "53ad26c79b2cd6d54c01b51f37245341391d08668d69f1424a5d78a36a39d124", kill_on_drop: false }`
[INFO] [stderr]     Finished test [unoptimized + debuginfo] target(s) in 0.67s
[INFO] [stderr]      Running unittests (/opt/rustwide/target/debug/deps/splinter-d9fae17a723bf50e)
[INFO] [stdout] 
[INFO] [stdout] running 152 tests
[INFO] [stdout] test circuit::handlers::admin_message::tests::test_send_admin_direct_message_via_admin_circuit_to_local_service ... ok
[INFO] [stdout] test circuit::handlers::admin_message::tests::test_ignore_non_admin_recipient ... ok
[INFO] [stdout] test circuit::handlers::admin_message::tests::test_send_admin_direct_message_via_standard_circuit ... ok
[INFO] [stdout] test circuit::handlers::admin_message::tests::test_ignore_non_admin_sender ... ok
[INFO] [stdout] test circuit::handlers::admin_message::tests::test_send_admin_direct_message_via_admin_circuit ... ok
[INFO] [stdout] test circuit::handlers::circuit_error::tests::test_circuit_error_handler_no_service ... ok
[INFO] [stdout] test circuit::handlers::circuit_error::tests::test_circuit_error_handler_node ... ok
[INFO] [stdout] test circuit::handlers::circuit_error::tests::test_circuit_error_handler_service ... ok
[INFO] [stdout] test circuit::handlers::direct_message::tests::test_circuit_direct_message_handler_service ... ok
[INFO] [stdout] test circuit::handlers::service_handlers::tests::test_service_connect_request_handler ... ok
[INFO] [stdout] test circuit::handlers::direct_message::tests::test_circuit_direct_message_handler_sender_not_in_circuit_roster ... ok
[INFO] [stdout] test circuit::handlers::service_handlers::tests::test_service_connect_request_handler_already_connected ... ok
[INFO] [stdout] test circuit::handlers::direct_message::tests::test_circuit_direct_message_handler_no_circuit ... ok
[INFO] [stdout] test circuit::handlers::direct_message::tests::test_circuit_direct_message_handler_recipient_not_in_circuit_roster ... ok
[INFO] [stdout] test circuit::handlers::service_handlers::tests::test_service_connect_request_handler_no_circuit ... ok
[INFO] [stdout] test circuit::handlers::service_handlers::tests::test_service_connect_request_handler_not_in_circuit ... ok
[INFO] [stdout] test circuit::handlers::service_handlers::tests::test_service_disconnect_request_handler_no_circuit ... ok
[INFO] [stdout] test circuit::handlers::service_handlers::tests::test_service_disconnect_request_handler_not_connected ... ok
[INFO] [stdout] test circuit::handlers::circuit_message::tests::test_circuit_message_handler ... ok
[INFO] [stdout] test circuit::handlers::service_handlers::tests::test_service_disconnect_request_handler_not_in_circuit ... ok
[INFO] [stdout] test circuit::handlers::service_handlers::tests::test_service_disconnect_request_handler ... ok
[INFO] [stdout] test circuit::handlers::direct_message::tests::test_circuit_direct_message_handler_node ... ok
[INFO] [stdout] test circuit::routing::memory::test::test_circuit ... ok
[INFO] [stdout] test circuit::routing::memory::test::test_node ... ok
[INFO] [stdout] test collections::bi_hash_map::tests::test_get ... ok
[INFO] [stdout] test circuit::routing::memory::test::test_service ... ok
[INFO] [stdout] test collections::bi_hash_map::tests::test_insert ... ok
[INFO] [stdout] test collections::bi_hash_map::tests::test_removes ... ok
[INFO] [stdout] test collections::bi_hash_map::tests::test_keys ... ok
[INFO] [stdout] test collections::ref_map::tests::test_add_ref ... ok
[INFO] [stdout] test collections::ref_map::tests::test_remove_ref ... ok
[INFO] [stdout] test collections::ref_map::tests::test_remove_ref_err ... ok
[INFO] [stdout] test error::constraint_violation::tests::test_debug_with_violation_type ... ok
[INFO] [stdout] test consensus::two_phase::v2::tests::test_coordinator_check ... ok
[INFO] [stdout] test error::constraint_violation::tests::test_debug_from_source_with_violation_type ... ok
[INFO] [stdout] test error::constraint_violation::tests::test_display_from_source_with_violation_type ... ok
[INFO] [stdout] test error::constraint_violation::tests::test_display_with_violation_type ... ok
[INFO] [stdout] test error::internal::tests::test_debug_from_source ... ok
[INFO] [stdout] test error::internal::tests::test_debug_from_source_with_prefix ... ok
[INFO] [stdout] test error::internal::tests::test_debug_with_message ... ok
[INFO] [stdout] test error::internal::tests::test_display_from_source_with_message ... ok
[INFO] [stdout] test error::invalid_state::tests::test_display_with_message ... ok
[INFO] [stdout] test error::internal::tests::test_debug_from_source_with_message ... ok
[INFO] [stdout] test error::internal::tests::test_display_with_message ... ok
[INFO] [stdout] test error::invalid_argument::tests::test_display ... ok
[INFO] [stdout] test consensus::two_phase::v2::tests::test_shutdown ... ok
[INFO] [stdout] test error::internal::tests::test_display_from_source_with_prefix ... ok
[INFO] [stdout] test error::unavailable::tests::test_display_from_source_with_hint ... ok
[INFO] [stdout] test error::internal::tests::test_display_from_source ... ok
[INFO] [stdout] test network::auth::handlers::v0_handlers::tests::connect_response_dispatch ... ok
[INFO] [stdout] test network::auth::handlers::v0_handlers::tests::connect_request_dispatch ... ok
[INFO] [stdout] test network::connection_manager::authorizers::tests::inproc_unconfigured_authorization ... ok
[INFO] [stdout] test network::auth::handlers::v0_handlers::tests::trust_request_dispatch ... ok
[INFO] [stdout] test network::connection_manager::authorizers::tests::authorizers_configured_authorizations ... ok
[INFO] [stdout] test network::connection_manager::authorizers::tests::inproc_configured_authorization ... ok
[INFO] [stdout] test error::unavailable::tests::test_display_from_source ... ok
[INFO] [stdout] test network::handlers::tests::dispatch_to_handler ... ok
[INFO] [stdout] test mesh::tests::test_connection_send_receive_raw ... ok
[INFO] [stdout] test network::dispatch::tests::dispatch_to_handler ... ok
[INFO] [stdout] test mesh::tests::test_shutdown ... ok
[INFO] [stdout] test mesh::tests::test_add_remove_connections_raw ... ok
[INFO] [stdout] test network::connection_manager::tests::test_connection_manager_startup_and_shutdown ... ok
[INFO] [stdout] test peer::notification::tests::test_peer_manager_notifications ... ok
[INFO] [stdout] test network::reply::tests::test_no_correlation_id ... ok
[INFO] [stdout] test consensus::two_phase::v1::tests::test_shutdown ... ok
[INFO] [stdout] test peer::notification::tests::test_broadcast_queue ... ok
[INFO] [stdout] test peer::notification::tests::test_broadcast_queue_limit ... ok
[INFO] [stdout] test network::connection_manager::tests::test_mutiple_add_connection_requests ... ok
[INFO] [stdout] test peer::peer_map::tests::test_get_peer_by_endpoint ... ok
[INFO] [stdout] test peer::peer_map::tests::test_get_connection_ids ... ok
[INFO] [stdout] test peer::peer_map::tests::test_get_peer_ids ... ok
[INFO] [stdout] test peer::peer_map::tests::test_get_update_active_endpoint ... ok
[INFO] [stdout] test peer::peer_map::tests::test_insert_peer ... ok
[INFO] [stdout] test network::dispatch::tests::move_dispatcher_to_thread ... ok
[INFO] [stdout] test consensus::two_phase::v2::tests::test_participant ... ok
[INFO] [stdout] test network::connection_manager::tests::test_remove_nonexistent_connection ... ok
[INFO] [stdout] test peer::peer_map::tests::test_remove_peer ... ok
[INFO] [stdout] test network::reply::tests::test_expect_reply ... ok
[INFO] [stdout] test service::processor::registry::tests::test_admin_connect ... ok
[INFO] [stdout] test service::processor::registry::tests::test_disconnect ... ok
[INFO] [stdout] test mesh::tests::test_many_connections_raw ... ok
[INFO] [stdout] test consensus::two_phase::v1::tests::test_participant ... ok
[INFO] [stdout] test service::processor::sender::tests::test_admin_send ... ok
[INFO] [stdout] test service::processor::registry::tests::test_standard_connect ... ok
[INFO] [stdout] test service::processor::sender::tests::test_admin_reply ... ok
[INFO] [stdout] test service::processor::sender::tests::test_admin_send_and_await_send ... ok
[INFO] [stdout] test service::processor::sender::tests::test_standard_send ... ok
[INFO] [stdout] test service::processor::sender::tests::test_standard_send_and_await_send ... ok
[INFO] [stdout] test service::processor::sender::tests::test_standard_reply ... ok
[INFO] [stdout] test sets::mem::tests::test_btree_add_int ... ok
[INFO] [stdout] test sets::mem::tests::test_btree_range_int ... ok
[INFO] [stdout] test sets::mem::tests::test_btree_range_str ... ok
[INFO] [stdout] test sets::mem::tests::test_hash_add ... ok
[INFO] [stdout] test sets::mem::tests::test_hash_remove ... ok
[INFO] [stdout] test transport::socket::frame::tests::fail_checksum ... ok
[INFO] [stdout] test transport::socket::frame::tests::frame_round_trip ... ok
[INFO] [stdout] test transport::socket::frame::tests::basic_outbound_negotiation ... ok
[INFO] [stdout] test transport::socket::frame::tests::read_frame_v1 ... ok
[INFO] [stdout] test transport::socket::frame::tests::frame_negotation_eof ... ok
[INFO] [stdout] test transport::socket::frame::tests::read_version_1_zero_length ... ok
[INFO] [stdout] test transport::socket::frame::tests::read_version_and_length ... ok
[INFO] [stdout] test transport::socket::frame::tests::round_trip ... ok
[INFO] [stdout] test transport::socket::frame::tests::standard_write ... ok
[INFO] [stdout] test transport::socket::tcp::tests::test_accepts ... ok
[INFO] [stdout] test transport::socket::frame::tests::unsupported_range ... ok
[INFO] [stdout] test consensus::two_phase::v2::tests::test_coordinator_timeout ... ok
[INFO] [stdout] test transport::inproc::tests::test_transport ... ok
[INFO] [stdout] test transport::socket::tcp::tests::test_transport ... ok
[INFO] [stdout] test consensus::two_phase::v1::tests::test_coordinator_timeout ... ok
[INFO] [stdout] test transport::socket::frame::tests::out_of_range ... ok
[INFO] [stdout] test transport::socket::tcp::tests::test_poll ... ok
[INFO] [stdout] test transport::socket::tcp::tests::test_transport_explicit_protocol ... ok
[INFO] [stdout] test consensus::two_phase::v2::tests::test_coordinator ... ok
[INFO] [stdout] test consensus::two_phase::v1::tests::test_coordinator_default_peers ... ok
[INFO] [stdout] test consensus::two_phase::v1::tests::test_coordinator_dynamic_peers ... ok
[INFO] [stdout] test network::connection_manager::tests::test_add_connection_request ... ok
[INFO] [stdout] test network::connection_manager::tests::test_inbound_connection ... ok
[INFO] [stdout] test peer::interconnect::tests::test_peer_interconnect_shutdown ... ok
[INFO] [stdout] test peer::tests::test_peer_manager_drop_peer_ref ... ok
[INFO] [stdout] test network::connection_manager::tests::test_inbound_tcp_connection ... ok
[INFO] [stdout] test peer::tests::test_incoming_peer_request ... ok
[INFO] [stdout] test peer::tests::test_peer_manager_no_builder ... ok
[INFO] [stdout] test peer::tests::test_peer_manager_list_peer ... ok
[INFO] [stdout] test peer::tests::test_peer_manager_add_peer_identity_mismatch ... ok
[INFO] [stdout] test peer::tests::test_peer_manager_connection_ids ... ok
[INFO] [stdout] test peer::tests::test_peer_manager_add_peer_multiple_times ... ok
[INFO] [stdout] test peer::tests::test_peer_manager_add_peer ... ok
[INFO] [stdout] test peer::tests::test_peer_manager_drop_endpoint_peer_ref ... ok
[INFO] [stdout] test peer::tests::test_peer_manager_shutdown ... ok
[INFO] [stdout] test peer::tests::test_peer_manager_add_peer_endpoints ... ok
[INFO] [stdout] test peer::tests::test_peer_manager_notifciation_convert ... ok
[INFO] [stdout] test peer::interconnect::tests::test_peer_interconnect ... ok
[INFO] [stdout] test network::connection_manager::tests::test_remove_connection ... ok
[INFO] [stdout] test transport::multi::tests::test_accepts ... ok
[INFO] [stdout] test transport::socket::tls::tests::test_transport ... ok
[INFO] [stdout] test mesh::tests::test_connection_send_receive_tls ... ok
[INFO] [stdout] test transport::socket::tls::tests::test_transport_explicit_protocol ... ok
[INFO] [stdout] test transport::socket::tls::tests::test_transport_no_verify ... ok
[INFO] [stdout] test transport::multi::tests::test_invalid_protocol ... ok
[INFO] [stdout] test transport::multi::tests::test_outbound_raw_listener ... ok
[INFO] [stdout] test mesh::tests::test_many_connections_tls ... ok
[INFO] [stdout] test transport::socket::tls::tests::test_transport_deprecated_explicit_protocol ... ok
[INFO] [stdout] test transport::multi::tests::test_transport_tls_default_listener ... ok
[INFO] [stdout] test transport::multi::tests::test_transport_raw_default_listener ... ok
[INFO] [stdout] test transport::multi::tests::test_outbound_raw_only ... ok
[INFO] [stdout] test mesh::tests::test_add_remove_connections_tls ... ok
[INFO] [stdout] test service::processor::tests::standard_direct_message ... ok
[INFO] [stdout] test service::processor::tests::test_admin_direct_message ... ok
[INFO] [stdout] test peer::tests::test_peer_manager_update_active_endpoint ... ok
[INFO] [stdout] test network::connection_manager::tests::test_heartbeat_inproc ... ok
[INFO] [stdout] test network::connection_manager::tests::test_heartbeat_raw_tcp ... ok
[INFO] [stdout] test network::connection_manager::tests::test_reconnect_raw_tcp ... ok
[INFO] [stdout] 
[INFO] [stdout] test result: ok. 152 passed; 0 failed; 0 ignored; 0 measured; 0 filtered out; finished in 21.39s
[INFO] [stdout] 
[INFO] [stderr]    Doc-tests splinter
[INFO] [stdout] 
[INFO] [stdout] running 16 tests
[INFO] [stdout] test src/migrations/mod.rs - migrations (line 18) ... ignored
[INFO] [stdout] test src/mesh/mod.rs - mesh (line 19) ... FAILED
[INFO] [stdout] test src/error/unavailable.rs - error::unavailable::ResourceTemporarilyUnavailableError::from_source_with_hint (line 64) ... FAILED
[INFO] [stdout] test src/error/internal.rs - error::internal::InternalError::from_source_with_message (line 68) ... FAILED
[INFO] [stdout] test src/error/internal.rs - error::internal::InternalError::from_source_with_prefix (line 93) ... FAILED
[INFO] [stdout] test src/error/invalid_argument.rs - error::invalid_argument::InvalidArgumentError::new (line 42) ... FAILED
[INFO] [stdout] test src/error/invalid_state.rs - error::invalid_state::InvalidStateError::with_message (line 40) ... FAILED
[INFO] [stdout] test src/error/constraint_violation.rs - error::constraint_violation::ConstraintViolationError::with_violation_type (line 68) ... FAILED
[INFO] [stdout] test src/error/internal.rs - error::internal::InternalError::from_source (line 44) ... FAILED
[INFO] [stdout] test src/network/dispatch/mod.rs - network::dispatch::RawBytes::bytes (line 164) ... FAILED
[INFO] [stdout] test src/error/constraint_violation.rs - error::constraint_violation::ConstraintViolationError::from_source_with_violation_type (line 90) ... FAILED
[INFO] [stdout] test src/error/mod.rs - error (line 42) ... ok
[INFO] [stdout] test src/error/mod.rs - error (line 26) ... ok
[INFO] [stdout] test src/protos/mod.rs - protos::prelude (line 115) ... ok
[INFO] [stdout] test src/error/internal.rs - error::internal::InternalError::with_message (line 117) ... ok
[INFO] [stdout] test src/error/unavailable.rs - error::unavailable::ResourceTemporarilyUnavailableError::from_source (line 38) ... ok
[INFO] [stdout] 
[INFO] [stdout] failures:
[INFO] [stdout] 
[INFO] [stdout] ---- src/mesh/mod.rs - mesh (line 19) stdout ----
[INFO] [stdout] Couldn't compile the test.
[INFO] [stdout] ---- src/error/unavailable.rs - error::unavailable::ResourceTemporarilyUnavailableError::from_source_with_hint (line 64) stdout ----
[INFO] [stdout] Couldn't compile the test.
[INFO] [stdout] ---- src/error/internal.rs - error::internal::InternalError::from_source_with_message (line 68) stdout ----
[INFO] [stdout] Couldn't compile the test.
[INFO] [stdout] ---- src/error/internal.rs - error::internal::InternalError::from_source_with_prefix (line 93) stdout ----
[INFO] [stdout] Couldn't compile the test.
[INFO] [stdout] ---- src/error/invalid_argument.rs - error::invalid_argument::InvalidArgumentError::new (line 42) stdout ----
[INFO] [stdout] Couldn't compile the test.
[INFO] [stdout] ---- src/error/invalid_state.rs - error::invalid_state::InvalidStateError::with_message (line 40) stdout ----
[INFO] [stdout] Couldn't compile the test.
[INFO] [stdout] ---- src/error/constraint_violation.rs - error::constraint_violation::ConstraintViolationError::with_violation_type (line 68) stdout ----
[INFO] [stdout] Couldn't compile the test.
[INFO] [stdout] ---- src/error/internal.rs - error::internal::InternalError::from_source (line 44) stdout ----
[INFO] [stdout] error: linking with `cc` failed: exit status: 1
[INFO] [stdout]   |
[INFO] [stdout]   = note: "cc" "-m64" "/tmp/rustdoctestALyPUf/rust_out.rust_out.1376475e-cgu.0.rcgu.o" "/tmp/rustdoctestALyPUf/rust_out.3oi7hjnjienb8flc.rcgu.o" "-Wl,--as-needed" "-L" "/opt/rustwide/target/debug/deps" "-L" "/opt/rustwide/target/debug/deps" "-L" "/opt/rustwide/target/debug/build/rust-crypto-65d037577890e238/out" "-L" "/opt/rustwide/target/debug/build/secp256k1-sys-d79168b51de2fb02/out" "-L" "/opt/rustwide/rustup-home/toolchains/beta-2021-08-01-x86_64-unknown-linux-gnu/lib/rustlib/x86_64-unknown-linux-gnu/lib" "-Wl,-Bstatic" "/opt/rustwide/target/debug/deps/libsplinter-98f02acfad92745e.rlib" "/opt/rustwide/target/debug/deps/liburl-ee5848a54d692317.rlib" "/opt/rustwide/target/debug/deps/libpercent_encoding-76122f85aad64373.rlib" "/opt/rustwide/target/debug/deps/libidna-cf14871deb2dad52.rlib" "/opt/rustwide/target/debug/deps/libunicode_normalization-3a74c6e55b9d76bb.rlib" "/opt/rustwide/target/debug/deps/libsmallvec-3f53ab61be893db5.rlib" "/opt/rustwide/target/debug/deps/libmaybe_uninit-695311e2d4eb5931.rlib" "/opt/rustwide/target/debug/deps/libunicode_bidi-afe326ebf8dbe853.rlib" "/opt/rustwide/target/debug/deps/libmatches-9cfb84f2ef24c6e0.rlib" "/opt/rustwide/target/debug/deps/libopenssl-2646a0d02f03de37.rlib" "/opt/rustwide/target/debug/deps/libonce_cell-9cf59def09207496.rlib" "/opt/rustwide/target/debug/deps/libbitflags-e09638bf9aca31b4.rlib" "/opt/rustwide/target/debug/deps/libforeign_types-b4d4d7edd906e428.rlib" "/opt/rustwide/target/debug/deps/libforeign_types_shared-585f047ff6a62f75.rlib" "/opt/rustwide/target/debug/deps/libopenssl_sys-b19c958a8a6a1f3f.rlib" "/opt/rustwide/target/debug/deps/libbyteorder-f30fa083324a1476.rlib" "/opt/rustwide/target/debug/deps/libuuid-826c80b4a7802a38.rlib" "/opt/rustwide/target/debug/deps/libgetrandom-0bd86f4851ed7ae3.rlib" "/opt/rustwide/target/debug/deps/libsha1-20d116fa5fbf495f.rlib" "/opt/rustwide/target/debug/deps/libcrossbeam_channel-7dc60004300ab049.rlib" "/opt/rustwide/target/debug/deps/libcrossbeam_utils-e5992c12d43c6095.rlib" "/opt/rustwide/target/debug/deps/liblazy_static-e92083d5a39a8b50.rlib" "/opt/rustwide/target/debug/deps/libmio_extras-1adce3c7a9e6853b.rlib" "/opt/rustwide/target/debug/deps/libmio-976866e2edab6b06.rlib" "/opt/rustwide/target/debug/deps/libslab-8e79ea4545f35e4f.rlib" "/opt/rustwide/target/debug/deps/libiovec-d1763ad20e2b6aea.rlib" "/opt/rustwide/target/debug/deps/libnet2-f0227649105048c8.rlib" "/opt/rustwide/target/debug/deps/libcfg_if-ffb7f11ad1437080.rlib" "/opt/rustwide/target/debug/deps/liblibc-f7951dc6cf29c8c0.rlib" "/opt/rustwide/target/debug/deps/liblazycell-82ec22512f24c50a.rlib" "/opt/rustwide/target/debug/deps/libprotobuf-ecfe4661d272572f.rlib" "/opt/rustwide/target/debug/deps/liblog-1bfa4e4f3f840233.rlib" "/opt/rustwide/target/debug/deps/liblog-18e19f5b5787b169.rlib" "/opt/rustwide/target/debug/deps/libcfg_if-0d27f345b2a6a3cd.rlib" "-Wl,--start-group" "/opt/rustwide/rustup-home/toolchains/beta-2021-08-01-x86_64-unknown-linux-gnu/lib/rustlib/x86_64-unknown-linux-gnu/lib/libstd-197d933f09d9a590.rlib" "/opt/rustwide/rustup-home/toolchains/beta-2021-08-01-x86_64-unknown-linux-gnu/lib/rustlib/x86_64-unknown-linux-gnu/lib/libpanic_unwind-46a006cddfd334f0.rlib" "/opt/rustwide/rustup-home/toolchains/beta-2021-08-01-x86_64-unknown-linux-gnu/lib/rustlib/x86_64-unknown-linux-gnu/lib/libminiz_oxide-5b9870310e470b38.rlib" "/opt/rustwide/rustup-home/toolchains/beta-2021-08-01-x86_64-unknown-linux-gnu/lib/rustlib/x86_64-unknown-linux-gnu/lib/libadler-260022ba8f1ab4ee.rlib" "/opt/rustwide/rustup-home/toolchains/beta-2021-08-01-x86_64-unknown-linux-gnu/lib/rustlib/x86_64-unknown-linux-gnu/lib/libobject-71377435a799394f.rlib" "/opt/rustwide/rustup-home/toolchains/beta-2021-08-01-x86_64-unknown-linux-gnu/lib/rustlib/x86_64-unknown-linux-gnu/lib/libaddr2line-658ee5924fde57cd.rlib" "/opt/rustwide/rustup-home/toolchains/beta-2021-08-01-x86_64-unknown-linux-gnu/lib/rustlib/x86_64-unknown-linux-gnu/lib/libgimli-9e8627da6bd1b94a.rlib" "/opt/rustwide/rustup-home/toolchains/beta-2021-08-01-x86_64-unknown-linux-gnu/lib/rustlib/x86_64-unknown-linux-gnu/lib/libstd_detect-19fdaac49f59be84.rlib" "/opt/rustwide/rustup-home/toolchains/beta-2021-08-01-x86_64-unknown-linux-gnu/lib/rustlib/x86_64-unknown-linux-gnu/lib/librustc_demangle-cb00e2691ea45905.rlib" "/opt/rustwide/rustup-home/toolchains/beta-2021-08-01-x86_64-unknown-linux-gnu/lib/rustlib/x86_64-unknown-linux-gnu/lib/libhashbrown-50f6726defae5ae1.rlib" "/opt/rustwide/rustup-home/toolchains/beta-2021-08-01-x86_64-unknown-linux-gnu/lib/rustlib/x86_64-unknown-linux-gnu/lib/librustc_std_workspace_alloc-2afc16311deea26e.rlib" "/opt/rustwide/rustup-home/toolchains/beta-2021-08-01-x86_64-unknown-linux-gnu/lib/rustlib/x86_64-unknown-linux-gnu/lib/libunwind-bb5cb0fe086ee8cf.rlib" "/opt/rustwide/rustup-home/toolchains/beta-2021-08-01-x86_64-unknown-linux-gnu/lib/rustlib/x86_64-unknown-linux-gnu/lib/libcfg_if-896053247b5dfd0b.rlib" "/opt/rustwide/rustup-home/toolchains/beta-2021-08-01-x86_64-unknown-linux-gnu/lib/rustlib/x86_64-unknown-linux-gnu/lib/liblibc-735e1f2ac3cf23be.rlib" "/opt/rustwide/rustup-home/toolchains/beta-2021-08-01-x86_64-unknown-linux-gnu/lib/rustlib/x86_64-unknown-linux-gnu/lib/liballoc-9dfb6622644c732c.rlib" "/opt/rustwide/rustup-home/toolchains/beta-2021-08-01-x86_64-unknown-linux-gnu/lib/rustlib/x86_64-unknown-linux-gnu/lib/librustc_std_workspace_core-beea7d9617fe25c5.rlib" "/opt/rustwide/rustup-home/toolchains/beta-2021-08-01-x86_64-unknown-linux-gnu/lib/rustlib/x86_64-unknown-linux-gnu/lib/libcore-8ef7dd43fc671f88.rlib" "-Wl,--end-group" "/opt/rustwide/rustup-home/toolchains/beta-2021-08-01-x86_64-unknown-linux-gnu/lib/rustlib/x86_64-unknown-linux-gnu/lib/libcompiler_builtins-a9a3b2ad67977f47.rlib" "-Wl,-Bdynamic" "-lssl" "-lcrypto" "-lgcc_s" "-lutil" "-lrt" "-lpthread" "-lm" "-ldl" "-lc" "-Wl,--eh-frame-hdr" "-Wl,-znoexecstack" "-L" "/opt/rustwide/rustup-home/toolchains/beta-2021-08-01-x86_64-unknown-linux-gnu/lib/rustlib/x86_64-unknown-linux-gnu/lib" "-o" "/tmp/rustdoctestALyPUf/rust_out" "-Wl,--gc-sections" "-pie" "-Wl,-zrelro" "-Wl,-znow" "-nodefaultlibs"
[INFO] [stdout]   = note: collect2: fatal error: ld terminated with signal 9 [Killed]
[INFO] [stdout]           compilation terminated.
[INFO] [stdout]           
[INFO] [stdout] 
[INFO] [stdout] error: aborting due to previous error
[INFO] [stdout] 
[INFO] [stdout] Couldn't compile the test.
[INFO] [stdout] ---- src/network/dispatch/mod.rs - network::dispatch::RawBytes::bytes (line 164) stdout ----
[INFO] [stdout] error: linking with `cc` failed: exit status: 1
[INFO] [stdout]   |
[INFO] [stdout]   = note: "cc" "-m64" "/tmp/rustdoctestjX5yaR/rust_out.rust_out.1376475e-cgu.0.rcgu.o" "/tmp/rustdoctestjX5yaR/rust_out.3oi7hjnjienb8flc.rcgu.o" "-Wl,--as-needed" "-L" "/opt/rustwide/target/debug/deps" "-L" "/opt/rustwide/target/debug/deps" "-L" "/opt/rustwide/target/debug/build/rust-crypto-65d037577890e238/out" "-L" "/opt/rustwide/target/debug/build/secp256k1-sys-d79168b51de2fb02/out" "-L" "/opt/rustwide/rustup-home/toolchains/beta-2021-08-01-x86_64-unknown-linux-gnu/lib/rustlib/x86_64-unknown-linux-gnu/lib" "-Wl,-Bstatic" "/opt/rustwide/target/debug/deps/libsplinter-98f02acfad92745e.rlib" "/opt/rustwide/target/debug/deps/liburl-ee5848a54d692317.rlib" "/opt/rustwide/target/debug/deps/libpercent_encoding-76122f85aad64373.rlib" "/opt/rustwide/target/debug/deps/libidna-cf14871deb2dad52.rlib" "/opt/rustwide/target/debug/deps/libunicode_normalization-3a74c6e55b9d76bb.rlib" "/opt/rustwide/target/debug/deps/libsmallvec-3f53ab61be893db5.rlib" "/opt/rustwide/target/debug/deps/libmaybe_uninit-695311e2d4eb5931.rlib" "/opt/rustwide/target/debug/deps/libunicode_bidi-afe326ebf8dbe853.rlib" "/opt/rustwide/target/debug/deps/libmatches-9cfb84f2ef24c6e0.rlib" "/opt/rustwide/target/debug/deps/libopenssl-2646a0d02f03de37.rlib" "/opt/rustwide/target/debug/deps/libonce_cell-9cf59def09207496.rlib" "/opt/rustwide/target/debug/deps/libbitflags-e09638bf9aca31b4.rlib" "/opt/rustwide/target/debug/deps/libforeign_types-b4d4d7edd906e428.rlib" "/opt/rustwide/target/debug/deps/libforeign_types_shared-585f047ff6a62f75.rlib" "/opt/rustwide/target/debug/deps/libopenssl_sys-b19c958a8a6a1f3f.rlib" "/opt/rustwide/target/debug/deps/libbyteorder-f30fa083324a1476.rlib" "/opt/rustwide/target/debug/deps/libuuid-826c80b4a7802a38.rlib" "/opt/rustwide/target/debug/deps/libgetrandom-0bd86f4851ed7ae3.rlib" "/opt/rustwide/target/debug/deps/libsha1-20d116fa5fbf495f.rlib" "/opt/rustwide/target/debug/deps/libcrossbeam_channel-7dc60004300ab049.rlib" "/opt/rustwide/target/debug/deps/libcrossbeam_utils-e5992c12d43c6095.rlib" "/opt/rustwide/target/debug/deps/liblazy_static-e92083d5a39a8b50.rlib" "/opt/rustwide/target/debug/deps/libmio_extras-1adce3c7a9e6853b.rlib" "/opt/rustwide/target/debug/deps/libmio-976866e2edab6b06.rlib" "/opt/rustwide/target/debug/deps/libslab-8e79ea4545f35e4f.rlib" "/opt/rustwide/target/debug/deps/libiovec-d1763ad20e2b6aea.rlib" "/opt/rustwide/target/debug/deps/libnet2-f0227649105048c8.rlib" "/opt/rustwide/target/debug/deps/libcfg_if-ffb7f11ad1437080.rlib" "/opt/rustwide/target/debug/deps/liblibc-f7951dc6cf29c8c0.rlib" "/opt/rustwide/target/debug/deps/liblazycell-82ec22512f24c50a.rlib" "/opt/rustwide/target/debug/deps/libprotobuf-ecfe4661d272572f.rlib" "/opt/rustwide/target/debug/deps/liblog-1bfa4e4f3f840233.rlib" "/opt/rustwide/target/debug/deps/liblog-18e19f5b5787b169.rlib" "/opt/rustwide/target/debug/deps/libcfg_if-0d27f345b2a6a3cd.rlib" "-Wl,--start-group" "/opt/rustwide/rustup-home/toolchains/beta-2021-08-01-x86_64-unknown-linux-gnu/lib/rustlib/x86_64-unknown-linux-gnu/lib/libstd-197d933f09d9a590.rlib" "/opt/rustwide/rustup-home/toolchains/beta-2021-08-01-x86_64-unknown-linux-gnu/lib/rustlib/x86_64-unknown-linux-gnu/lib/libpanic_unwind-46a006cddfd334f0.rlib" "/opt/rustwide/rustup-home/toolchains/beta-2021-08-01-x86_64-unknown-linux-gnu/lib/rustlib/x86_64-unknown-linux-gnu/lib/libminiz_oxide-5b9870310e470b38.rlib" "/opt/rustwide/rustup-home/toolchains/beta-2021-08-01-x86_64-unknown-linux-gnu/lib/rustlib/x86_64-unknown-linux-gnu/lib/libadler-260022ba8f1ab4ee.rlib" "/opt/rustwide/rustup-home/toolchains/beta-2021-08-01-x86_64-unknown-linux-gnu/lib/rustlib/x86_64-unknown-linux-gnu/lib/libobject-71377435a799394f.rlib" "/opt/rustwide/rustup-home/toolchains/beta-2021-08-01-x86_64-unknown-linux-gnu/lib/rustlib/x86_64-unknown-linux-gnu/lib/libaddr2line-658ee5924fde57cd.rlib" "/opt/rustwide/rustup-home/toolchains/beta-2021-08-01-x86_64-unknown-linux-gnu/lib/rustlib/x86_64-unknown-linux-gnu/lib/libgimli-9e8627da6bd1b94a.rlib" "/opt/rustwide/rustup-home/toolchains/beta-2021-08-01-x86_64-unknown-linux-gnu/lib/rustlib/x86_64-unknown-linux-gnu/lib/libstd_detect-19fdaac49f59be84.rlib" "/opt/rustwide/rustup-home/toolchains/beta-2021-08-01-x86_64-unknown-linux-gnu/lib/rustlib/x86_64-unknown-linux-gnu/lib/librustc_demangle-cb00e2691ea45905.rlib" "/opt/rustwide/rustup-home/toolchains/beta-2021-08-01-x86_64-unknown-linux-gnu/lib/rustlib/x86_64-unknown-linux-gnu/lib/libhashbrown-50f6726defae5ae1.rlib" "/opt/rustwide/rustup-home/toolchains/beta-2021-08-01-x86_64-unknown-linux-gnu/lib/rustlib/x86_64-unknown-linux-gnu/lib/librustc_std_workspace_alloc-2afc16311deea26e.rlib" "/opt/rustwide/rustup-home/toolchains/beta-2021-08-01-x86_64-unknown-linux-gnu/lib/rustlib/x86_64-unknown-linux-gnu/lib/libunwind-bb5cb0fe086ee8cf.rlib" "/opt/rustwide/rustup-home/toolchains/beta-2021-08-01-x86_64-unknown-linux-gnu/lib/rustlib/x86_64-unknown-linux-gnu/lib/libcfg_if-896053247b5dfd0b.rlib" "/opt/rustwide/rustup-home/toolchains/beta-2021-08-01-x86_64-unknown-linux-gnu/lib/rustlib/x86_64-unknown-linux-gnu/lib/liblibc-735e1f2ac3cf23be.rlib" "/opt/rustwide/rustup-home/toolchains/beta-2021-08-01-x86_64-unknown-linux-gnu/lib/rustlib/x86_64-unknown-linux-gnu/lib/liballoc-9dfb6622644c732c.rlib" "/opt/rustwide/rustup-home/toolchains/beta-2021-08-01-x86_64-unknown-linux-gnu/lib/rustlib/x86_64-unknown-linux-gnu/lib/librustc_std_workspace_core-beea7d9617fe25c5.rlib" "/opt/rustwide/rustup-home/toolchains/beta-2021-08-01-x86_64-unknown-linux-gnu/lib/rustlib/x86_64-unknown-linux-gnu/lib/libcore-8ef7dd43fc671f88.rlib" "-Wl,--end-group" "/opt/rustwide/rustup-home/toolchains/beta-2021-08-01-x86_64-unknown-linux-gnu/lib/rustlib/x86_64-unknown-linux-gnu/lib/libcompiler_builtins-a9a3b2ad67977f47.rlib" "-Wl,-Bdynamic" "-lssl" "-lcrypto" "-lgcc_s" "-lutil" "-lrt" "-lpthread" "-lm" "-ldl" "-lc" "-Wl,--eh-frame-hdr" "-Wl,-znoexecstack" "-L" "/opt/rustwide/rustup-home/toolchains/beta-2021-08-01-x86_64-unknown-linux-gnu/lib/rustlib/x86_64-unknown-linux-gnu/lib" "-o" "/tmp/rustdoctestjX5yaR/rust_out" "-Wl,--gc-sections" "-pie" "-Wl,-zrelro" "-Wl,-znow" "-nodefaultlibs"
[INFO] [stdout]   = note: collect2: fatal error: ld terminated with signal 9 [Killed]
[INFO] [stdout]           compilation terminated.
[INFO] [stdout]           
[INFO] [stdout] 
[INFO] [stdout] error: aborting due to previous error
[INFO] [stdout] 
[INFO] [stdout] Couldn't compile the test.
[INFO] [stdout] ---- src/error/constraint_violation.rs - error::constraint_violation::ConstraintViolationError::from_source_with_violation_type (line 90) stdout ----
[INFO] [stdout] error: linking with `cc` failed: exit status: 1
[INFO] [stdout]   |
[INFO] [stdout]   = note: "cc" "-m64" "/tmp/rustdoctestImvVwf/rust_out.rust_out.1376475e-cgu.0.rcgu.o" "/tmp/rustdoctestImvVwf/rust_out.3oi7hjnjienb8flc.rcgu.o" "-Wl,--as-needed" "-L" "/opt/rustwide/target/debug/deps" "-L" "/opt/rustwide/target/debug/deps" "-L" "/opt/rustwide/target/debug/build/rust-crypto-65d037577890e238/out" "-L" "/opt/rustwide/target/debug/build/secp256k1-sys-d79168b51de2fb02/out" "-L" "/opt/rustwide/rustup-home/toolchains/beta-2021-08-01-x86_64-unknown-linux-gnu/lib/rustlib/x86_64-unknown-linux-gnu/lib" "-Wl,-Bstatic" "/opt/rustwide/target/debug/deps/libsplinter-98f02acfad92745e.rlib" "/opt/rustwide/target/debug/deps/liburl-ee5848a54d692317.rlib" "/opt/rustwide/target/debug/deps/libpercent_encoding-76122f85aad64373.rlib" "/opt/rustwide/target/debug/deps/libidna-cf14871deb2dad52.rlib" "/opt/rustwide/target/debug/deps/libunicode_normalization-3a74c6e55b9d76bb.rlib" "/opt/rustwide/target/debug/deps/libsmallvec-3f53ab61be893db5.rlib" "/opt/rustwide/target/debug/deps/libmaybe_uninit-695311e2d4eb5931.rlib" "/opt/rustwide/target/debug/deps/libunicode_bidi-afe326ebf8dbe853.rlib" "/opt/rustwide/target/debug/deps/libmatches-9cfb84f2ef24c6e0.rlib" "/opt/rustwide/target/debug/deps/libopenssl-2646a0d02f03de37.rlib" "/opt/rustwide/target/debug/deps/libonce_cell-9cf59def09207496.rlib" "/opt/rustwide/target/debug/deps/libbitflags-e09638bf9aca31b4.rlib" "/opt/rustwide/target/debug/deps/libforeign_types-b4d4d7edd906e428.rlib" "/opt/rustwide/target/debug/deps/libforeign_types_shared-585f047ff6a62f75.rlib" "/opt/rustwide/target/debug/deps/libopenssl_sys-b19c958a8a6a1f3f.rlib" "/opt/rustwide/target/debug/deps/libbyteorder-f30fa083324a1476.rlib" "/opt/rustwide/target/debug/deps/libuuid-826c80b4a7802a38.rlib" "/opt/rustwide/target/debug/deps/libgetrandom-0bd86f4851ed7ae3.rlib" "/opt/rustwide/target/debug/deps/libsha1-20d116fa5fbf495f.rlib" "/opt/rustwide/target/debug/deps/libcrossbeam_channel-7dc60004300ab049.rlib" "/opt/rustwide/target/debug/deps/libcrossbeam_utils-e5992c12d43c6095.rlib" "/opt/rustwide/target/debug/deps/liblazy_static-e92083d5a39a8b50.rlib" "/opt/rustwide/target/debug/deps/libmio_extras-1adce3c7a9e6853b.rlib" "/opt/rustwide/target/debug/deps/libmio-976866e2edab6b06.rlib" "/opt/rustwide/target/debug/deps/libslab-8e79ea4545f35e4f.rlib" "/opt/rustwide/target/debug/deps/libiovec-d1763ad20e2b6aea.rlib" "/opt/rustwide/target/debug/deps/libnet2-f0227649105048c8.rlib" "/opt/rustwide/target/debug/deps/libcfg_if-ffb7f11ad1437080.rlib" "/opt/rustwide/target/debug/deps/liblibc-f7951dc6cf29c8c0.rlib" "/opt/rustwide/target/debug/deps/liblazycell-82ec22512f24c50a.rlib" "/opt/rustwide/target/debug/deps/libprotobuf-ecfe4661d272572f.rlib" "/opt/rustwide/target/debug/deps/liblog-1bfa4e4f3f840233.rlib" "/opt/rustwide/target/debug/deps/liblog-18e19f5b5787b169.rlib" "/opt/rustwide/target/debug/deps/libcfg_if-0d27f345b2a6a3cd.rlib" "-Wl,--start-group" "/opt/rustwide/rustup-home/toolchains/beta-2021-08-01-x86_64-unknown-linux-gnu/lib/rustlib/x86_64-unknown-linux-gnu/lib/libstd-197d933f09d9a590.rlib" "/opt/rustwide/rustup-home/toolchains/beta-2021-08-01-x86_64-unknown-linux-gnu/lib/rustlib/x86_64-unknown-linux-gnu/lib/libpanic_unwind-46a006cddfd334f0.rlib" "/opt/rustwide/rustup-home/toolchains/beta-2021-08-01-x86_64-unknown-linux-gnu/lib/rustlib/x86_64-unknown-linux-gnu/lib/libminiz_oxide-5b9870310e470b38.rlib" "/opt/rustwide/rustup-home/toolchains/beta-2021-08-01-x86_64-unknown-linux-gnu/lib/rustlib/x86_64-unknown-linux-gnu/lib/libadler-260022ba8f1ab4ee.rlib" "/opt/rustwide/rustup-home/toolchains/beta-2021-08-01-x86_64-unknown-linux-gnu/lib/rustlib/x86_64-unknown-linux-gnu/lib/libobject-71377435a799394f.rlib" "/opt/rustwide/rustup-home/toolchains/beta-2021-08-01-x86_64-unknown-linux-gnu/lib/rustlib/x86_64-unknown-linux-gnu/lib/libaddr2line-658ee5924fde57cd.rlib" "/opt/rustwide/rustup-home/toolchains/beta-2021-08-01-x86_64-unknown-linux-gnu/lib/rustlib/x86_64-unknown-linux-gnu/lib/libgimli-9e8627da6bd1b94a.rlib" "/opt/rustwide/rustup-home/toolchains/beta-2021-08-01-x86_64-unknown-linux-gnu/lib/rustlib/x86_64-unknown-linux-gnu/lib/libstd_detect-19fdaac49f59be84.rlib" "/opt/rustwide/rustup-home/toolchains/beta-2021-08-01-x86_64-unknown-linux-gnu/lib/rustlib/x86_64-unknown-linux-gnu/lib/librustc_demangle-cb00e2691ea45905.rlib" "/opt/rustwide/rustup-home/toolchains/beta-2021-08-01-x86_64-unknown-linux-gnu/lib/rustlib/x86_64-unknown-linux-gnu/lib/libhashbrown-50f6726defae5ae1.rlib" "/opt/rustwide/rustup-home/toolchains/beta-2021-08-01-x86_64-unknown-linux-gnu/lib/rustlib/x86_64-unknown-linux-gnu/lib/librustc_std_workspace_alloc-2afc16311deea26e.rlib" "/opt/rustwide/rustup-home/toolchains/beta-2021-08-01-x86_64-unknown-linux-gnu/lib/rustlib/x86_64-unknown-linux-gnu/lib/libunwind-bb5cb0fe086ee8cf.rlib" "/opt/rustwide/rustup-home/toolchains/beta-2021-08-01-x86_64-unknown-linux-gnu/lib/rustlib/x86_64-unknown-linux-gnu/lib/libcfg_if-896053247b5dfd0b.rlib" "/opt/rustwide/rustup-home/toolchains/beta-2021-08-01-x86_64-unknown-linux-gnu/lib/rustlib/x86_64-unknown-linux-gnu/lib/liblibc-735e1f2ac3cf23be.rlib" "/opt/rustwide/rustup-home/toolchains/beta-2021-08-01-x86_64-unknown-linux-gnu/lib/rustlib/x86_64-unknown-linux-gnu/lib/liballoc-9dfb6622644c732c.rlib" "/opt/rustwide/rustup-home/toolchains/beta-2021-08-01-x86_64-unknown-linux-gnu/lib/rustlib/x86_64-unknown-linux-gnu/lib/librustc_std_workspace_core-beea7d9617fe25c5.rlib" "/opt/rustwide/rustup-home/toolchains/beta-2021-08-01-x86_64-unknown-linux-gnu/lib/rustlib/x86_64-unknown-linux-gnu/lib/libcore-8ef7dd43fc671f88.rlib" "-Wl,--end-group" "/opt/rustwide/rustup-home/toolchains/beta-2021-08-01-x86_64-unknown-linux-gnu/lib/rustlib/x86_64-unknown-linux-gnu/lib/libcompiler_builtins-a9a3b2ad67977f47.rlib" "-Wl,-Bdynamic" "-lssl" "-lcrypto" "-lgcc_s" "-lutil" "-lrt" "-lpthread" "-lm" "-ldl" "-lc" "-Wl,--eh-frame-hdr" "-Wl,-znoexecstack" "-L" "/opt/rustwide/rustup-home/toolchains/beta-2021-08-01-x86_64-unknown-linux-gnu/lib/rustlib/x86_64-unknown-linux-gnu/lib" "-o" "/tmp/rustdoctestImvVwf/rust_out" "-Wl,--gc-sections" "-pie" "-Wl,-zrelro" "-Wl,-znow" "-nodefaultlibs"
[INFO] [stdout]   = note: collect2: fatal error: ld terminated with signal 9 [Killed]
[INFO] [stdout]           compilation terminated.
[INFO] [stdout]           
[INFO] [stdout] 
[INFO] [stdout] error: aborting due to previous error
[INFO] [stdout] 
[INFO] [stdout] Couldn't compile the test.
[INFO] [stdout] 
[INFO] [stdout] failures:
[INFO] [stdout]     src/error/constraint_violation.rs - error::constraint_violation::ConstraintViolationError::from_source_with_violation_type (line 90)
[INFO] [stdout]     src/error/constraint_violation.rs - error::constraint_violation::ConstraintViolationError::with_violation_type (line 68)
[INFO] [stdout]     src/error/internal.rs - error::internal::InternalError::from_source (line 44)
[INFO] [stdout]     src/error/internal.rs - error::internal::InternalError::from_source_with_message (line 68)
[INFO] [stdout]     src/error/internal.rs - error::internal::InternalError::from_source_with_prefix (line 93)
[INFO] [stdout]     src/error/invalid_argument.rs - error::invalid_argument::InvalidArgumentError::new (line 42)
[INFO] [stdout]     src/error/invalid_state.rs - error::invalid_state::InvalidStateError::with_message (line 40)
[INFO] [stdout]     src/error/unavailable.rs - error::unavailable::ResourceTemporarilyUnavailableError::from_source_with_hint (line 64)
[INFO] [stdout]     src/mesh/mod.rs - mesh (line 19)
[INFO] [stdout]     src/network/dispatch/mod.rs - network::dispatch::RawBytes::bytes (line 164)
[INFO] [stdout] 
[INFO] [stdout] test result: FAILED. 5 passed; 10 failed; 1 ignored; 0 measured; 0 filtered out; finished in 3.20s
[INFO] [stdout] 
[INFO] [stderr] error: test failed, to rerun pass '--doc'
[INFO] running `Command { std: "docker" "inspect" "53ad26c79b2cd6d54c01b51f37245341391d08668d69f1424a5d78a36a39d124", kill_on_drop: false }`
[INFO] running `Command { std: "docker" "rm" "-f" "53ad26c79b2cd6d54c01b51f37245341391d08668d69f1424a5d78a36a39d124", kill_on_drop: false }`
[INFO] [stdout] 53ad26c79b2cd6d54c01b51f37245341391d08668d69f1424a5d78a36a39d124
