[INFO] fetching crate spirv-std-macros 0.4.0-alpha.11...
[INFO] testing spirv-std-macros-0.4.0-alpha.11 against beta-2021-08-01 for beta-1.55-1
[INFO] extracting crate spirv-std-macros 0.4.0-alpha.11 into /workspace/builds/worker-13/source
[INFO] validating manifest of crates.io crate spirv-std-macros 0.4.0-alpha.11 on toolchain beta-2021-08-01
[INFO] running `Command { std: "/workspace/cargo-home/bin/cargo" "+beta-2021-08-01" "metadata" "--manifest-path" "Cargo.toml" "--no-deps", kill_on_drop: false }`
[INFO] started tweaking crates.io crate spirv-std-macros 0.4.0-alpha.11
[INFO] finished tweaking crates.io crate spirv-std-macros 0.4.0-alpha.11
[INFO] tweaked toml for crates.io crate spirv-std-macros 0.4.0-alpha.11 written to /workspace/builds/worker-13/source/Cargo.toml
[INFO] running `Command { std: "/workspace/cargo-home/bin/cargo" "+beta-2021-08-01" "generate-lockfile" "--manifest-path" "Cargo.toml" "-Zno-index-update", kill_on_drop: false }`
[INFO] [stderr]     Blocking waiting for file lock on package cache
[INFO] running `Command { std: "/workspace/cargo-home/bin/cargo" "+beta-2021-08-01" "fetch" "--manifest-path" "Cargo.toml", kill_on_drop: false }`
[INFO] [stderr]     Blocking waiting for file lock on package cache
[INFO] [stderr]     Blocking waiting for file lock on package cache
[INFO] [stderr]  Downloading crates ...
[INFO] [stderr]   Downloaded spirv-types v0.4.0-alpha.11
[INFO] running `Command { std: "docker" "create" "-v" "/var/lib/crater-agent-workspace/builds/worker-13/target:/opt/rustwide/target:rw,Z" "-v" "/var/lib/crater-agent-workspace/builds/worker-13/source:/opt/rustwide/workdir:ro,Z" "-v" "/var/lib/crater-agent-workspace/cargo-home:/opt/rustwide/cargo-home:ro,Z" "-v" "/var/lib/crater-agent-workspace/rustup-home:/opt/rustwide/rustup-home:ro,Z" "-e" "SOURCE_DIR=/opt/rustwide/workdir" "-e" "CARGO_TARGET_DIR=/opt/rustwide/target" "-e" "CARGO_HOME=/opt/rustwide/cargo-home" "-e" "RUSTUP_HOME=/opt/rustwide/rustup-home" "-w" "/opt/rustwide/workdir" "-m" "1610612736" "--user" "0:0" "--network" "none" "ghcr.io/rust-lang/crates-build-env/linux@sha256:34b6a614d2c27851fe6cbf88fbd1137609cefab8b10d0615aaeb6fd47975d74e" "/opt/rustwide/cargo-home/bin/cargo" "+beta-2021-08-01" "metadata" "--no-deps" "--format-version=1", kill_on_drop: false }`
[INFO] [stdout] cb42ab9727fdab32982a59c2ca062b9df4d90be5ddd8324bc0ec6e6a22cd87d3
[INFO] running `Command { std: "docker" "start" "-a" "cb42ab9727fdab32982a59c2ca062b9df4d90be5ddd8324bc0ec6e6a22cd87d3", kill_on_drop: false }`
[INFO] running `Command { std: "docker" "inspect" "cb42ab9727fdab32982a59c2ca062b9df4d90be5ddd8324bc0ec6e6a22cd87d3", kill_on_drop: false }`
[INFO] running `Command { std: "docker" "rm" "-f" "cb42ab9727fdab32982a59c2ca062b9df4d90be5ddd8324bc0ec6e6a22cd87d3", kill_on_drop: false }`
[INFO] [stdout] cb42ab9727fdab32982a59c2ca062b9df4d90be5ddd8324bc0ec6e6a22cd87d3
[INFO] running `Command { std: "docker" "create" "-v" "/var/lib/crater-agent-workspace/builds/worker-13/target:/opt/rustwide/target:rw,Z" "-v" "/var/lib/crater-agent-workspace/builds/worker-13/source:/opt/rustwide/workdir:ro,Z" "-v" "/var/lib/crater-agent-workspace/cargo-home:/opt/rustwide/cargo-home:ro,Z" "-v" "/var/lib/crater-agent-workspace/rustup-home:/opt/rustwide/rustup-home:ro,Z" "-e" "SOURCE_DIR=/opt/rustwide/workdir" "-e" "CARGO_TARGET_DIR=/opt/rustwide/target" "-e" "CARGO_INCREMENTAL=0" "-e" "RUST_BACKTRACE=full" "-e" "RUSTFLAGS=--cap-lints=warn" "-e" "CARGO_HOME=/opt/rustwide/cargo-home" "-e" "RUSTUP_HOME=/opt/rustwide/rustup-home" "-w" "/opt/rustwide/workdir" "-m" "1610612736" "--user" "0:0" "--network" "none" "ghcr.io/rust-lang/crates-build-env/linux@sha256:34b6a614d2c27851fe6cbf88fbd1137609cefab8b10d0615aaeb6fd47975d74e" "/opt/rustwide/cargo-home/bin/cargo" "+beta-2021-08-01" "build" "--frozen" "--message-format=json", kill_on_drop: false }`
[INFO] [stdout] 13ccfb1efa2a94a71b9a73620d5eae706a4083ce1513031f222bbb0e66048c68
[INFO] running `Command { std: "docker" "start" "-a" "13ccfb1efa2a94a71b9a73620d5eae706a4083ce1513031f222bbb0e66048c68", kill_on_drop: false }`
[INFO] [stderr]    Compiling syn v1.0.74
[INFO] [stderr]    Compiling unicode-segmentation v1.8.0
[INFO] [stderr]    Compiling spirv-types v0.4.0-alpha.11
[INFO] [stderr]    Compiling heck v0.3.3
[INFO] [stderr]    Compiling spirv-std-macros v0.4.0-alpha.11 (/opt/rustwide/workdir)
[INFO] [stderr]     Finished dev [unoptimized + debuginfo] target(s) in 16.67s
[INFO] running `Command { std: "docker" "inspect" "13ccfb1efa2a94a71b9a73620d5eae706a4083ce1513031f222bbb0e66048c68", kill_on_drop: false }`
[INFO] running `Command { std: "docker" "rm" "-f" "13ccfb1efa2a94a71b9a73620d5eae706a4083ce1513031f222bbb0e66048c68", kill_on_drop: false }`
[INFO] [stdout] 13ccfb1efa2a94a71b9a73620d5eae706a4083ce1513031f222bbb0e66048c68
[INFO] running `Command { std: "docker" "create" "-v" "/var/lib/crater-agent-workspace/builds/worker-13/target:/opt/rustwide/target:rw,Z" "-v" "/var/lib/crater-agent-workspace/builds/worker-13/source:/opt/rustwide/workdir:ro,Z" "-v" "/var/lib/crater-agent-workspace/cargo-home:/opt/rustwide/cargo-home:ro,Z" "-v" "/var/lib/crater-agent-workspace/rustup-home:/opt/rustwide/rustup-home:ro,Z" "-e" "SOURCE_DIR=/opt/rustwide/workdir" "-e" "CARGO_TARGET_DIR=/opt/rustwide/target" "-e" "CARGO_INCREMENTAL=0" "-e" "RUST_BACKTRACE=full" "-e" "RUSTFLAGS=--cap-lints=warn" "-e" "CARGO_HOME=/opt/rustwide/cargo-home" "-e" "RUSTUP_HOME=/opt/rustwide/rustup-home" "-w" "/opt/rustwide/workdir" "-m" "1610612736" "--user" "0:0" "--network" "none" "ghcr.io/rust-lang/crates-build-env/linux@sha256:34b6a614d2c27851fe6cbf88fbd1137609cefab8b10d0615aaeb6fd47975d74e" "/opt/rustwide/cargo-home/bin/cargo" "+beta-2021-08-01" "test" "--frozen" "--no-run" "--message-format=json", kill_on_drop: false }`
[INFO] [stdout] 734c0f239ab04ccb1add8bf93a5ddc64d119c4b9749e6e407180b318bae2d63f
[INFO] running `Command { std: "docker" "start" "-a" "734c0f239ab04ccb1add8bf93a5ddc64d119c4b9749e6e407180b318bae2d63f", kill_on_drop: false }`
[INFO] [stderr]     Blocking waiting for file lock on package cache
[INFO] [stderr]    Compiling spirv-std-macros v0.4.0-alpha.11 (/opt/rustwide/workdir)
[INFO] [stderr]     Finished test [unoptimized + debuginfo] target(s) in 1.92s
[INFO] running `Command { std: "docker" "inspect" "734c0f239ab04ccb1add8bf93a5ddc64d119c4b9749e6e407180b318bae2d63f", kill_on_drop: false }`
[INFO] running `Command { std: "docker" "rm" "-f" "734c0f239ab04ccb1add8bf93a5ddc64d119c4b9749e6e407180b318bae2d63f", kill_on_drop: false }`
[INFO] [stdout] 734c0f239ab04ccb1add8bf93a5ddc64d119c4b9749e6e407180b318bae2d63f
[INFO] running `Command { std: "docker" "create" "-v" "/var/lib/crater-agent-workspace/builds/worker-13/target:/opt/rustwide/target:rw,Z" "-v" "/var/lib/crater-agent-workspace/builds/worker-13/source:/opt/rustwide/workdir:ro,Z" "-v" "/var/lib/crater-agent-workspace/cargo-home:/opt/rustwide/cargo-home:ro,Z" "-v" "/var/lib/crater-agent-workspace/rustup-home:/opt/rustwide/rustup-home:ro,Z" "-e" "SOURCE_DIR=/opt/rustwide/workdir" "-e" "CARGO_TARGET_DIR=/opt/rustwide/target" "-e" "CARGO_INCREMENTAL=0" "-e" "RUST_BACKTRACE=full" "-e" "RUSTFLAGS=--cap-lints=warn" "-e" "CARGO_HOME=/opt/rustwide/cargo-home" "-e" "RUSTUP_HOME=/opt/rustwide/rustup-home" "-w" "/opt/rustwide/workdir" "-m" "1610612736" "--user" "0:0" "--network" "none" "ghcr.io/rust-lang/crates-build-env/linux@sha256:34b6a614d2c27851fe6cbf88fbd1137609cefab8b10d0615aaeb6fd47975d74e" "/opt/rustwide/cargo-home/bin/cargo" "+beta-2021-08-01" "test" "--frozen", kill_on_drop: false }`
[INFO] [stdout] a148ed7b1efc1fe361e92265618e144f55c41cbafcb8a09654e5bf9e64ccf7f5
[INFO] running `Command { std: "docker" "start" "-a" "a148ed7b1efc1fe361e92265618e144f55c41cbafcb8a09654e5bf9e64ccf7f5", kill_on_drop: false }`
[INFO] [stderr]     Finished test [unoptimized + debuginfo] target(s) in 0.10s
[INFO] [stderr]      Running unittests (/opt/rustwide/target/debug/deps/spirv_std_macros-bd1f7aea1592ae21)
[INFO] [stdout] 
[INFO] [stderr]    Doc-tests spirv-std-macros
[INFO] [stdout] running 0 tests
[INFO] [stdout] 
[INFO] [stdout] test result: ok. 0 passed; 0 failed; 0 ignored; 0 measured; 0 filtered out; finished in 0.00s
[INFO] [stdout] 
[INFO] [stdout] 
[INFO] [stdout] running 2 tests
[INFO] [stdout] test src/lib.rs - Image (line 88) ... FAILED
[INFO] [stdout] test src/lib.rs - Image (line 102) ... FAILED
[INFO] [stdout] 
[INFO] [stdout] failures:
[INFO] [stdout] 
[INFO] [stdout] ---- src/lib.rs - Image (line 88) stdout ----
[INFO] [stdout] error: cannot find macro `Image` in this scope
[INFO] [stdout]  --> src/lib.rs:89:1
[INFO] [stdout]   |
[INFO] [stdout] 3 | Image!(
[INFO] [stdout]   | ^^^^^
[INFO] [stdout]   |
[INFO] [stdout]   = note: consider importing this macro:
[INFO] [stdout]           spirv_std_macros::Image
[INFO] [stdout] 
[INFO] [stdout] error: aborting due to previous error
[INFO] [stdout] 
[INFO] [stdout] Couldn't compile the test.
[INFO] [stdout] ---- src/lib.rs - Image (line 102) stdout ----
[INFO] [stdout] error: cannot find attribute `spirv` in this scope
[INFO] [stdout]  --> src/lib.rs:103:3
[INFO] [stdout]   |
[INFO] [stdout] 2 | #[spirv(vertex)]
[INFO] [stdout]   |   ^^^^^
[INFO] [stdout] 
[INFO] [stdout] error: cannot find attribute `spirv` in this scope
[INFO] [stdout]  --> src/lib.rs:104:11
[INFO] [stdout]   |
[INFO] [stdout] 3 | fn main(#[spirv(descriptor_set = 0, binding = 0)] image: &Image!(2D, type=f32, sampled)) {}
[INFO] [stdout]   |           ^^^^^
[INFO] [stdout] 
[INFO] [stdout] error: cannot find macro `Image` in this scope
[INFO] [stdout]  --> src/lib.rs:104:59
[INFO] [stdout]   |
[INFO] [stdout] 3 | fn main(#[spirv(descriptor_set = 0, binding = 0)] image: &Image!(2D, type=f32, sampled)) {}
[INFO] [stdout]   |                                                           ^^^^^
[INFO] [stdout]   |
[INFO] [stdout]   = note: consider importing this macro:
[INFO] [stdout]           spirv_std_macros::Image
[INFO] [stdout] 
[INFO] [stdout] error[E0131]: `main` function is not allowed to have generic parameters
[INFO] [stdout]  --> src/lib.rs:104:1
[INFO] [stdout]   |
[INFO] [stdout] 3 | fn main(#[spirv(descriptor_set = 0, binding = 0)] image: &Image!(2D, type=f32, sampled)) {}
[INFO] [stdout]   | ^^^^^^^^^^^^^^^^^^^^^^^^^^^^^^^^^^^^^^^^^^^^^^^^^^^^^^^^^^^^^^^^^^^^^^^^^^^^^^^^^^^^^^^^
[INFO] [stdout] 
[INFO] [stdout] error: aborting due to 4 previous errors
[INFO] [stdout] 
[INFO] [stdout] For more information about this error, try `rustc --explain E0131`.
[INFO] [stdout] Couldn't compile the test.
[INFO] [stdout] 
[INFO] [stdout] failures:
[INFO] [stdout]     src/lib.rs - Image (line 102)
[INFO] [stdout]     src/lib.rs - Image (line 88)
[INFO] [stdout] 
[INFO] [stdout] test result: FAILED. 0 passed; 2 failed; 0 ignored; 0 measured; 0 filtered out; finished in 0.11s
[INFO] [stdout] 
[INFO] [stderr] error: test failed, to rerun pass '--doc'
[INFO] running `Command { std: "docker" "inspect" "a148ed7b1efc1fe361e92265618e144f55c41cbafcb8a09654e5bf9e64ccf7f5", kill_on_drop: false }`
[INFO] running `Command { std: "docker" "rm" "-f" "a148ed7b1efc1fe361e92265618e144f55c41cbafcb8a09654e5bf9e64ccf7f5", kill_on_drop: false }`
[INFO] [stdout] a148ed7b1efc1fe361e92265618e144f55c41cbafcb8a09654e5bf9e64ccf7f5
