[INFO] fetching crate spherical_blue_noise 0.1.1...
[INFO] testing spherical_blue_noise-0.1.1 against 1.54.0 for beta-1.55-1
[INFO] extracting crate spherical_blue_noise 0.1.1 into /workspace/builds/worker-13/source
[INFO] validating manifest of crates.io crate spherical_blue_noise 0.1.1 on toolchain 1.54.0
[INFO] running `Command { std: "/workspace/cargo-home/bin/cargo" "+1.54.0" "metadata" "--manifest-path" "Cargo.toml" "--no-deps", kill_on_drop: false }`
[INFO] started tweaking crates.io crate spherical_blue_noise 0.1.1
[INFO] finished tweaking crates.io crate spherical_blue_noise 0.1.1
[INFO] tweaked toml for crates.io crate spherical_blue_noise 0.1.1 written to /workspace/builds/worker-13/source/Cargo.toml
[INFO] crate crates.io crate spherical_blue_noise 0.1.1 already has a lockfile, it will not be regenerated
[INFO] running `Command { std: "/workspace/cargo-home/bin/cargo" "+1.54.0" "fetch" "--manifest-path" "Cargo.toml", kill_on_drop: false }`
[INFO] [stderr]     Blocking waiting for file lock on package cache
[INFO] running `Command { std: "docker" "create" "-v" "/var/lib/crater-agent-workspace/builds/worker-13/target:/opt/rustwide/target:rw,Z" "-v" "/var/lib/crater-agent-workspace/builds/worker-13/source:/opt/rustwide/workdir:ro,Z" "-v" "/var/lib/crater-agent-workspace/cargo-home:/opt/rustwide/cargo-home:ro,Z" "-v" "/var/lib/crater-agent-workspace/rustup-home:/opt/rustwide/rustup-home:ro,Z" "-e" "SOURCE_DIR=/opt/rustwide/workdir" "-e" "CARGO_TARGET_DIR=/opt/rustwide/target" "-e" "CARGO_HOME=/opt/rustwide/cargo-home" "-e" "RUSTUP_HOME=/opt/rustwide/rustup-home" "-w" "/opt/rustwide/workdir" "-m" "1610612736" "--user" "0:0" "--network" "none" "ghcr.io/rust-lang/crates-build-env/linux@sha256:34b6a614d2c27851fe6cbf88fbd1137609cefab8b10d0615aaeb6fd47975d74e" "/opt/rustwide/cargo-home/bin/cargo" "+1.54.0" "metadata" "--no-deps" "--format-version=1", kill_on_drop: false }`
[INFO] [stdout] d544951c2edca061f039776ba7adc36fc07a1a282939726faa8ae8b250a0defd
[INFO] running `Command { std: "docker" "start" "-a" "d544951c2edca061f039776ba7adc36fc07a1a282939726faa8ae8b250a0defd", kill_on_drop: false }`
[INFO] running `Command { std: "docker" "inspect" "d544951c2edca061f039776ba7adc36fc07a1a282939726faa8ae8b250a0defd", kill_on_drop: false }`
[INFO] running `Command { std: "docker" "rm" "-f" "d544951c2edca061f039776ba7adc36fc07a1a282939726faa8ae8b250a0defd", kill_on_drop: false }`
[INFO] [stdout] d544951c2edca061f039776ba7adc36fc07a1a282939726faa8ae8b250a0defd
[INFO] running `Command { std: "docker" "create" "-v" "/var/lib/crater-agent-workspace/builds/worker-13/target:/opt/rustwide/target:rw,Z" "-v" "/var/lib/crater-agent-workspace/builds/worker-13/source:/opt/rustwide/workdir:ro,Z" "-v" "/var/lib/crater-agent-workspace/cargo-home:/opt/rustwide/cargo-home:ro,Z" "-v" "/var/lib/crater-agent-workspace/rustup-home:/opt/rustwide/rustup-home:ro,Z" "-e" "SOURCE_DIR=/opt/rustwide/workdir" "-e" "CARGO_TARGET_DIR=/opt/rustwide/target" "-e" "CARGO_INCREMENTAL=0" "-e" "RUST_BACKTRACE=full" "-e" "RUSTFLAGS=--cap-lints=warn" "-e" "CARGO_HOME=/opt/rustwide/cargo-home" "-e" "RUSTUP_HOME=/opt/rustwide/rustup-home" "-w" "/opt/rustwide/workdir" "-m" "1610612736" "--user" "0:0" "--network" "none" "ghcr.io/rust-lang/crates-build-env/linux@sha256:34b6a614d2c27851fe6cbf88fbd1137609cefab8b10d0615aaeb6fd47975d74e" "/opt/rustwide/cargo-home/bin/cargo" "+1.54.0" "build" "--frozen" "--message-format=json", kill_on_drop: false }`
[INFO] [stdout] da1a8c93a7013b74f100b37b73350d3a1df1d26770335413eb3d7d1132f93829
[INFO] running `Command { std: "docker" "start" "-a" "da1a8c93a7013b74f100b37b73350d3a1df1d26770335413eb3d7d1132f93829", kill_on_drop: false }`
[INFO] [stderr]    Compiling libc v0.2.82
[INFO] [stderr]    Compiling const_fn v0.4.5
[INFO] [stderr]    Compiling getrandom v0.2.1
[INFO] [stderr]    Compiling lazy_static v1.4.0
[INFO] [stderr]    Compiling libm v0.2.1
[INFO] [stderr]    Compiling rayon-core v1.9.0
[INFO] [stderr]    Compiling scopeguard v1.1.0
[INFO] [stderr]    Compiling version_check v0.9.2
[INFO] [stderr]    Compiling ppv-lite86 v0.2.10
[INFO] [stderr]    Compiling either v1.6.1
[INFO] [stderr]    Compiling crossbeam-utils v0.8.1
[INFO] [stderr]    Compiling memoffset v0.6.1
[INFO] [stderr]    Compiling num-traits v0.2.14
[INFO] [stderr]    Compiling rayon v1.5.0
[INFO] [stderr]    Compiling glam v0.11.3
[INFO] [stderr]    Compiling num_cpus v1.13.0
[INFO] [stderr]    Compiling rand_core v0.6.1
[INFO] [stderr]    Compiling rand_chacha v0.3.0
[INFO] [stderr]    Compiling crossbeam-epoch v0.9.1
[INFO] [stderr]    Compiling crossbeam-channel v0.5.0
[INFO] [stderr]    Compiling rand v0.8.2
[INFO] [stderr]    Compiling crossbeam-deque v0.8.0
[INFO] [stderr]    Compiling rand_distr v0.4.0
[INFO] [stderr]    Compiling spherical_blue_noise v0.1.1 (/opt/rustwide/workdir)
[INFO] [stderr]     Finished dev [unoptimized + debuginfo] target(s) in 10.98s
[INFO] running `Command { std: "docker" "inspect" "da1a8c93a7013b74f100b37b73350d3a1df1d26770335413eb3d7d1132f93829", kill_on_drop: false }`
[INFO] running `Command { std: "docker" "rm" "-f" "da1a8c93a7013b74f100b37b73350d3a1df1d26770335413eb3d7d1132f93829", kill_on_drop: false }`
[INFO] [stdout] da1a8c93a7013b74f100b37b73350d3a1df1d26770335413eb3d7d1132f93829
[INFO] running `Command { std: "docker" "create" "-v" "/var/lib/crater-agent-workspace/builds/worker-13/target:/opt/rustwide/target:rw,Z" "-v" "/var/lib/crater-agent-workspace/builds/worker-13/source:/opt/rustwide/workdir:ro,Z" "-v" "/var/lib/crater-agent-workspace/cargo-home:/opt/rustwide/cargo-home:ro,Z" "-v" "/var/lib/crater-agent-workspace/rustup-home:/opt/rustwide/rustup-home:ro,Z" "-e" "SOURCE_DIR=/opt/rustwide/workdir" "-e" "CARGO_TARGET_DIR=/opt/rustwide/target" "-e" "CARGO_INCREMENTAL=0" "-e" "RUST_BACKTRACE=full" "-e" "RUSTFLAGS=--cap-lints=warn" "-e" "CARGO_HOME=/opt/rustwide/cargo-home" "-e" "RUSTUP_HOME=/opt/rustwide/rustup-home" "-w" "/opt/rustwide/workdir" "-m" "1610612736" "--user" "0:0" "--network" "none" "ghcr.io/rust-lang/crates-build-env/linux@sha256:34b6a614d2c27851fe6cbf88fbd1137609cefab8b10d0615aaeb6fd47975d74e" "/opt/rustwide/cargo-home/bin/cargo" "+1.54.0" "test" "--frozen" "--no-run" "--message-format=json", kill_on_drop: false }`
[INFO] [stdout] 9a5c0b5f2c1c13be91f88bdf21d7fc0ca072511b79457b76cb614e9861554b02
[INFO] running `Command { std: "docker" "start" "-a" "9a5c0b5f2c1c13be91f88bdf21d7fc0ca072511b79457b76cb614e9861554b02", kill_on_drop: false }`
[INFO] [stderr]    Compiling cc v1.0.66
[INFO] [stderr]    Compiling pkg-config v0.3.19
[INFO] [stderr]    Compiling byteorder v1.4.2
[INFO] [stderr]    Compiling adler32 v1.2.0
[INFO] [stderr]    Compiling bitflags v1.2.1
[INFO] [stderr]    Compiling semver-parser v0.7.0
[INFO] [stderr]    Compiling crc32fast v1.2.1
[INFO] [stderr]    Compiling log v0.4.13
[INFO] [stderr]    Compiling cfg-if v0.1.10
[INFO] [stderr]    Compiling color_quant v1.1.0
[INFO] [stderr]    Compiling same-file v1.0.6
[INFO] [stderr]    Compiling lzw v0.10.0
[INFO] [stderr]    Compiling plotters-backend v0.3.0
[INFO] [stderr]    Compiling float-ord v0.2.0
[INFO] [stderr]    Compiling bytemuck v1.4.1
[INFO] [stderr]    Compiling num-integer v0.1.44
[INFO] [stderr]    Compiling num-iter v0.1.42
[INFO] [stderr]    Compiling num-rational v0.2.4
[INFO] [stderr]    Compiling num-rational v0.3.2
[INFO] [stderr]    Compiling dirs-sys v0.3.5
[INFO] [stderr]    Compiling time v0.1.43
[INFO] [stderr]    Compiling approx v0.3.2
[INFO] [stderr]    Compiling ordered-float v1.1.1
[INFO] [stderr]    Compiling inflate v0.4.5
[INFO] [stderr]    Compiling miniz_oxide v0.3.7
[INFO] [stderr]    Compiling walkdir v2.3.1
[INFO] [stderr]    Compiling gif v0.10.3
[INFO] [stderr]    Compiling semver v0.9.0
[INFO] [stderr]    Compiling deflate v0.7.20
[INFO] [stderr]    Compiling jpeg-decoder v0.1.20
[INFO] [stderr]    Compiling deflate v0.8.6
[INFO] [stderr]    Compiling stb_truetype v0.3.1
[INFO] [stderr]    Compiling dirs v2.0.2
[INFO] [stderr]    Compiling plotters-svg v0.3.0
[INFO] [stderr]    Compiling cmake v0.1.45
[INFO] [stderr]    Compiling rustc_version v0.2.3
[INFO] [stderr]    Compiling chrono v0.4.19
[INFO] [stderr]    Compiling rusttype v0.8.3
[INFO] [stderr]    Compiling servo-fontconfig-sys v4.0.9
[INFO] [stderr]    Compiling png v0.15.3
[INFO] [stderr]    Compiling png v0.16.8
[INFO] [stderr]    Compiling pathfinder_simd v0.5.0
[INFO] [stderr]    Compiling servo-freetype-sys v4.0.5
[INFO] [stderr]    Compiling expat-sys v2.1.6
[INFO] [stderr]    Compiling image v0.23.12
[INFO] [stderr]    Compiling image v0.22.5
[INFO] [stderr]    Compiling freetype v0.4.1
[INFO] [stderr]    Compiling servo-fontconfig v0.4.0
[INFO] [stderr]    Compiling pathfinder_geometry v0.5.1
[INFO] [stderr]    Compiling font-kit v0.7.1
[INFO] [stderr]    Compiling plotters-bitmap v0.3.0
[INFO] [stderr]    Compiling plotters v0.3.0
[INFO] [stderr]    Compiling spherical_blue_noise v0.1.1 (/opt/rustwide/workdir)
[INFO] [stderr]     Finished test [unoptimized + debuginfo] target(s) in 17.31s
[INFO] running `Command { std: "docker" "inspect" "9a5c0b5f2c1c13be91f88bdf21d7fc0ca072511b79457b76cb614e9861554b02", kill_on_drop: false }`
[INFO] running `Command { std: "docker" "rm" "-f" "9a5c0b5f2c1c13be91f88bdf21d7fc0ca072511b79457b76cb614e9861554b02", kill_on_drop: false }`
[INFO] [stdout] 9a5c0b5f2c1c13be91f88bdf21d7fc0ca072511b79457b76cb614e9861554b02
[INFO] running `Command { std: "docker" "create" "-v" "/var/lib/crater-agent-workspace/builds/worker-13/target:/opt/rustwide/target:rw,Z" "-v" "/var/lib/crater-agent-workspace/builds/worker-13/source:/opt/rustwide/workdir:ro,Z" "-v" "/var/lib/crater-agent-workspace/cargo-home:/opt/rustwide/cargo-home:ro,Z" "-v" "/var/lib/crater-agent-workspace/rustup-home:/opt/rustwide/rustup-home:ro,Z" "-e" "SOURCE_DIR=/opt/rustwide/workdir" "-e" "CARGO_TARGET_DIR=/opt/rustwide/target" "-e" "CARGO_INCREMENTAL=0" "-e" "RUST_BACKTRACE=full" "-e" "RUSTFLAGS=--cap-lints=warn" "-e" "CARGO_HOME=/opt/rustwide/cargo-home" "-e" "RUSTUP_HOME=/opt/rustwide/rustup-home" "-w" "/opt/rustwide/workdir" "-m" "1610612736" "--user" "0:0" "--network" "none" "ghcr.io/rust-lang/crates-build-env/linux@sha256:34b6a614d2c27851fe6cbf88fbd1137609cefab8b10d0615aaeb6fd47975d74e" "/opt/rustwide/cargo-home/bin/cargo" "+1.54.0" "test" "--frozen", kill_on_drop: false }`
[INFO] [stdout] 112411c1806b58818ebe1da80a5c890d91c10b7791ca5077dab2e50396c68553
[INFO] running `Command { std: "docker" "start" "-a" "112411c1806b58818ebe1da80a5c890d91c10b7791ca5077dab2e50396c68553", kill_on_drop: false }`
[INFO] [stderr]     Blocking waiting for file lock on package cache
[INFO] [stderr]     Blocking waiting for file lock on package cache
[INFO] [stderr]     Finished test [unoptimized + debuginfo] target(s) in 0.50s
[INFO] [stderr]      Running unittests (/opt/rustwide/target/debug/deps/spherical_blue_noise-1813218812a391fe)
[INFO] [stdout] 
[INFO] [stdout] running 0 tests
[INFO] [stdout] 
[INFO] [stdout] test result: ok. 0 passed; 0 failed; 0 ignored; 0 measured; 0 filtered out; finished in 0.00s
[INFO] [stdout] 
[INFO] [stderr]    Doc-tests spherical_blue_noise
[INFO] [stdout] 
[INFO] [stdout] running 2 tests
[INFO] [stdout] test src/lib.rs - BlueNoiseSphere (line 38) ... FAILED
[INFO] [stdout] test src/lib.rs - (line 15) ... ok
[INFO] [stdout] 
[INFO] [stdout] failures:
[INFO] [stdout] 
[INFO] [stdout] ---- src/lib.rs - BlueNoiseSphere (line 38) stdout ----
[INFO] [stdout] error[E0433]: failed to resolve: use of undeclared type `BlueNoiseSphere`
[INFO] [stdout]  --> src/lib.rs:39:1
[INFO] [stdout]   |
[INFO] [stdout] 3 | BlueNoiseSphere::new(16, &mut rand::thread_rng()).into_iter()
[INFO] [stdout]   | ^^^^^^^^^^^^^^^ not found in this scope
[INFO] [stdout]   |
[INFO] [stdout] help: consider importing this struct
[INFO] [stdout]   |
[INFO] [stdout] 2 | use spherical_blue_noise::BlueNoiseSphere;
[INFO] [stdout]   |
[INFO] [stdout] 
[INFO] [stdout] error: aborting due to previous error
[INFO] [stdout] 
[INFO] [stdout] For more information about this error, try `rustc --explain E0433`.
[INFO] [stdout] Couldn't compile the test.
[INFO] [stdout] 
[INFO] [stdout] failures:
[INFO] [stdout]     src/lib.rs - BlueNoiseSphere (line 38)
[INFO] [stdout] 
[INFO] [stdout] test result: FAILED. 1 passed; 1 failed; 0 ignored; 0 measured; 0 filtered out; finished in 1.72s
[INFO] [stdout] 
[INFO] [stderr] error: test failed, to rerun pass '--doc'
[INFO] running `Command { std: "docker" "inspect" "112411c1806b58818ebe1da80a5c890d91c10b7791ca5077dab2e50396c68553", kill_on_drop: false }`
[INFO] running `Command { std: "docker" "rm" "-f" "112411c1806b58818ebe1da80a5c890d91c10b7791ca5077dab2e50396c68553", kill_on_drop: false }`
[INFO] [stdout] 112411c1806b58818ebe1da80a5c890d91c10b7791ca5077dab2e50396c68553
