[INFO] fetching crate spf-milter 0.3.2...
[INFO] testing spf-milter-0.3.2 against beta-2021-08-01 for beta-1.55-1
[INFO] extracting crate spf-milter 0.3.2 into /workspace/builds/worker-111/source
[INFO] validating manifest of crates.io crate spf-milter 0.3.2 on toolchain beta-2021-08-01
[INFO] running `Command { std: "/workspace/cargo-home/bin/cargo" "+beta-2021-08-01" "metadata" "--manifest-path" "Cargo.toml" "--no-deps", kill_on_drop: false }`
[INFO] started tweaking crates.io crate spf-milter 0.3.2
[INFO] finished tweaking crates.io crate spf-milter 0.3.2
[INFO] tweaked toml for crates.io crate spf-milter 0.3.2 written to /workspace/builds/worker-111/source/Cargo.toml
[INFO] crate crates.io crate spf-milter 0.3.2 already has a lockfile, it will not be regenerated
[INFO] running `Command { std: "/workspace/cargo-home/bin/cargo" "+beta-2021-08-01" "fetch" "--manifest-path" "Cargo.toml", kill_on_drop: false }`
[INFO] [stderr]     Blocking waiting for file lock on package cache
[INFO] [stderr]  Downloading crates ...
[INFO] [stderr]   Downloaded domain v0.6.1
[INFO] [stderr]   Downloaded milter-callback v0.2.3
[INFO] [stderr]   Downloaded viaspf v0.3.1
[INFO] [stderr]   Downloaded milter v0.2.3
[INFO] [stderr]   Downloaded milter-sys v0.2.2
[INFO] running `Command { std: "docker" "create" "-v" "/var/lib/crater-agent-workspace/builds/worker-111/target:/opt/rustwide/target:rw,Z" "-v" "/var/lib/crater-agent-workspace/builds/worker-111/source:/opt/rustwide/workdir:ro,Z" "-v" "/var/lib/crater-agent-workspace/cargo-home:/opt/rustwide/cargo-home:ro,Z" "-v" "/var/lib/crater-agent-workspace/rustup-home:/opt/rustwide/rustup-home:ro,Z" "-e" "SOURCE_DIR=/opt/rustwide/workdir" "-e" "CARGO_TARGET_DIR=/opt/rustwide/target" "-e" "CARGO_HOME=/opt/rustwide/cargo-home" "-e" "RUSTUP_HOME=/opt/rustwide/rustup-home" "-w" "/opt/rustwide/workdir" "-m" "1610612736" "--user" "0:0" "--network" "none" "ghcr.io/rust-lang/crates-build-env/linux@sha256:34b6a614d2c27851fe6cbf88fbd1137609cefab8b10d0615aaeb6fd47975d74e" "/opt/rustwide/cargo-home/bin/cargo" "+beta-2021-08-01" "metadata" "--no-deps" "--format-version=1", kill_on_drop: false }`
[INFO] [stdout] 388353aba139fe08be11b0e1d8184f1b7142390e3b323af73891721175029fe2
[INFO] running `Command { std: "docker" "start" "-a" "388353aba139fe08be11b0e1d8184f1b7142390e3b323af73891721175029fe2", kill_on_drop: false }`
[INFO] running `Command { std: "docker" "inspect" "388353aba139fe08be11b0e1d8184f1b7142390e3b323af73891721175029fe2", kill_on_drop: false }`
[INFO] running `Command { std: "docker" "rm" "-f" "388353aba139fe08be11b0e1d8184f1b7142390e3b323af73891721175029fe2", kill_on_drop: false }`
[INFO] [stdout] 388353aba139fe08be11b0e1d8184f1b7142390e3b323af73891721175029fe2
[INFO] running `Command { std: "docker" "create" "-v" "/var/lib/crater-agent-workspace/builds/worker-111/target:/opt/rustwide/target:rw,Z" "-v" "/var/lib/crater-agent-workspace/builds/worker-111/source:/opt/rustwide/workdir:ro,Z" "-v" "/var/lib/crater-agent-workspace/cargo-home:/opt/rustwide/cargo-home:ro,Z" "-v" "/var/lib/crater-agent-workspace/rustup-home:/opt/rustwide/rustup-home:ro,Z" "-e" "SOURCE_DIR=/opt/rustwide/workdir" "-e" "CARGO_TARGET_DIR=/opt/rustwide/target" "-e" "CARGO_INCREMENTAL=0" "-e" "RUST_BACKTRACE=full" "-e" "RUSTFLAGS=--cap-lints=warn" "-e" "CARGO_HOME=/opt/rustwide/cargo-home" "-e" "RUSTUP_HOME=/opt/rustwide/rustup-home" "-w" "/opt/rustwide/workdir" "-m" "1610612736" "--user" "0:0" "--network" "none" "ghcr.io/rust-lang/crates-build-env/linux@sha256:34b6a614d2c27851fe6cbf88fbd1137609cefab8b10d0615aaeb6fd47975d74e" "/opt/rustwide/cargo-home/bin/cargo" "+beta-2021-08-01" "build" "--frozen" "--message-format=json", kill_on_drop: false }`
[INFO] [stdout] 871d3a1ed102414c237b3b2e7145b9718a11b766a24d8fe464bee4982d0abad4
[INFO] running `Command { std: "docker" "start" "-a" "871d3a1ed102414c237b3b2e7145b9718a11b766a24d8fe464bee4982d0abad4", kill_on_drop: false }`
[INFO] [stderr]     Blocking waiting for file lock on package cache
[INFO] [stderr]    Compiling syn v1.0.74
[INFO] [stderr]    Compiling futures-core v0.3.16
[INFO] [stderr]    Compiling memchr v2.4.0
[INFO] [stderr]    Compiling futures-channel v0.3.16
[INFO] [stderr]    Compiling futures-io v0.3.16
[INFO] [stderr]    Compiling slab v0.4.3
[INFO] [stderr]    Compiling signal-hook v0.3.9
[INFO] [stderr]    Compiling once_cell v1.8.0
[INFO] [stderr]    Compiling ipnet v2.3.1
[INFO] [stderr]    Compiling futures-util v0.3.16
[INFO] [stderr]    Compiling tokio v1.9.0
[INFO] [stderr]    Compiling milter-sys v0.2.2
[INFO] [stderr]    Compiling error-chain v0.12.4
[INFO] [stderr]    Compiling time v0.1.43
[INFO] [stderr]    Compiling atty v0.2.14
[INFO] [stderr]    Compiling mio v0.7.13
[INFO] [stderr]    Compiling viaspf v0.3.1
[INFO] [stderr]    Compiling rand v0.8.4
[INFO] [stderr]    Compiling clap v2.33.3
[INFO] [stderr]    Compiling syslog v5.0.0
[INFO] [stderr]    Compiling futures-macro v0.3.16
[INFO] [stderr]    Compiling tokio-macros v1.3.0
[INFO] [stderr]    Compiling milter-callback v0.2.3
[INFO] [stderr]    Compiling milter v0.2.3
[INFO] [stderr]    Compiling futures-executor v0.3.16
[INFO] [stderr]    Compiling futures v0.3.16
[INFO] [stderr]    Compiling domain v0.6.1
[INFO] [stderr]    Compiling spf-milter v0.3.2 (/opt/rustwide/workdir)
[INFO] [stderr]     Finished dev [unoptimized + debuginfo] target(s) in 28.23s
[INFO] running `Command { std: "docker" "inspect" "871d3a1ed102414c237b3b2e7145b9718a11b766a24d8fe464bee4982d0abad4", kill_on_drop: false }`
[INFO] running `Command { std: "docker" "rm" "-f" "871d3a1ed102414c237b3b2e7145b9718a11b766a24d8fe464bee4982d0abad4", kill_on_drop: false }`
[INFO] [stdout] 871d3a1ed102414c237b3b2e7145b9718a11b766a24d8fe464bee4982d0abad4
[INFO] running `Command { std: "docker" "create" "-v" "/var/lib/crater-agent-workspace/builds/worker-111/target:/opt/rustwide/target:rw,Z" "-v" "/var/lib/crater-agent-workspace/builds/worker-111/source:/opt/rustwide/workdir:ro,Z" "-v" "/var/lib/crater-agent-workspace/cargo-home:/opt/rustwide/cargo-home:ro,Z" "-v" "/var/lib/crater-agent-workspace/rustup-home:/opt/rustwide/rustup-home:ro,Z" "-e" "SOURCE_DIR=/opt/rustwide/workdir" "-e" "CARGO_TARGET_DIR=/opt/rustwide/target" "-e" "CARGO_INCREMENTAL=0" "-e" "RUST_BACKTRACE=full" "-e" "RUSTFLAGS=--cap-lints=warn" "-e" "CARGO_HOME=/opt/rustwide/cargo-home" "-e" "RUSTUP_HOME=/opt/rustwide/rustup-home" "-w" "/opt/rustwide/workdir" "-m" "1610612736" "--user" "0:0" "--network" "none" "ghcr.io/rust-lang/crates-build-env/linux@sha256:34b6a614d2c27851fe6cbf88fbd1137609cefab8b10d0615aaeb6fd47975d74e" "/opt/rustwide/cargo-home/bin/cargo" "+beta-2021-08-01" "test" "--frozen" "--no-run" "--message-format=json", kill_on_drop: false }`
[INFO] [stdout] a39cb4cd79fe4b2bff9aca3e3c763fb67fc68370fae1482196015bf879d518e1
[INFO] running `Command { std: "docker" "start" "-a" "a39cb4cd79fe4b2bff9aca3e3c763fb67fc68370fae1482196015bf879d518e1", kill_on_drop: false }`
[INFO] [stderr]     Blocking waiting for file lock on package cache
[INFO] [stderr]    Compiling spf-milter v0.3.2 (/opt/rustwide/workdir)
[INFO] [stderr]     Finished test [unoptimized + debuginfo] target(s) in 7.15s
[INFO] running `Command { std: "docker" "inspect" "a39cb4cd79fe4b2bff9aca3e3c763fb67fc68370fae1482196015bf879d518e1", kill_on_drop: false }`
[INFO] running `Command { std: "docker" "rm" "-f" "a39cb4cd79fe4b2bff9aca3e3c763fb67fc68370fae1482196015bf879d518e1", kill_on_drop: false }`
[INFO] [stdout] a39cb4cd79fe4b2bff9aca3e3c763fb67fc68370fae1482196015bf879d518e1
[INFO] running `Command { std: "docker" "create" "-v" "/var/lib/crater-agent-workspace/builds/worker-111/target:/opt/rustwide/target:rw,Z" "-v" "/var/lib/crater-agent-workspace/builds/worker-111/source:/opt/rustwide/workdir:ro,Z" "-v" "/var/lib/crater-agent-workspace/cargo-home:/opt/rustwide/cargo-home:ro,Z" "-v" "/var/lib/crater-agent-workspace/rustup-home:/opt/rustwide/rustup-home:ro,Z" "-e" "SOURCE_DIR=/opt/rustwide/workdir" "-e" "CARGO_TARGET_DIR=/opt/rustwide/target" "-e" "CARGO_INCREMENTAL=0" "-e" "RUST_BACKTRACE=full" "-e" "RUSTFLAGS=--cap-lints=warn" "-e" "CARGO_HOME=/opt/rustwide/cargo-home" "-e" "RUSTUP_HOME=/opt/rustwide/rustup-home" "-w" "/opt/rustwide/workdir" "-m" "1610612736" "--user" "0:0" "--network" "none" "ghcr.io/rust-lang/crates-build-env/linux@sha256:34b6a614d2c27851fe6cbf88fbd1137609cefab8b10d0615aaeb6fd47975d74e" "/opt/rustwide/cargo-home/bin/cargo" "+beta-2021-08-01" "test" "--frozen", kill_on_drop: false }`
[INFO] [stdout] 58016fc05bda25ca9ae71fe893c23c6abef739595846e9c28b729a16b5b9cbad
[INFO] running `Command { std: "docker" "start" "-a" "58016fc05bda25ca9ae71fe893c23c6abef739595846e9c28b729a16b5b9cbad", kill_on_drop: false }`
[INFO] [stderr]     Finished test [unoptimized + debuginfo] target(s) in 0.11s
[INFO] [stderr]      Running unittests (/opt/rustwide/target/debug/deps/spf_milter-6d35ef73188bd1f2)
[INFO] [stdout] 
[INFO] [stdout] running 48 tests
[INFO] [stdout] test auth::tests::add_header_for_definitive_helo_result ... ok
[INFO] [stdout] test auth::tests::add_header_default_no_spf ... ok
[INFO] [stdout] test auth::tests::add_header_with_unusable_helo_identity ... ok
[INFO] [stdout] test auth::tests::add_headers_for_all_results ... ok
[INFO] [stdout] test auth::tests::reject_failure_with_i18n_explanation_from_dns ... ok
[INFO] [stdout] test auth::tests::escape_reply_text_ok ... ok
[INFO] [stdout] test config::cli_opts::tests::cli_options_builder_ok ... ok
[INFO] [stdout] test auth::tests::reject_helo_timeout_with_escaped_reply_text ... ok
[INFO] [stdout] test auth::tests::reject_unauthorized_sender ... ok
[INFO] [stdout] test config::model::tests::enhanced_status_code_parse_ok ... ok
[INFO] [stdout] test auth::tests::dry_run_accepts_message ... ok
[INFO] [stdout] test auth::tests::eq_authserv_ids_ok ... ok
[INFO] [stdout] test auth::tests::delete_forged_authentication_results_headers ... ok
[INFO] [stdout] test auth::tests::reject_null_sender_with_invalid_helo_record ... ok
[INFO] [stdout] test config::model::tests::reply_code_parse_ok ... ok
[INFO] [stdout] test config::model::tests::trusted_networks_loopback_ok ... ok
[INFO] [stdout] test config::model::tests::trusted_networks_subnet_ok ... ok
[INFO] [stdout] test config::model::tests::skip_senders_ok ... ok
[INFO] [stdout] test config::read::tests::parse_results_invalid_result ... ok
[INFO] [stdout] test config::read::tests::parse_results_ok ... ok
[INFO] [stdout] test config::read::tests::parse_skip_senders_file_content_ok ... ok
[INFO] [stdout] test config::read::tests::parse_skip_senders_ok ... ok
[INFO] [stdout] test config::read::tests::split_param_values_ok ... ok
[INFO] [stdout] test config::read::tests::parse_exp_modification_ok ... ok
[INFO] [stdout] test auth::tests::skip_sender_matching_mailfrom_identity ... ok
[INFO] [stdout] test config::tests::delete_incoming_authentication_results_default_ok ... ok
[INFO] [stdout] test header::auth_results::tests::auth_results_header_display_all_results ... ok
[INFO] [stdout] test header::auth_results::tests::auth_results_header_display_error ... ok
[INFO] [stdout] test header::auth_results::tests::encode_sender_ok ... ok
[INFO] [stdout] test header::auth_results::tests::extract_authserv_id_ok ... ok
[INFO] [stdout] test header::format::tests::decode_quoted_string_ok ... ok
[INFO] [stdout] test header::format::tests::encode_mime_value_ok ... ok
[INFO] [stdout] test config::read::tests::socket_with_cli_options_override ... ok
[INFO] [stdout] test header::format::tests::escape_comment_word_ok ... ok
[INFO] [stdout] test header::format::tests::is_dot_atom_ok ... ok
[INFO] [stdout] test header::format::tests::skip_comment_ok ... ok
[INFO] [stdout] test header::format::tests::skip_ctext_ok ... ok
[INFO] [stdout] test header::format::tests::skip_fws_ok ... ok
[INFO] [stdout] test header::format::tests::skip_mime_value_ok ... ok
[INFO] [stdout] test header::format::tests::skip_quoted_pair_ok ... ok
[INFO] [stdout] test header::received_spf::tests::format_header_value_ok ... ok
[INFO] [stdout] test header::received_spf::tests::format_none_parts_with_unusual_sender ... ok
[INFO] [stdout] test header::received_spf::tests::format_pass_parts_ok ... ok
[INFO] [stdout] test header::received_spf::tests::received_spf_header_display_default_neutral_result ... ok
[INFO] [stdout] test resolver::tests::domain_resolver_lookup_ok ... ignored
[INFO] [stdout] test header::received_spf::tests::received_spf_header_display_error ... ok
[INFO] [stdout] test header::received_spf::tests::received_spf_header_display_pass ... ok
[INFO] [stdout] test verify::tests::to_verifier_config_exp_mod_decorate ... ok
[INFO] [stdout] 
[INFO] [stdout] test result: ok. 47 passed; 0 failed; 1 ignored; 0 measured; 0 filtered out; finished in 0.01s
[INFO] [stdout] 
[INFO] [stderr]      Running unittests (/opt/rustwide/target/debug/deps/spf_milter-4fbfb0818cde4c98)
[INFO] [stdout] 
[INFO] [stdout] running 0 tests
[INFO] [stderr]      Running tests/config_reload.rs (/opt/rustwide/target/debug/deps/config_reload-1d3fc017526d90e1)
[INFO] [stdout] 
[INFO] [stdout] test result: ok. 0 passed; 0 failed; 0 ignored; 0 measured; 0 filtered out; finished in 0.00s
[INFO] [stdout] 
[INFO] [stdout] 
[INFO] [stdout] running 1 test
[INFO] [stdout] test config_reload ... FAILED
[INFO] [stdout] 
[INFO] [stdout] failures:
[INFO] [stdout] 
[INFO] [stdout] ---- config_reload stdout ----
[INFO] [stdout] SPF Milter 0.3.2 starting
[INFO] [stdout] thread '<unnamed>' panicked at 'miltertest execution failed: Os { code: 2, kind: NotFound, message: "No such file or directory" }', tests/common/mod.rs:193:10
[INFO] [stdout] stack backtrace:
[INFO] [stdout]    0:     0x55e0e00c1c40 - std::backtrace_rs::backtrace::libunwind::trace::hff4d1766e93f64f1
[INFO] [stdout]                                at /rustc/53fd98ca776cb875bc9e5514f56b52eb74f9e7a9/library/std/src/../../backtrace/src/backtrace/libunwind.rs:90:5
[INFO] [stdout]    1:     0x55e0e00c1c40 - std::backtrace_rs::backtrace::trace_unsynchronized::h56bbc8eb78770bcb
[INFO] [stdout]                                at /rustc/53fd98ca776cb875bc9e5514f56b52eb74f9e7a9/library/std/src/../../backtrace/src/backtrace/mod.rs:66:5
[INFO] [stdout]    2:     0x55e0e00c1c40 - std::sys_common::backtrace::_print_fmt::h5c8e75464faca780
[INFO] [stdout]                                at /rustc/53fd98ca776cb875bc9e5514f56b52eb74f9e7a9/library/std/src/sys_common/backtrace.rs:67:5
[INFO] [stdout]    3:     0x55e0e00c1c40 - <std::sys_common::backtrace::_print::DisplayBacktrace as core::fmt::Display>::fmt::h48b88277def8b362
[INFO] [stdout]                                at /rustc/53fd98ca776cb875bc9e5514f56b52eb74f9e7a9/library/std/src/sys_common/backtrace.rs:46:22
[INFO] [stdout]    4:     0x55e0e00e538c - core::fmt::write::h3381b3176fe2b3d3
[INFO] [stdout]                                at /rustc/53fd98ca776cb875bc9e5514f56b52eb74f9e7a9/library/core/src/fmt/mod.rs:1115:17
[INFO] [stdout]    5:     0x55e0e00bb985 - std::io::Write::write_fmt::h5f34a676f60246b5
[INFO] [stdout]                                at /rustc/53fd98ca776cb875bc9e5514f56b52eb74f9e7a9/library/std/src/io/mod.rs:1665:15
[INFO] [stdout]    6:     0x55e0e00c3e0b - std::sys_common::backtrace::_print::ha537687d6c17dd0d
[INFO] [stdout]                                at /rustc/53fd98ca776cb875bc9e5514f56b52eb74f9e7a9/library/std/src/sys_common/backtrace.rs:49:5
[INFO] [stdout]    7:     0x55e0e00c3e0b - std::sys_common::backtrace::print::h61376ae57d131d72
[INFO] [stdout]                                at /rustc/53fd98ca776cb875bc9e5514f56b52eb74f9e7a9/library/std/src/sys_common/backtrace.rs:36:9
[INFO] [stdout]    8:     0x55e0e00c3e0b - std::panicking::default_hook::{{closure}}::h0f7208c0b9644a54
[INFO] [stdout]                                at /rustc/53fd98ca776cb875bc9e5514f56b52eb74f9e7a9/library/std/src/panicking.rs:208:50
[INFO] [stdout]    9:     0x55e0e00c391c - std::panicking::default_hook::hdac7fc06578c14ce
[INFO] [stdout]                                at /rustc/53fd98ca776cb875bc9e5514f56b52eb74f9e7a9/library/std/src/panicking.rs:222:9
[INFO] [stdout]   10:     0x55e0e00c44d4 - std::panicking::rust_panic_with_hook::h72b21c283da3d1ef
[INFO] [stdout]                                at /rustc/53fd98ca776cb875bc9e5514f56b52eb74f9e7a9/library/std/src/panicking.rs:622:17
[INFO] [stdout]   11:     0x55e0e00c3fb7 - std::panicking::begin_panic_handler::{{closure}}::he5778f1729cff84a
[INFO] [stdout]                                at /rustc/53fd98ca776cb875bc9e5514f56b52eb74f9e7a9/library/std/src/panicking.rs:519:13
[INFO] [stdout]   12:     0x55e0e00c211c - std::sys_common::backtrace::__rust_end_short_backtrace::h2d11ca8b453b4b1d
[INFO] [stdout]                                at /rustc/53fd98ca776cb875bc9e5514f56b52eb74f9e7a9/library/std/src/sys_common/backtrace.rs:141:18
[INFO] [stdout]   13:     0x55e0e00c3f19 - rust_begin_unwind
[INFO] [stdout]                                at /rustc/53fd98ca776cb875bc9e5514f56b52eb74f9e7a9/library/std/src/panicking.rs:515:5
[INFO] [stdout]   14:     0x55e0dfe15581 - core::panicking::panic_fmt::hf9de31d4acbce4db
[INFO] [stdout]                                at /rustc/53fd98ca776cb875bc9e5514f56b52eb74f9e7a9/library/core/src/panicking.rs:92:14
[INFO] [stdout]   15:     0x55e0dfe15673 - core::result::unwrap_failed::ha0c84e81219e5878
[INFO] [stdout]                                at /rustc/53fd98ca776cb875bc9e5514f56b52eb74f9e7a9/library/core/src/result.rs:1599:5
[INFO] [stdout]   16:     0x55e0dfe1fcbd - core::result::Result<T,E>::expect::h707634ae06c99e7d
[INFO] [stdout]                                at /rustc/53fd98ca776cb875bc9e5514f56b52eb74f9e7a9/library/core/src/result.rs:1241:23
[INFO] [stdout]   17:     0x55e0dfe1de50 - config_reload::common::run_miltertest_with_vars::hb1ed730806e17ace
[INFO] [stdout]                                at /opt/rustwide/workdir/tests/common/mod.rs:189:18
[INFO] [stdout]   18:     0x55e0dfe213f0 - config_reload::test_script::h536f3239e8c4ace1
[INFO] [stdout]                                at /opt/rustwide/workdir/tests/config_reload.rs:64:21
[INFO] [stdout]   19:     0x55e0dfe18898 - core::ops::function::FnOnce::call_once::h516dd9ca1136f07c
[INFO] [stdout]                                at /rustc/53fd98ca776cb875bc9e5514f56b52eb74f9e7a9/library/core/src/ops/function.rs:227:5
[INFO] [stdout]   20:     0x55e0dfe1d632 - config_reload::common::spawn_miltertest_runner_with_script::{{closure}}::h7636c0ab73dcbfa2
[INFO] [stdout]                                at /opt/rustwide/workdir/tests/common/mod.rs:164:9
[INFO] [stdout]   21:     0x55e0dfe20ea8 - std::sys_common::backtrace::__rust_begin_short_backtrace::h4796f27c81294bf3
[INFO] [stdout]                                at /rustc/53fd98ca776cb875bc9e5514f56b52eb74f9e7a9/library/std/src/sys_common/backtrace.rs:125:18
[INFO] [stdout]   22:     0x55e0dfe18618 - std::thread::Builder::spawn_unchecked::{{closure}}::{{closure}}::h168802ce51a77cac
[INFO] [stdout]                                at /rustc/53fd98ca776cb875bc9e5514f56b52eb74f9e7a9/library/std/src/thread/mod.rs:476:17
[INFO] [stdout]   23:     0x55e0dfe1f058 - <std::panic::AssertUnwindSafe<F> as core::ops::function::FnOnce<()>>::call_once::hfe1277f33e2d5e77
[INFO] [stdout]                                at /rustc/53fd98ca776cb875bc9e5514f56b52eb74f9e7a9/library/std/src/panic.rs:347:9
[INFO] [stdout]   24:     0x55e0dfe1b74d - std::panicking::try::do_call::h3fab14a3c0d79518
[INFO] [stdout]                                at /rustc/53fd98ca776cb875bc9e5514f56b52eb74f9e7a9/library/std/src/panicking.rs:401:40
[INFO] [stdout]   25:     0x55e0dfe1bb4d - __rust_try
[INFO] [stdout]   26:     0x55e0dfe1b5d4 - std::panicking::try::h373fdcd12c20b71b
[INFO] [stdout]                                at /rustc/53fd98ca776cb875bc9e5514f56b52eb74f9e7a9/library/std/src/panicking.rs:365:19
[INFO] [stdout]   27:     0x55e0dfe1f190 - std::panic::catch_unwind::h16169a57ea6ce01d
[INFO] [stdout]                                at /rustc/53fd98ca776cb875bc9e5514f56b52eb74f9e7a9/library/std/src/panic.rs:434:14
[INFO] [stdout]   28:     0x55e0dfe18113 - std::thread::Builder::spawn_unchecked::{{closure}}::hbba1d5e851e51bd7
[INFO] [stdout]                                at /rustc/53fd98ca776cb875bc9e5514f56b52eb74f9e7a9/library/std/src/thread/mod.rs:475:30
[INFO] [stdout]   29:     0x55e0dfe1875e - core::ops::function::FnOnce::call_once{{vtable.shim}}::h7dd94c67a66688ad
[INFO] [stdout]                                at /rustc/53fd98ca776cb875bc9e5514f56b52eb74f9e7a9/library/core/src/ops/function.rs:227:5
[INFO] [stdout]   30:     0x55e0e00c9997 - <alloc::boxed::Box<F,A> as core::ops::function::FnOnce<Args>>::call_once::h65c29e4642be2358
[INFO] [stdout]                                at /rustc/53fd98ca776cb875bc9e5514f56b52eb74f9e7a9/library/alloc/src/boxed.rs:1572:9
[INFO] [stdout]   31:     0x55e0e00c9997 - <alloc::boxed::Box<F,A> as core::ops::function::FnOnce<Args>>::call_once::hd0f8f7fbbd9fffbf
[INFO] [stdout]                                at /rustc/53fd98ca776cb875bc9e5514f56b52eb74f9e7a9/library/alloc/src/boxed.rs:1572:9
[INFO] [stdout]   32:     0x55e0e00c9997 - std::sys::unix::thread::Thread::new::thread_start::h2fd22fee3ca77b65
[INFO] [stdout]                                at /rustc/53fd98ca776cb875bc9e5514f56b52eb74f9e7a9/library/std/src/sys/unix/thread.rs:74:17
[INFO] [stdout]   33:     0x7f5856fb6609 - start_thread
[INFO] [stdout]   34:     0x7f5856d88293 - clone
[INFO] [stdout]   35:                0x0 - <unknown>
[INFO] [stdout] miltertest runner timed out
[INFO] [stdout] SPF Milter 0.3.2 shut down
[INFO] [stdout] thread 'config_reload' panicked at 'panic in miltertest runner: Any { .. }', tests/config_reload.rs:42:39
[INFO] [stdout] stack backtrace:
[INFO] [stdout]    0:     0x55e0e00c1c40 - std::backtrace_rs::backtrace::libunwind::trace::hff4d1766e93f64f1
[INFO] [stdout]                                at /rustc/53fd98ca776cb875bc9e5514f56b52eb74f9e7a9/library/std/src/../../backtrace/src/backtrace/libunwind.rs:90:5
[INFO] [stdout]    1:     0x55e0e00c1c40 - std::backtrace_rs::backtrace::trace_unsynchronized::h56bbc8eb78770bcb
[INFO] [stdout]                                at /rustc/53fd98ca776cb875bc9e5514f56b52eb74f9e7a9/library/std/src/../../backtrace/src/backtrace/mod.rs:66:5
[INFO] [stdout]    2:     0x55e0e00c1c40 - std::sys_common::backtrace::_print_fmt::h5c8e75464faca780
[INFO] [stdout]                                at /rustc/53fd98ca776cb875bc9e5514f56b52eb74f9e7a9/library/std/src/sys_common/backtrace.rs:67:5
[INFO] [stdout]    3:     0x55e0e00c1c40 - <std::sys_common::backtrace::_print::DisplayBacktrace as core::fmt::Display>::fmt::h48b88277def8b362
[INFO] [stdout]                                at /rustc/53fd98ca776cb875bc9e5514f56b52eb74f9e7a9/library/std/src/sys_common/backtrace.rs:46:22
[INFO] [stdout]    4:     0x55e0e00e538c - core::fmt::write::h3381b3176fe2b3d3
[INFO] [stdout]                                at /rustc/53fd98ca776cb875bc9e5514f56b52eb74f9e7a9/library/core/src/fmt/mod.rs:1115:17
[INFO] [stdout]    5:     0x55e0e00bb985 - std::io::Write::write_fmt::h5f34a676f60246b5
[INFO] [stdout]                                at /rustc/53fd98ca776cb875bc9e5514f56b52eb74f9e7a9/library/std/src/io/mod.rs:1665:15
[INFO] [stdout]    6:     0x55e0e00c3e0b - std::sys_common::backtrace::_print::ha537687d6c17dd0d
[INFO] [stdout]                                at /rustc/53fd98ca776cb875bc9e5514f56b52eb74f9e7a9/library/std/src/sys_common/backtrace.rs:49:5
[INFO] [stdout]    7:     0x55e0e00c3e0b - std::sys_common::backtrace::print::h61376ae57d131d72
[INFO] [stdout]                                at /rustc/53fd98ca776cb875bc9e5514f56b52eb74f9e7a9/library/std/src/sys_common/backtrace.rs:36:9
[INFO] [stdout]    8:     0x55e0e00c3e0b - std::panicking::default_hook::{{closure}}::h0f7208c0b9644a54
[INFO] [stdout]                                at /rustc/53fd98ca776cb875bc9e5514f56b52eb74f9e7a9/library/std/src/panicking.rs:208:50
[INFO] [stdout]    9:     0x55e0e00c391c - std::panicking::default_hook::hdac7fc06578c14ce
[INFO] [stdout]                                at /rustc/53fd98ca776cb875bc9e5514f56b52eb74f9e7a9/library/std/src/panicking.rs:222:9
[INFO] [stdout]   10:     0x55e0e00c44d4 - std::panicking::rust_panic_with_hook::h72b21c283da3d1ef
[INFO] [stdout]                                at /rustc/53fd98ca776cb875bc9e5514f56b52eb74f9e7a9/library/std/src/panicking.rs:622:17
[INFO] [stdout]   11:     0x55e0e00c3fb7 - std::panicking::begin_panic_handler::{{closure}}::he5778f1729cff84a
[INFO] [stdout]                                at /rustc/53fd98ca776cb875bc9e5514f56b52eb74f9e7a9/library/std/src/panicking.rs:519:13
[INFO] [stdout]   12:     0x55e0e00c211c - std::sys_common::backtrace::__rust_end_short_backtrace::h2d11ca8b453b4b1d
[INFO] [stdout]                                at /rustc/53fd98ca776cb875bc9e5514f56b52eb74f9e7a9/library/std/src/sys_common/backtrace.rs:141:18
[INFO] [stdout]   13:     0x55e0e00c3f19 - rust_begin_unwind
[INFO] [stdout]                                at /rustc/53fd98ca776cb875bc9e5514f56b52eb74f9e7a9/library/std/src/panicking.rs:515:5
[INFO] [stdout]   14:     0x55e0dfe15581 - core::panicking::panic_fmt::hf9de31d4acbce4db
[INFO] [stdout]                                at /rustc/53fd98ca776cb875bc9e5514f56b52eb74f9e7a9/library/core/src/panicking.rs:92:14
[INFO] [stdout]   15:     0x55e0dfe15673 - core::result::unwrap_failed::ha0c84e81219e5878
[INFO] [stdout]                                at /rustc/53fd98ca776cb875bc9e5514f56b52eb74f9e7a9/library/core/src/result.rs:1599:5
[INFO] [stdout]   16:     0x55e0dfe1f9a9 - core::result::Result<T,E>::expect::h16038add372827a6
[INFO] [stdout]                                at /rustc/53fd98ca776cb875bc9e5514f56b52eb74f9e7a9/library/core/src/result.rs:1241:23
[INFO] [stdout]   17:     0x55e0dfe21b1d - config_reload::config_reload::heaeda4d4817c3f84
[INFO] [stdout]                                at /opt/rustwide/workdir/tests/config_reload.rs:42:21
[INFO] [stdout]   18:     0x55e0dfe217ca - config_reload::config_reload::{{closure}}::h4c33d9d77115c017
[INFO] [stdout]                                at /opt/rustwide/workdir/tests/config_reload.rs:17:1
[INFO] [stdout]   19:     0x55e0dfe188be - core::ops::function::FnOnce::call_once::ha4c60b3e1d49bb6b
[INFO] [stdout]                                at /rustc/53fd98ca776cb875bc9e5514f56b52eb74f9e7a9/library/core/src/ops/function.rs:227:5
[INFO] [stdout]   20:     0x55e0dfe55703 - core::ops::function::FnOnce::call_once::hbb52c4519d3137b0
[INFO] [stdout]                                at /rustc/53fd98ca776cb875bc9e5514f56b52eb74f9e7a9/library/core/src/ops/function.rs:227:5
[INFO] [stdout]   21:     0x55e0dfe55703 - test::__rust_begin_short_backtrace::h86fe3a2a5a5121af
[INFO] [stdout]                                at /rustc/53fd98ca776cb875bc9e5514f56b52eb74f9e7a9/library/test/src/lib.rs:578:5
[INFO] [stdout]   22:     0x55e0dfe541b8 - <alloc::boxed::Box<F,A> as core::ops::function::FnOnce<Args>>::call_once::hfd956bc3d57399be
[INFO] [stdout]                                at /rustc/53fd98ca776cb875bc9e5514f56b52eb74f9e7a9/library/alloc/src/boxed.rs:1572:9
[INFO] [stdout]   23:     0x55e0dfe541b8 - <std::panic::AssertUnwindSafe<F> as core::ops::function::FnOnce<()>>::call_once::h40dc93e0ddb5938a
[INFO] [stdout]                                at /rustc/53fd98ca776cb875bc9e5514f56b52eb74f9e7a9/library/std/src/panic.rs:347:9
[INFO] [stdout]   24:     0x55e0dfe541b8 - std::panicking::try::do_call::h90d07750cb47c562
[INFO] [stdout]                                at /rustc/53fd98ca776cb875bc9e5514f56b52eb74f9e7a9/library/std/src/panicking.rs:401:40
[INFO] [stdout]   25:     0x55e0dfe541b8 - std::panicking::try::h063c84733ad2a629
[INFO] [stdout]                                at /rustc/53fd98ca776cb875bc9e5514f56b52eb74f9e7a9/library/std/src/panicking.rs:365:19
[INFO] [stdout]   26:     0x55e0dfe541b8 - std::panic::catch_unwind::h0c464836a84e7c08
[INFO] [stdout]                                at /rustc/53fd98ca776cb875bc9e5514f56b52eb74f9e7a9/library/std/src/panic.rs:434:14
[INFO] [stdout]   27:     0x55e0dfe541b8 - test::run_test_in_process::h5cb06ef620b157fc
[INFO] [stdout]                                at /rustc/53fd98ca776cb875bc9e5514f56b52eb74f9e7a9/library/test/src/lib.rs:601:18
[INFO] [stdout]   28:     0x55e0dfe541b8 - test::run_test::run_test_inner::{{closure}}::h76f677f4b93f9828
[INFO] [stdout]                                at /rustc/53fd98ca776cb875bc9e5514f56b52eb74f9e7a9/library/test/src/lib.rs:493:39
[INFO] [stdout]   29:     0x55e0dfe2294d - test::run_test::run_test_inner::{{closure}}::h366d01fe04f4d67a
[INFO] [stdout]                                at /rustc/53fd98ca776cb875bc9e5514f56b52eb74f9e7a9/library/test/src/lib.rs:520:37
[INFO] [stdout]   30:     0x55e0dfe2294d - std::sys_common::backtrace::__rust_begin_short_backtrace::h7dfa0de4eb395af2
[INFO] [stdout]                                at /rustc/53fd98ca776cb875bc9e5514f56b52eb74f9e7a9/library/std/src/sys_common/backtrace.rs:125:18
[INFO] [stdout]   31:     0x55e0dfe27118 - std::thread::Builder::spawn_unchecked::{{closure}}::{{closure}}::hf0a74bb58798037f
[INFO] [stdout]                                at /rustc/53fd98ca776cb875bc9e5514f56b52eb74f9e7a9/library/std/src/thread/mod.rs:476:17
[INFO] [stdout]   32:     0x55e0dfe27118 - <std::panic::AssertUnwindSafe<F> as core::ops::function::FnOnce<()>>::call_once::hb024e854818586ac
[INFO] [stdout]                                at /rustc/53fd98ca776cb875bc9e5514f56b52eb74f9e7a9/library/std/src/panic.rs:347:9
[INFO] [stdout]   33:     0x55e0dfe27118 - std::panicking::try::do_call::hb2dd9f1d0d48e41d
[INFO] [stdout]                                at /rustc/53fd98ca776cb875bc9e5514f56b52eb74f9e7a9/library/std/src/panicking.rs:401:40
[INFO] [stdout]   34:     0x55e0dfe27118 - std::panicking::try::h4717ae7bac8b2bf3
[INFO] [stdout]                                at /rustc/53fd98ca776cb875bc9e5514f56b52eb74f9e7a9/library/std/src/panicking.rs:365:19
[INFO] [stdout]   35:     0x55e0dfe27118 - std::panic::catch_unwind::h0dc8a061326ce8d8
[INFO] [stdout]                                at /rustc/53fd98ca776cb875bc9e5514f56b52eb74f9e7a9/library/std/src/panic.rs:434:14
[INFO] [stdout]   36:     0x55e0dfe27118 - std::thread::Builder::spawn_unchecked::{{closure}}::haa369e2d6fd00aa1
[INFO] [stdout]                                at /rustc/53fd98ca776cb875bc9e5514f56b52eb74f9e7a9/library/std/src/thread/mod.rs:475:30
[INFO] [stdout]   37:     0x55e0dfe27118 - core::ops::function::FnOnce::call_once{{vtable.shim}}::h36dcf3de8b056f17
[INFO] [stdout]                                at /rustc/53fd98ca776cb875bc9e5514f56b52eb74f9e7a9/library/core/src/ops/function.rs:227:5
[INFO] [stdout]   38:     0x55e0e00c9997 - <alloc::boxed::Box<F,A> as core::ops::function::FnOnce<Args>>::call_once::h65c29e4642be2358
[INFO] [stdout]                                at /rustc/53fd98ca776cb875bc9e5514f56b52eb74f9e7a9/library/alloc/src/boxed.rs:1572:9
[INFO] [stdout]   39:     0x55e0e00c9997 - <alloc::boxed::Box<F,A> as core::ops::function::FnOnce<Args>>::call_once::hd0f8f7fbbd9fffbf
[INFO] [stdout]                                at /rustc/53fd98ca776cb875bc9e5514f56b52eb74f9e7a9/library/alloc/src/boxed.rs:1572:9
[INFO] [stdout]   40:     0x55e0e00c9997 - std::sys::unix::thread::Thread::new::thread_start::h2fd22fee3ca77b65
[INFO] [stdout]                                at /rustc/53fd98ca776cb875bc9e5514f56b52eb74f9e7a9/library/std/src/sys/unix/thread.rs:74:17
[INFO] [stdout]   41:     0x7f5856fb6609 - start_thread
[INFO] [stdout]   42:     0x7f5856d88293 - clone
[INFO] [stdout]   43:                0x0 - <unknown>
[INFO] [stdout] 
[INFO] [stdout] 
[INFO] [stdout] failures:
[INFO] [stdout]     config_reload
[INFO] [stdout] 
[INFO] [stdout] test result: FAILED. 0 passed; 1 failed; 0 ignored; 0 measured; 0 filtered out; finished in 20.25s
[INFO] [stdout] 
[INFO] [stderr] error: test failed, to rerun pass '--test config_reload'
[INFO] running `Command { std: "docker" "inspect" "58016fc05bda25ca9ae71fe893c23c6abef739595846e9c28b729a16b5b9cbad", kill_on_drop: false }`
[INFO] running `Command { std: "docker" "rm" "-f" "58016fc05bda25ca9ae71fe893c23c6abef739595846e9c28b729a16b5b9cbad", kill_on_drop: false }`
[INFO] [stdout] 58016fc05bda25ca9ae71fe893c23c6abef739595846e9c28b729a16b5b9cbad
