[INFO] fetching crate spekt 0.1.1...
[INFO] testing spekt-0.1.1 against 1.54.0 for beta-1.55-1
[INFO] extracting crate spekt 0.1.1 into /workspace/builds/worker-42/source
[INFO] validating manifest of crates.io crate spekt 0.1.1 on toolchain 1.54.0
[INFO] running `Command { std: "/workspace/cargo-home/bin/cargo" "+1.54.0" "metadata" "--manifest-path" "Cargo.toml" "--no-deps", kill_on_drop: false }`
[INFO] started tweaking crates.io crate spekt 0.1.1
[INFO] finished tweaking crates.io crate spekt 0.1.1
[INFO] tweaked toml for crates.io crate spekt 0.1.1 written to /workspace/builds/worker-42/source/Cargo.toml
[INFO] running `Command { std: "/workspace/cargo-home/bin/cargo" "+1.54.0" "generate-lockfile" "--manifest-path" "Cargo.toml" "-Zno-index-update", kill_on_drop: false }`
[INFO] running `Command { std: "/workspace/cargo-home/bin/cargo" "+1.54.0" "fetch" "--manifest-path" "Cargo.toml", kill_on_drop: false }`
[INFO] [stderr]     Blocking waiting for file lock on package cache
[INFO] running `Command { std: "docker" "create" "-v" "/var/lib/crater-agent-workspace/builds/worker-42/target:/opt/rustwide/target:rw,Z" "-v" "/var/lib/crater-agent-workspace/builds/worker-42/source:/opt/rustwide/workdir:ro,Z" "-v" "/var/lib/crater-agent-workspace/cargo-home:/opt/rustwide/cargo-home:ro,Z" "-v" "/var/lib/crater-agent-workspace/rustup-home:/opt/rustwide/rustup-home:ro,Z" "-e" "SOURCE_DIR=/opt/rustwide/workdir" "-e" "CARGO_TARGET_DIR=/opt/rustwide/target" "-e" "CARGO_HOME=/opt/rustwide/cargo-home" "-e" "RUSTUP_HOME=/opt/rustwide/rustup-home" "-w" "/opt/rustwide/workdir" "-m" "1610612736" "--user" "0:0" "--network" "none" "ghcr.io/rust-lang/crates-build-env/linux@sha256:34b6a614d2c27851fe6cbf88fbd1137609cefab8b10d0615aaeb6fd47975d74e" "/opt/rustwide/cargo-home/bin/cargo" "+1.54.0" "metadata" "--no-deps" "--format-version=1", kill_on_drop: false }`
[INFO] [stdout] bea9202e56b004fec9872169a7505abbfb187de0529f8b83144d56d1d28d2071
[INFO] running `Command { std: "docker" "start" "-a" "bea9202e56b004fec9872169a7505abbfb187de0529f8b83144d56d1d28d2071", kill_on_drop: false }`
[INFO] running `Command { std: "docker" "inspect" "bea9202e56b004fec9872169a7505abbfb187de0529f8b83144d56d1d28d2071", kill_on_drop: false }`
[INFO] running `Command { std: "docker" "rm" "-f" "bea9202e56b004fec9872169a7505abbfb187de0529f8b83144d56d1d28d2071", kill_on_drop: false }`
[INFO] [stdout] bea9202e56b004fec9872169a7505abbfb187de0529f8b83144d56d1d28d2071
[INFO] running `Command { std: "docker" "create" "-v" "/var/lib/crater-agent-workspace/builds/worker-42/target:/opt/rustwide/target:rw,Z" "-v" "/var/lib/crater-agent-workspace/builds/worker-42/source:/opt/rustwide/workdir:ro,Z" "-v" "/var/lib/crater-agent-workspace/cargo-home:/opt/rustwide/cargo-home:ro,Z" "-v" "/var/lib/crater-agent-workspace/rustup-home:/opt/rustwide/rustup-home:ro,Z" "-e" "SOURCE_DIR=/opt/rustwide/workdir" "-e" "CARGO_TARGET_DIR=/opt/rustwide/target" "-e" "CARGO_INCREMENTAL=0" "-e" "RUST_BACKTRACE=full" "-e" "RUSTFLAGS=--cap-lints=warn" "-e" "CARGO_HOME=/opt/rustwide/cargo-home" "-e" "RUSTUP_HOME=/opt/rustwide/rustup-home" "-w" "/opt/rustwide/workdir" "-m" "1610612736" "--user" "0:0" "--network" "none" "ghcr.io/rust-lang/crates-build-env/linux@sha256:34b6a614d2c27851fe6cbf88fbd1137609cefab8b10d0615aaeb6fd47975d74e" "/opt/rustwide/cargo-home/bin/cargo" "+1.54.0" "build" "--frozen" "--message-format=json", kill_on_drop: false }`
[INFO] [stdout] 3dd825f17dd4b9982b9d36604197a4d3437801fb446559a79d2078581a50e189
[INFO] running `Command { std: "docker" "start" "-a" "3dd825f17dd4b9982b9d36604197a4d3437801fb446559a79d2078581a50e189", kill_on_drop: false }`
[INFO] [stderr]    Compiling syn v1.0.74
[INFO] [stderr]    Compiling async-trait v0.1.51
[INFO] [stderr]    Compiling spekt v0.1.1 (/opt/rustwide/workdir)
[INFO] [stdout] warning: panic message is not a string literal
[INFO] [stdout]   --> src/test.rs:30:49
[INFO] [stdout]    |
[INFO] [stdout] 30 |             Err(error) => return assert!(false, format!("{}", error)),
[INFO] [stdout]    |                                                 ^^^^^^^^^^^^^^^^^^^^
[INFO] [stdout]    |
[INFO] [stdout]    = note: `#[warn(non_fmt_panic)]` on by default
[INFO] [stdout]    = note: this is no longer accepted in Rust 2021
[INFO] [stdout]    = note: the assert!() macro supports formatting, so there's no need for the format!() macro here
[INFO] [stdout] help: remove the `format!(..)` macro call
[INFO] [stdout]    |
[INFO] [stdout] 30 |             Err(error) => return assert!(false, "{}", error),
[INFO] [stdout]    |                                                --         --
[INFO] [stdout] 
[INFO] [stdout] 
[INFO] [stdout] warning: panic message is not a string literal
[INFO] [stdout]   --> src/test.rs:38:28
[INFO] [stdout]    |
[INFO] [stdout] 38 |             assert!(false, format!("{}", error));
[INFO] [stdout]    |                            ^^^^^^^^^^^^^^^^^^^^
[INFO] [stdout]    |
[INFO] [stdout]    = note: this is no longer accepted in Rust 2021
[INFO] [stdout]    = note: the assert!() macro supports formatting, so there's no need for the format!() macro here
[INFO] [stdout] help: remove the `format!(..)` macro call
[INFO] [stdout]    |
[INFO] [stdout] 38 |             assert!(false, "{}", error);
[INFO] [stdout]    |                           --         --
[INFO] [stdout] 
[INFO] [stdout] 
[INFO] [stdout] warning: panic message is not a string literal
[INFO] [stdout]   --> src/test.rs:42:28
[INFO] [stdout]    |
[INFO] [stdout] 42 |             assert!(false, format!("{}", error));
[INFO] [stdout]    |                            ^^^^^^^^^^^^^^^^^^^^
[INFO] [stdout]    |
[INFO] [stdout]    = note: this is no longer accepted in Rust 2021
[INFO] [stdout]    = note: the assert!() macro supports formatting, so there's no need for the format!() macro here
[INFO] [stdout] help: remove the `format!(..)` macro call
[INFO] [stdout]    |
[INFO] [stdout] 42 |             assert!(false, "{}", error);
[INFO] [stdout]    |                           --         --
[INFO] [stdout] 
[INFO] [stdout] 
[INFO] [stdout] warning: 3 warnings emitted
[INFO] [stdout] 
[INFO] [stdout] 
[INFO] [stderr]     Finished dev [unoptimized + debuginfo] target(s) in 12.97s
[INFO] running `Command { std: "docker" "inspect" "3dd825f17dd4b9982b9d36604197a4d3437801fb446559a79d2078581a50e189", kill_on_drop: false }`
[INFO] running `Command { std: "docker" "rm" "-f" "3dd825f17dd4b9982b9d36604197a4d3437801fb446559a79d2078581a50e189", kill_on_drop: false }`
[INFO] [stdout] 3dd825f17dd4b9982b9d36604197a4d3437801fb446559a79d2078581a50e189
[INFO] running `Command { std: "docker" "create" "-v" "/var/lib/crater-agent-workspace/builds/worker-42/target:/opt/rustwide/target:rw,Z" "-v" "/var/lib/crater-agent-workspace/builds/worker-42/source:/opt/rustwide/workdir:ro,Z" "-v" "/var/lib/crater-agent-workspace/cargo-home:/opt/rustwide/cargo-home:ro,Z" "-v" "/var/lib/crater-agent-workspace/rustup-home:/opt/rustwide/rustup-home:ro,Z" "-e" "SOURCE_DIR=/opt/rustwide/workdir" "-e" "CARGO_TARGET_DIR=/opt/rustwide/target" "-e" "CARGO_INCREMENTAL=0" "-e" "RUST_BACKTRACE=full" "-e" "RUSTFLAGS=--cap-lints=warn" "-e" "CARGO_HOME=/opt/rustwide/cargo-home" "-e" "RUSTUP_HOME=/opt/rustwide/rustup-home" "-w" "/opt/rustwide/workdir" "-m" "1610612736" "--user" "0:0" "--network" "none" "ghcr.io/rust-lang/crates-build-env/linux@sha256:34b6a614d2c27851fe6cbf88fbd1137609cefab8b10d0615aaeb6fd47975d74e" "/opt/rustwide/cargo-home/bin/cargo" "+1.54.0" "test" "--frozen" "--no-run" "--message-format=json", kill_on_drop: false }`
[INFO] [stdout] e56e1e90edd437ecaa7a1d7747297a771fae4f6867eeab9e661bad541b0c2008
[INFO] running `Command { std: "docker" "start" "-a" "e56e1e90edd437ecaa7a1d7747297a771fae4f6867eeab9e661bad541b0c2008", kill_on_drop: false }`
[INFO] [stderr]     Blocking waiting for file lock on package cache
[INFO] [stderr]    Compiling spekt v0.1.1 (/opt/rustwide/workdir)
[INFO] [stdout] warning: panic message is not a string literal
[INFO] [stdout]   --> src/test.rs:30:49
[INFO] [stdout]    |
[INFO] [stdout] 30 |             Err(error) => return assert!(false, format!("{}", error)),
[INFO] [stdout]    |                                                 ^^^^^^^^^^^^^^^^^^^^
[INFO] [stdout]    |
[INFO] [stdout]    = note: `#[warn(non_fmt_panic)]` on by default
[INFO] [stdout]    = note: this is no longer accepted in Rust 2021
[INFO] [stdout]    = note: the assert!() macro supports formatting, so there's no need for the format!() macro here
[INFO] [stdout] help: remove the `format!(..)` macro call
[INFO] [stdout]    |
[INFO] [stdout] 30 |             Err(error) => return assert!(false, "{}", error),
[INFO] [stdout]    |                                                --         --
[INFO] [stdout] 
[INFO] [stdout] 
[INFO] [stdout] warning: panic message is not a string literal
[INFO] [stdout]   --> src/test.rs:38:28
[INFO] [stdout]    |
[INFO] [stdout] 38 |             assert!(false, format!("{}", error));
[INFO] [stdout]    |                            ^^^^^^^^^^^^^^^^^^^^
[INFO] [stdout]    |
[INFO] [stdout]    = note: this is no longer accepted in Rust 2021
[INFO] [stdout]    = note: the assert!() macro supports formatting, so there's no need for the format!() macro here
[INFO] [stdout] help: remove the `format!(..)` macro call
[INFO] [stdout]    |
[INFO] [stdout] 38 |             assert!(false, "{}", error);
[INFO] [stdout]    |                           --         --
[INFO] [stdout] 
[INFO] [stdout] 
[INFO] [stdout] warning: panic message is not a string literal
[INFO] [stdout]   --> src/test.rs:42:28
[INFO] [stdout]    |
[INFO] [stdout] 42 |             assert!(false, format!("{}", error));
[INFO] [stdout]    |                            ^^^^^^^^^^^^^^^^^^^^
[INFO] [stdout]    |
[INFO] [stdout]    = note: this is no longer accepted in Rust 2021
[INFO] [stdout]    = note: the assert!() macro supports formatting, so there's no need for the format!() macro here
[INFO] [stdout] help: remove the `format!(..)` macro call
[INFO] [stdout]    |
[INFO] [stdout] 42 |             assert!(false, "{}", error);
[INFO] [stdout]    |                           --         --
[INFO] [stdout] 
[INFO] [stdout] 
[INFO] [stdout] warning: 3 warnings emitted
[INFO] [stdout] 
[INFO] [stdout] 
[INFO] [stdout] warning: panic message is not a string literal
[INFO] [stdout]   --> src/test.rs:30:49
[INFO] [stdout]    |
[INFO] [stdout] 30 |             Err(error) => return assert!(false, format!("{}", error)),
[INFO] [stdout]    |                                                 ^^^^^^^^^^^^^^^^^^^^
[INFO] [stdout]    |
[INFO] [stdout]    = note: `#[warn(non_fmt_panic)]` on by default
[INFO] [stdout]    = note: this is no longer accepted in Rust 2021
[INFO] [stdout]    = note: the assert!() macro supports formatting, so there's no need for the format!() macro here
[INFO] [stdout] help: remove the `format!(..)` macro call
[INFO] [stdout]    |
[INFO] [stdout] 30 |             Err(error) => return assert!(false, "{}", error),
[INFO] [stdout]    |                                                --         --
[INFO] [stdout] 
[INFO] [stdout] 
[INFO] [stdout] warning: panic message is not a string literal
[INFO] [stdout]   --> src/test.rs:38:28
[INFO] [stdout]    |
[INFO] [stdout] 38 |             assert!(false, format!("{}", error));
[INFO] [stdout]    |                            ^^^^^^^^^^^^^^^^^^^^
[INFO] [stdout]    |
[INFO] [stdout]    = note: this is no longer accepted in Rust 2021
[INFO] [stdout]    = note: the assert!() macro supports formatting, so there's no need for the format!() macro here
[INFO] [stdout] help: remove the `format!(..)` macro call
[INFO] [stdout]    |
[INFO] [stdout] 38 |             assert!(false, "{}", error);
[INFO] [stdout]    |                           --         --
[INFO] [stdout] 
[INFO] [stdout] 
[INFO] [stdout] warning: panic message is not a string literal
[INFO] [stdout]   --> src/test.rs:42:28
[INFO] [stdout]    |
[INFO] [stdout] 42 |             assert!(false, format!("{}", error));
[INFO] [stdout]    |                            ^^^^^^^^^^^^^^^^^^^^
[INFO] [stdout]    |
[INFO] [stdout]    = note: this is no longer accepted in Rust 2021
[INFO] [stdout]    = note: the assert!() macro supports formatting, so there's no need for the format!() macro here
[INFO] [stdout] help: remove the `format!(..)` macro call
[INFO] [stdout]    |
[INFO] [stdout] 42 |             assert!(false, "{}", error);
[INFO] [stdout]    |                           --         --
[INFO] [stdout] 
[INFO] [stdout] 
[INFO] [stdout] warning: 3 warnings emitted
[INFO] [stdout] 
[INFO] [stdout] 
[INFO] [stderr]     Finished test [unoptimized + debuginfo] target(s) in 1.00s
[INFO] running `Command { std: "docker" "inspect" "e56e1e90edd437ecaa7a1d7747297a771fae4f6867eeab9e661bad541b0c2008", kill_on_drop: false }`
[INFO] running `Command { std: "docker" "rm" "-f" "e56e1e90edd437ecaa7a1d7747297a771fae4f6867eeab9e661bad541b0c2008", kill_on_drop: false }`
[INFO] [stdout] e56e1e90edd437ecaa7a1d7747297a771fae4f6867eeab9e661bad541b0c2008
[INFO] running `Command { std: "docker" "create" "-v" "/var/lib/crater-agent-workspace/builds/worker-42/target:/opt/rustwide/target:rw,Z" "-v" "/var/lib/crater-agent-workspace/builds/worker-42/source:/opt/rustwide/workdir:ro,Z" "-v" "/var/lib/crater-agent-workspace/cargo-home:/opt/rustwide/cargo-home:ro,Z" "-v" "/var/lib/crater-agent-workspace/rustup-home:/opt/rustwide/rustup-home:ro,Z" "-e" "SOURCE_DIR=/opt/rustwide/workdir" "-e" "CARGO_TARGET_DIR=/opt/rustwide/target" "-e" "CARGO_INCREMENTAL=0" "-e" "RUST_BACKTRACE=full" "-e" "RUSTFLAGS=--cap-lints=warn" "-e" "CARGO_HOME=/opt/rustwide/cargo-home" "-e" "RUSTUP_HOME=/opt/rustwide/rustup-home" "-w" "/opt/rustwide/workdir" "-m" "1610612736" "--user" "0:0" "--network" "none" "ghcr.io/rust-lang/crates-build-env/linux@sha256:34b6a614d2c27851fe6cbf88fbd1137609cefab8b10d0615aaeb6fd47975d74e" "/opt/rustwide/cargo-home/bin/cargo" "+1.54.0" "test" "--frozen", kill_on_drop: false }`
[INFO] [stdout] 48bda33caf8b469a5473e262e46c6d6f1779c1264e368bf8ac1e2a992e5e6cc6
[INFO] running `Command { std: "docker" "start" "-a" "48bda33caf8b469a5473e262e46c6d6f1779c1264e368bf8ac1e2a992e5e6cc6", kill_on_drop: false }`
[INFO] [stderr] warning: panic message is not a string literal
[INFO] [stderr]   --> src/test.rs:30:49
[INFO] [stderr]    |
[INFO] [stderr] 30 |             Err(error) => return assert!(false, format!("{}", error)),
[INFO] [stderr]    |                                                 ^^^^^^^^^^^^^^^^^^^^
[INFO] [stderr]    |
[INFO] [stderr]    = note: `#[warn(non_fmt_panic)]` on by default
[INFO] [stderr]    = note: this is no longer accepted in Rust 2021
[INFO] [stderr]    = note: the assert!() macro supports formatting, so there's no need for the format!() macro here
[INFO] [stderr] help: remove the `format!(..)` macro call
[INFO] [stderr]    |
[INFO] [stderr] 30 |             Err(error) => return assert!(false, "{}", error),
[INFO] [stderr]    |                                                --         --
[INFO] [stderr] 
[INFO] [stderr] warning: panic message is not a string literal
[INFO] [stderr]   --> src/test.rs:38:28
[INFO] [stderr]    |
[INFO] [stderr] 38 |             assert!(false, format!("{}", error));
[INFO] [stderr]    |                            ^^^^^^^^^^^^^^^^^^^^
[INFO] [stderr]    |
[INFO] [stderr]    = note: this is no longer accepted in Rust 2021
[INFO] [stderr]    = note: the assert!() macro supports formatting, so there's no need for the format!() macro here
[INFO] [stderr] help: remove the `format!(..)` macro call
[INFO] [stderr]    |
[INFO] [stderr] 38 |             assert!(false, "{}", error);
[INFO] [stderr]    |                           --         --
[INFO] [stderr] 
[INFO] [stderr] warning: panic message is not a string literal
[INFO] [stderr]   --> src/test.rs:42:28
[INFO] [stderr]    |
[INFO] [stderr] 42 |             assert!(false, format!("{}", error));
[INFO] [stderr]    |                            ^^^^^^^^^^^^^^^^^^^^
[INFO] [stderr]    |
[INFO] [stderr]    = note: this is no longer accepted in Rust 2021
[INFO] [stderr]    = note: the assert!() macro supports formatting, so there's no need for the format!() macro here
[INFO] [stderr] help: remove the `format!(..)` macro call
[INFO] [stderr]    |
[INFO] [stderr] 42 |             assert!(false, "{}", error);
[INFO] [stderr]    |                           --         --
[INFO] [stderr] 
[INFO] [stderr] warning: 3 warnings emitted
[INFO] [stderr] 
[INFO] [stderr] warning: panic message is not a string literal
[INFO] [stderr]   --> src/test.rs:30:49
[INFO] [stderr]    |
[INFO] [stderr] 30 |             Err(error) => return assert!(false, format!("{}", error)),
[INFO] [stderr]    |                                                 ^^^^^^^^^^^^^^^^^^^^
[INFO] [stderr]    |
[INFO] [stderr]    = note: `#[warn(non_fmt_panic)]` on by default
[INFO] [stderr]    = note: this is no longer accepted in Rust 2021
[INFO] [stderr]    = note: the assert!() macro supports formatting, so there's no need for the format!() macro here
[INFO] [stderr] help: remove the `format!(..)` macro call
[INFO] [stderr]    |
[INFO] [stderr] 30 |             Err(error) => return assert!(false, "{}", error),
[INFO] [stderr]    |                                                --         --
[INFO] [stderr] 
[INFO] [stderr] warning: panic message is not a string literal
[INFO] [stderr]   --> src/test.rs:38:28
[INFO] [stderr]    |
[INFO] [stderr] 38 |             assert!(false, format!("{}", error));
[INFO] [stderr]    |                            ^^^^^^^^^^^^^^^^^^^^
[INFO] [stderr]    |
[INFO] [stderr]    = note: this is no longer accepted in Rust 2021
[INFO] [stderr]    = note: the assert!() macro supports formatting, so there's no need for the format!() macro here
[INFO] [stderr] help: remove the `format!(..)` macro call
[INFO] [stderr]    |
[INFO] [stderr] 38 |             assert!(false, "{}", error);
[INFO] [stderr]    |                           --         --
[INFO] [stderr] 
[INFO] [stderr] warning: panic message is not a string literal
[INFO] [stderr]   --> src/test.rs:42:28
[INFO] [stderr]    |
[INFO] [stderr] 42 |             assert!(false, format!("{}", error));
[INFO] [stderr]    |                            ^^^^^^^^^^^^^^^^^^^^
[INFO] [stderr]    |
[INFO] [stderr]    = note: this is no longer accepted in Rust 2021
[INFO] [stderr]    = note: the assert!() macro supports formatting, so there's no need for the format!() macro here
[INFO] [stderr] help: remove the `format!(..)` macro call
[INFO] [stderr]    |
[INFO] [stderr] 42 |             assert!(false, "{}", error);
[INFO] [stderr]    |                           --         --
[INFO] [stderr] 
[INFO] [stderr] warning: 3 warnings emitted
[INFO] [stderr] 
[INFO] [stderr]     Finished test [unoptimized + debuginfo] target(s) in 0.05s
[INFO] [stderr]      Running unittests (/opt/rustwide/target/debug/deps/spekt-bcffb78a34323f5c)
[INFO] [stdout] 
[INFO] [stderr]    Doc-tests spekt
[INFO] [stdout] running 0 tests
[INFO] [stdout] 
[INFO] [stdout] test result: ok. 0 passed; 0 failed; 0 ignored; 0 measured; 0 filtered out; finished in 0.00s
[INFO] [stdout] 
[INFO] [stdout] 
[INFO] [stdout] running 2 tests
[INFO] [stdout] test src/lib.rs - (line 9) ... FAILED
[INFO] [stdout] test src/lib.rs - (line 73) ... FAILED
[INFO] [stdout] 
[INFO] [stdout] failures:
[INFO] [stdout] 
[INFO] [stdout] ---- src/lib.rs - (line 9) stdout ----
[INFO] [stdout] error[E0433]: failed to resolve: use of undeclared crate or module `postgres`
[INFO] [stdout]  --> src/lib.rs:10:5
[INFO] [stdout]   |
[INFO] [stdout] 3 | use postgres::{Client, NoTls, Row, error::Error as PostgresError};
[INFO] [stdout]   |     ^^^^^^^^ use of undeclared crate or module `postgres`
[INFO] [stdout] 
[INFO] [stdout] error[E0432]: unresolved import `postgres`
[INFO] [stdout]  --> src/lib.rs:10:5
[INFO] [stdout]   |
[INFO] [stdout] 3 | use postgres::{Client, NoTls, Row, error::Error as PostgresError};
[INFO] [stdout]   |     ^^^^^^^^ use of undeclared crate or module `postgres`
[INFO] [stdout] 
[INFO] [stdout] error[E0412]: cannot find type `PostgresError` in this scope
[INFO] [stdout]   --> src/lib.rs:23:45
[INFO] [stdout]    |
[INFO] [stdout] 9  | impl PostgresTest {
[INFO] [stdout]    |     - help: you might be missing a type parameter: `<PostgresError>`
[INFO] [stdout] ...
[INFO] [stdout] 16 |     fn add_test_table(&self) -> Result<Row, PostgresError> {
[INFO] [stdout]    |                                             ^^^^^^^^^^^^^ not found in this scope
[INFO] [stdout] 
[INFO] [stdout] error: aborting due to 3 previous errors
[INFO] [stdout] 
[INFO] [stdout] Some errors have detailed explanations: E0412, E0432, E0433.
[INFO] [stdout] For more information about an error, try `rustc --explain E0412`.
[INFO] [stdout] Couldn't compile the test.
[INFO] [stdout] ---- src/lib.rs - (line 73) stdout ----
[INFO] [stdout] error[E0433]: failed to resolve: use of undeclared crate or module `tokio_postgres`
[INFO] [stdout]  --> src/lib.rs:74:5
[INFO] [stdout]   |
[INFO] [stdout] 4 | use tokio_postgres::{Client, NoTls, Row, error::Error as PostgresError};
[INFO] [stdout]   |     ^^^^^^^^^^^^^^ use of undeclared crate or module `tokio_postgres`
[INFO] [stdout] 
[INFO] [stdout] error[E0432]: unresolved import `tokio_postgres`
[INFO] [stdout]  --> src/lib.rs:74:5
[INFO] [stdout]   |
[INFO] [stdout] 4 | use tokio_postgres::{Client, NoTls, Row, error::Error as PostgresError};
[INFO] [stdout]   |     ^^^^^^^^^^^^^^ use of undeclared crate or module `tokio_postgres`
[INFO] [stdout] 
[INFO] [stdout] error[E0433]: failed to resolve: use of undeclared crate or module `tokio`
[INFO] [stdout]   --> src/lib.rs:102:3
[INFO] [stdout]    |
[INFO] [stdout] 32 | #[tokio::test]
[INFO] [stdout]    |   ^^^^^ use of undeclared crate or module `tokio`
[INFO] [stdout] 
[INFO] [stdout] error: aborting due to 3 previous errors
[INFO] [stdout] 
[INFO] [stdout] Some errors have detailed explanations: E0432, E0433.
[INFO] [stdout] For more information about an error, try `rustc --explain E0432`.
[INFO] [stdout] Couldn't compile the test.
[INFO] [stdout] 
[INFO] [stdout] failures:
[INFO] [stdout]     src/lib.rs - (line 73)
[INFO] [stdout]     src/lib.rs - (line 9)
[INFO] [stdout] 
[INFO] [stdout] test result: FAILED. 0 passed; 2 failed; 0 ignored; 0 measured; 0 filtered out; finished in 0.39s
[INFO] [stdout] 
[INFO] [stderr] error: test failed, to rerun pass '--doc'
[INFO] running `Command { std: "docker" "inspect" "48bda33caf8b469a5473e262e46c6d6f1779c1264e368bf8ac1e2a992e5e6cc6", kill_on_drop: false }`
[INFO] running `Command { std: "docker" "rm" "-f" "48bda33caf8b469a5473e262e46c6d6f1779c1264e368bf8ac1e2a992e5e6cc6", kill_on_drop: false }`
[INFO] [stdout] 48bda33caf8b469a5473e262e46c6d6f1779c1264e368bf8ac1e2a992e5e6cc6
